{"id":603385,"date":"2023-04-27T05:35:11","date_gmt":"2023-04-27T03:35:11","guid":{"rendered":"https:\/\/www.vetorino.com\/boutique\/product\/ziggy-croquettes-chat-adulte-sterilise-poulet\/"},"modified":"2025-11-06T12:18:37","modified_gmt":"2025-11-06T11:18:37","slug":"ziggy-croquettes-chat-adulte-sterilise-poulet","status":"publish","type":"product","link":"https:\/\/www.vetorino.com\/veterinaire\/lens-62300\/boutique\/product\/ziggy-croquettes-chat-adulte-sterilise-poulet\/","title":{"rendered":"Chat Adulte St\u00e9rilis\u00e9 Poulet"},"content":{"rendered":"<p><strong>Les croquettes de la marque Ziggy sont sp\u00e9cialement con\u00e7ues pour r\u00e9pondre de mani\u00e8re saine et adapt\u00e9e aux besoins des chats adultes st\u00e9rilis\u00e9s.<\/strong><\/p>\n<p><strong>Les caract\u00e9ristiques des croquettes pour chat st\u00e9rilis\u00e9 de la marque Ziggy :<\/strong><\/p>\n<ul>\n<li>Riches en poulet frais de haute qualit\u00e9.<\/li>\n<li>Contient une tr\u00e8s faible quantit\u00e9 de glucides, phosphore et min\u00e9raux.<\/li>\n<li>Aliment sans c\u00e9r\u00e9ales et favorisant une bonne digestion.<\/li>\n<\/ul>\n<p><strong>Indications et conseils :<\/strong><\/p>\n<ul>\n<li>\u00c0 consommer de pr\u00e9f\u00e9rence avant la date limite de consommation.<\/li>\n<li>R\u00e9partir les quantit\u00e9s indiqu\u00e9es sur plusieurs repas.<\/li>\n<li>\u00c0 conserver au sec et au frais.<\/li>\n<\/ul>\n","protected":false},"excerpt":{"rendered":"<p><strong>Les croquettes de la marque Ziggy sont sp\u00e9cialement con\u00e7ues pour r\u00e9pondre de mani\u00e8re saine et adapt\u00e9e aux besoins des chats adultes st\u00e9rilis\u00e9s.<\/strong><\/p>\n<p><strong>Les caract\u00e9ristiques des croquettes pour chat st\u00e9rilis\u00e9 de la marque Ziggy :<\/strong><\/p>\n<ul>\n<li>Riches en poulet frais de haute qualit\u00e9.<\/li>\n<li>Contient une tr\u00e8s faible quantit\u00e9 de glucides, phosphore et min\u00e9raux.<\/li>\n<li>Aliment sans c\u00e9r\u00e9ales et favorisant une bonne digestion.<\/li>\n<\/ul>\n<p><strong>Indications et conseils :<\/strong><\/p>\n<ul>\n<li>\u00c0 consommer de pr\u00e9f\u00e9rence avant la date limite de consommation.<\/li>\n<li>R\u00e9partir les quantit\u00e9s indiqu\u00e9es sur plusieurs repas.<\/li>\n<li>\u00c0 conserver au sec et au frais.<\/li>\n<\/ul>\n","protected":false},"featured_media":1036898,"template":"","meta":[],"product_cat":[12551,12583,2697],"product_tag":[],"class_list":{"0":"post-603385","1":"product","2":"type-product","3":"status-publish","4":"has-post-thumbnail","6":"product_cat-alimentation-du-chat","7":"product_cat-alimentation-premium-pour-chat","8":"product_cat-chat","9":"pa_marque-s-a-s-ziggy","11":"first","12":"instock","13":"taxable","14":"shipping-taxable","15":"purchasable","16":"product-type-variable"},"yoast_head":"<!-- This site is optimized with the Yoast SEO plugin v27.3 - https:\/\/yoast.com\/product\/yoast-seo-wordpress\/ -->\n<title>Chat Adulte St\u00e9rilis\u00e9 Poulet Ziggy - V\u00e9torino<\/title>\n<meta name=\"description\" content=\"Les croquettes de la marque Ziggy sont sp\u00e9cialement con\u00e7ues pour r\u00e9pondre de mani\u00e8re saine et adapt\u00e9e aux besoins des chats adultes st\u00e9rilis\u00e9s.  Les caract\u00e9ristiques des croquettes pour chat st\u00e9rilis\u00e9 de la marque Ziggy :   Riches en poulet frais de haute qualit\u00e9.  Contient une tr\u00e8s faible quantit\u00e9 de glucides, phosphore et min\u00e9raux.  Aliment sans c\u00e9r\u00e9ales et favorisant une bonne digestion.  Indications et conseils :   \u00c0 consommer de pr\u00e9f\u00e9rence avant la date limite de consommation.  R\u00e9partir les quantit\u00e9s indiqu\u00e9es sur plusieurs repas.  \u00c0 conserver au sec et au frais.\" \/>\n<meta name=\"robots\" content=\"noindex, nofollow\" \/>\n<meta property=\"og:locale\" content=\"fr_FR\" \/>\n<meta property=\"og:type\" content=\"article\" \/>\n<meta property=\"og:title\" content=\"Chat Adulte St\u00e9rilis\u00e9 Poulet Ziggy - V\u00e9torino\" \/>\n<meta property=\"og:description\" content=\"Les croquettes de la marque Ziggy sont sp\u00e9cialement con\u00e7ues pour r\u00e9pondre de mani\u00e8re saine et adapt\u00e9e aux besoins des chats adultes st\u00e9rilis\u00e9s.  Les caract\u00e9ristiques des croquettes pour chat st\u00e9rilis\u00e9 de la marque Ziggy :   Riches en poulet frais de haute qualit\u00e9.  Contient une tr\u00e8s faible quantit\u00e9 de glucides, phosphore et min\u00e9raux.  Aliment sans c\u00e9r\u00e9ales et favorisant une bonne digestion.  Indications et conseils :   \u00c0 consommer de pr\u00e9f\u00e9rence avant la date limite de consommation.  R\u00e9partir les quantit\u00e9s indiqu\u00e9es sur plusieurs repas.  \u00c0 conserver au sec et au frais.\" \/>\n<meta property=\"og:url\" content=\"https:\/\/www.vetorino.com\/veterinaire\/lens-62300\/boutique\/product\/ziggy-croquettes-chat-adulte-sterilise-poulet\/\" \/>\n<meta property=\"og:site_name\" content=\"V\u00e9torino\" \/>\n<meta property=\"article:publisher\" content=\"https:\/\/www.facebook.com\/Vetorino\/\" \/>\n<meta property=\"article:modified_time\" content=\"2025-11-06T11:18:37+00:00\" \/>\n<meta property=\"og:image\" content=\"https:\/\/www.vetorino.com\/boutique\/wp-content\/uploads\/2024\/09\/croquetteschat-poulet2_5kgnew1pluspetit.webp\" \/>\n\t<meta property=\"og:image:width\" content=\"1080\" \/>\n\t<meta property=\"og:image:height\" content=\"1080\" \/>\n\t<meta property=\"og:image:type\" content=\"image\/webp\" \/>\n<meta name=\"twitter:card\" content=\"summary_large_image\" \/>\n<meta name=\"twitter:label1\" content=\"Disponibilit\u00e9\" \/>\n\t<meta name=\"twitter:data1\" content=\"En stock\" \/>\n<script type=\"application\/ld+json\" class=\"yoast-schema-graph\">{\"@context\":\"https:\\\/\\\/schema.org\",\"@graph\":[{\"@type\":\"WebPage\",\"@id\":\"https:\\\/\\\/www.vetorino.com\\\/boutique\\\/product\\\/ziggy-croquettes-chat-adulte-sterilise-poulet\\\/\",\"url\":\"https:\\\/\\\/www.vetorino.com\\\/boutique\\\/product\\\/ziggy-croquettes-chat-adulte-sterilise-poulet\\\/\",\"name\":\"Chat Adulte St\u00e9rilis\u00e9 Poulet Ziggy - V\u00e9torino\",\"isPartOf\":{\"@id\":\"https:\\\/\\\/www.vetorino.com\\\/boutique\\\/#website\"},\"primaryImageOfPage\":{\"@id\":\"https:\\\/\\\/www.vetorino.com\\\/boutique\\\/product\\\/ziggy-croquettes-chat-adulte-sterilise-poulet\\\/#primaryimage\"},\"image\":{\"@id\":\"https:\\\/\\\/www.vetorino.com\\\/boutique\\\/product\\\/ziggy-croquettes-chat-adulte-sterilise-poulet\\\/#primaryimage\"},\"thumbnailUrl\":\"https:\\\/\\\/www.vetorino.com\\\/boutique\\\/wp-content\\\/uploads\\\/2024\\\/09\\\/croquetteschat-poulet2_5kgnew1pluspetit.webp\",\"datePublished\":\"2023-04-27T03:35:11+00:00\",\"dateModified\":\"2025-11-06T11:18:37+00:00\",\"description\":\"Les croquettes de la marque Ziggy sont sp\u00e9cialement con\u00e7ues pour r\u00e9pondre de mani\u00e8re saine et adapt\u00e9e aux besoins des chats adultes st\u00e9rilis\u00e9s. Les caract\u00e9ristiques des croquettes pour chat st\u00e9rilis\u00e9 de la marque Ziggy : Riches en poulet frais de haute qualit\u00e9. Contient une tr\u00e8s faible quantit\u00e9 de glucides, phosphore et min\u00e9raux. Aliment sans c\u00e9r\u00e9ales et favorisant une bonne digestion. Indications et conseils : \u00c0 consommer de pr\u00e9f\u00e9rence avant la date limite de consommation. R\u00e9partir les quantit\u00e9s indiqu\u00e9es sur plusieurs repas. \u00c0 conserver au sec et au frais.\",\"breadcrumb\":{\"@id\":\"https:\\\/\\\/www.vetorino.com\\\/boutique\\\/product\\\/ziggy-croquettes-chat-adulte-sterilise-poulet\\\/#breadcrumb\"},\"inLanguage\":\"fr-FR\",\"potentialAction\":[{\"@type\":\"ReadAction\",\"target\":[\"https:\\\/\\\/www.vetorino.com\\\/boutique\\\/product\\\/ziggy-croquettes-chat-adulte-sterilise-poulet\\\/\"]}]},{\"@type\":\"ImageObject\",\"inLanguage\":\"fr-FR\",\"@id\":\"https:\\\/\\\/www.vetorino.com\\\/boutique\\\/product\\\/ziggy-croquettes-chat-adulte-sterilise-poulet\\\/#primaryimage\",\"url\":\"https:\\\/\\\/www.vetorino.com\\\/boutique\\\/wp-content\\\/uploads\\\/2024\\\/09\\\/croquetteschat-poulet2_5kgnew1pluspetit.webp\",\"contentUrl\":\"https:\\\/\\\/www.vetorino.com\\\/boutique\\\/wp-content\\\/uploads\\\/2024\\\/09\\\/croquetteschat-poulet2_5kgnew1pluspetit.webp\",\"width\":1080,\"height\":1080},{\"@type\":\"BreadcrumbList\",\"@id\":\"https:\\\/\\\/www.vetorino.com\\\/boutique\\\/product\\\/ziggy-croquettes-chat-adulte-sterilise-poulet\\\/#breadcrumb\",\"itemListElement\":[{\"@type\":\"ListItem\",\"position\":1,\"name\":\"Accueil\",\"item\":\"https:\\\/\\\/www.vetorino.com\\\/boutique\\\/\"},{\"@type\":\"ListItem\",\"position\":2,\"name\":\"Produits\",\"item\":\"https:\\\/\\\/www.vetorino.com\\\/boutique\\\/\"},{\"@type\":\"ListItem\",\"position\":3,\"name\":\"Chat Adulte St\u00e9rilis\u00e9 Poulet\"}]},{\"@type\":\"WebSite\",\"@id\":\"https:\\\/\\\/www.vetorino.com\\\/boutique\\\/#website\",\"url\":\"https:\\\/\\\/www.vetorino.com\\\/boutique\\\/\",\"name\":\"V\u00e9torino\",\"description\":\"\",\"publisher\":{\"@id\":\"https:\\\/\\\/www.vetorino.com\\\/boutique\\\/#organization\"},\"potentialAction\":[{\"@type\":\"SearchAction\",\"target\":{\"@type\":\"EntryPoint\",\"urlTemplate\":\"https:\\\/\\\/www.vetorino.com\\\/boutique\\\/?s={search_term_string}\"},\"query-input\":{\"@type\":\"PropertyValueSpecification\",\"valueRequired\":true,\"valueName\":\"search_term_string\"}}],\"inLanguage\":\"fr-FR\"},{\"@type\":\"Organization\",\"@id\":\"https:\\\/\\\/www.vetorino.com\\\/boutique\\\/#organization\",\"name\":\"V\u00e9torino\",\"url\":\"https:\\\/\\\/www.vetorino.com\\\/boutique\\\/\",\"logo\":{\"@type\":\"ImageObject\",\"inLanguage\":\"fr-FR\",\"@id\":\"https:\\\/\\\/www.vetorino.com\\\/boutique\\\/#\\\/schema\\\/logo\\\/image\\\/\",\"url\":\"https:\\\/\\\/www.vetorino.com\\\/boutique\\\/wp-content\\\/uploads\\\/2024\\\/10\\\/logo.jpg\",\"contentUrl\":\"https:\\\/\\\/www.vetorino.com\\\/boutique\\\/wp-content\\\/uploads\\\/2024\\\/10\\\/logo.jpg\",\"width\":1200,\"height\":610,\"caption\":\"V\u00e9torino\"},\"image\":{\"@id\":\"https:\\\/\\\/www.vetorino.com\\\/boutique\\\/#\\\/schema\\\/logo\\\/image\\\/\"},\"sameAs\":[\"https:\\\/\\\/www.facebook.com\\\/Vetorino\\\/\",\"https:\\\/\\\/www.instagram.com\\\/vetorino_off\\\/\",\"https:\\\/\\\/www.linkedin.com\\\/company\\\/vtorino\\\/\"]}]}<\/script>\n<meta property=\"product:brand\" content=\"Ziggy\" \/>\n<meta property=\"og:availability\" content=\"instock\" \/>\n<meta property=\"product:availability\" content=\"instock\" \/>\n<meta property=\"product:condition\" content=\"new\" \/>\n<!-- \/ Yoast SEO plugin. -->","yoast_head_json":{"title":"Chat Adulte St\u00e9rilis\u00e9 Poulet Ziggy - V\u00e9torino","description":"Les croquettes de la marque Ziggy sont sp\u00e9cialement con\u00e7ues pour r\u00e9pondre de mani\u00e8re saine et adapt\u00e9e aux besoins des chats adultes st\u00e9rilis\u00e9s.  Les caract\u00e9ristiques des croquettes pour chat st\u00e9rilis\u00e9 de la marque Ziggy :   Riches en poulet frais de haute qualit\u00e9.  Contient une tr\u00e8s faible quantit\u00e9 de glucides, phosphore et min\u00e9raux.  Aliment sans c\u00e9r\u00e9ales et favorisant une bonne digestion.  Indications et conseils :   \u00c0 consommer de pr\u00e9f\u00e9rence avant la date limite de consommation.  R\u00e9partir les quantit\u00e9s indiqu\u00e9es sur plusieurs repas.  \u00c0 conserver au sec et au frais.","robots":{"index":"noindex","follow":"nofollow"},"og_locale":"fr_FR","og_type":"article","og_title":"Chat Adulte St\u00e9rilis\u00e9 Poulet Ziggy - V\u00e9torino","og_description":"Les croquettes de la marque Ziggy sont sp\u00e9cialement con\u00e7ues pour r\u00e9pondre de mani\u00e8re saine et adapt\u00e9e aux besoins des chats adultes st\u00e9rilis\u00e9s.  Les caract\u00e9ristiques des croquettes pour chat st\u00e9rilis\u00e9 de la marque Ziggy :   Riches en poulet frais de haute qualit\u00e9.  Contient une tr\u00e8s faible quantit\u00e9 de glucides, phosphore et min\u00e9raux.  Aliment sans c\u00e9r\u00e9ales et favorisant une bonne digestion.  Indications et conseils :   \u00c0 consommer de pr\u00e9f\u00e9rence avant la date limite de consommation.  R\u00e9partir les quantit\u00e9s indiqu\u00e9es sur plusieurs repas.  \u00c0 conserver au sec et au frais.","og_url":"https:\/\/www.vetorino.com\/veterinaire\/lens-62300\/boutique\/product\/ziggy-croquettes-chat-adulte-sterilise-poulet\/","og_site_name":"V\u00e9torino","article_publisher":"https:\/\/www.facebook.com\/Vetorino\/","article_modified_time":"2025-11-06T11:18:37+00:00","og_image":[{"width":1080,"height":1080,"url":"https:\/\/www.vetorino.com\/boutique\/wp-content\/uploads\/2024\/09\/croquetteschat-poulet2_5kgnew1pluspetit.webp","type":"image\/webp"}],"twitter_card":"summary_large_image","twitter_misc":{"Disponibilit\u00e9":"En stock"},"schema":{"@context":"https:\/\/schema.org","@graph":[{"@type":"WebPage","@id":"https:\/\/www.vetorino.com\/boutique\/product\/ziggy-croquettes-chat-adulte-sterilise-poulet\/","url":"https:\/\/www.vetorino.com\/boutique\/product\/ziggy-croquettes-chat-adulte-sterilise-poulet\/","name":"Chat Adulte St\u00e9rilis\u00e9 Poulet Ziggy - V\u00e9torino","isPartOf":{"@id":"https:\/\/www.vetorino.com\/boutique\/#website"},"primaryImageOfPage":{"@id":"https:\/\/www.vetorino.com\/boutique\/product\/ziggy-croquettes-chat-adulte-sterilise-poulet\/#primaryimage"},"image":{"@id":"https:\/\/www.vetorino.com\/boutique\/product\/ziggy-croquettes-chat-adulte-sterilise-poulet\/#primaryimage"},"thumbnailUrl":"https:\/\/www.vetorino.com\/boutique\/wp-content\/uploads\/2024\/09\/croquetteschat-poulet2_5kgnew1pluspetit.webp","datePublished":"2023-04-27T03:35:11+00:00","dateModified":"2025-11-06T11:18:37+00:00","description":"Les croquettes de la marque Ziggy sont sp\u00e9cialement con\u00e7ues pour r\u00e9pondre de mani\u00e8re saine et adapt\u00e9e aux besoins des chats adultes st\u00e9rilis\u00e9s. Les caract\u00e9ristiques des croquettes pour chat st\u00e9rilis\u00e9 de la marque Ziggy : Riches en poulet frais de haute qualit\u00e9. Contient une tr\u00e8s faible quantit\u00e9 de glucides, phosphore et min\u00e9raux. Aliment sans c\u00e9r\u00e9ales et favorisant une bonne digestion. Indications et conseils : \u00c0 consommer de pr\u00e9f\u00e9rence avant la date limite de consommation. R\u00e9partir les quantit\u00e9s indiqu\u00e9es sur plusieurs repas. \u00c0 conserver au sec et au frais.","breadcrumb":{"@id":"https:\/\/www.vetorino.com\/boutique\/product\/ziggy-croquettes-chat-adulte-sterilise-poulet\/#breadcrumb"},"inLanguage":"fr-FR","potentialAction":[{"@type":"ReadAction","target":["https:\/\/www.vetorino.com\/boutique\/product\/ziggy-croquettes-chat-adulte-sterilise-poulet\/"]}]},{"@type":"ImageObject","inLanguage":"fr-FR","@id":"https:\/\/www.vetorino.com\/boutique\/product\/ziggy-croquettes-chat-adulte-sterilise-poulet\/#primaryimage","url":"https:\/\/www.vetorino.com\/boutique\/wp-content\/uploads\/2024\/09\/croquetteschat-poulet2_5kgnew1pluspetit.webp","contentUrl":"https:\/\/www.vetorino.com\/boutique\/wp-content\/uploads\/2024\/09\/croquetteschat-poulet2_5kgnew1pluspetit.webp","width":1080,"height":1080},{"@type":"BreadcrumbList","@id":"https:\/\/www.vetorino.com\/boutique\/product\/ziggy-croquettes-chat-adulte-sterilise-poulet\/#breadcrumb","itemListElement":[{"@type":"ListItem","position":1,"name":"Accueil","item":"https:\/\/www.vetorino.com\/boutique\/"},{"@type":"ListItem","position":2,"name":"Produits","item":"https:\/\/www.vetorino.com\/boutique\/"},{"@type":"ListItem","position":3,"name":"Chat Adulte St\u00e9rilis\u00e9 Poulet"}]},{"@type":"WebSite","@id":"https:\/\/www.vetorino.com\/boutique\/#website","url":"https:\/\/www.vetorino.com\/boutique\/","name":"V\u00e9torino","description":"","publisher":{"@id":"https:\/\/www.vetorino.com\/boutique\/#organization"},"potentialAction":[{"@type":"SearchAction","target":{"@type":"EntryPoint","urlTemplate":"https:\/\/www.vetorino.com\/boutique\/?s={search_term_string}"},"query-input":{"@type":"PropertyValueSpecification","valueRequired":true,"valueName":"search_term_string"}}],"inLanguage":"fr-FR"},{"@type":"Organization","@id":"https:\/\/www.vetorino.com\/boutique\/#organization","name":"V\u00e9torino","url":"https:\/\/www.vetorino.com\/boutique\/","logo":{"@type":"ImageObject","inLanguage":"fr-FR","@id":"https:\/\/www.vetorino.com\/boutique\/#\/schema\/logo\/image\/","url":"https:\/\/www.vetorino.com\/boutique\/wp-content\/uploads\/2024\/10\/logo.jpg","contentUrl":"https:\/\/www.vetorino.com\/boutique\/wp-content\/uploads\/2024\/10\/logo.jpg","width":1200,"height":610,"caption":"V\u00e9torino"},"image":{"@id":"https:\/\/www.vetorino.com\/boutique\/#\/schema\/logo\/image\/"},"sameAs":["https:\/\/www.facebook.com\/Vetorino\/","https:\/\/www.instagram.com\/vetorino_off\/","https:\/\/www.linkedin.com\/company\/vtorino\/"]}]},"product_brand":"Ziggy","og_availability":"instock","product_availability":"instock","product_condition":"new"},"_links":{"self":[{"href":"https:\/\/www.vetorino.com\/veterinaire\/lens-62300\/boutique\/wp-json\/wp\/v2\/product\/603385","targetHints":{"allow":["GET"]}}],"collection":[{"href":"https:\/\/www.vetorino.com\/veterinaire\/lens-62300\/boutique\/wp-json\/wp\/v2\/product"}],"about":[{"href":"https:\/\/www.vetorino.com\/veterinaire\/lens-62300\/boutique\/wp-json\/wp\/v2\/types\/product"}],"wp:featuredmedia":[{"embeddable":true,"href":"https:\/\/www.vetorino.com\/veterinaire\/lens-62300\/boutique\/wp-json\/wp\/v2\/media\/1036898"}],"wp:attachment":[{"href":"https:\/\/www.vetorino.com\/veterinaire\/lens-62300\/boutique\/wp-json\/wp\/v2\/media?parent=603385"}],"wp:term":[{"taxonomy":"product_cat","embeddable":true,"href":"https:\/\/www.vetorino.com\/veterinaire\/lens-62300\/boutique\/wp-json\/wp\/v2\/product_cat?post=603385"},{"taxonomy":"product_tag","embeddable":true,"href":"https:\/\/www.vetorino.com\/veterinaire\/lens-62300\/boutique\/wp-json\/wp\/v2\/product_tag?post=603385"}],"curies":[{"name":"wp","href":"https:\/\/api.w.org\/{rel}","templated":true}]}}