{"id":130836,"date":"2020-11-25T20:39:16","date_gmt":"2020-11-25T19:39:16","guid":{"rendered":"https:\/\/www.vetorino.com\/boutique\/product\/kit-guetre-capsular-de-repos\/"},"modified":"2026-01-31T02:42:19","modified_gmt":"2026-01-31T01:42:19","slug":"kit-guetre-capsular-de-repos","status":"publish","type":"product","link":"https:\/\/www.vetorino.com\/veterinaire\/mandreslesroses-94520\/boutique\/product\/kit-guetre-capsular-de-repos\/","title":{"rendered":"Kit Gu\u00eatre Capsular de repos"},"content":{"rendered":"<p>Les gu&ecirc;tres Capsular se placent sur les ant&eacute;rieurs et\/ou les post&eacute;rieurs des chevaux en p&eacute;riode de repos.<br \/>\nUne recharge impr&eacute;gn&eacute;e de principes actifs naturels &agrave; base d&#039;huiles essentielles, non dopants se placent &agrave; l&rsquo;int&eacute;rieur &#8211; Actifs sont 100% naturels.<br \/>\nAu contact du membre, les actifs se diffusent et p&eacute;n&egrave;trent dans les tissus&nbsp;afin de pr&eacute;venir tendinites, molettes et engorgement.<br \/>\nLes mat&eacute;riaux utilis&eacute;s les rendent tr&egrave;s l&eacute;g&egrave;res (250 g chacune) et absorbent les vibrations en cas de choc au repos.<br \/>\nLes sous-gu&ecirc;tres orange sont amovibles et &eacute;tanches sur leur face interne, permettant ainsi de ne pas absorber la formulation et d&rsquo;avoir une efficacit&eacute; totale dans l&rsquo;organisme.<\/p>\n<ul>\n<li>Aident &agrave; resserrer les tissus tendineux.<\/li>\n<li>Favorisent la r&eacute;sorption des &oelig;d&egrave;mes.<\/li>\n<li>Soutiennent le drainage des toxines.<\/li>\n<\/ul>\n<p>Les principes actifs : Cypr&egrave;s Commun, Citronnelle de Java, Eucalyptus Citronn&eacute;, Menthe des Champs<\/p>\n<ul>\n<li>Cypr&egrave;s Commun : connue pour ses qualit&eacute;s toniques et circulatoires exceptionnelles.<\/li>\n<li>Citronnelle de Java : connue pour ses effets anti inflammatoires en application cutan&eacute;e directe.<\/li>\n<li>Eucalyptus Citronn&eacute;: reconnue pour ses qualit&eacute;s apaisantes, anti inflammatoires,antalgiques et antifongiques, utilis&eacute;e traditionnellement pour le confort articulaire.<\/li>\n<li>Menthe des Champs: tonique et rafra&icirc;chissante, cette huile riche en actifs antalgiques est &eacute;galement vasoconstrictive. Elle est id&eacute;ale pour revigorer corps et esprit.<\/li>\n<\/ul>\n<p>Le kit se compose de 2 gu&ecirc;tres adaptables aux ant&eacute;rieurs comme aux post&eacute;rieurs, d&#039;un baume CapTend R&eacute;cup&eacute;ration de 100 ml&nbsp;et de 2 lingettes r&eacute;utilisables.<br \/>\nFabrication fran&ccedil;aise.<\/p>\n<ul>\n<li>Placer les gu&ecirc;tres CAPSULAR environ 2 heures sur les&nbsp;membres de votre cheval&nbsp;&agrave; l&#039;&eacute;curie ou bien pendant le transport.<\/li>\n<li>Utilisation : appliquer le baume sur les lingettes lavables (la hauteur d&#039;un bouchon). Placer la lingette sur la face noire de la sous gu&ecirc;tre et appliquer sur votre cheval.<\/li>\n<li>A conserver dans un endroit sec.<\/li>\n<li>Lavables en machine &agrave; 30&deg;.<\/li>\n<li>S&eacute;chage &agrave; l&rsquo;air libre.<\/li>\n<\/ul>\n","protected":false},"excerpt":{"rendered":"<p>Les gu&ecirc;tres Capsular se placent sur les ant&eacute;rieurs et\/ou les post&eacute;rieurs des chevaux en p&eacute;riode de repos. Une recharge impr&eacute;gn&eacute;e de principes actifs naturels &agrave; base d&#039;huiles essentielles, non dopants se placent &agrave; l&rsquo;int&eacute;rieur &#8211; Actifs sont 100% naturels. Au contact du membre, les actifs se diffusent et p&eacute;n&egrave;trent dans les tissus&nbsp;afin de pr&eacute;venir tendinites, [&hellip;]<\/p>\n","protected":false},"featured_media":130835,"template":"","meta":[],"product_cat":[12547,13395,12760],"product_tag":[],"class_list":{"0":"post-130836","1":"product","2":"type-product","3":"status-publish","4":"has-post-thumbnail","6":"product_cat-cheval","7":"product_cat-couverture-et-protection-du-cheval","8":"product_cat-materiel-et-equipement-du-cheval","9":"pa_marque-materiel","11":"first","12":"outofstock","13":"taxable","14":"shipping-taxable","15":"purchasable","16":"product-type-variable"},"yoast_head":"<!-- This site is optimized with the Yoast SEO plugin v27.3 - https:\/\/yoast.com\/product\/yoast-seo-wordpress\/ -->\n<title>Kit Gu\u00eatre Capsular de repos Mat\u00e9riel - V\u00e9torino<\/title>\n<meta name=\"description\" content=\"Les gu&ecirc;tres Capsular se placent sur les ant&eacute;rieurs et\/ou les post&eacute;rieurs des chevaux en p&eacute;riode de repos. Une recharge\" \/>\n<meta name=\"robots\" content=\"noindex, nofollow\" \/>\n<meta property=\"og:locale\" content=\"fr_FR\" \/>\n<meta property=\"og:type\" content=\"article\" \/>\n<meta property=\"og:title\" content=\"Kit Gu\u00eatre Capsular de repos Mat\u00e9riel - V\u00e9torino\" \/>\n<meta property=\"og:description\" content=\"Les gu&ecirc;tres Capsular se placent sur les ant&eacute;rieurs et\/ou les post&eacute;rieurs des chevaux en p&eacute;riode de repos. Une recharge\" \/>\n<meta property=\"og:url\" content=\"https:\/\/www.vetorino.com\/veterinaire\/mandreslesroses-94520\/boutique\/product\/kit-guetre-capsular-de-repos\/\" \/>\n<meta property=\"og:site_name\" content=\"V\u00e9torino\" \/>\n<meta property=\"article:publisher\" content=\"https:\/\/www.facebook.com\/Vetorino\/\" \/>\n<meta property=\"article:modified_time\" content=\"2026-01-31T01:42:19+00:00\" \/>\n<meta property=\"og:image\" content=\"https:\/\/www.vetorino.com\/boutique\/wp-content\/uploads\/2020\/11\/FilsKIT773FormatMediumTypeIM.jpg\" \/>\n\t<meta property=\"og:image:width\" content=\"290\" \/>\n\t<meta property=\"og:image:height\" content=\"400\" \/>\n\t<meta property=\"og:image:type\" content=\"image\/jpeg\" \/>\n<meta name=\"twitter:card\" content=\"summary_large_image\" \/>\n<meta name=\"twitter:label1\" content=\"Disponibilit\u00e9\" \/>\n\t<meta name=\"twitter:data1\" content=\"Rupture de stock\" \/>\n<script type=\"application\/ld+json\" class=\"yoast-schema-graph\">{\"@context\":\"https:\\\/\\\/schema.org\",\"@graph\":[{\"@type\":\"WebPage\",\"@id\":\"https:\\\/\\\/www.vetorino.com\\\/boutique\\\/product\\\/kit-guetre-capsular-de-repos\\\/\",\"url\":\"https:\\\/\\\/www.vetorino.com\\\/boutique\\\/product\\\/kit-guetre-capsular-de-repos\\\/\",\"name\":\"Kit Gu\u00eatre Capsular de repos Mat\u00e9riel - V\u00e9torino\",\"isPartOf\":{\"@id\":\"https:\\\/\\\/www.vetorino.com\\\/boutique\\\/#website\"},\"primaryImageOfPage\":{\"@id\":\"https:\\\/\\\/www.vetorino.com\\\/boutique\\\/product\\\/kit-guetre-capsular-de-repos\\\/#primaryimage\"},\"image\":{\"@id\":\"https:\\\/\\\/www.vetorino.com\\\/boutique\\\/product\\\/kit-guetre-capsular-de-repos\\\/#primaryimage\"},\"thumbnailUrl\":\"https:\\\/\\\/www.vetorino.com\\\/boutique\\\/wp-content\\\/uploads\\\/2020\\\/11\\\/FilsKIT773FormatMediumTypeIM.jpg\",\"datePublished\":\"2020-11-25T19:39:16+00:00\",\"dateModified\":\"2026-01-31T01:42:19+00:00\",\"description\":\"Les gu&ecirc;tres Capsular se placent sur les ant&eacute;rieurs et\\\/ou les post&eacute;rieurs des chevaux en p&eacute;riode de repos. Une recharge\",\"breadcrumb\":{\"@id\":\"https:\\\/\\\/www.vetorino.com\\\/boutique\\\/product\\\/kit-guetre-capsular-de-repos\\\/#breadcrumb\"},\"inLanguage\":\"fr-FR\",\"potentialAction\":[{\"@type\":\"ReadAction\",\"target\":[\"https:\\\/\\\/www.vetorino.com\\\/boutique\\\/product\\\/kit-guetre-capsular-de-repos\\\/\"]}]},{\"@type\":\"ImageObject\",\"inLanguage\":\"fr-FR\",\"@id\":\"https:\\\/\\\/www.vetorino.com\\\/boutique\\\/product\\\/kit-guetre-capsular-de-repos\\\/#primaryimage\",\"url\":\"https:\\\/\\\/www.vetorino.com\\\/boutique\\\/wp-content\\\/uploads\\\/2020\\\/11\\\/FilsKIT773FormatMediumTypeIM.jpg\",\"contentUrl\":\"https:\\\/\\\/www.vetorino.com\\\/boutique\\\/wp-content\\\/uploads\\\/2020\\\/11\\\/FilsKIT773FormatMediumTypeIM.jpg\",\"width\":290,\"height\":400},{\"@type\":\"BreadcrumbList\",\"@id\":\"https:\\\/\\\/www.vetorino.com\\\/boutique\\\/product\\\/kit-guetre-capsular-de-repos\\\/#breadcrumb\",\"itemListElement\":[{\"@type\":\"ListItem\",\"position\":1,\"name\":\"Accueil\",\"item\":\"https:\\\/\\\/www.vetorino.com\\\/boutique\\\/\"},{\"@type\":\"ListItem\",\"position\":2,\"name\":\"Produits\",\"item\":\"https:\\\/\\\/www.vetorino.com\\\/boutique\\\/\"},{\"@type\":\"ListItem\",\"position\":3,\"name\":\"Kit Gu\u00eatre Capsular de repos\"}]},{\"@type\":\"WebSite\",\"@id\":\"https:\\\/\\\/www.vetorino.com\\\/boutique\\\/#website\",\"url\":\"https:\\\/\\\/www.vetorino.com\\\/boutique\\\/\",\"name\":\"V\u00e9torino\",\"description\":\"\",\"publisher\":{\"@id\":\"https:\\\/\\\/www.vetorino.com\\\/boutique\\\/#organization\"},\"potentialAction\":[{\"@type\":\"SearchAction\",\"target\":{\"@type\":\"EntryPoint\",\"urlTemplate\":\"https:\\\/\\\/www.vetorino.com\\\/boutique\\\/?s={search_term_string}\"},\"query-input\":{\"@type\":\"PropertyValueSpecification\",\"valueRequired\":true,\"valueName\":\"search_term_string\"}}],\"inLanguage\":\"fr-FR\"},{\"@type\":\"Organization\",\"@id\":\"https:\\\/\\\/www.vetorino.com\\\/boutique\\\/#organization\",\"name\":\"V\u00e9torino\",\"url\":\"https:\\\/\\\/www.vetorino.com\\\/boutique\\\/\",\"logo\":{\"@type\":\"ImageObject\",\"inLanguage\":\"fr-FR\",\"@id\":\"https:\\\/\\\/www.vetorino.com\\\/boutique\\\/#\\\/schema\\\/logo\\\/image\\\/\",\"url\":\"https:\\\/\\\/www.vetorino.com\\\/boutique\\\/wp-content\\\/uploads\\\/2024\\\/10\\\/logo.jpg\",\"contentUrl\":\"https:\\\/\\\/www.vetorino.com\\\/boutique\\\/wp-content\\\/uploads\\\/2024\\\/10\\\/logo.jpg\",\"width\":1200,\"height\":610,\"caption\":\"V\u00e9torino\"},\"image\":{\"@id\":\"https:\\\/\\\/www.vetorino.com\\\/boutique\\\/#\\\/schema\\\/logo\\\/image\\\/\"},\"sameAs\":[\"https:\\\/\\\/www.facebook.com\\\/Vetorino\\\/\",\"https:\\\/\\\/www.instagram.com\\\/vetorino_off\\\/\",\"https:\\\/\\\/www.linkedin.com\\\/company\\\/vtorino\\\/\"]}]}<\/script>\n<meta property=\"product:brand\" content=\"Mat\u00e9riel\" \/>\n<meta property=\"og:availability\" content=\"out of stock\" \/>\n<meta property=\"product:availability\" content=\"out of stock\" \/>\n<meta property=\"product:condition\" content=\"new\" \/>\n<!-- \/ Yoast SEO plugin. -->","yoast_head_json":{"title":"Kit Gu\u00eatre Capsular de repos Mat\u00e9riel - V\u00e9torino","description":"Les gu&ecirc;tres Capsular se placent sur les ant&eacute;rieurs et\/ou les post&eacute;rieurs des chevaux en p&eacute;riode de repos. Une recharge","robots":{"index":"noindex","follow":"nofollow"},"og_locale":"fr_FR","og_type":"article","og_title":"Kit Gu\u00eatre Capsular de repos Mat\u00e9riel - V\u00e9torino","og_description":"Les gu&ecirc;tres Capsular se placent sur les ant&eacute;rieurs et\/ou les post&eacute;rieurs des chevaux en p&eacute;riode de repos. Une recharge","og_url":"https:\/\/www.vetorino.com\/veterinaire\/mandreslesroses-94520\/boutique\/product\/kit-guetre-capsular-de-repos\/","og_site_name":"V\u00e9torino","article_publisher":"https:\/\/www.facebook.com\/Vetorino\/","article_modified_time":"2026-01-31T01:42:19+00:00","og_image":[{"width":290,"height":400,"url":"https:\/\/www.vetorino.com\/boutique\/wp-content\/uploads\/2020\/11\/FilsKIT773FormatMediumTypeIM.jpg","type":"image\/jpeg"}],"twitter_card":"summary_large_image","twitter_misc":{"Disponibilit\u00e9":"Rupture de stock"},"schema":{"@context":"https:\/\/schema.org","@graph":[{"@type":"WebPage","@id":"https:\/\/www.vetorino.com\/boutique\/product\/kit-guetre-capsular-de-repos\/","url":"https:\/\/www.vetorino.com\/boutique\/product\/kit-guetre-capsular-de-repos\/","name":"Kit Gu\u00eatre Capsular de repos Mat\u00e9riel - V\u00e9torino","isPartOf":{"@id":"https:\/\/www.vetorino.com\/boutique\/#website"},"primaryImageOfPage":{"@id":"https:\/\/www.vetorino.com\/boutique\/product\/kit-guetre-capsular-de-repos\/#primaryimage"},"image":{"@id":"https:\/\/www.vetorino.com\/boutique\/product\/kit-guetre-capsular-de-repos\/#primaryimage"},"thumbnailUrl":"https:\/\/www.vetorino.com\/boutique\/wp-content\/uploads\/2020\/11\/FilsKIT773FormatMediumTypeIM.jpg","datePublished":"2020-11-25T19:39:16+00:00","dateModified":"2026-01-31T01:42:19+00:00","description":"Les gu&ecirc;tres Capsular se placent sur les ant&eacute;rieurs et\/ou les post&eacute;rieurs des chevaux en p&eacute;riode de repos. Une recharge","breadcrumb":{"@id":"https:\/\/www.vetorino.com\/boutique\/product\/kit-guetre-capsular-de-repos\/#breadcrumb"},"inLanguage":"fr-FR","potentialAction":[{"@type":"ReadAction","target":["https:\/\/www.vetorino.com\/boutique\/product\/kit-guetre-capsular-de-repos\/"]}]},{"@type":"ImageObject","inLanguage":"fr-FR","@id":"https:\/\/www.vetorino.com\/boutique\/product\/kit-guetre-capsular-de-repos\/#primaryimage","url":"https:\/\/www.vetorino.com\/boutique\/wp-content\/uploads\/2020\/11\/FilsKIT773FormatMediumTypeIM.jpg","contentUrl":"https:\/\/www.vetorino.com\/boutique\/wp-content\/uploads\/2020\/11\/FilsKIT773FormatMediumTypeIM.jpg","width":290,"height":400},{"@type":"BreadcrumbList","@id":"https:\/\/www.vetorino.com\/boutique\/product\/kit-guetre-capsular-de-repos\/#breadcrumb","itemListElement":[{"@type":"ListItem","position":1,"name":"Accueil","item":"https:\/\/www.vetorino.com\/boutique\/"},{"@type":"ListItem","position":2,"name":"Produits","item":"https:\/\/www.vetorino.com\/boutique\/"},{"@type":"ListItem","position":3,"name":"Kit Gu\u00eatre Capsular de repos"}]},{"@type":"WebSite","@id":"https:\/\/www.vetorino.com\/boutique\/#website","url":"https:\/\/www.vetorino.com\/boutique\/","name":"V\u00e9torino","description":"","publisher":{"@id":"https:\/\/www.vetorino.com\/boutique\/#organization"},"potentialAction":[{"@type":"SearchAction","target":{"@type":"EntryPoint","urlTemplate":"https:\/\/www.vetorino.com\/boutique\/?s={search_term_string}"},"query-input":{"@type":"PropertyValueSpecification","valueRequired":true,"valueName":"search_term_string"}}],"inLanguage":"fr-FR"},{"@type":"Organization","@id":"https:\/\/www.vetorino.com\/boutique\/#organization","name":"V\u00e9torino","url":"https:\/\/www.vetorino.com\/boutique\/","logo":{"@type":"ImageObject","inLanguage":"fr-FR","@id":"https:\/\/www.vetorino.com\/boutique\/#\/schema\/logo\/image\/","url":"https:\/\/www.vetorino.com\/boutique\/wp-content\/uploads\/2024\/10\/logo.jpg","contentUrl":"https:\/\/www.vetorino.com\/boutique\/wp-content\/uploads\/2024\/10\/logo.jpg","width":1200,"height":610,"caption":"V\u00e9torino"},"image":{"@id":"https:\/\/www.vetorino.com\/boutique\/#\/schema\/logo\/image\/"},"sameAs":["https:\/\/www.facebook.com\/Vetorino\/","https:\/\/www.instagram.com\/vetorino_off\/","https:\/\/www.linkedin.com\/company\/vtorino\/"]}]},"product_brand":"Mat\u00e9riel","og_availability":"out of stock","product_availability":"out of stock","product_condition":"new"},"_links":{"self":[{"href":"https:\/\/www.vetorino.com\/veterinaire\/mandreslesroses-94520\/boutique\/wp-json\/wp\/v2\/product\/130836","targetHints":{"allow":["GET"]}}],"collection":[{"href":"https:\/\/www.vetorino.com\/veterinaire\/mandreslesroses-94520\/boutique\/wp-json\/wp\/v2\/product"}],"about":[{"href":"https:\/\/www.vetorino.com\/veterinaire\/mandreslesroses-94520\/boutique\/wp-json\/wp\/v2\/types\/product"}],"wp:featuredmedia":[{"embeddable":true,"href":"https:\/\/www.vetorino.com\/veterinaire\/mandreslesroses-94520\/boutique\/wp-json\/wp\/v2\/media\/130835"}],"wp:attachment":[{"href":"https:\/\/www.vetorino.com\/veterinaire\/mandreslesroses-94520\/boutique\/wp-json\/wp\/v2\/media?parent=130836"}],"wp:term":[{"taxonomy":"product_cat","embeddable":true,"href":"https:\/\/www.vetorino.com\/veterinaire\/mandreslesroses-94520\/boutique\/wp-json\/wp\/v2\/product_cat?post=130836"},{"taxonomy":"product_tag","embeddable":true,"href":"https:\/\/www.vetorino.com\/veterinaire\/mandreslesroses-94520\/boutique\/wp-json\/wp\/v2\/product_tag?post=130836"}],"curies":[{"name":"wp","href":"https:\/\/api.w.org\/{rel}","templated":true}]}}