{"id":96296,"date":"2020-06-29T17:39:52","date_gmt":"2020-06-29T15:39:52","guid":{"rendered":"https:\/\/www.vetorino.com\/boutique\/product\/friandises-chat-premio-fish-chicken-rolls\/"},"modified":"2025-12-15T08:16:52","modified_gmt":"2025-12-15T07:16:52","slug":"friandises-chat-premio-fish-chicken-rolls","status":"publish","type":"product","link":"https:\/\/www.vetorino.com\/veterinaire\/mandreslesroses-94520\/boutique\/product\/friandises-chat-premio-fish-chicken-rolls\/","title":{"rendered":"Friandises Chat Premio Fish Chicken Rolls"},"content":{"rendered":"<p>Souhaitez-vous obtenir des friandises pour chats que vous pourrez employer afin d\u2019encourager ou de r\u00e9compenser votre animal de compagnie\u2009? Notez qu\u2019il est conseill\u00e9 de lui offrir de la nourriture qui est pauvre en mati\u00e8re grasse. \u00c0 cet \u00e9gard, la marque allemande Trixie met \u00e0 votre disposition un repas de la gamme Premio qui comprend du colin et du poulet.<\/p>\n<p>Sachez que chaque paquet de 50 g contient 65 % de viande ainsi que 18 % de poisson. De plus, vous appr\u00e9cierez certainement le fait que le produit soit propos\u00e9 dans un sachet refermable. De ce fait, vous serez en mesure de conserver la nourriture que vous n\u2019avez pas donn\u00e9e \u00e0 votre ami \u00e0 quatre pattes d\u2019une meilleure fa\u00e7on.<\/p>\n<p>Par ailleurs, vous n\u2019avez aucune raison de vous inqui\u00e9ter concernant le contenu de ce menu. En fait, seuls des ingr\u00e9dients de haute qualit\u00e9 ont \u00e9t\u00e9 employ\u00e9s au moment de la conception de ce repas, qui r\u00e9galera certainement les papilles de votre petit compagnon. En outre, sachez que ce m\u00e9lange ne comprend ni sucre ajout\u00e9 ni gluten.<\/p>\n<p><strong>INFORMATIONS<\/strong>\u00a0 :<\/p>\n<ul>\n<li>Contient 65 % de viande et 18 % de poisson<\/li>\n<li>Go\u00fbt d\u00e9licieux<\/li>\n<li>Propos\u00e9 dans un sachet refermable pour une meilleure conservation<\/li>\n<li>Con\u00e7u avec des ingr\u00e9dients de haute qualit\u00e9<\/li>\n<li>Sans sucre ajout\u00e9 et sans gluten<\/li>\n<\/ul>\n","protected":false},"excerpt":{"rendered":"<p>Souhaitez-vous obtenir des friandises pour chats que vous pourrez employer afin d\u2019encourager ou de r\u00e9compenser votre animal de compagnie\u2009? Notez qu\u2019il est conseill\u00e9 de lui offrir de la nourriture qui est pauvre en mati\u00e8re grasse. \u00c0 cet \u00e9gard, la marque allemande Trixie met \u00e0 votre disposition un repas de la gamme Premio qui comprend du colin et du poulet.<\/p>\n","protected":false},"featured_media":947738,"template":"","meta":[],"product_cat":[12551,2697,2733],"product_tag":[],"class_list":{"0":"post-96296","1":"product","2":"type-product","3":"status-publish","4":"has-post-thumbnail","6":"product_cat-alimentation-du-chat","7":"product_cat-chat","8":"product_cat-friandises-pour-chat","9":"pa_marque-trixie","11":"first","12":"instock","13":"taxable","14":"shipping-taxable","15":"purchasable","16":"product-type-simple"},"yoast_head":"<!-- This site is optimized with the Yoast SEO plugin v27.3 - https:\/\/yoast.com\/product\/yoast-seo-wordpress\/ -->\n<title>Friandises Chat Premio Fish Chicken Rolls Trixie - V\u00e9torino<\/title>\n<meta name=\"description\" content=\"Souhaitez-vous obtenir des friandises pour chats que vous pourrez employer afin d\u2019encourager ou de r\u00e9compenser votre animal de compagnie\u2009? Notez qu\u2019il est conseill\u00e9 de lui offrir de la nourriture qui est pauvre en mati\u00e8re grasse. \u00c0 cet \u00e9gard, la marque allemande Trixie met \u00e0 votre disposition un repas de la gamme Premio qui comprend du colin et du poulet.\" \/>\n<meta name=\"robots\" content=\"noindex, nofollow\" \/>\n<meta property=\"og:locale\" content=\"fr_FR\" \/>\n<meta property=\"og:type\" content=\"article\" \/>\n<meta property=\"og:title\" content=\"Friandises Chat Premio Fish Chicken Rolls Trixie - V\u00e9torino\" \/>\n<meta property=\"og:description\" content=\"Souhaitez-vous obtenir des friandises pour chats que vous pourrez employer afin d\u2019encourager ou de r\u00e9compenser votre animal de compagnie\u2009? Notez qu\u2019il est conseill\u00e9 de lui offrir de la nourriture qui est pauvre en mati\u00e8re grasse. \u00c0 cet \u00e9gard, la marque allemande Trixie met \u00e0 votre disposition un repas de la gamme Premio qui comprend du colin et du poulet.\" \/>\n<meta property=\"og:url\" content=\"https:\/\/www.vetorino.com\/veterinaire\/mandreslesroses-94520\/boutique\/product\/friandises-chat-premio-fish-chicken-rolls\/\" \/>\n<meta property=\"og:site_name\" content=\"V\u00e9torino\" \/>\n<meta property=\"article:publisher\" content=\"https:\/\/www.facebook.com\/Vetorino\/\" \/>\n<meta property=\"article:modified_time\" content=\"2025-12-15T07:16:52+00:00\" \/>\n<meta property=\"og:image\" content=\"https:\/\/www.vetorino.com\/boutique\/wp-content\/uploads\/2020\/06\/friandise-pour-chat-trixie-fish-chicken-rolls.webp\" \/>\n\t<meta property=\"og:image:width\" content=\"800\" \/>\n\t<meta property=\"og:image:height\" content=\"800\" \/>\n\t<meta property=\"og:image:type\" content=\"image\/webp\" \/>\n<meta name=\"twitter:card\" content=\"summary_large_image\" \/>\n<meta name=\"twitter:label1\" content=\"Prix\" \/>\n\t<meta name=\"twitter:data1\" content=\"1,66&euro;\" \/>\n\t<meta name=\"twitter:label2\" content=\"Disponibilit\u00e9\" \/>\n\t<meta name=\"twitter:data2\" content=\"En stock\" \/>\n<script type=\"application\/ld+json\" class=\"yoast-schema-graph\">{\"@context\":\"https:\\\/\\\/schema.org\",\"@graph\":[{\"@type\":\"WebPage\",\"@id\":\"https:\\\/\\\/www.vetorino.com\\\/veterinaire\\\/saintjean-31240\\\/boutique\\\/product\\\/friandises-chat-premio-fish-chicken-rolls\\\/\",\"url\":\"https:\\\/\\\/www.vetorino.com\\\/veterinaire\\\/saintjean-31240\\\/boutique\\\/product\\\/friandises-chat-premio-fish-chicken-rolls\\\/\",\"name\":\"Friandises Chat Premio Fish Chicken Rolls Trixie - V\u00e9torino\",\"isPartOf\":{\"@id\":\"https:\\\/\\\/www.vetorino.com\\\/boutique\\\/#website\"},\"primaryImageOfPage\":{\"@id\":\"https:\\\/\\\/www.vetorino.com\\\/veterinaire\\\/saintjean-31240\\\/boutique\\\/product\\\/friandises-chat-premio-fish-chicken-rolls\\\/#primaryimage\"},\"image\":{\"@id\":\"https:\\\/\\\/www.vetorino.com\\\/veterinaire\\\/saintjean-31240\\\/boutique\\\/product\\\/friandises-chat-premio-fish-chicken-rolls\\\/#primaryimage\"},\"thumbnailUrl\":\"https:\\\/\\\/www.vetorino.com\\\/boutique\\\/wp-content\\\/uploads\\\/2020\\\/06\\\/friandise-pour-chat-trixie-fish-chicken-rolls.webp\",\"datePublished\":\"2020-06-29T15:39:52+00:00\",\"dateModified\":\"2025-12-15T07:16:52+00:00\",\"description\":\"Souhaitez-vous obtenir des friandises pour chats que vous pourrez employer afin d\u2019encourager ou de r\u00e9compenser votre animal de compagnie\u2009? Notez qu\u2019il est conseill\u00e9 de lui offrir de la nourriture qui est pauvre en mati\u00e8re grasse. \u00c0 cet \u00e9gard, la marque allemande Trixie met \u00e0 votre disposition un repas de la gamme Premio qui comprend du colin et du poulet.\",\"breadcrumb\":{\"@id\":\"https:\\\/\\\/www.vetorino.com\\\/veterinaire\\\/saintjean-31240\\\/boutique\\\/product\\\/friandises-chat-premio-fish-chicken-rolls\\\/#breadcrumb\"},\"inLanguage\":\"fr-FR\",\"potentialAction\":[{\"@type\":\"ReadAction\",\"target\":[\"https:\\\/\\\/www.vetorino.com\\\/veterinaire\\\/saintjean-31240\\\/boutique\\\/product\\\/friandises-chat-premio-fish-chicken-rolls\\\/\"]}]},{\"@type\":\"ImageObject\",\"inLanguage\":\"fr-FR\",\"@id\":\"https:\\\/\\\/www.vetorino.com\\\/veterinaire\\\/saintjean-31240\\\/boutique\\\/product\\\/friandises-chat-premio-fish-chicken-rolls\\\/#primaryimage\",\"url\":\"https:\\\/\\\/www.vetorino.com\\\/boutique\\\/wp-content\\\/uploads\\\/2020\\\/06\\\/friandise-pour-chat-trixie-fish-chicken-rolls.webp\",\"contentUrl\":\"https:\\\/\\\/www.vetorino.com\\\/boutique\\\/wp-content\\\/uploads\\\/2020\\\/06\\\/friandise-pour-chat-trixie-fish-chicken-rolls.webp\",\"width\":800,\"height\":800},{\"@type\":\"BreadcrumbList\",\"@id\":\"https:\\\/\\\/www.vetorino.com\\\/veterinaire\\\/saintjean-31240\\\/boutique\\\/product\\\/friandises-chat-premio-fish-chicken-rolls\\\/#breadcrumb\",\"itemListElement\":[{\"@type\":\"ListItem\",\"position\":1,\"name\":\"Accueil\",\"item\":\"https:\\\/\\\/www.vetorino.com\\\/boutique\\\/\"},{\"@type\":\"ListItem\",\"position\":2,\"name\":\"Produits\",\"item\":\"https:\\\/\\\/www.vetorino.com\\\/boutique\\\/\"},{\"@type\":\"ListItem\",\"position\":3,\"name\":\"Friandises Chat Premio Fish Chicken Rolls\"}]},{\"@type\":\"WebSite\",\"@id\":\"https:\\\/\\\/www.vetorino.com\\\/boutique\\\/#website\",\"url\":\"https:\\\/\\\/www.vetorino.com\\\/boutique\\\/\",\"name\":\"V\u00e9torino\",\"description\":\"\",\"publisher\":{\"@id\":\"https:\\\/\\\/www.vetorino.com\\\/boutique\\\/#organization\"},\"potentialAction\":[{\"@type\":\"SearchAction\",\"target\":{\"@type\":\"EntryPoint\",\"urlTemplate\":\"https:\\\/\\\/www.vetorino.com\\\/boutique\\\/?s={search_term_string}\"},\"query-input\":{\"@type\":\"PropertyValueSpecification\",\"valueRequired\":true,\"valueName\":\"search_term_string\"}}],\"inLanguage\":\"fr-FR\"},{\"@type\":\"Organization\",\"@id\":\"https:\\\/\\\/www.vetorino.com\\\/boutique\\\/#organization\",\"name\":\"V\u00e9torino\",\"url\":\"https:\\\/\\\/www.vetorino.com\\\/boutique\\\/\",\"logo\":{\"@type\":\"ImageObject\",\"inLanguage\":\"fr-FR\",\"@id\":\"https:\\\/\\\/www.vetorino.com\\\/boutique\\\/#\\\/schema\\\/logo\\\/image\\\/\",\"url\":\"https:\\\/\\\/www.vetorino.com\\\/boutique\\\/wp-content\\\/uploads\\\/2024\\\/10\\\/logo.jpg\",\"contentUrl\":\"https:\\\/\\\/www.vetorino.com\\\/boutique\\\/wp-content\\\/uploads\\\/2024\\\/10\\\/logo.jpg\",\"width\":1200,\"height\":610,\"caption\":\"V\u00e9torino\"},\"image\":{\"@id\":\"https:\\\/\\\/www.vetorino.com\\\/boutique\\\/#\\\/schema\\\/logo\\\/image\\\/\"},\"sameAs\":[\"https:\\\/\\\/www.facebook.com\\\/Vetorino\\\/\",\"https:\\\/\\\/www.instagram.com\\\/vetorino_off\\\/\",\"https:\\\/\\\/www.linkedin.com\\\/company\\\/vtorino\\\/\"]}]}<\/script>\n<meta property=\"product:brand\" content=\"Trixie\" \/>\n<meta property=\"product:price:amount\" content=\"1.66\" \/>\n<meta property=\"product:price:currency\" content=\"EUR\" \/>\n<meta property=\"og:availability\" content=\"instock\" \/>\n<meta property=\"product:availability\" content=\"instock\" \/>\n<meta property=\"product:retailer_item_id\" content=\"C-FRI045\" \/>\n<meta property=\"product:condition\" content=\"new\" \/>\n<!-- \/ Yoast SEO plugin. -->","yoast_head_json":{"title":"Friandises Chat Premio Fish Chicken Rolls Trixie - V\u00e9torino","description":"Souhaitez-vous obtenir des friandises pour chats que vous pourrez employer afin d\u2019encourager ou de r\u00e9compenser votre animal de compagnie\u2009? Notez qu\u2019il est conseill\u00e9 de lui offrir de la nourriture qui est pauvre en mati\u00e8re grasse. \u00c0 cet \u00e9gard, la marque allemande Trixie met \u00e0 votre disposition un repas de la gamme Premio qui comprend du colin et du poulet.","robots":{"index":"noindex","follow":"nofollow"},"og_locale":"fr_FR","og_type":"article","og_title":"Friandises Chat Premio Fish Chicken Rolls Trixie - V\u00e9torino","og_description":"Souhaitez-vous obtenir des friandises pour chats que vous pourrez employer afin d\u2019encourager ou de r\u00e9compenser votre animal de compagnie\u2009? Notez qu\u2019il est conseill\u00e9 de lui offrir de la nourriture qui est pauvre en mati\u00e8re grasse. \u00c0 cet \u00e9gard, la marque allemande Trixie met \u00e0 votre disposition un repas de la gamme Premio qui comprend du colin et du poulet.","og_url":"https:\/\/www.vetorino.com\/veterinaire\/mandreslesroses-94520\/boutique\/product\/friandises-chat-premio-fish-chicken-rolls\/","og_site_name":"V\u00e9torino","article_publisher":"https:\/\/www.facebook.com\/Vetorino\/","article_modified_time":"2025-12-15T07:16:52+00:00","og_image":[{"width":800,"height":800,"url":"https:\/\/www.vetorino.com\/boutique\/wp-content\/uploads\/2020\/06\/friandise-pour-chat-trixie-fish-chicken-rolls.webp","type":"image\/webp"}],"twitter_card":"summary_large_image","twitter_misc":{"Prix":"1,66&euro;","Disponibilit\u00e9":"En stock"},"schema":{"@context":"https:\/\/schema.org","@graph":[{"@type":"WebPage","@id":"https:\/\/www.vetorino.com\/veterinaire\/saintjean-31240\/boutique\/product\/friandises-chat-premio-fish-chicken-rolls\/","url":"https:\/\/www.vetorino.com\/veterinaire\/saintjean-31240\/boutique\/product\/friandises-chat-premio-fish-chicken-rolls\/","name":"Friandises Chat Premio Fish Chicken Rolls Trixie - V\u00e9torino","isPartOf":{"@id":"https:\/\/www.vetorino.com\/boutique\/#website"},"primaryImageOfPage":{"@id":"https:\/\/www.vetorino.com\/veterinaire\/saintjean-31240\/boutique\/product\/friandises-chat-premio-fish-chicken-rolls\/#primaryimage"},"image":{"@id":"https:\/\/www.vetorino.com\/veterinaire\/saintjean-31240\/boutique\/product\/friandises-chat-premio-fish-chicken-rolls\/#primaryimage"},"thumbnailUrl":"https:\/\/www.vetorino.com\/boutique\/wp-content\/uploads\/2020\/06\/friandise-pour-chat-trixie-fish-chicken-rolls.webp","datePublished":"2020-06-29T15:39:52+00:00","dateModified":"2025-12-15T07:16:52+00:00","description":"Souhaitez-vous obtenir des friandises pour chats que vous pourrez employer afin d\u2019encourager ou de r\u00e9compenser votre animal de compagnie\u2009? Notez qu\u2019il est conseill\u00e9 de lui offrir de la nourriture qui est pauvre en mati\u00e8re grasse. \u00c0 cet \u00e9gard, la marque allemande Trixie met \u00e0 votre disposition un repas de la gamme Premio qui comprend du colin et du poulet.","breadcrumb":{"@id":"https:\/\/www.vetorino.com\/veterinaire\/saintjean-31240\/boutique\/product\/friandises-chat-premio-fish-chicken-rolls\/#breadcrumb"},"inLanguage":"fr-FR","potentialAction":[{"@type":"ReadAction","target":["https:\/\/www.vetorino.com\/veterinaire\/saintjean-31240\/boutique\/product\/friandises-chat-premio-fish-chicken-rolls\/"]}]},{"@type":"ImageObject","inLanguage":"fr-FR","@id":"https:\/\/www.vetorino.com\/veterinaire\/saintjean-31240\/boutique\/product\/friandises-chat-premio-fish-chicken-rolls\/#primaryimage","url":"https:\/\/www.vetorino.com\/boutique\/wp-content\/uploads\/2020\/06\/friandise-pour-chat-trixie-fish-chicken-rolls.webp","contentUrl":"https:\/\/www.vetorino.com\/boutique\/wp-content\/uploads\/2020\/06\/friandise-pour-chat-trixie-fish-chicken-rolls.webp","width":800,"height":800},{"@type":"BreadcrumbList","@id":"https:\/\/www.vetorino.com\/veterinaire\/saintjean-31240\/boutique\/product\/friandises-chat-premio-fish-chicken-rolls\/#breadcrumb","itemListElement":[{"@type":"ListItem","position":1,"name":"Accueil","item":"https:\/\/www.vetorino.com\/boutique\/"},{"@type":"ListItem","position":2,"name":"Produits","item":"https:\/\/www.vetorino.com\/boutique\/"},{"@type":"ListItem","position":3,"name":"Friandises Chat Premio Fish Chicken Rolls"}]},{"@type":"WebSite","@id":"https:\/\/www.vetorino.com\/boutique\/#website","url":"https:\/\/www.vetorino.com\/boutique\/","name":"V\u00e9torino","description":"","publisher":{"@id":"https:\/\/www.vetorino.com\/boutique\/#organization"},"potentialAction":[{"@type":"SearchAction","target":{"@type":"EntryPoint","urlTemplate":"https:\/\/www.vetorino.com\/boutique\/?s={search_term_string}"},"query-input":{"@type":"PropertyValueSpecification","valueRequired":true,"valueName":"search_term_string"}}],"inLanguage":"fr-FR"},{"@type":"Organization","@id":"https:\/\/www.vetorino.com\/boutique\/#organization","name":"V\u00e9torino","url":"https:\/\/www.vetorino.com\/boutique\/","logo":{"@type":"ImageObject","inLanguage":"fr-FR","@id":"https:\/\/www.vetorino.com\/boutique\/#\/schema\/logo\/image\/","url":"https:\/\/www.vetorino.com\/boutique\/wp-content\/uploads\/2024\/10\/logo.jpg","contentUrl":"https:\/\/www.vetorino.com\/boutique\/wp-content\/uploads\/2024\/10\/logo.jpg","width":1200,"height":610,"caption":"V\u00e9torino"},"image":{"@id":"https:\/\/www.vetorino.com\/boutique\/#\/schema\/logo\/image\/"},"sameAs":["https:\/\/www.facebook.com\/Vetorino\/","https:\/\/www.instagram.com\/vetorino_off\/","https:\/\/www.linkedin.com\/company\/vtorino\/"]}]},"product_brand":"Trixie","product_price_amount":"1.66","product_price_currency":"EUR","og_availability":"instock","product_availability":"instock","product_retailer_item_id":"C-FRI045","product_condition":"new"},"_links":{"self":[{"href":"https:\/\/www.vetorino.com\/veterinaire\/mandreslesroses-94520\/boutique\/wp-json\/wp\/v2\/product\/96296","targetHints":{"allow":["GET"]}}],"collection":[{"href":"https:\/\/www.vetorino.com\/veterinaire\/mandreslesroses-94520\/boutique\/wp-json\/wp\/v2\/product"}],"about":[{"href":"https:\/\/www.vetorino.com\/veterinaire\/mandreslesroses-94520\/boutique\/wp-json\/wp\/v2\/types\/product"}],"wp:featuredmedia":[{"embeddable":true,"href":"https:\/\/www.vetorino.com\/veterinaire\/mandreslesroses-94520\/boutique\/wp-json\/wp\/v2\/media\/947738"}],"wp:attachment":[{"href":"https:\/\/www.vetorino.com\/veterinaire\/mandreslesroses-94520\/boutique\/wp-json\/wp\/v2\/media?parent=96296"}],"wp:term":[{"taxonomy":"product_cat","embeddable":true,"href":"https:\/\/www.vetorino.com\/veterinaire\/mandreslesroses-94520\/boutique\/wp-json\/wp\/v2\/product_cat?post=96296"},{"taxonomy":"product_tag","embeddable":true,"href":"https:\/\/www.vetorino.com\/veterinaire\/mandreslesroses-94520\/boutique\/wp-json\/wp\/v2\/product_tag?post=96296"}],"curies":[{"name":"wp","href":"https:\/\/api.w.org\/{rel}","templated":true}]}}