{"id":35885,"date":"2020-03-04T22:58:12","date_gmt":"2020-03-04T21:58:12","guid":{"rendered":"https:\/\/www.vetorino.com\/boutique\/product\/os-a-macher-8in1-delights-strong-tm\/"},"modified":"2023-06-22T10:48:03","modified_gmt":"2023-06-22T08:48:03","slug":"os-a-macher-8in1-delights-strong-tm","status":"publish","type":"product","link":"https:\/\/www.vetorino.com\/veterinaire\/marboz-01851\/boutique\/product\/os-a-macher-8in1-delights-strong-tm\/","title":{"rendered":"Os \u00e0 m\u00e2cher STRONG T.M Chien &#8211; Delights"},"content":{"rendered":"<div class=\"hidden\">8in1<\/div>\n<p><b>Caract\u00e9risiques<\/b><br \/>\nCet os \u00e0 m\u00e2cher est compos\u00e9 de viande de poulet d\u00e9licieuse, compress\u00e9e dans une peau de b?uf tr\u00e8s ferme et de qualit\u00e9 sup\u00e9rieure (plus ferme que l&#8217;os \u00e0 m\u00e2cher 8IN1 Delights). Il aide l?animal \u00e0 garder une bonne hygi\u00e8ne bucco-dentaire en r\u00e9duisant la plaque dentaire et en pr\u00e9venant la formation du tartre. Cet os permet \u00e9galement de satisfaire l?instinct naturel de mordillage ainsi qu&#8217;une mastication de longue dur\u00e9e jusqu&#8217;\u00e0 la derni\u00e8re miette. Avec sa formule brevet\u00e9e, il ne contient ni colorant ni ar\u00f4me artificiel et seulement 2 % de mati\u00e8res grasses.<br \/>\n<b>Bon \u00e0 savoir<\/b><br \/>\nConvient aux chiens pesant entre 12 et 35 kg. Demandez conseil \u00e0 votre v\u00e9t\u00e9rinaire. De l?eau fra\u00eeche et propre doit \u00eatre disponible \u00e0 tout moment de la journ\u00e9e.INGREDIENTS Viandes et sous-produits animaux (Viande de poulet 10%), Substances min\u00e9rales. Prot\u00e9ine brute : 82,0%, Mati\u00e8res grasses brutes : 2,0%, Cellulose brute : 1,0%, Cendres brutes : 2,0%, Teneur en eau : 14,0%.<\/p>\n","protected":false},"excerpt":{"rendered":"<p>Os a m\u00e2cher tres ferme garni d&#8217;une delicieuse viande de poulet compressee dans une peau de boeuf tres ferme de qualite superieure. Recompense ideale avec un plaisir de mastication vraiment durable. Sans colorant, ni arome artificiel.<\/p>\n","protected":false},"featured_media":298999,"template":"","meta":[],"product_cat":[2698,12603],"product_tag":[],"class_list":{"0":"post-35885","1":"product","2":"type-product","3":"status-publish","4":"has-post-thumbnail","6":"product_cat-chien","7":"product_cat-friandises-pour-chien","8":"pa_marque-8in1","10":"first","11":"instock","12":"taxable","13":"shipping-taxable","14":"purchasable","15":"product-type-simple"},"yoast_head":"<!-- This site is optimized with the Yoast SEO plugin v27.3 - https:\/\/yoast.com\/product\/yoast-seo-wordpress\/ -->\n<title>Os \u00e0 m\u00e2cher STRONG T.M Chien - Delights 8in1 - V\u00e9torino<\/title>\n<meta name=\"description\" content=\"Os a m\u00e2cher tres ferme garni d&#039;une delicieuse viande de poulet compressee dans une peau de boeuf tres ferme de qualite superieure. Recompense ideale avec un plaisir de mastication vraiment durable. Sans colorant, ni arome artificiel.\" \/>\n<meta name=\"robots\" content=\"noindex, nofollow\" \/>\n<meta property=\"og:locale\" content=\"fr_FR\" \/>\n<meta property=\"og:type\" content=\"article\" \/>\n<meta property=\"og:title\" content=\"Os \u00e0 m\u00e2cher STRONG T.M Chien - Delights 8in1 - V\u00e9torino\" \/>\n<meta property=\"og:description\" content=\"Os a m\u00e2cher tres ferme garni d&#039;une delicieuse viande de poulet compressee dans une peau de boeuf tres ferme de qualite superieure. Recompense ideale avec un plaisir de mastication vraiment durable. Sans colorant, ni arome artificiel.\" \/>\n<meta property=\"og:url\" content=\"https:\/\/www.vetorino.com\/veterinaire\/marboz-01851\/boutique\/product\/os-a-macher-8in1-delights-strong-tm\/\" \/>\n<meta property=\"og:site_name\" content=\"V\u00e9torino\" \/>\n<meta property=\"article:publisher\" content=\"https:\/\/www.facebook.com\/Vetorino\/\" \/>\n<meta property=\"article:modified_time\" content=\"2023-06-22T08:48:03+00:00\" \/>\n<meta property=\"og:image\" content=\"https:\/\/www.vetorino.com\/boutique\/wp-content\/uploads\/2020\/03\/os-a-macher-8in1-delights-strong-tm-13.jpg\" \/>\n\t<meta property=\"og:image:width\" content=\"700\" \/>\n\t<meta property=\"og:image:height\" content=\"800\" \/>\n\t<meta property=\"og:image:type\" content=\"image\/jpeg\" \/>\n<meta name=\"twitter:card\" content=\"summary_large_image\" \/>\n<meta name=\"twitter:label1\" content=\"Prix\" \/>\n\t<meta name=\"twitter:data1\" content=\"6,44&euro;\" \/>\n\t<meta name=\"twitter:label2\" content=\"Disponibilit\u00e9\" \/>\n\t<meta name=\"twitter:data2\" content=\"En stock\" \/>\n<script type=\"application\/ld+json\" class=\"yoast-schema-graph\">{\"@context\":\"https:\\\/\\\/schema.org\",\"@graph\":[{\"@type\":\"WebPage\",\"@id\":\"https:\\\/\\\/www.vetorino.com\\\/boutique\\\/product\\\/os-a-macher-8in1-delights-strong-tm\\\/\",\"url\":\"https:\\\/\\\/www.vetorino.com\\\/boutique\\\/product\\\/os-a-macher-8in1-delights-strong-tm\\\/\",\"name\":\"Os \u00e0 m\u00e2cher STRONG T.M Chien - Delights 8in1 - V\u00e9torino\",\"isPartOf\":{\"@id\":\"https:\\\/\\\/www.vetorino.com\\\/boutique\\\/#website\"},\"primaryImageOfPage\":{\"@id\":\"https:\\\/\\\/www.vetorino.com\\\/boutique\\\/product\\\/os-a-macher-8in1-delights-strong-tm\\\/#primaryimage\"},\"image\":{\"@id\":\"https:\\\/\\\/www.vetorino.com\\\/boutique\\\/product\\\/os-a-macher-8in1-delights-strong-tm\\\/#primaryimage\"},\"thumbnailUrl\":\"https:\\\/\\\/www.vetorino.com\\\/boutique\\\/wp-content\\\/uploads\\\/2020\\\/03\\\/os-a-macher-8in1-delights-strong-tm-13.jpg\",\"datePublished\":\"2020-03-04T21:58:12+00:00\",\"dateModified\":\"2023-06-22T08:48:03+00:00\",\"description\":\"Os a m\u00e2cher tres ferme garni d'une delicieuse viande de poulet compressee dans une peau de boeuf tres ferme de qualite superieure. Recompense ideale avec un plaisir de mastication vraiment durable. Sans colorant, ni arome artificiel.\",\"breadcrumb\":{\"@id\":\"https:\\\/\\\/www.vetorino.com\\\/boutique\\\/product\\\/os-a-macher-8in1-delights-strong-tm\\\/#breadcrumb\"},\"inLanguage\":\"fr-FR\",\"potentialAction\":[{\"@type\":\"ReadAction\",\"target\":[\"https:\\\/\\\/www.vetorino.com\\\/boutique\\\/product\\\/os-a-macher-8in1-delights-strong-tm\\\/\"]}]},{\"@type\":\"ImageObject\",\"inLanguage\":\"fr-FR\",\"@id\":\"https:\\\/\\\/www.vetorino.com\\\/boutique\\\/product\\\/os-a-macher-8in1-delights-strong-tm\\\/#primaryimage\",\"url\":\"https:\\\/\\\/www.vetorino.com\\\/boutique\\\/wp-content\\\/uploads\\\/2020\\\/03\\\/os-a-macher-8in1-delights-strong-tm-13.jpg\",\"contentUrl\":\"https:\\\/\\\/www.vetorino.com\\\/boutique\\\/wp-content\\\/uploads\\\/2020\\\/03\\\/os-a-macher-8in1-delights-strong-tm-13.jpg\",\"width\":700,\"height\":800,\"caption\":\"OS \u00c0 M\u00c2CHER STRONG T.M CHIEN\"},{\"@type\":\"BreadcrumbList\",\"@id\":\"https:\\\/\\\/www.vetorino.com\\\/boutique\\\/product\\\/os-a-macher-8in1-delights-strong-tm\\\/#breadcrumb\",\"itemListElement\":[{\"@type\":\"ListItem\",\"position\":1,\"name\":\"Accueil\",\"item\":\"https:\\\/\\\/www.vetorino.com\\\/boutique\\\/\"},{\"@type\":\"ListItem\",\"position\":2,\"name\":\"Produits\",\"item\":\"https:\\\/\\\/www.vetorino.com\\\/boutique\\\/\"},{\"@type\":\"ListItem\",\"position\":3,\"name\":\"Os \u00e0 m\u00e2cher STRONG T.M Chien &#8211; Delights\"}]},{\"@type\":\"WebSite\",\"@id\":\"https:\\\/\\\/www.vetorino.com\\\/boutique\\\/#website\",\"url\":\"https:\\\/\\\/www.vetorino.com\\\/boutique\\\/\",\"name\":\"V\u00e9torino\",\"description\":\"\",\"publisher\":{\"@id\":\"https:\\\/\\\/www.vetorino.com\\\/boutique\\\/#organization\"},\"potentialAction\":[{\"@type\":\"SearchAction\",\"target\":{\"@type\":\"EntryPoint\",\"urlTemplate\":\"https:\\\/\\\/www.vetorino.com\\\/boutique\\\/?s={search_term_string}\"},\"query-input\":{\"@type\":\"PropertyValueSpecification\",\"valueRequired\":true,\"valueName\":\"search_term_string\"}}],\"inLanguage\":\"fr-FR\"},{\"@type\":\"Organization\",\"@id\":\"https:\\\/\\\/www.vetorino.com\\\/boutique\\\/#organization\",\"name\":\"V\u00e9torino\",\"url\":\"https:\\\/\\\/www.vetorino.com\\\/boutique\\\/\",\"logo\":{\"@type\":\"ImageObject\",\"inLanguage\":\"fr-FR\",\"@id\":\"https:\\\/\\\/www.vetorino.com\\\/boutique\\\/#\\\/schema\\\/logo\\\/image\\\/\",\"url\":\"https:\\\/\\\/www.vetorino.com\\\/boutique\\\/wp-content\\\/uploads\\\/2024\\\/10\\\/logo.jpg\",\"contentUrl\":\"https:\\\/\\\/www.vetorino.com\\\/boutique\\\/wp-content\\\/uploads\\\/2024\\\/10\\\/logo.jpg\",\"width\":1200,\"height\":610,\"caption\":\"V\u00e9torino\"},\"image\":{\"@id\":\"https:\\\/\\\/www.vetorino.com\\\/boutique\\\/#\\\/schema\\\/logo\\\/image\\\/\"},\"sameAs\":[\"https:\\\/\\\/www.facebook.com\\\/Vetorino\\\/\",\"https:\\\/\\\/www.instagram.com\\\/vetorino_off\\\/\",\"https:\\\/\\\/www.linkedin.com\\\/company\\\/vtorino\\\/\"]}]}<\/script>\n<meta property=\"product:brand\" content=\"8in1\" \/>\n<meta property=\"product:price:amount\" content=\"6.44\" \/>\n<meta property=\"product:price:currency\" content=\"EUR\" \/>\n<meta property=\"og:availability\" content=\"instock\" \/>\n<meta property=\"product:availability\" content=\"instock\" \/>\n<meta property=\"product:retailer_item_id\" content=\"A-8273708\" \/>\n<meta property=\"product:condition\" content=\"new\" \/>\n<!-- \/ Yoast SEO plugin. -->","yoast_head_json":{"title":"Os \u00e0 m\u00e2cher STRONG T.M Chien - Delights 8in1 - V\u00e9torino","description":"Os a m\u00e2cher tres ferme garni d'une delicieuse viande de poulet compressee dans une peau de boeuf tres ferme de qualite superieure. Recompense ideale avec un plaisir de mastication vraiment durable. Sans colorant, ni arome artificiel.","robots":{"index":"noindex","follow":"nofollow"},"og_locale":"fr_FR","og_type":"article","og_title":"Os \u00e0 m\u00e2cher STRONG T.M Chien - Delights 8in1 - V\u00e9torino","og_description":"Os a m\u00e2cher tres ferme garni d'une delicieuse viande de poulet compressee dans une peau de boeuf tres ferme de qualite superieure. Recompense ideale avec un plaisir de mastication vraiment durable. Sans colorant, ni arome artificiel.","og_url":"https:\/\/www.vetorino.com\/veterinaire\/marboz-01851\/boutique\/product\/os-a-macher-8in1-delights-strong-tm\/","og_site_name":"V\u00e9torino","article_publisher":"https:\/\/www.facebook.com\/Vetorino\/","article_modified_time":"2023-06-22T08:48:03+00:00","og_image":[{"width":700,"height":800,"url":"https:\/\/www.vetorino.com\/boutique\/wp-content\/uploads\/2020\/03\/os-a-macher-8in1-delights-strong-tm-13.jpg","type":"image\/jpeg"}],"twitter_card":"summary_large_image","twitter_misc":{"Prix":"6,44&euro;","Disponibilit\u00e9":"En stock"},"schema":{"@context":"https:\/\/schema.org","@graph":[{"@type":"WebPage","@id":"https:\/\/www.vetorino.com\/boutique\/product\/os-a-macher-8in1-delights-strong-tm\/","url":"https:\/\/www.vetorino.com\/boutique\/product\/os-a-macher-8in1-delights-strong-tm\/","name":"Os \u00e0 m\u00e2cher STRONG T.M Chien - Delights 8in1 - V\u00e9torino","isPartOf":{"@id":"https:\/\/www.vetorino.com\/boutique\/#website"},"primaryImageOfPage":{"@id":"https:\/\/www.vetorino.com\/boutique\/product\/os-a-macher-8in1-delights-strong-tm\/#primaryimage"},"image":{"@id":"https:\/\/www.vetorino.com\/boutique\/product\/os-a-macher-8in1-delights-strong-tm\/#primaryimage"},"thumbnailUrl":"https:\/\/www.vetorino.com\/boutique\/wp-content\/uploads\/2020\/03\/os-a-macher-8in1-delights-strong-tm-13.jpg","datePublished":"2020-03-04T21:58:12+00:00","dateModified":"2023-06-22T08:48:03+00:00","description":"Os a m\u00e2cher tres ferme garni d'une delicieuse viande de poulet compressee dans une peau de boeuf tres ferme de qualite superieure. Recompense ideale avec un plaisir de mastication vraiment durable. Sans colorant, ni arome artificiel.","breadcrumb":{"@id":"https:\/\/www.vetorino.com\/boutique\/product\/os-a-macher-8in1-delights-strong-tm\/#breadcrumb"},"inLanguage":"fr-FR","potentialAction":[{"@type":"ReadAction","target":["https:\/\/www.vetorino.com\/boutique\/product\/os-a-macher-8in1-delights-strong-tm\/"]}]},{"@type":"ImageObject","inLanguage":"fr-FR","@id":"https:\/\/www.vetorino.com\/boutique\/product\/os-a-macher-8in1-delights-strong-tm\/#primaryimage","url":"https:\/\/www.vetorino.com\/boutique\/wp-content\/uploads\/2020\/03\/os-a-macher-8in1-delights-strong-tm-13.jpg","contentUrl":"https:\/\/www.vetorino.com\/boutique\/wp-content\/uploads\/2020\/03\/os-a-macher-8in1-delights-strong-tm-13.jpg","width":700,"height":800,"caption":"OS \u00c0 M\u00c2CHER STRONG T.M CHIEN"},{"@type":"BreadcrumbList","@id":"https:\/\/www.vetorino.com\/boutique\/product\/os-a-macher-8in1-delights-strong-tm\/#breadcrumb","itemListElement":[{"@type":"ListItem","position":1,"name":"Accueil","item":"https:\/\/www.vetorino.com\/boutique\/"},{"@type":"ListItem","position":2,"name":"Produits","item":"https:\/\/www.vetorino.com\/boutique\/"},{"@type":"ListItem","position":3,"name":"Os \u00e0 m\u00e2cher STRONG T.M Chien &#8211; Delights"}]},{"@type":"WebSite","@id":"https:\/\/www.vetorino.com\/boutique\/#website","url":"https:\/\/www.vetorino.com\/boutique\/","name":"V\u00e9torino","description":"","publisher":{"@id":"https:\/\/www.vetorino.com\/boutique\/#organization"},"potentialAction":[{"@type":"SearchAction","target":{"@type":"EntryPoint","urlTemplate":"https:\/\/www.vetorino.com\/boutique\/?s={search_term_string}"},"query-input":{"@type":"PropertyValueSpecification","valueRequired":true,"valueName":"search_term_string"}}],"inLanguage":"fr-FR"},{"@type":"Organization","@id":"https:\/\/www.vetorino.com\/boutique\/#organization","name":"V\u00e9torino","url":"https:\/\/www.vetorino.com\/boutique\/","logo":{"@type":"ImageObject","inLanguage":"fr-FR","@id":"https:\/\/www.vetorino.com\/boutique\/#\/schema\/logo\/image\/","url":"https:\/\/www.vetorino.com\/boutique\/wp-content\/uploads\/2024\/10\/logo.jpg","contentUrl":"https:\/\/www.vetorino.com\/boutique\/wp-content\/uploads\/2024\/10\/logo.jpg","width":1200,"height":610,"caption":"V\u00e9torino"},"image":{"@id":"https:\/\/www.vetorino.com\/boutique\/#\/schema\/logo\/image\/"},"sameAs":["https:\/\/www.facebook.com\/Vetorino\/","https:\/\/www.instagram.com\/vetorino_off\/","https:\/\/www.linkedin.com\/company\/vtorino\/"]}]},"product_brand":"8in1","product_price_amount":"6.44","product_price_currency":"EUR","og_availability":"instock","product_availability":"instock","product_retailer_item_id":"A-8273708","product_condition":"new"},"_links":{"self":[{"href":"https:\/\/www.vetorino.com\/veterinaire\/marboz-01851\/boutique\/wp-json\/wp\/v2\/product\/35885","targetHints":{"allow":["GET"]}}],"collection":[{"href":"https:\/\/www.vetorino.com\/veterinaire\/marboz-01851\/boutique\/wp-json\/wp\/v2\/product"}],"about":[{"href":"https:\/\/www.vetorino.com\/veterinaire\/marboz-01851\/boutique\/wp-json\/wp\/v2\/types\/product"}],"wp:featuredmedia":[{"embeddable":true,"href":"https:\/\/www.vetorino.com\/veterinaire\/marboz-01851\/boutique\/wp-json\/wp\/v2\/media\/298999"}],"wp:attachment":[{"href":"https:\/\/www.vetorino.com\/veterinaire\/marboz-01851\/boutique\/wp-json\/wp\/v2\/media?parent=35885"}],"wp:term":[{"taxonomy":"product_cat","embeddable":true,"href":"https:\/\/www.vetorino.com\/veterinaire\/marboz-01851\/boutique\/wp-json\/wp\/v2\/product_cat?post=35885"},{"taxonomy":"product_tag","embeddable":true,"href":"https:\/\/www.vetorino.com\/veterinaire\/marboz-01851\/boutique\/wp-json\/wp\/v2\/product_tag?post=35885"}],"curies":[{"name":"wp","href":"https:\/\/api.w.org\/{rel}","templated":true}]}}