{"id":802319,"date":"2024-01-11T14:21:37","date_gmt":"2024-01-11T13:21:37","guid":{"rendered":"https:\/\/www.vetorino.com\/boutique\/product\/seringue-a-insuline-40ui-avec-aiguille\/"},"modified":"2024-01-11T14:27:14","modified_gmt":"2024-01-11T13:27:14","slug":"seringue-a-insuline-40ui-avec-aiguille","status":"publish","type":"product","link":"https:\/\/www.vetorino.com\/veterinaire\/meylan-38240\/boutique\/product\/seringue-a-insuline-40ui-avec-aiguille\/","title":{"rendered":"Seringue \u00e0 insuline 40UI avec aiguille"},"content":{"rendered":"<p>Ces\u00a0<strong>seringues st\u00e9riles \u00e0 usage unique<\/strong>\u00a0sont destin\u00e9es \u00e0\u00a0<span class=\"gras\">l&#8217;injection sous-cutan\u00e9e d&#8217;insuline<\/span>. Elles poss\u00e8dent un corps hautement transparent avec une\u00a0<span class=\"gras\">\u00e9chelle gradu\u00e9e clairement lisible, pour une meilleure pr\u00e9cision du dosage<\/span>. Pour faciliter la lecture de cette \u00e9chelle gradu\u00e9e, une loupe est fournie dans chaque boite.<\/p>\n<div class=\"plDet\">\n<ul>\n<li>Avec aiguille sertie.<\/li>\n<li>Sans latex.<\/li>\n<\/ul>\n<\/div>\n<p>Pratique ! Le caoutchouc Latex Free plat et \u00e0 triple contact avec le cylindre transparent de la seringue garantit une\u00a0<span class=\"gras\">bonne \u00e9tanch\u00e9it\u00e9 autant dans la phase d&#8217;aspiration que dans la phase d&#8217;injection<\/span>. Le cylindre est en outre dot\u00e9 d&#8217;un\u00a0<span class=\"gras\">dispositif d&#8217;arr\u00eat qui emp\u00eache le piston de sortir en fin de course<\/span><\/p>\n<p>Gr\u00e2ce \u00e0 un profil d&#8217;aiguille \u00e0 triple affilage, et \u00e0 la conception sp\u00e9ciale de la pointe,\u00a0<span class=\"gras\">la p\u00e9n\u00e9tration de l&#8217;aiguille dans la peau est plus facile et les injections peu douloureuses<\/span>.<\/p>\n<p>L&#8217;aiguille des Insumed est fix\u00e9e directement sur le corps de la seringue; il n&#8217;y a donc\u00a0<span class=\"gras\">pas d&#8217;espace mort dans lequel il pourrait rester de l&#8217;insuline apr\u00e8s injection<\/span>.<\/p>\n<p>Ces seringues d&#8217;insulinoth\u00e9rapie apyrog\u00e8nes, non toxiques, sans latex sont st\u00e9rilis\u00e9es \u00e0 l&#8217;oxyde d&#8217;\u00e9thyl\u00e8ne.<\/p>\n","protected":false},"excerpt":{"rendered":"<p>Ces\u00a0<strong>seringues st\u00e9riles \u00e0 usage unique<\/strong>\u00a0sont destin\u00e9es \u00e0\u00a0<span class=\"gras\">l&#8217;injection sous-cutan\u00e9e d&#8217;insuline<\/span>. Elles poss\u00e8dent un corps hautement transparent avec une\u00a0<span class=\"gras\">\u00e9chelle gradu\u00e9e clairement lisible, pour une meilleure pr\u00e9cision du dosage<\/span>. Pour faciliter la lecture de cette \u00e9chelle gradu\u00e9e, une loupe est fournie dans chaque boite.<\/p>\n","protected":false},"featured_media":802309,"template":"","meta":[],"product_cat":[2698],"product_tag":[],"class_list":{"0":"post-802319","1":"product","2":"type-product","3":"status-publish","4":"has-post-thumbnail","6":"product_cat-chien","7":"pa_marque-pic","9":"first","10":"instock","11":"taxable","12":"shipping-taxable","13":"purchasable","14":"product-type-variable"},"yoast_head":"<!-- This site is optimized with the Yoast SEO plugin v27.3 - https:\/\/yoast.com\/product\/yoast-seo-wordpress\/ -->\n<title>Seringue \u00e0 insuline 40UI avec aiguille PIC - V\u00e9torino<\/title>\n<meta name=\"description\" content=\"Ces\u00a0seringues st\u00e9riles \u00e0 usage unique\u00a0sont destin\u00e9es \u00e0\u00a0l&#039;injection sous-cutan\u00e9e d&#039;insuline. Elles poss\u00e8dent un corps hautement transparent avec une\u00a0\u00e9chelle gradu\u00e9e clairement lisible, pour une meilleure pr\u00e9cision du dosage. Pour faciliter la lecture de cette \u00e9chelle gradu\u00e9e, une loupe est fournie dans chaque boite.\" \/>\n<meta name=\"robots\" content=\"noindex, nofollow\" \/>\n<meta property=\"og:locale\" content=\"fr_FR\" \/>\n<meta property=\"og:type\" content=\"article\" \/>\n<meta property=\"og:title\" content=\"Seringue \u00e0 insuline 40UI avec aiguille PIC - V\u00e9torino\" \/>\n<meta property=\"og:description\" content=\"Ces\u00a0seringues st\u00e9riles \u00e0 usage unique\u00a0sont destin\u00e9es \u00e0\u00a0l&#039;injection sous-cutan\u00e9e d&#039;insuline. Elles poss\u00e8dent un corps hautement transparent avec une\u00a0\u00e9chelle gradu\u00e9e clairement lisible, pour une meilleure pr\u00e9cision du dosage. Pour faciliter la lecture de cette \u00e9chelle gradu\u00e9e, une loupe est fournie dans chaque boite.\" \/>\n<meta property=\"og:url\" content=\"https:\/\/www.vetorino.com\/veterinaire\/meylan-38240\/boutique\/product\/seringue-a-insuline-40ui-avec-aiguille\/\" \/>\n<meta property=\"og:site_name\" content=\"V\u00e9torino\" \/>\n<meta property=\"article:publisher\" content=\"https:\/\/www.facebook.com\/Vetorino\/\" \/>\n<meta property=\"article:modified_time\" content=\"2024-01-11T13:27:14+00:00\" \/>\n<meta property=\"og:image\" content=\"https:\/\/www.vetorino.com\/boutique\/wp-content\/uploads\/2020\/06\/8264508-1.jpg\" \/>\n\t<meta property=\"og:image:width\" content=\"464\" \/>\n\t<meta property=\"og:image:height\" content=\"289\" \/>\n\t<meta property=\"og:image:type\" content=\"image\/jpeg\" \/>\n<meta name=\"twitter:card\" content=\"summary_large_image\" \/>\n<meta name=\"twitter:label1\" content=\"Disponibilit\u00e9\" \/>\n\t<meta name=\"twitter:data1\" content=\"En stock\" \/>\n<script type=\"application\/ld+json\" class=\"yoast-schema-graph\">{\"@context\":\"https:\\\/\\\/schema.org\",\"@graph\":[{\"@type\":\"WebPage\",\"@id\":\"https:\\\/\\\/www.vetorino.com\\\/boutique\\\/product\\\/seringue-a-insuline-40ui-avec-aiguille\\\/\",\"url\":\"https:\\\/\\\/www.vetorino.com\\\/boutique\\\/product\\\/seringue-a-insuline-40ui-avec-aiguille\\\/\",\"name\":\"Seringue \u00e0 insuline 40UI avec aiguille PIC - V\u00e9torino\",\"isPartOf\":{\"@id\":\"https:\\\/\\\/www.vetorino.com\\\/boutique\\\/#website\"},\"primaryImageOfPage\":{\"@id\":\"https:\\\/\\\/www.vetorino.com\\\/boutique\\\/product\\\/seringue-a-insuline-40ui-avec-aiguille\\\/#primaryimage\"},\"image\":{\"@id\":\"https:\\\/\\\/www.vetorino.com\\\/boutique\\\/product\\\/seringue-a-insuline-40ui-avec-aiguille\\\/#primaryimage\"},\"thumbnailUrl\":\"https:\\\/\\\/www.vetorino.com\\\/boutique\\\/wp-content\\\/uploads\\\/2020\\\/06\\\/8264508-1.jpg\",\"datePublished\":\"2024-01-11T13:21:37+00:00\",\"dateModified\":\"2024-01-11T13:27:14+00:00\",\"description\":\"Ces\u00a0seringues st\u00e9riles \u00e0 usage unique\u00a0sont destin\u00e9es \u00e0\u00a0l'injection sous-cutan\u00e9e d'insuline. Elles poss\u00e8dent un corps hautement transparent avec une\u00a0\u00e9chelle gradu\u00e9e clairement lisible, pour une meilleure pr\u00e9cision du dosage. Pour faciliter la lecture de cette \u00e9chelle gradu\u00e9e, une loupe est fournie dans chaque boite.\",\"breadcrumb\":{\"@id\":\"https:\\\/\\\/www.vetorino.com\\\/boutique\\\/product\\\/seringue-a-insuline-40ui-avec-aiguille\\\/#breadcrumb\"},\"inLanguage\":\"fr-FR\",\"potentialAction\":[{\"@type\":\"ReadAction\",\"target\":[\"https:\\\/\\\/www.vetorino.com\\\/boutique\\\/product\\\/seringue-a-insuline-40ui-avec-aiguille\\\/\"]}]},{\"@type\":\"ImageObject\",\"inLanguage\":\"fr-FR\",\"@id\":\"https:\\\/\\\/www.vetorino.com\\\/boutique\\\/product\\\/seringue-a-insuline-40ui-avec-aiguille\\\/#primaryimage\",\"url\":\"https:\\\/\\\/www.vetorino.com\\\/boutique\\\/wp-content\\\/uploads\\\/2020\\\/06\\\/8264508-1.jpg\",\"contentUrl\":\"https:\\\/\\\/www.vetorino.com\\\/boutique\\\/wp-content\\\/uploads\\\/2020\\\/06\\\/8264508-1.jpg\",\"width\":464,\"height\":289},{\"@type\":\"BreadcrumbList\",\"@id\":\"https:\\\/\\\/www.vetorino.com\\\/boutique\\\/product\\\/seringue-a-insuline-40ui-avec-aiguille\\\/#breadcrumb\",\"itemListElement\":[{\"@type\":\"ListItem\",\"position\":1,\"name\":\"Accueil\",\"item\":\"https:\\\/\\\/www.vetorino.com\\\/boutique\\\/\"},{\"@type\":\"ListItem\",\"position\":2,\"name\":\"Produits\",\"item\":\"https:\\\/\\\/www.vetorino.com\\\/boutique\\\/\"},{\"@type\":\"ListItem\",\"position\":3,\"name\":\"Seringue \u00e0 insuline 40UI avec aiguille\"}]},{\"@type\":\"WebSite\",\"@id\":\"https:\\\/\\\/www.vetorino.com\\\/boutique\\\/#website\",\"url\":\"https:\\\/\\\/www.vetorino.com\\\/boutique\\\/\",\"name\":\"V\u00e9torino\",\"description\":\"\",\"publisher\":{\"@id\":\"https:\\\/\\\/www.vetorino.com\\\/boutique\\\/#organization\"},\"potentialAction\":[{\"@type\":\"SearchAction\",\"target\":{\"@type\":\"EntryPoint\",\"urlTemplate\":\"https:\\\/\\\/www.vetorino.com\\\/boutique\\\/?s={search_term_string}\"},\"query-input\":{\"@type\":\"PropertyValueSpecification\",\"valueRequired\":true,\"valueName\":\"search_term_string\"}}],\"inLanguage\":\"fr-FR\"},{\"@type\":\"Organization\",\"@id\":\"https:\\\/\\\/www.vetorino.com\\\/boutique\\\/#organization\",\"name\":\"V\u00e9torino\",\"url\":\"https:\\\/\\\/www.vetorino.com\\\/boutique\\\/\",\"logo\":{\"@type\":\"ImageObject\",\"inLanguage\":\"fr-FR\",\"@id\":\"https:\\\/\\\/www.vetorino.com\\\/boutique\\\/#\\\/schema\\\/logo\\\/image\\\/\",\"url\":\"https:\\\/\\\/www.vetorino.com\\\/boutique\\\/wp-content\\\/uploads\\\/2024\\\/10\\\/logo.jpg\",\"contentUrl\":\"https:\\\/\\\/www.vetorino.com\\\/boutique\\\/wp-content\\\/uploads\\\/2024\\\/10\\\/logo.jpg\",\"width\":1200,\"height\":610,\"caption\":\"V\u00e9torino\"},\"image\":{\"@id\":\"https:\\\/\\\/www.vetorino.com\\\/boutique\\\/#\\\/schema\\\/logo\\\/image\\\/\"},\"sameAs\":[\"https:\\\/\\\/www.facebook.com\\\/Vetorino\\\/\",\"https:\\\/\\\/www.instagram.com\\\/vetorino_off\\\/\",\"https:\\\/\\\/www.linkedin.com\\\/company\\\/vtorino\\\/\"]}]}<\/script>\n<meta property=\"product:brand\" content=\"PIC\" \/>\n<meta property=\"og:availability\" content=\"instock\" \/>\n<meta property=\"product:availability\" content=\"instock\" \/>\n<meta property=\"product:condition\" content=\"new\" \/>\n<!-- \/ Yoast SEO plugin. -->","yoast_head_json":{"title":"Seringue \u00e0 insuline 40UI avec aiguille PIC - V\u00e9torino","description":"Ces\u00a0seringues st\u00e9riles \u00e0 usage unique\u00a0sont destin\u00e9es \u00e0\u00a0l'injection sous-cutan\u00e9e d'insuline. Elles poss\u00e8dent un corps hautement transparent avec une\u00a0\u00e9chelle gradu\u00e9e clairement lisible, pour une meilleure pr\u00e9cision du dosage. Pour faciliter la lecture de cette \u00e9chelle gradu\u00e9e, une loupe est fournie dans chaque boite.","robots":{"index":"noindex","follow":"nofollow"},"og_locale":"fr_FR","og_type":"article","og_title":"Seringue \u00e0 insuline 40UI avec aiguille PIC - V\u00e9torino","og_description":"Ces\u00a0seringues st\u00e9riles \u00e0 usage unique\u00a0sont destin\u00e9es \u00e0\u00a0l'injection sous-cutan\u00e9e d'insuline. Elles poss\u00e8dent un corps hautement transparent avec une\u00a0\u00e9chelle gradu\u00e9e clairement lisible, pour une meilleure pr\u00e9cision du dosage. Pour faciliter la lecture de cette \u00e9chelle gradu\u00e9e, une loupe est fournie dans chaque boite.","og_url":"https:\/\/www.vetorino.com\/veterinaire\/meylan-38240\/boutique\/product\/seringue-a-insuline-40ui-avec-aiguille\/","og_site_name":"V\u00e9torino","article_publisher":"https:\/\/www.facebook.com\/Vetorino\/","article_modified_time":"2024-01-11T13:27:14+00:00","og_image":[{"width":464,"height":289,"url":"https:\/\/www.vetorino.com\/boutique\/wp-content\/uploads\/2020\/06\/8264508-1.jpg","type":"image\/jpeg"}],"twitter_card":"summary_large_image","twitter_misc":{"Disponibilit\u00e9":"En stock"},"schema":{"@context":"https:\/\/schema.org","@graph":[{"@type":"WebPage","@id":"https:\/\/www.vetorino.com\/boutique\/product\/seringue-a-insuline-40ui-avec-aiguille\/","url":"https:\/\/www.vetorino.com\/boutique\/product\/seringue-a-insuline-40ui-avec-aiguille\/","name":"Seringue \u00e0 insuline 40UI avec aiguille PIC - V\u00e9torino","isPartOf":{"@id":"https:\/\/www.vetorino.com\/boutique\/#website"},"primaryImageOfPage":{"@id":"https:\/\/www.vetorino.com\/boutique\/product\/seringue-a-insuline-40ui-avec-aiguille\/#primaryimage"},"image":{"@id":"https:\/\/www.vetorino.com\/boutique\/product\/seringue-a-insuline-40ui-avec-aiguille\/#primaryimage"},"thumbnailUrl":"https:\/\/www.vetorino.com\/boutique\/wp-content\/uploads\/2020\/06\/8264508-1.jpg","datePublished":"2024-01-11T13:21:37+00:00","dateModified":"2024-01-11T13:27:14+00:00","description":"Ces\u00a0seringues st\u00e9riles \u00e0 usage unique\u00a0sont destin\u00e9es \u00e0\u00a0l'injection sous-cutan\u00e9e d'insuline. Elles poss\u00e8dent un corps hautement transparent avec une\u00a0\u00e9chelle gradu\u00e9e clairement lisible, pour une meilleure pr\u00e9cision du dosage. Pour faciliter la lecture de cette \u00e9chelle gradu\u00e9e, une loupe est fournie dans chaque boite.","breadcrumb":{"@id":"https:\/\/www.vetorino.com\/boutique\/product\/seringue-a-insuline-40ui-avec-aiguille\/#breadcrumb"},"inLanguage":"fr-FR","potentialAction":[{"@type":"ReadAction","target":["https:\/\/www.vetorino.com\/boutique\/product\/seringue-a-insuline-40ui-avec-aiguille\/"]}]},{"@type":"ImageObject","inLanguage":"fr-FR","@id":"https:\/\/www.vetorino.com\/boutique\/product\/seringue-a-insuline-40ui-avec-aiguille\/#primaryimage","url":"https:\/\/www.vetorino.com\/boutique\/wp-content\/uploads\/2020\/06\/8264508-1.jpg","contentUrl":"https:\/\/www.vetorino.com\/boutique\/wp-content\/uploads\/2020\/06\/8264508-1.jpg","width":464,"height":289},{"@type":"BreadcrumbList","@id":"https:\/\/www.vetorino.com\/boutique\/product\/seringue-a-insuline-40ui-avec-aiguille\/#breadcrumb","itemListElement":[{"@type":"ListItem","position":1,"name":"Accueil","item":"https:\/\/www.vetorino.com\/boutique\/"},{"@type":"ListItem","position":2,"name":"Produits","item":"https:\/\/www.vetorino.com\/boutique\/"},{"@type":"ListItem","position":3,"name":"Seringue \u00e0 insuline 40UI avec aiguille"}]},{"@type":"WebSite","@id":"https:\/\/www.vetorino.com\/boutique\/#website","url":"https:\/\/www.vetorino.com\/boutique\/","name":"V\u00e9torino","description":"","publisher":{"@id":"https:\/\/www.vetorino.com\/boutique\/#organization"},"potentialAction":[{"@type":"SearchAction","target":{"@type":"EntryPoint","urlTemplate":"https:\/\/www.vetorino.com\/boutique\/?s={search_term_string}"},"query-input":{"@type":"PropertyValueSpecification","valueRequired":true,"valueName":"search_term_string"}}],"inLanguage":"fr-FR"},{"@type":"Organization","@id":"https:\/\/www.vetorino.com\/boutique\/#organization","name":"V\u00e9torino","url":"https:\/\/www.vetorino.com\/boutique\/","logo":{"@type":"ImageObject","inLanguage":"fr-FR","@id":"https:\/\/www.vetorino.com\/boutique\/#\/schema\/logo\/image\/","url":"https:\/\/www.vetorino.com\/boutique\/wp-content\/uploads\/2024\/10\/logo.jpg","contentUrl":"https:\/\/www.vetorino.com\/boutique\/wp-content\/uploads\/2024\/10\/logo.jpg","width":1200,"height":610,"caption":"V\u00e9torino"},"image":{"@id":"https:\/\/www.vetorino.com\/boutique\/#\/schema\/logo\/image\/"},"sameAs":["https:\/\/www.facebook.com\/Vetorino\/","https:\/\/www.instagram.com\/vetorino_off\/","https:\/\/www.linkedin.com\/company\/vtorino\/"]}]},"product_brand":"PIC","og_availability":"instock","product_availability":"instock","product_condition":"new"},"_links":{"self":[{"href":"https:\/\/www.vetorino.com\/veterinaire\/meylan-38240\/boutique\/wp-json\/wp\/v2\/product\/802319","targetHints":{"allow":["GET"]}}],"collection":[{"href":"https:\/\/www.vetorino.com\/veterinaire\/meylan-38240\/boutique\/wp-json\/wp\/v2\/product"}],"about":[{"href":"https:\/\/www.vetorino.com\/veterinaire\/meylan-38240\/boutique\/wp-json\/wp\/v2\/types\/product"}],"wp:featuredmedia":[{"embeddable":true,"href":"https:\/\/www.vetorino.com\/veterinaire\/meylan-38240\/boutique\/wp-json\/wp\/v2\/media\/802309"}],"wp:attachment":[{"href":"https:\/\/www.vetorino.com\/veterinaire\/meylan-38240\/boutique\/wp-json\/wp\/v2\/media?parent=802319"}],"wp:term":[{"taxonomy":"product_cat","embeddable":true,"href":"https:\/\/www.vetorino.com\/veterinaire\/meylan-38240\/boutique\/wp-json\/wp\/v2\/product_cat?post=802319"},{"taxonomy":"product_tag","embeddable":true,"href":"https:\/\/www.vetorino.com\/veterinaire\/meylan-38240\/boutique\/wp-json\/wp\/v2\/product_tag?post=802319"}],"curies":[{"name":"wp","href":"https:\/\/api.w.org\/{rel}","templated":true}]}}