{"id":1786894,"date":"2026-04-11T05:35:06","date_gmt":"2026-04-11T03:35:06","guid":{"rendered":"https:\/\/www.vetorino.com\/boutique\/product\/feline-k-d-saumon\/"},"modified":"2026-04-20T10:27:27","modified_gmt":"2026-04-20T08:27:27","slug":"feline-k-d-saumon","status":"publish","type":"product","link":"https:\/\/www.vetorino.com\/veterinaire\/millau-12100\/boutique\/product\/feline-k-d-saumon\/","title":{"rendered":"k\/d Kidney Care Saumon &#8211; chat"},"content":{"rendered":"<p>Hill\u2019s PRESCRIPTION DIET k\/d est un <strong>aliment di\u00e9t\u00e9tique aidant \u00e0 prot\u00e9ger la fonction r\u00e9nale vitale du chat<\/strong>, \u00e0 <strong>am\u00e9liorer son app\u00e9tit<\/strong> et \u00e0 <strong>augmenter sa prise alimentaire<\/strong>. Formul\u00e9 avec ActivBiome+ Kidney Defense, un <strong>m\u00e9lange exclusif de pr\u00e9biotiques<\/strong> d\u00e9montr\u00e9 pour nourrir le microbiome intestinal afin d\u2019aider \u00e0 prot\u00e9ger la fonction r\u00e9nale.<\/p>\n<p>Il est<strong> cliniquement prouv\u00e9<\/strong> que cette alimentation stimule l\u2019app\u00e9tit, am\u00e9liore la qualit\u00e9 de vie et prolonge l\u2019esp\u00e9rance de vie.<\/p>\n<p>PRESCRIPTION DIET k\/d au Saumon a une <strong>saveur d\u00e9licieuse<\/strong> que votre chat va adorer<strong>.<\/strong><\/p>\n<p><strong>Utilisation :<\/strong><\/p>\n<ul>\n<li>Chat ayant des probl\u00e8mes r\u00e9naux<\/li>\n<li>Maladie R\u00e9nale Chronique (MRC), Insuffisance r\u00e9nale, Troubles h\u00e9patiques<\/li>\n<\/ul>\n<p><strong>Bienfaits essentiels :<\/strong><\/p>\n<ul>\n<li>Formul\u00e9 avec des taux de phosphore contr\u00f4l\u00e9 et de sodium bas afin de\u00a0<strong>soutenir les fonctions r\u00e9nale et cardiaque<\/strong>.<\/li>\n<li>Avec la technologie r\u00e9volutionnaire EAT (Enhanced Appetite Trigger) qui\u00a0<strong>augmente de mani\u00e8re significative l&#8217;app\u00e9tit des chats souffrant de maladie r\u00e9nale.<\/strong><\/li>\n<li>Contient un profil adapt\u00e9 d&#8217;acides amin\u00e9s pour\u00a0<strong>soutenir l&#8217;aptitude naturelle des chats \u00e0 d\u00e9velopper de la masse musculaire<\/strong>.<\/li>\n<li><strong>Extr\u00eamement app\u00e9tent<\/strong>, et pour varier les plaisirs Feline k\/d est \u00e9galement disponible en bo\u00eete et en sachets repas au Poulet, au Boeuf et au Saumon.<\/li>\n<\/ul>\n<p><strong>Cet aliment est destin\u00e9 \u00e0 la prise en charge nutritionnelle d\u2019une maladie. Il doit \u00eatre prescrit en accord avec l&#8217;\u00e9tat de sant\u00e9 de votre animal. Demandez conseil \u00e0 votre v\u00e9t\u00e9rinaire avant toute utilisation ou avant prolongation de la dur\u00e9e d\u2019utilisation.<\/strong><\/p>\n<p>Contient des ingr\u00e9dients de haute qualit\u00e9, sans conservateur, ni ar\u00f4me, ni colorant artificiel, ni exc\u00e8s de sel.<br \/>\nGarantie 100% rembours\u00e9 : Votre animal est satisfait ou vous \u00eates rembours\u00e9.<\/p>\n","protected":false},"excerpt":{"rendered":"<p>Alimentation au poisson cliniquement prouv\u00e9e pour am\u00e9liorer consid\u00e9rablement la qualit\u00e9 de vie des\u00a0<strong>chats souffrant de maladie r\u00e9nale ou de troubles h\u00e9patiques<\/strong>\u00a0et aider \u00e0 prolonger l\u2019esp\u00e9rance de vie.<\/p>\n<p><strong>Demandez conseil \u00e0 votre v\u00e9t\u00e9rinaire.<\/strong><\/p>\n<p><span style=\"color: #ff6600;\"><strong>Nouveau go\u00fbt \u00e0 d\u00e9couvrir ! La recette \u00e9volue pour faire place au saumon. Pendant cette phase de transition, vous pourriez recevoir l&#8217;ancien ou le nouveau produit.<\/strong><\/span><\/p>\n","protected":false},"featured_media":1800045,"template":"","meta":[],"product_cat":[12551,12581,2697],"product_tag":[],"class_list":{"0":"post-1786894","1":"product","2":"type-product","3":"status-publish","4":"has-post-thumbnail","6":"product_cat-alimentation-du-chat","7":"product_cat-alimentation-medicalisee-pour-chat","8":"product_cat-chat","9":"pa_marque-hills-pet-nutrition","11":"first","12":"instock","13":"taxable","14":"shipping-taxable","15":"purchasable","16":"product-type-variable"},"yoast_head":"<!-- This site is optimized with the Yoast SEO plugin v27.4 - https:\/\/yoast.com\/product\/yoast-seo-wordpress\/ -->\n<title>Prescription Diet (Hill&#039;s) k\/d Kidney Care Saumon - chat Hill&#039;s - V\u00e9torino<\/title>\n<meta name=\"description\" content=\"Alimentation au poisson cliniquement prouv\u00e9e pour am\u00e9liorer consid\u00e9rablement la qualit\u00e9 de vie des\u00a0chats souffrant de maladie r\u00e9nale ou de troubles h\u00e9patiques\u00a0et aider \u00e0 prolonger l\u2019esp\u00e9rance de vie.  Demandez conseil \u00e0 votre v\u00e9t\u00e9rinaire.  Nouveau go\u00fbt \u00e0 d\u00e9couvrir ! La recette \u00e9volue pour faire place au saumon. Pendant cette phase de transition, vous pourriez recevoir l&#039;ancien ou le nouveau produit.\" \/>\n<meta name=\"robots\" content=\"noindex, nofollow\" \/>\n<meta property=\"og:locale\" content=\"fr_FR\" \/>\n<meta property=\"og:type\" content=\"article\" \/>\n<meta property=\"og:title\" content=\"Prescription Diet (Hill&#039;s) k\/d Kidney Care Saumon - chat Hill&#039;s - V\u00e9torino\" \/>\n<meta property=\"og:description\" content=\"Alimentation au poisson cliniquement prouv\u00e9e pour am\u00e9liorer consid\u00e9rablement la qualit\u00e9 de vie des\u00a0chats souffrant de maladie r\u00e9nale ou de troubles h\u00e9patiques\u00a0et aider \u00e0 prolonger l\u2019esp\u00e9rance de vie.  Demandez conseil \u00e0 votre v\u00e9t\u00e9rinaire.  Nouveau go\u00fbt \u00e0 d\u00e9couvrir ! La recette \u00e9volue pour faire place au saumon. Pendant cette phase de transition, vous pourriez recevoir l&#039;ancien ou le nouveau produit.\" \/>\n<meta property=\"og:url\" content=\"https:\/\/www.vetorino.com\/veterinaire\/millau-12100\/boutique\/product\/feline-k-d-saumon\/\" \/>\n<meta property=\"og:site_name\" content=\"V\u00e9torino\" \/>\n<meta property=\"article:publisher\" content=\"https:\/\/www.facebook.com\/Vetorino\/\" \/>\n<meta property=\"article:modified_time\" content=\"2026-04-20T08:27:27+00:00\" \/>\n<meta property=\"og:image\" content=\"https:\/\/www.vetorino.com\/boutique\/wp-content\/uploads\/2026\/04\/chat-kd-kidney-care-saumon.webp\" \/>\n\t<meta property=\"og:image:width\" content=\"800\" \/>\n\t<meta property=\"og:image:height\" content=\"800\" \/>\n\t<meta property=\"og:image:type\" content=\"image\/webp\" \/>\n<meta name=\"twitter:card\" content=\"summary_large_image\" \/>\n<meta name=\"twitter:label1\" content=\"Disponibilit\u00e9\" \/>\n\t<meta name=\"twitter:data1\" content=\"En stock\" \/>\n<script type=\"application\/ld+json\" class=\"yoast-schema-graph\">{\"@context\":\"https:\\\/\\\/schema.org\",\"@graph\":[{\"@type\":\"WebPage\",\"@id\":\"https:\\\/\\\/www.vetorino.com\\\/boutique\\\/product\\\/feline-k-d-saumon\\\/\",\"url\":\"https:\\\/\\\/www.vetorino.com\\\/boutique\\\/product\\\/feline-k-d-saumon\\\/\",\"name\":\"Prescription Diet (Hill's) k\\\/d Kidney Care Saumon - chat Hill's - V\u00e9torino\",\"isPartOf\":{\"@id\":\"https:\\\/\\\/www.vetorino.com\\\/boutique\\\/#website\"},\"primaryImageOfPage\":{\"@id\":\"https:\\\/\\\/www.vetorino.com\\\/boutique\\\/product\\\/feline-k-d-saumon\\\/#primaryimage\"},\"image\":{\"@id\":\"https:\\\/\\\/www.vetorino.com\\\/boutique\\\/product\\\/feline-k-d-saumon\\\/#primaryimage\"},\"thumbnailUrl\":\"https:\\\/\\\/www.vetorino.com\\\/boutique\\\/wp-content\\\/uploads\\\/2026\\\/04\\\/chat-kd-kidney-care-saumon.webp\",\"datePublished\":\"2026-04-11T03:35:06+00:00\",\"dateModified\":\"2026-04-20T08:27:27+00:00\",\"description\":\"Alimentation au poisson cliniquement prouv\u00e9e pour am\u00e9liorer consid\u00e9rablement la qualit\u00e9 de vie des\u00a0chats souffrant de maladie r\u00e9nale ou de troubles h\u00e9patiques\u00a0et aider \u00e0 prolonger l\u2019esp\u00e9rance de vie. Demandez conseil \u00e0 votre v\u00e9t\u00e9rinaire. Nouveau go\u00fbt \u00e0 d\u00e9couvrir ! La recette \u00e9volue pour faire place au saumon. Pendant cette phase de transition, vous pourriez recevoir l'ancien ou le nouveau produit.\",\"breadcrumb\":{\"@id\":\"https:\\\/\\\/www.vetorino.com\\\/boutique\\\/product\\\/feline-k-d-saumon\\\/#breadcrumb\"},\"inLanguage\":\"fr-FR\",\"potentialAction\":[{\"@type\":\"ReadAction\",\"target\":[\"https:\\\/\\\/www.vetorino.com\\\/boutique\\\/product\\\/feline-k-d-saumon\\\/\"]}]},{\"@type\":\"ImageObject\",\"inLanguage\":\"fr-FR\",\"@id\":\"https:\\\/\\\/www.vetorino.com\\\/boutique\\\/product\\\/feline-k-d-saumon\\\/#primaryimage\",\"url\":\"https:\\\/\\\/www.vetorino.com\\\/boutique\\\/wp-content\\\/uploads\\\/2026\\\/04\\\/chat-kd-kidney-care-saumon.webp\",\"contentUrl\":\"https:\\\/\\\/www.vetorino.com\\\/boutique\\\/wp-content\\\/uploads\\\/2026\\\/04\\\/chat-kd-kidney-care-saumon.webp\",\"width\":800,\"height\":800},{\"@type\":\"BreadcrumbList\",\"@id\":\"https:\\\/\\\/www.vetorino.com\\\/boutique\\\/product\\\/feline-k-d-saumon\\\/#breadcrumb\",\"itemListElement\":[{\"@type\":\"ListItem\",\"position\":1,\"name\":\"Accueil\",\"item\":\"https:\\\/\\\/www.vetorino.com\\\/boutique\\\/\"},{\"@type\":\"ListItem\",\"position\":2,\"name\":\"Produits\",\"item\":\"https:\\\/\\\/www.vetorino.com\\\/boutique\\\/\"},{\"@type\":\"ListItem\",\"position\":3,\"name\":\"k\\\/d Kidney Care Saumon &#8211; chat\"}]},{\"@type\":\"WebSite\",\"@id\":\"https:\\\/\\\/www.vetorino.com\\\/boutique\\\/#website\",\"url\":\"https:\\\/\\\/www.vetorino.com\\\/boutique\\\/\",\"name\":\"V\u00e9torino\",\"description\":\"\",\"publisher\":{\"@id\":\"https:\\\/\\\/www.vetorino.com\\\/boutique\\\/#organization\"},\"potentialAction\":[{\"@type\":\"SearchAction\",\"target\":{\"@type\":\"EntryPoint\",\"urlTemplate\":\"https:\\\/\\\/www.vetorino.com\\\/boutique\\\/?s={search_term_string}\"},\"query-input\":{\"@type\":\"PropertyValueSpecification\",\"valueRequired\":true,\"valueName\":\"search_term_string\"}}],\"inLanguage\":\"fr-FR\"},{\"@type\":\"Organization\",\"@id\":\"https:\\\/\\\/www.vetorino.com\\\/boutique\\\/#organization\",\"name\":\"V\u00e9torino\",\"url\":\"https:\\\/\\\/www.vetorino.com\\\/boutique\\\/\",\"logo\":{\"@type\":\"ImageObject\",\"inLanguage\":\"fr-FR\",\"@id\":\"https:\\\/\\\/www.vetorino.com\\\/boutique\\\/#\\\/schema\\\/logo\\\/image\\\/\",\"url\":\"https:\\\/\\\/www.vetorino.com\\\/boutique\\\/wp-content\\\/uploads\\\/2024\\\/10\\\/logo.jpg\",\"contentUrl\":\"https:\\\/\\\/www.vetorino.com\\\/boutique\\\/wp-content\\\/uploads\\\/2024\\\/10\\\/logo.jpg\",\"width\":1200,\"height\":610,\"caption\":\"V\u00e9torino\"},\"image\":{\"@id\":\"https:\\\/\\\/www.vetorino.com\\\/boutique\\\/#\\\/schema\\\/logo\\\/image\\\/\"},\"sameAs\":[\"https:\\\/\\\/www.facebook.com\\\/Vetorino\\\/\",\"https:\\\/\\\/www.instagram.com\\\/vetorino_off\\\/\",\"https:\\\/\\\/www.linkedin.com\\\/company\\\/vtorino\\\/\"]}]}<\/script>\n<meta property=\"product:brand\" content=\"Hill&#039;s\" \/>\n<meta property=\"og:availability\" content=\"instock\" \/>\n<meta property=\"product:availability\" content=\"instock\" \/>\n<meta property=\"product:condition\" content=\"new\" \/>\n<!-- \/ Yoast SEO plugin. -->","yoast_head_json":{"title":"Prescription Diet (Hill's) k\/d Kidney Care Saumon - chat Hill's - V\u00e9torino","description":"Alimentation au poisson cliniquement prouv\u00e9e pour am\u00e9liorer consid\u00e9rablement la qualit\u00e9 de vie des\u00a0chats souffrant de maladie r\u00e9nale ou de troubles h\u00e9patiques\u00a0et aider \u00e0 prolonger l\u2019esp\u00e9rance de vie.  Demandez conseil \u00e0 votre v\u00e9t\u00e9rinaire.  Nouveau go\u00fbt \u00e0 d\u00e9couvrir ! La recette \u00e9volue pour faire place au saumon. Pendant cette phase de transition, vous pourriez recevoir l'ancien ou le nouveau produit.","robots":{"index":"noindex","follow":"nofollow"},"og_locale":"fr_FR","og_type":"article","og_title":"Prescription Diet (Hill's) k\/d Kidney Care Saumon - chat Hill's - V\u00e9torino","og_description":"Alimentation au poisson cliniquement prouv\u00e9e pour am\u00e9liorer consid\u00e9rablement la qualit\u00e9 de vie des\u00a0chats souffrant de maladie r\u00e9nale ou de troubles h\u00e9patiques\u00a0et aider \u00e0 prolonger l\u2019esp\u00e9rance de vie.  Demandez conseil \u00e0 votre v\u00e9t\u00e9rinaire.  Nouveau go\u00fbt \u00e0 d\u00e9couvrir ! La recette \u00e9volue pour faire place au saumon. Pendant cette phase de transition, vous pourriez recevoir l'ancien ou le nouveau produit.","og_url":"https:\/\/www.vetorino.com\/veterinaire\/millau-12100\/boutique\/product\/feline-k-d-saumon\/","og_site_name":"V\u00e9torino","article_publisher":"https:\/\/www.facebook.com\/Vetorino\/","article_modified_time":"2026-04-20T08:27:27+00:00","og_image":[{"width":800,"height":800,"url":"https:\/\/www.vetorino.com\/boutique\/wp-content\/uploads\/2026\/04\/chat-kd-kidney-care-saumon.webp","type":"image\/webp"}],"twitter_card":"summary_large_image","twitter_misc":{"Disponibilit\u00e9":"En stock"},"schema":{"@context":"https:\/\/schema.org","@graph":[{"@type":"WebPage","@id":"https:\/\/www.vetorino.com\/boutique\/product\/feline-k-d-saumon\/","url":"https:\/\/www.vetorino.com\/boutique\/product\/feline-k-d-saumon\/","name":"Prescription Diet (Hill's) k\/d Kidney Care Saumon - chat Hill's - V\u00e9torino","isPartOf":{"@id":"https:\/\/www.vetorino.com\/boutique\/#website"},"primaryImageOfPage":{"@id":"https:\/\/www.vetorino.com\/boutique\/product\/feline-k-d-saumon\/#primaryimage"},"image":{"@id":"https:\/\/www.vetorino.com\/boutique\/product\/feline-k-d-saumon\/#primaryimage"},"thumbnailUrl":"https:\/\/www.vetorino.com\/boutique\/wp-content\/uploads\/2026\/04\/chat-kd-kidney-care-saumon.webp","datePublished":"2026-04-11T03:35:06+00:00","dateModified":"2026-04-20T08:27:27+00:00","description":"Alimentation au poisson cliniquement prouv\u00e9e pour am\u00e9liorer consid\u00e9rablement la qualit\u00e9 de vie des\u00a0chats souffrant de maladie r\u00e9nale ou de troubles h\u00e9patiques\u00a0et aider \u00e0 prolonger l\u2019esp\u00e9rance de vie. Demandez conseil \u00e0 votre v\u00e9t\u00e9rinaire. Nouveau go\u00fbt \u00e0 d\u00e9couvrir ! La recette \u00e9volue pour faire place au saumon. Pendant cette phase de transition, vous pourriez recevoir l'ancien ou le nouveau produit.","breadcrumb":{"@id":"https:\/\/www.vetorino.com\/boutique\/product\/feline-k-d-saumon\/#breadcrumb"},"inLanguage":"fr-FR","potentialAction":[{"@type":"ReadAction","target":["https:\/\/www.vetorino.com\/boutique\/product\/feline-k-d-saumon\/"]}]},{"@type":"ImageObject","inLanguage":"fr-FR","@id":"https:\/\/www.vetorino.com\/boutique\/product\/feline-k-d-saumon\/#primaryimage","url":"https:\/\/www.vetorino.com\/boutique\/wp-content\/uploads\/2026\/04\/chat-kd-kidney-care-saumon.webp","contentUrl":"https:\/\/www.vetorino.com\/boutique\/wp-content\/uploads\/2026\/04\/chat-kd-kidney-care-saumon.webp","width":800,"height":800},{"@type":"BreadcrumbList","@id":"https:\/\/www.vetorino.com\/boutique\/product\/feline-k-d-saumon\/#breadcrumb","itemListElement":[{"@type":"ListItem","position":1,"name":"Accueil","item":"https:\/\/www.vetorino.com\/boutique\/"},{"@type":"ListItem","position":2,"name":"Produits","item":"https:\/\/www.vetorino.com\/boutique\/"},{"@type":"ListItem","position":3,"name":"k\/d Kidney Care Saumon &#8211; chat"}]},{"@type":"WebSite","@id":"https:\/\/www.vetorino.com\/boutique\/#website","url":"https:\/\/www.vetorino.com\/boutique\/","name":"V\u00e9torino","description":"","publisher":{"@id":"https:\/\/www.vetorino.com\/boutique\/#organization"},"potentialAction":[{"@type":"SearchAction","target":{"@type":"EntryPoint","urlTemplate":"https:\/\/www.vetorino.com\/boutique\/?s={search_term_string}"},"query-input":{"@type":"PropertyValueSpecification","valueRequired":true,"valueName":"search_term_string"}}],"inLanguage":"fr-FR"},{"@type":"Organization","@id":"https:\/\/www.vetorino.com\/boutique\/#organization","name":"V\u00e9torino","url":"https:\/\/www.vetorino.com\/boutique\/","logo":{"@type":"ImageObject","inLanguage":"fr-FR","@id":"https:\/\/www.vetorino.com\/boutique\/#\/schema\/logo\/image\/","url":"https:\/\/www.vetorino.com\/boutique\/wp-content\/uploads\/2024\/10\/logo.jpg","contentUrl":"https:\/\/www.vetorino.com\/boutique\/wp-content\/uploads\/2024\/10\/logo.jpg","width":1200,"height":610,"caption":"V\u00e9torino"},"image":{"@id":"https:\/\/www.vetorino.com\/boutique\/#\/schema\/logo\/image\/"},"sameAs":["https:\/\/www.facebook.com\/Vetorino\/","https:\/\/www.instagram.com\/vetorino_off\/","https:\/\/www.linkedin.com\/company\/vtorino\/"]}]},"product_brand":"Hill's","og_availability":"instock","product_availability":"instock","product_condition":"new"},"_links":{"self":[{"href":"https:\/\/www.vetorino.com\/veterinaire\/millau-12100\/boutique\/wp-json\/wp\/v2\/product\/1786894","targetHints":{"allow":["GET"]}}],"collection":[{"href":"https:\/\/www.vetorino.com\/veterinaire\/millau-12100\/boutique\/wp-json\/wp\/v2\/product"}],"about":[{"href":"https:\/\/www.vetorino.com\/veterinaire\/millau-12100\/boutique\/wp-json\/wp\/v2\/types\/product"}],"wp:featuredmedia":[{"embeddable":true,"href":"https:\/\/www.vetorino.com\/veterinaire\/millau-12100\/boutique\/wp-json\/wp\/v2\/media\/1800045"}],"wp:attachment":[{"href":"https:\/\/www.vetorino.com\/veterinaire\/millau-12100\/boutique\/wp-json\/wp\/v2\/media?parent=1786894"}],"wp:term":[{"taxonomy":"product_cat","embeddable":true,"href":"https:\/\/www.vetorino.com\/veterinaire\/millau-12100\/boutique\/wp-json\/wp\/v2\/product_cat?post=1786894"},{"taxonomy":"product_tag","embeddable":true,"href":"https:\/\/www.vetorino.com\/veterinaire\/millau-12100\/boutique\/wp-json\/wp\/v2\/product_tag?post=1786894"}],"curies":[{"name":"wp","href":"https:\/\/api.w.org\/{rel}","templated":true}]}}