{"id":1369760,"date":"2025-06-12T05:35:19","date_gmt":"2025-06-12T03:35:19","guid":{"rendered":"https:\/\/www.vetorino.com\/boutique\/product\/advance-veterinary-diets-chien-weight-balance-mini\/"},"modified":"2025-10-29T17:16:59","modified_gmt":"2025-10-29T16:16:59","slug":"advance-veterinary-diets-chien-weight-balance-mini","status":"publish","type":"product","link":"https:\/\/www.vetorino.com\/veterinaire\/pierrebenite-69310\/boutique\/product\/advance-veterinary-diets-chien-weight-balance-mini\/","title":{"rendered":"Chien Weight Balance Mini"},"content":{"rendered":"<p>ADVANCE VETERINARY DIETS Weight Balance Mini est un<strong> aliment di\u00e9t\u00e9tique complet pour chiens adultes de races mini. <\/strong><\/p>\n<p>Formul\u00e9 pour <strong>r\u00e9duire l&#8217;exc\u00e8s de poids et r\u00e9guler le m\u00e9tabolisme<\/strong> des lipides en cas d&#8217;hyperlipid\u00e9mie, par un faible apport \u00e9nerg\u00e9tique, une faible teneur en mati\u00e8res grasses et une teneur \u00e9lev\u00e9e en acides gras essentiels.<\/p>\n<p>Sa formule vise \u00e9galement \u00e0 modifier le microbiote du chien, afin de l&#8217;enrichir et de le rendre similaire \u00e0 celui des chiens pr\u00e9sentant un poids id\u00e9al.<\/p>\n<p><strong>Utilisation :<\/strong><\/p>\n<p>\u2022 Surpoids et ob\u00e9sit\u00e9<br \/>\n\u2022 Diab\u00e8te sucr\u00e9 chez les chiens en surpoids<br \/>\n\u2022 Hyperlipid\u00e9mie chez les chiens en surpoids<br \/>\n\u2022 Colite sensible aux fibres<br \/>\n\u2022 Constipation<br \/>\n\u2022 Hypothyro\u00efdie<\/p>\n<p>Les r\u00e9sultats de la gamme ADVANCE VETERINARY DIETS Weight Balance Mini sont cliniquement prouv\u00e9s : 85 % des chiens perdent du poids en 2 mois*.Il s\u2019agit de croquettes sp\u00e9cifiquement adapt\u00e9es \u00e0 la taille et aux besoins de votre chien de race mini (&lt; 10 kg).Il est recommand\u00e9 de consulter un v\u00e9t\u00e9rinaire avant l&#8217;introduction d&#8217;un r\u00e9gime alimentaire v\u00e9t\u00e9rinaire.<\/p>\n<p><em>*\u00c9tude clinique r\u00e9alis\u00e9e \u00e0 domicile chez des chiens de petite taille. Donn\u00e9es internes.<\/em><\/p>\n","protected":false},"excerpt":{"rendered":"<p>ADVANCE VETERINARY DIETS Weight Balance Mini est un<strong> aliment di\u00e9t\u00e9tique complet pour chiens adultes de races mini.<\/strong><\/p>\n<p>Formul\u00e9 pour <strong>r\u00e9duire l&#8217;exc\u00e8s de poids et r\u00e9guler le m\u00e9tabolisme<\/strong> des lipides en cas d&#8217;hyperlipid\u00e9mie, par un faible apport \u00e9nerg\u00e9tique, une faible teneur en mati\u00e8res grasses et une teneur \u00e9lev\u00e9e en acides gras essentiels.<\/p>\n","protected":false},"featured_media":1371614,"template":"","meta":[],"product_cat":[12552,12582,2698],"product_tag":[],"class_list":{"0":"post-1369760","1":"product","2":"type-product","3":"status-publish","4":"has-post-thumbnail","6":"product_cat-alimentation-du-chien","7":"product_cat-alimentation-medicalisee-pour-chien","8":"product_cat-chien","9":"pa_marque-advance","11":"first","12":"instock","13":"taxable","14":"shipping-taxable","15":"purchasable","16":"product-type-simple"},"yoast_head":"<!-- This site is optimized with the Yoast SEO plugin v27.3 - https:\/\/yoast.com\/product\/yoast-seo-wordpress\/ -->\n<title>Veterinary Diets (Advance) Chien Weight Balance Mini Advance - V\u00e9torino<\/title>\n<meta name=\"description\" content=\"ADVANCE VETERINARY DIETS Weight Balance Mini est un aliment di\u00e9t\u00e9tique complet pour chiens adultes de races mini.  Formul\u00e9 pour r\u00e9duire l&#039;exc\u00e8s de poids et r\u00e9guler le m\u00e9tabolisme des lipides en cas d&#039;hyperlipid\u00e9mie, par un faible apport \u00e9nerg\u00e9tique, une faible teneur en mati\u00e8res grasses et une teneur \u00e9lev\u00e9e en acides gras essentiels.\" \/>\n<meta name=\"robots\" content=\"noindex, nofollow\" \/>\n<meta property=\"og:locale\" content=\"fr_FR\" \/>\n<meta property=\"og:type\" content=\"article\" \/>\n<meta property=\"og:title\" content=\"Veterinary Diets (Advance) Chien Weight Balance Mini Advance - V\u00e9torino\" \/>\n<meta property=\"og:description\" content=\"ADVANCE VETERINARY DIETS Weight Balance Mini est un aliment di\u00e9t\u00e9tique complet pour chiens adultes de races mini.  Formul\u00e9 pour r\u00e9duire l&#039;exc\u00e8s de poids et r\u00e9guler le m\u00e9tabolisme des lipides en cas d&#039;hyperlipid\u00e9mie, par un faible apport \u00e9nerg\u00e9tique, une faible teneur en mati\u00e8res grasses et une teneur \u00e9lev\u00e9e en acides gras essentiels.\" \/>\n<meta property=\"og:url\" content=\"https:\/\/www.vetorino.com\/veterinaire\/pierrebenite-69310\/boutique\/product\/advance-veterinary-diets-chien-weight-balance-mini\/\" \/>\n<meta property=\"og:site_name\" content=\"V\u00e9torino\" \/>\n<meta property=\"article:publisher\" content=\"https:\/\/www.facebook.com\/Vetorino\/\" \/>\n<meta property=\"article:modified_time\" content=\"2025-10-29T16:16:59+00:00\" \/>\n<meta property=\"og:image\" content=\"https:\/\/www.vetorino.com\/boutique\/wp-content\/uploads\/2025\/06\/advance-croquette-chien-weight-balance-poulet-1.jpg\" \/>\n\t<meta property=\"og:image:width\" content=\"805\" \/>\n\t<meta property=\"og:image:height\" content=\"1024\" \/>\n\t<meta property=\"og:image:type\" content=\"image\/jpeg\" \/>\n<meta name=\"twitter:card\" content=\"summary_large_image\" \/>\n<meta name=\"twitter:label1\" content=\"Prix\" \/>\n\t<meta name=\"twitter:data1\" content=\"18,68&euro;\" \/>\n\t<meta name=\"twitter:label2\" content=\"Disponibilit\u00e9\" \/>\n\t<meta name=\"twitter:data2\" content=\"En stock\" \/>\n<script type=\"application\/ld+json\" class=\"yoast-schema-graph\">{\"@context\":\"https:\\\/\\\/schema.org\",\"@graph\":[{\"@type\":\"WebPage\",\"@id\":\"https:\\\/\\\/www.vetorino.com\\\/veterinaire\\\/briancon-05100\\\/boutique\\\/product\\\/advance-veterinary-diets-chien-weight-balance-mini\\\/\",\"url\":\"https:\\\/\\\/www.vetorino.com\\\/veterinaire\\\/briancon-05100\\\/boutique\\\/product\\\/advance-veterinary-diets-chien-weight-balance-mini\\\/\",\"name\":\"Veterinary Diets (Advance) Chien Weight Balance Mini Advance - V\u00e9torino\",\"isPartOf\":{\"@id\":\"https:\\\/\\\/www.vetorino.com\\\/boutique\\\/#website\"},\"primaryImageOfPage\":{\"@id\":\"https:\\\/\\\/www.vetorino.com\\\/veterinaire\\\/briancon-05100\\\/boutique\\\/product\\\/advance-veterinary-diets-chien-weight-balance-mini\\\/#primaryimage\"},\"image\":{\"@id\":\"https:\\\/\\\/www.vetorino.com\\\/veterinaire\\\/briancon-05100\\\/boutique\\\/product\\\/advance-veterinary-diets-chien-weight-balance-mini\\\/#primaryimage\"},\"thumbnailUrl\":\"https:\\\/\\\/www.vetorino.com\\\/boutique\\\/wp-content\\\/uploads\\\/2025\\\/06\\\/advance-croquette-chien-weight-balance-poulet-1.jpg\",\"datePublished\":\"2025-06-12T03:35:19+00:00\",\"dateModified\":\"2025-10-29T16:16:59+00:00\",\"description\":\"ADVANCE VETERINARY DIETS Weight Balance Mini est un aliment di\u00e9t\u00e9tique complet pour chiens adultes de races mini. Formul\u00e9 pour r\u00e9duire l'exc\u00e8s de poids et r\u00e9guler le m\u00e9tabolisme des lipides en cas d'hyperlipid\u00e9mie, par un faible apport \u00e9nerg\u00e9tique, une faible teneur en mati\u00e8res grasses et une teneur \u00e9lev\u00e9e en acides gras essentiels.\",\"breadcrumb\":{\"@id\":\"https:\\\/\\\/www.vetorino.com\\\/veterinaire\\\/briancon-05100\\\/boutique\\\/product\\\/advance-veterinary-diets-chien-weight-balance-mini\\\/#breadcrumb\"},\"inLanguage\":\"fr-FR\",\"potentialAction\":[{\"@type\":\"ReadAction\",\"target\":[\"https:\\\/\\\/www.vetorino.com\\\/veterinaire\\\/briancon-05100\\\/boutique\\\/product\\\/advance-veterinary-diets-chien-weight-balance-mini\\\/\"]}]},{\"@type\":\"ImageObject\",\"inLanguage\":\"fr-FR\",\"@id\":\"https:\\\/\\\/www.vetorino.com\\\/veterinaire\\\/briancon-05100\\\/boutique\\\/product\\\/advance-veterinary-diets-chien-weight-balance-mini\\\/#primaryimage\",\"url\":\"https:\\\/\\\/www.vetorino.com\\\/boutique\\\/wp-content\\\/uploads\\\/2025\\\/06\\\/advance-croquette-chien-weight-balance-poulet-1.jpg\",\"contentUrl\":\"https:\\\/\\\/www.vetorino.com\\\/boutique\\\/wp-content\\\/uploads\\\/2025\\\/06\\\/advance-croquette-chien-weight-balance-poulet-1.jpg\",\"width\":805,\"height\":1024},{\"@type\":\"BreadcrumbList\",\"@id\":\"https:\\\/\\\/www.vetorino.com\\\/veterinaire\\\/briancon-05100\\\/boutique\\\/product\\\/advance-veterinary-diets-chien-weight-balance-mini\\\/#breadcrumb\",\"itemListElement\":[{\"@type\":\"ListItem\",\"position\":1,\"name\":\"Accueil\",\"item\":\"https:\\\/\\\/www.vetorino.com\\\/boutique\\\/\"},{\"@type\":\"ListItem\",\"position\":2,\"name\":\"Produits\",\"item\":\"https:\\\/\\\/www.vetorino.com\\\/boutique\\\/\"},{\"@type\":\"ListItem\",\"position\":3,\"name\":\"Chien Weight Balance Mini\"}]},{\"@type\":\"WebSite\",\"@id\":\"https:\\\/\\\/www.vetorino.com\\\/boutique\\\/#website\",\"url\":\"https:\\\/\\\/www.vetorino.com\\\/boutique\\\/\",\"name\":\"V\u00e9torino\",\"description\":\"\",\"publisher\":{\"@id\":\"https:\\\/\\\/www.vetorino.com\\\/boutique\\\/#organization\"},\"potentialAction\":[{\"@type\":\"SearchAction\",\"target\":{\"@type\":\"EntryPoint\",\"urlTemplate\":\"https:\\\/\\\/www.vetorino.com\\\/boutique\\\/?s={search_term_string}\"},\"query-input\":{\"@type\":\"PropertyValueSpecification\",\"valueRequired\":true,\"valueName\":\"search_term_string\"}}],\"inLanguage\":\"fr-FR\"},{\"@type\":\"Organization\",\"@id\":\"https:\\\/\\\/www.vetorino.com\\\/boutique\\\/#organization\",\"name\":\"V\u00e9torino\",\"url\":\"https:\\\/\\\/www.vetorino.com\\\/boutique\\\/\",\"logo\":{\"@type\":\"ImageObject\",\"inLanguage\":\"fr-FR\",\"@id\":\"https:\\\/\\\/www.vetorino.com\\\/boutique\\\/#\\\/schema\\\/logo\\\/image\\\/\",\"url\":\"https:\\\/\\\/www.vetorino.com\\\/boutique\\\/wp-content\\\/uploads\\\/2024\\\/10\\\/logo.jpg\",\"contentUrl\":\"https:\\\/\\\/www.vetorino.com\\\/boutique\\\/wp-content\\\/uploads\\\/2024\\\/10\\\/logo.jpg\",\"width\":1200,\"height\":610,\"caption\":\"V\u00e9torino\"},\"image\":{\"@id\":\"https:\\\/\\\/www.vetorino.com\\\/boutique\\\/#\\\/schema\\\/logo\\\/image\\\/\"},\"sameAs\":[\"https:\\\/\\\/www.facebook.com\\\/Vetorino\\\/\",\"https:\\\/\\\/www.instagram.com\\\/vetorino_off\\\/\",\"https:\\\/\\\/www.linkedin.com\\\/company\\\/vtorino\\\/\"]}]}<\/script>\n<meta property=\"product:brand\" content=\"Advance\" \/>\n<meta property=\"product:price:amount\" content=\"18.68\" \/>\n<meta property=\"product:price:currency\" content=\"EUR\" \/>\n<meta property=\"og:availability\" content=\"instock\" \/>\n<meta property=\"product:availability\" content=\"instock\" \/>\n<meta property=\"product:retailer_item_id\" content=\"A-1891480\" \/>\n<meta property=\"product:condition\" content=\"new\" \/>\n<!-- \/ Yoast SEO plugin. -->","yoast_head_json":{"title":"Veterinary Diets (Advance) Chien Weight Balance Mini Advance - V\u00e9torino","description":"ADVANCE VETERINARY DIETS Weight Balance Mini est un aliment di\u00e9t\u00e9tique complet pour chiens adultes de races mini.  Formul\u00e9 pour r\u00e9duire l'exc\u00e8s de poids et r\u00e9guler le m\u00e9tabolisme des lipides en cas d'hyperlipid\u00e9mie, par un faible apport \u00e9nerg\u00e9tique, une faible teneur en mati\u00e8res grasses et une teneur \u00e9lev\u00e9e en acides gras essentiels.","robots":{"index":"noindex","follow":"nofollow"},"og_locale":"fr_FR","og_type":"article","og_title":"Veterinary Diets (Advance) Chien Weight Balance Mini Advance - V\u00e9torino","og_description":"ADVANCE VETERINARY DIETS Weight Balance Mini est un aliment di\u00e9t\u00e9tique complet pour chiens adultes de races mini.  Formul\u00e9 pour r\u00e9duire l'exc\u00e8s de poids et r\u00e9guler le m\u00e9tabolisme des lipides en cas d'hyperlipid\u00e9mie, par un faible apport \u00e9nerg\u00e9tique, une faible teneur en mati\u00e8res grasses et une teneur \u00e9lev\u00e9e en acides gras essentiels.","og_url":"https:\/\/www.vetorino.com\/veterinaire\/pierrebenite-69310\/boutique\/product\/advance-veterinary-diets-chien-weight-balance-mini\/","og_site_name":"V\u00e9torino","article_publisher":"https:\/\/www.facebook.com\/Vetorino\/","article_modified_time":"2025-10-29T16:16:59+00:00","og_image":[{"width":805,"height":1024,"url":"https:\/\/www.vetorino.com\/boutique\/wp-content\/uploads\/2025\/06\/advance-croquette-chien-weight-balance-poulet-1.jpg","type":"image\/jpeg"}],"twitter_card":"summary_large_image","twitter_misc":{"Prix":"18,68&euro;","Disponibilit\u00e9":"En stock"},"schema":{"@context":"https:\/\/schema.org","@graph":[{"@type":"WebPage","@id":"https:\/\/www.vetorino.com\/veterinaire\/briancon-05100\/boutique\/product\/advance-veterinary-diets-chien-weight-balance-mini\/","url":"https:\/\/www.vetorino.com\/veterinaire\/briancon-05100\/boutique\/product\/advance-veterinary-diets-chien-weight-balance-mini\/","name":"Veterinary Diets (Advance) Chien Weight Balance Mini Advance - V\u00e9torino","isPartOf":{"@id":"https:\/\/www.vetorino.com\/boutique\/#website"},"primaryImageOfPage":{"@id":"https:\/\/www.vetorino.com\/veterinaire\/briancon-05100\/boutique\/product\/advance-veterinary-diets-chien-weight-balance-mini\/#primaryimage"},"image":{"@id":"https:\/\/www.vetorino.com\/veterinaire\/briancon-05100\/boutique\/product\/advance-veterinary-diets-chien-weight-balance-mini\/#primaryimage"},"thumbnailUrl":"https:\/\/www.vetorino.com\/boutique\/wp-content\/uploads\/2025\/06\/advance-croquette-chien-weight-balance-poulet-1.jpg","datePublished":"2025-06-12T03:35:19+00:00","dateModified":"2025-10-29T16:16:59+00:00","description":"ADVANCE VETERINARY DIETS Weight Balance Mini est un aliment di\u00e9t\u00e9tique complet pour chiens adultes de races mini. Formul\u00e9 pour r\u00e9duire l'exc\u00e8s de poids et r\u00e9guler le m\u00e9tabolisme des lipides en cas d'hyperlipid\u00e9mie, par un faible apport \u00e9nerg\u00e9tique, une faible teneur en mati\u00e8res grasses et une teneur \u00e9lev\u00e9e en acides gras essentiels.","breadcrumb":{"@id":"https:\/\/www.vetorino.com\/veterinaire\/briancon-05100\/boutique\/product\/advance-veterinary-diets-chien-weight-balance-mini\/#breadcrumb"},"inLanguage":"fr-FR","potentialAction":[{"@type":"ReadAction","target":["https:\/\/www.vetorino.com\/veterinaire\/briancon-05100\/boutique\/product\/advance-veterinary-diets-chien-weight-balance-mini\/"]}]},{"@type":"ImageObject","inLanguage":"fr-FR","@id":"https:\/\/www.vetorino.com\/veterinaire\/briancon-05100\/boutique\/product\/advance-veterinary-diets-chien-weight-balance-mini\/#primaryimage","url":"https:\/\/www.vetorino.com\/boutique\/wp-content\/uploads\/2025\/06\/advance-croquette-chien-weight-balance-poulet-1.jpg","contentUrl":"https:\/\/www.vetorino.com\/boutique\/wp-content\/uploads\/2025\/06\/advance-croquette-chien-weight-balance-poulet-1.jpg","width":805,"height":1024},{"@type":"BreadcrumbList","@id":"https:\/\/www.vetorino.com\/veterinaire\/briancon-05100\/boutique\/product\/advance-veterinary-diets-chien-weight-balance-mini\/#breadcrumb","itemListElement":[{"@type":"ListItem","position":1,"name":"Accueil","item":"https:\/\/www.vetorino.com\/boutique\/"},{"@type":"ListItem","position":2,"name":"Produits","item":"https:\/\/www.vetorino.com\/boutique\/"},{"@type":"ListItem","position":3,"name":"Chien Weight Balance Mini"}]},{"@type":"WebSite","@id":"https:\/\/www.vetorino.com\/boutique\/#website","url":"https:\/\/www.vetorino.com\/boutique\/","name":"V\u00e9torino","description":"","publisher":{"@id":"https:\/\/www.vetorino.com\/boutique\/#organization"},"potentialAction":[{"@type":"SearchAction","target":{"@type":"EntryPoint","urlTemplate":"https:\/\/www.vetorino.com\/boutique\/?s={search_term_string}"},"query-input":{"@type":"PropertyValueSpecification","valueRequired":true,"valueName":"search_term_string"}}],"inLanguage":"fr-FR"},{"@type":"Organization","@id":"https:\/\/www.vetorino.com\/boutique\/#organization","name":"V\u00e9torino","url":"https:\/\/www.vetorino.com\/boutique\/","logo":{"@type":"ImageObject","inLanguage":"fr-FR","@id":"https:\/\/www.vetorino.com\/boutique\/#\/schema\/logo\/image\/","url":"https:\/\/www.vetorino.com\/boutique\/wp-content\/uploads\/2024\/10\/logo.jpg","contentUrl":"https:\/\/www.vetorino.com\/boutique\/wp-content\/uploads\/2024\/10\/logo.jpg","width":1200,"height":610,"caption":"V\u00e9torino"},"image":{"@id":"https:\/\/www.vetorino.com\/boutique\/#\/schema\/logo\/image\/"},"sameAs":["https:\/\/www.facebook.com\/Vetorino\/","https:\/\/www.instagram.com\/vetorino_off\/","https:\/\/www.linkedin.com\/company\/vtorino\/"]}]},"product_brand":"Advance","product_price_amount":"18.68","product_price_currency":"EUR","og_availability":"instock","product_availability":"instock","product_retailer_item_id":"A-1891480","product_condition":"new"},"_links":{"self":[{"href":"https:\/\/www.vetorino.com\/veterinaire\/pierrebenite-69310\/boutique\/wp-json\/wp\/v2\/product\/1369760","targetHints":{"allow":["GET"]}}],"collection":[{"href":"https:\/\/www.vetorino.com\/veterinaire\/pierrebenite-69310\/boutique\/wp-json\/wp\/v2\/product"}],"about":[{"href":"https:\/\/www.vetorino.com\/veterinaire\/pierrebenite-69310\/boutique\/wp-json\/wp\/v2\/types\/product"}],"wp:featuredmedia":[{"embeddable":true,"href":"https:\/\/www.vetorino.com\/veterinaire\/pierrebenite-69310\/boutique\/wp-json\/wp\/v2\/media\/1371614"}],"wp:attachment":[{"href":"https:\/\/www.vetorino.com\/veterinaire\/pierrebenite-69310\/boutique\/wp-json\/wp\/v2\/media?parent=1369760"}],"wp:term":[{"taxonomy":"product_cat","embeddable":true,"href":"https:\/\/www.vetorino.com\/veterinaire\/pierrebenite-69310\/boutique\/wp-json\/wp\/v2\/product_cat?post=1369760"},{"taxonomy":"product_tag","embeddable":true,"href":"https:\/\/www.vetorino.com\/veterinaire\/pierrebenite-69310\/boutique\/wp-json\/wp\/v2\/product_tag?post=1369760"}],"curies":[{"name":"wp","href":"https:\/\/api.w.org\/{rel}","templated":true}]}}