{"id":36013,"date":"2020-03-04T23:01:18","date_gmt":"2020-03-04T22:01:18","guid":{"rendered":"https:\/\/www.vetorino.com\/boutique\/product\/douxo-entretien-soin-mousse\/"},"modified":"2023-12-06T14:25:16","modified_gmt":"2023-12-06T13:25:16","slug":"douxo-entretien-soin-mousse","status":"publish","type":"product","link":"https:\/\/www.vetorino.com\/veterinaire\/pierrebenite-69310\/boutique\/product\/douxo-entretien-soin-mousse\/","title":{"rendered":"Douxo Care Mousse"},"content":{"rendered":"<p><strong>Douxo\u00a0Entretien Soin Mousse est une mousse nettoyante sans eau et sans rin\u00e7age.<\/strong><\/p>\n<p><strong>Utilisation :<\/strong><\/p>\n<ul>\n<li>Usage externe. Peut-\u00eatre utilis\u00e9 en alternance avec DOUXO\u00ae S3 CARE Shampooing<\/li>\n<li>S&#8217;utilise comme un shampoing sec.<\/li>\n<li>Chez le chien ou le chat<\/li>\n<li>Hygi\u00e8ne r\u00e9guli\u00e8re des pelages ternes, fragiles et d\u00e9licats<\/li>\n<\/ul>\n<p><strong>Mode d&#8217;emploi :<\/strong><\/p>\n<ul>\n<li>Bien agiter avant emploi. Appliquer Douxo\u00a0Care Mousse sur pelage sec et bross\u00e9.<\/li>\n<li>Recueillir une ou deux pressions de produit dans la main et l\u2019appliquer directement sur l\u2019animal.<\/li>\n<li>Masser doucement avec les mains \u00e0 rebrousse-poil pour faire p\u00e9n\u00e9trer la mousse jusqu\u2019\u00e0 la peau. R\u00e9p\u00e9ter la m\u00eame proc\u00e9dure autant de fois que n\u00e9cessaire pour traiter l\u2019ensemble du corps en \u00e9vitant le contour des yeux et la bouche.<\/li>\n<li>Ne pas rincer. Laisser s\u00e9cher \u00e0 l\u2019air libre. Une fois le pelage sec, l\u2019animal peut \u00eatre bross\u00e9 pour lustrer le poil.<\/li>\n<li>Animal &lt;5kg : 1 pression pour 1kg (\u00e0 doubler si poils longs). &gt; Animal &gt;5kg : 1 pression pour 2kg (\u00e0 doubler si poils longs).<\/li>\n<li>1 flacon de Mousse de 200ml = 266 pressions.<\/li>\n<\/ul>\n<p><strong>Avantages :<\/strong><\/p>\n<ul>\n<li>Efficacit\u00e9 prouv\u00e9e<\/li>\n<li>Facile d&#8217;utilisation<\/li>\n<li>Douxo Care Mousse nettoie sans eau ce qui <strong>\u00e9vite le stress provoqu\u00e9 par les bains<\/strong>.<\/li>\n<li>Formule douce au pH optimal et au <strong>parfum<\/strong> <strong>agr\u00e9able<\/strong>.<\/li>\n<li>Contient des agents hydratants, des prot\u00e9ines et des acides gras pour<strong> nourrir la peau et rendre le poil brillant<\/strong>.<\/li>\n<li>Permet d&#8217;\u00e9liminer efficacement les salissures tout en <strong>pr\u00e9servant l&#8217;hydratation cutan\u00e9e<\/strong>.<\/li>\n<li><strong>Excellente tol\u00e9rance<\/strong>\u00a0pour une utilisation fr\u00e9quente.<\/li>\n<li>Fabriqu\u00e9e en <strong>France<\/strong><\/li>\n<\/ul>\n","protected":false},"excerpt":{"rendered":"<div id=\"product-description-short-2483\">\n<p><strong>Douxo\u00a0Care Mousse est une mousse nettoyante sans eau et sans rin\u00e7age.<\/strong><\/p>\n<p><strong><br \/>\nUtilisation :<br \/>\n<\/strong><\/p>\n<ul>\n<li>S&#8217;utilise comme un shampoing sec.<\/li>\n<li>Chez le chien ou le chat<\/li>\n<li>Hygi\u00e8ne r\u00e9guli\u00e8re des pelages ternes, fragiles et d\u00e9licats<\/li>\n<\/ul>\n<\/div>\n","protected":false},"featured_media":762612,"template":"","meta":[],"product_cat":[2697,2698,12611,12612,12560,12561],"product_tag":[],"class_list":{"0":"post-36013","1":"product","2":"type-product","3":"status-publish","4":"has-post-thumbnail","6":"product_cat-chat","7":"product_cat-chien","8":"product_cat-hygiene-de-la-peau-et-du-pelage-du-chat","9":"product_cat-hygiene-de-la-peau-et-du-pelage-du-chien","10":"product_cat-hygiene-du-chat","11":"product_cat-hygiene-du-chien","12":"pa_marque-sogeval","14":"first","15":"instock","16":"taxable","17":"shipping-taxable","18":"purchasable","19":"product-type-simple"},"yoast_head":"<!-- This site is optimized with the Yoast SEO plugin v27.3 - https:\/\/yoast.com\/product\/yoast-seo-wordpress\/ -->\n<title>Douxo Care Mousse Sogeval - V\u00e9torino<\/title>\n<meta name=\"description\" content=\"Douxo\u00a0Care Mousse est une mousse nettoyante sans eau et sans rin\u00e7age.   Utilisation :    S&#039;utilise comme un shampoing sec.  Chez le chien ou le chat  Hygi\u00e8ne r\u00e9guli\u00e8re des pelages ternes, fragiles et d\u00e9licats\" \/>\n<meta name=\"robots\" content=\"noindex, nofollow\" \/>\n<meta property=\"og:locale\" content=\"fr_FR\" \/>\n<meta property=\"og:type\" content=\"article\" \/>\n<meta property=\"og:title\" content=\"Douxo Care Mousse Sogeval - V\u00e9torino\" \/>\n<meta property=\"og:description\" content=\"Douxo\u00a0Care Mousse est une mousse nettoyante sans eau et sans rin\u00e7age.   Utilisation :    S&#039;utilise comme un shampoing sec.  Chez le chien ou le chat  Hygi\u00e8ne r\u00e9guli\u00e8re des pelages ternes, fragiles et d\u00e9licats\" \/>\n<meta property=\"og:url\" content=\"https:\/\/www.vetorino.com\/veterinaire\/pierrebenite-69310\/boutique\/product\/douxo-entretien-soin-mousse\/\" \/>\n<meta property=\"og:site_name\" content=\"V\u00e9torino\" \/>\n<meta property=\"article:publisher\" content=\"https:\/\/www.facebook.com\/Vetorino\/\" \/>\n<meta property=\"article:modified_time\" content=\"2023-12-06T13:25:16+00:00\" \/>\n<meta property=\"og:image\" content=\"https:\/\/www.vetorino.com\/boutique\/wp-content\/uploads\/2020\/03\/douxo-care-mousse.webp\" \/>\n\t<meta property=\"og:image:width\" content=\"540\" \/>\n\t<meta property=\"og:image:height\" content=\"540\" \/>\n\t<meta property=\"og:image:type\" content=\"image\/webp\" \/>\n<meta name=\"twitter:card\" content=\"summary_large_image\" \/>\n<meta name=\"twitter:label1\" content=\"Prix\" \/>\n\t<meta name=\"twitter:data1\" content=\"17,36&euro;\" \/>\n\t<meta name=\"twitter:label2\" content=\"Disponibilit\u00e9\" \/>\n\t<meta name=\"twitter:data2\" content=\"En stock\" \/>\n<script type=\"application\/ld+json\" class=\"yoast-schema-graph\">{\"@context\":\"https:\\\/\\\/schema.org\",\"@graph\":[{\"@type\":\"WebPage\",\"@id\":\"https:\\\/\\\/www.vetorino.com\\\/boutique\\\/product\\\/douxo-entretien-soin-mousse\\\/\",\"url\":\"https:\\\/\\\/www.vetorino.com\\\/boutique\\\/product\\\/douxo-entretien-soin-mousse\\\/\",\"name\":\"Douxo Care Mousse Sogeval - V\u00e9torino\",\"isPartOf\":{\"@id\":\"https:\\\/\\\/www.vetorino.com\\\/boutique\\\/#website\"},\"primaryImageOfPage\":{\"@id\":\"https:\\\/\\\/www.vetorino.com\\\/boutique\\\/product\\\/douxo-entretien-soin-mousse\\\/#primaryimage\"},\"image\":{\"@id\":\"https:\\\/\\\/www.vetorino.com\\\/boutique\\\/product\\\/douxo-entretien-soin-mousse\\\/#primaryimage\"},\"thumbnailUrl\":\"https:\\\/\\\/www.vetorino.com\\\/boutique\\\/wp-content\\\/uploads\\\/2020\\\/03\\\/douxo-care-mousse.webp\",\"datePublished\":\"2020-03-04T22:01:18+00:00\",\"dateModified\":\"2023-12-06T13:25:16+00:00\",\"description\":\"Douxo\u00a0Care Mousse est une mousse nettoyante sans eau et sans rin\u00e7age. Utilisation : S'utilise comme un shampoing sec. Chez le chien ou le chat Hygi\u00e8ne r\u00e9guli\u00e8re des pelages ternes, fragiles et d\u00e9licats\",\"breadcrumb\":{\"@id\":\"https:\\\/\\\/www.vetorino.com\\\/boutique\\\/product\\\/douxo-entretien-soin-mousse\\\/#breadcrumb\"},\"inLanguage\":\"fr-FR\",\"potentialAction\":[{\"@type\":\"ReadAction\",\"target\":[\"https:\\\/\\\/www.vetorino.com\\\/boutique\\\/product\\\/douxo-entretien-soin-mousse\\\/\"]}]},{\"@type\":\"ImageObject\",\"inLanguage\":\"fr-FR\",\"@id\":\"https:\\\/\\\/www.vetorino.com\\\/boutique\\\/product\\\/douxo-entretien-soin-mousse\\\/#primaryimage\",\"url\":\"https:\\\/\\\/www.vetorino.com\\\/boutique\\\/wp-content\\\/uploads\\\/2020\\\/03\\\/douxo-care-mousse.webp\",\"contentUrl\":\"https:\\\/\\\/www.vetorino.com\\\/boutique\\\/wp-content\\\/uploads\\\/2020\\\/03\\\/douxo-care-mousse.webp\",\"width\":540,\"height\":540},{\"@type\":\"BreadcrumbList\",\"@id\":\"https:\\\/\\\/www.vetorino.com\\\/boutique\\\/product\\\/douxo-entretien-soin-mousse\\\/#breadcrumb\",\"itemListElement\":[{\"@type\":\"ListItem\",\"position\":1,\"name\":\"Accueil\",\"item\":\"https:\\\/\\\/www.vetorino.com\\\/boutique\\\/\"},{\"@type\":\"ListItem\",\"position\":2,\"name\":\"Produits\",\"item\":\"https:\\\/\\\/www.vetorino.com\\\/boutique\\\/\"},{\"@type\":\"ListItem\",\"position\":3,\"name\":\"Douxo Care Mousse\"}]},{\"@type\":\"WebSite\",\"@id\":\"https:\\\/\\\/www.vetorino.com\\\/boutique\\\/#website\",\"url\":\"https:\\\/\\\/www.vetorino.com\\\/boutique\\\/\",\"name\":\"V\u00e9torino\",\"description\":\"\",\"publisher\":{\"@id\":\"https:\\\/\\\/www.vetorino.com\\\/boutique\\\/#organization\"},\"potentialAction\":[{\"@type\":\"SearchAction\",\"target\":{\"@type\":\"EntryPoint\",\"urlTemplate\":\"https:\\\/\\\/www.vetorino.com\\\/boutique\\\/?s={search_term_string}\"},\"query-input\":{\"@type\":\"PropertyValueSpecification\",\"valueRequired\":true,\"valueName\":\"search_term_string\"}}],\"inLanguage\":\"fr-FR\"},{\"@type\":\"Organization\",\"@id\":\"https:\\\/\\\/www.vetorino.com\\\/boutique\\\/#organization\",\"name\":\"V\u00e9torino\",\"url\":\"https:\\\/\\\/www.vetorino.com\\\/boutique\\\/\",\"logo\":{\"@type\":\"ImageObject\",\"inLanguage\":\"fr-FR\",\"@id\":\"https:\\\/\\\/www.vetorino.com\\\/boutique\\\/#\\\/schema\\\/logo\\\/image\\\/\",\"url\":\"https:\\\/\\\/www.vetorino.com\\\/boutique\\\/wp-content\\\/uploads\\\/2024\\\/10\\\/logo.jpg\",\"contentUrl\":\"https:\\\/\\\/www.vetorino.com\\\/boutique\\\/wp-content\\\/uploads\\\/2024\\\/10\\\/logo.jpg\",\"width\":1200,\"height\":610,\"caption\":\"V\u00e9torino\"},\"image\":{\"@id\":\"https:\\\/\\\/www.vetorino.com\\\/boutique\\\/#\\\/schema\\\/logo\\\/image\\\/\"},\"sameAs\":[\"https:\\\/\\\/www.facebook.com\\\/Vetorino\\\/\",\"https:\\\/\\\/www.instagram.com\\\/vetorino_off\\\/\",\"https:\\\/\\\/www.linkedin.com\\\/company\\\/vtorino\\\/\"]}]}<\/script>\n<meta property=\"product:brand\" content=\"Sogeval\" \/>\n<meta property=\"product:price:amount\" content=\"17.36\" \/>\n<meta property=\"product:price:currency\" content=\"EUR\" \/>\n<meta property=\"og:availability\" content=\"instock\" \/>\n<meta property=\"product:availability\" content=\"instock\" \/>\n<meta property=\"product:retailer_item_id\" content=\"A-8124196\" \/>\n<meta property=\"product:condition\" content=\"new\" \/>\n<!-- \/ Yoast SEO plugin. -->","yoast_head_json":{"title":"Douxo Care Mousse Sogeval - V\u00e9torino","description":"Douxo\u00a0Care Mousse est une mousse nettoyante sans eau et sans rin\u00e7age.   Utilisation :    S'utilise comme un shampoing sec.  Chez le chien ou le chat  Hygi\u00e8ne r\u00e9guli\u00e8re des pelages ternes, fragiles et d\u00e9licats","robots":{"index":"noindex","follow":"nofollow"},"og_locale":"fr_FR","og_type":"article","og_title":"Douxo Care Mousse Sogeval - V\u00e9torino","og_description":"Douxo\u00a0Care Mousse est une mousse nettoyante sans eau et sans rin\u00e7age.   Utilisation :    S'utilise comme un shampoing sec.  Chez le chien ou le chat  Hygi\u00e8ne r\u00e9guli\u00e8re des pelages ternes, fragiles et d\u00e9licats","og_url":"https:\/\/www.vetorino.com\/veterinaire\/pierrebenite-69310\/boutique\/product\/douxo-entretien-soin-mousse\/","og_site_name":"V\u00e9torino","article_publisher":"https:\/\/www.facebook.com\/Vetorino\/","article_modified_time":"2023-12-06T13:25:16+00:00","og_image":[{"width":540,"height":540,"url":"https:\/\/www.vetorino.com\/boutique\/wp-content\/uploads\/2020\/03\/douxo-care-mousse.webp","type":"image\/webp"}],"twitter_card":"summary_large_image","twitter_misc":{"Prix":"17,36&euro;","Disponibilit\u00e9":"En stock"},"schema":{"@context":"https:\/\/schema.org","@graph":[{"@type":"WebPage","@id":"https:\/\/www.vetorino.com\/boutique\/product\/douxo-entretien-soin-mousse\/","url":"https:\/\/www.vetorino.com\/boutique\/product\/douxo-entretien-soin-mousse\/","name":"Douxo Care Mousse Sogeval - V\u00e9torino","isPartOf":{"@id":"https:\/\/www.vetorino.com\/boutique\/#website"},"primaryImageOfPage":{"@id":"https:\/\/www.vetorino.com\/boutique\/product\/douxo-entretien-soin-mousse\/#primaryimage"},"image":{"@id":"https:\/\/www.vetorino.com\/boutique\/product\/douxo-entretien-soin-mousse\/#primaryimage"},"thumbnailUrl":"https:\/\/www.vetorino.com\/boutique\/wp-content\/uploads\/2020\/03\/douxo-care-mousse.webp","datePublished":"2020-03-04T22:01:18+00:00","dateModified":"2023-12-06T13:25:16+00:00","description":"Douxo\u00a0Care Mousse est une mousse nettoyante sans eau et sans rin\u00e7age. Utilisation : S'utilise comme un shampoing sec. Chez le chien ou le chat Hygi\u00e8ne r\u00e9guli\u00e8re des pelages ternes, fragiles et d\u00e9licats","breadcrumb":{"@id":"https:\/\/www.vetorino.com\/boutique\/product\/douxo-entretien-soin-mousse\/#breadcrumb"},"inLanguage":"fr-FR","potentialAction":[{"@type":"ReadAction","target":["https:\/\/www.vetorino.com\/boutique\/product\/douxo-entretien-soin-mousse\/"]}]},{"@type":"ImageObject","inLanguage":"fr-FR","@id":"https:\/\/www.vetorino.com\/boutique\/product\/douxo-entretien-soin-mousse\/#primaryimage","url":"https:\/\/www.vetorino.com\/boutique\/wp-content\/uploads\/2020\/03\/douxo-care-mousse.webp","contentUrl":"https:\/\/www.vetorino.com\/boutique\/wp-content\/uploads\/2020\/03\/douxo-care-mousse.webp","width":540,"height":540},{"@type":"BreadcrumbList","@id":"https:\/\/www.vetorino.com\/boutique\/product\/douxo-entretien-soin-mousse\/#breadcrumb","itemListElement":[{"@type":"ListItem","position":1,"name":"Accueil","item":"https:\/\/www.vetorino.com\/boutique\/"},{"@type":"ListItem","position":2,"name":"Produits","item":"https:\/\/www.vetorino.com\/boutique\/"},{"@type":"ListItem","position":3,"name":"Douxo Care Mousse"}]},{"@type":"WebSite","@id":"https:\/\/www.vetorino.com\/boutique\/#website","url":"https:\/\/www.vetorino.com\/boutique\/","name":"V\u00e9torino","description":"","publisher":{"@id":"https:\/\/www.vetorino.com\/boutique\/#organization"},"potentialAction":[{"@type":"SearchAction","target":{"@type":"EntryPoint","urlTemplate":"https:\/\/www.vetorino.com\/boutique\/?s={search_term_string}"},"query-input":{"@type":"PropertyValueSpecification","valueRequired":true,"valueName":"search_term_string"}}],"inLanguage":"fr-FR"},{"@type":"Organization","@id":"https:\/\/www.vetorino.com\/boutique\/#organization","name":"V\u00e9torino","url":"https:\/\/www.vetorino.com\/boutique\/","logo":{"@type":"ImageObject","inLanguage":"fr-FR","@id":"https:\/\/www.vetorino.com\/boutique\/#\/schema\/logo\/image\/","url":"https:\/\/www.vetorino.com\/boutique\/wp-content\/uploads\/2024\/10\/logo.jpg","contentUrl":"https:\/\/www.vetorino.com\/boutique\/wp-content\/uploads\/2024\/10\/logo.jpg","width":1200,"height":610,"caption":"V\u00e9torino"},"image":{"@id":"https:\/\/www.vetorino.com\/boutique\/#\/schema\/logo\/image\/"},"sameAs":["https:\/\/www.facebook.com\/Vetorino\/","https:\/\/www.instagram.com\/vetorino_off\/","https:\/\/www.linkedin.com\/company\/vtorino\/"]}]},"product_brand":"Sogeval","product_price_amount":"17.36","product_price_currency":"EUR","og_availability":"instock","product_availability":"instock","product_retailer_item_id":"A-8124196","product_condition":"new"},"_links":{"self":[{"href":"https:\/\/www.vetorino.com\/veterinaire\/pierrebenite-69310\/boutique\/wp-json\/wp\/v2\/product\/36013","targetHints":{"allow":["GET"]}}],"collection":[{"href":"https:\/\/www.vetorino.com\/veterinaire\/pierrebenite-69310\/boutique\/wp-json\/wp\/v2\/product"}],"about":[{"href":"https:\/\/www.vetorino.com\/veterinaire\/pierrebenite-69310\/boutique\/wp-json\/wp\/v2\/types\/product"}],"wp:featuredmedia":[{"embeddable":true,"href":"https:\/\/www.vetorino.com\/veterinaire\/pierrebenite-69310\/boutique\/wp-json\/wp\/v2\/media\/762612"}],"wp:attachment":[{"href":"https:\/\/www.vetorino.com\/veterinaire\/pierrebenite-69310\/boutique\/wp-json\/wp\/v2\/media?parent=36013"}],"wp:term":[{"taxonomy":"product_cat","embeddable":true,"href":"https:\/\/www.vetorino.com\/veterinaire\/pierrebenite-69310\/boutique\/wp-json\/wp\/v2\/product_cat?post=36013"},{"taxonomy":"product_tag","embeddable":true,"href":"https:\/\/www.vetorino.com\/veterinaire\/pierrebenite-69310\/boutique\/wp-json\/wp\/v2\/product_tag?post=36013"}],"curies":[{"name":"wp","href":"https:\/\/api.w.org\/{rel}","templated":true}]}}