{"id":36688,"date":"2020-03-04T23:09:45","date_gmt":"2020-03-04T22:09:45","guid":{"rendered":"https:\/\/www.vetorino.com\/boutique\/product\/pain-de-shampooing-arcanatura\/"},"modified":"2024-09-24T15:17:37","modified_gmt":"2024-09-24T13:17:37","slug":"pain-de-shampooing-arcanatura","status":"publish","type":"product","link":"https:\/\/www.vetorino.com\/veterinaire\/pierrebenite-69310\/boutique\/product\/pain-de-shampooing-arcanatura\/","title":{"rendered":"Pain de shampooing Chien"},"content":{"rendered":"<p><strong>Shampoing solide \u00e0 base d\u2019ingr\u00e9dients exclusivement d\u2019origine naturelle parfaitement adapt\u00e9 \u00e0 la physiologie tr\u00e8s sp\u00e9cifique de la peau du chien.<\/p>\n<p><\/strong><strong>Utilisation :<\/strong><\/p>\n<ul>\n<li>Hygi\u00e8ne cutan\u00e9e de routine du chien.<\/li>\n<\/ul>\n<p><strong>Avantages :<\/strong><\/p>\n<ul>\n<li>Lave efficacement, hydrate les couches superficielles de l\u2019\u00e9piderme et revitalise le poil.<\/li>\n<li>Convient particuli\u00e8rement pour les chiens \u00e0 poils courts qui vont tr\u00e8s souvent \u00e0 l\u2019ext\u00e9rieur (jardin, chasse \u2026).<\/li>\n<li>Le Pain de Shampooing Arcanatura est \u00e9conomique car son application uniforme vous permet de n\u2019utiliser que la quantit\u00e9 exacte dont vous avez besoin, sans risque d\u2019une bouteille renvers\u00e9e ou d\u2019un bouchon mal ferm\u00e9 compromettant l\u2019int\u00e9grit\u00e9 du produit.<\/li>\n<li>Radicalement \u00e9cologique, le Pain de Shampooing Arcanatura n\u2019a pas besoin de conservateurs.<\/li>\n<li>Ressources renouvelables, peu de toxicit\u00e9 \u00e9cologique, pas d\u2019\u00e9mission de CO2 dans l\u2019atmosph\u00e8re.<\/li>\n<\/ul>\n","protected":false},"excerpt":{"rendered":"<p>Shampoing solide \u00e0 base d\u2019ingr\u00e9dients exclusivement d\u2019origine naturelle parfaitement adapt\u00e9 \u00e0 la physiologie tr\u00e8s sp\u00e9cifique de la peau du chien.<\/p>\n","protected":false},"featured_media":1030736,"template":"","meta":[],"product_cat":[12612,12561,2698],"product_tag":[],"class_list":{"0":"post-36688","1":"product","2":"type-product","3":"status-publish","4":"has-post-thumbnail","6":"product_cat-hygiene-de-la-peau-et-du-pelage-du-chien","7":"product_cat-hygiene-du-chien","8":"product_cat-chien","9":"pa_marque-arcanatura","11":"first","12":"outofstock","13":"taxable","14":"shipping-taxable","15":"purchasable","16":"product-type-simple"},"yoast_head":"<!-- This site is optimized with the Yoast SEO plugin v27.3 - https:\/\/yoast.com\/product\/yoast-seo-wordpress\/ -->\n<title>Pain de shampooing Chien Arcanatura - V\u00e9torino<\/title>\n<meta name=\"description\" content=\"Shampoing solide \u00e0 base d\u2019ingr\u00e9dients exclusivement d\u2019origine naturelle parfaitement adapt\u00e9 \u00e0 la physiologie tr\u00e8s sp\u00e9cifique de la peau du chien.\" \/>\n<meta name=\"robots\" content=\"noindex, nofollow\" \/>\n<meta property=\"og:locale\" content=\"fr_FR\" \/>\n<meta property=\"og:type\" content=\"article\" \/>\n<meta property=\"og:title\" content=\"Pain de shampooing Chien Arcanatura - V\u00e9torino\" \/>\n<meta property=\"og:description\" content=\"Shampoing solide \u00e0 base d\u2019ingr\u00e9dients exclusivement d\u2019origine naturelle parfaitement adapt\u00e9 \u00e0 la physiologie tr\u00e8s sp\u00e9cifique de la peau du chien.\" \/>\n<meta property=\"og:url\" content=\"https:\/\/www.vetorino.com\/veterinaire\/pierrebenite-69310\/boutique\/product\/pain-de-shampooing-arcanatura\/\" \/>\n<meta property=\"og:site_name\" content=\"V\u00e9torino\" \/>\n<meta property=\"article:publisher\" content=\"https:\/\/www.facebook.com\/Vetorino\/\" \/>\n<meta property=\"article:modified_time\" content=\"2024-09-24T13:17:37+00:00\" \/>\n<meta property=\"og:image\" content=\"https:\/\/www.vetorino.com\/boutique\/wp-content\/uploads\/2020\/03\/pain-de-shampooing-arcanatura-138-g-12.jpg\" \/>\n\t<meta property=\"og:image:width\" content=\"800\" \/>\n\t<meta property=\"og:image:height\" content=\"800\" \/>\n\t<meta property=\"og:image:type\" content=\"image\/jpeg\" \/>\n<meta name=\"twitter:card\" content=\"summary_large_image\" \/>\n<meta name=\"twitter:label1\" content=\"Prix\" \/>\n\t<meta name=\"twitter:data1\" content=\"9,03&euro;\" \/>\n\t<meta name=\"twitter:label2\" content=\"Disponibilit\u00e9\" \/>\n\t<meta name=\"twitter:data2\" content=\"Rupture de stock\" \/>\n<script type=\"application\/ld+json\" class=\"yoast-schema-graph\">{\"@context\":\"https:\\\/\\\/schema.org\",\"@graph\":[{\"@type\":\"WebPage\",\"@id\":\"https:\\\/\\\/www.vetorino.com\\\/boutique\\\/product\\\/pain-de-shampooing-arcanatura\\\/\",\"url\":\"https:\\\/\\\/www.vetorino.com\\\/boutique\\\/product\\\/pain-de-shampooing-arcanatura\\\/\",\"name\":\"Pain de shampooing Chien Arcanatura - V\u00e9torino\",\"isPartOf\":{\"@id\":\"https:\\\/\\\/www.vetorino.com\\\/boutique\\\/#website\"},\"primaryImageOfPage\":{\"@id\":\"https:\\\/\\\/www.vetorino.com\\\/boutique\\\/product\\\/pain-de-shampooing-arcanatura\\\/#primaryimage\"},\"image\":{\"@id\":\"https:\\\/\\\/www.vetorino.com\\\/boutique\\\/product\\\/pain-de-shampooing-arcanatura\\\/#primaryimage\"},\"thumbnailUrl\":\"https:\\\/\\\/www.vetorino.com\\\/boutique\\\/wp-content\\\/uploads\\\/2020\\\/06\\\/pain-de-shampoing.webp\",\"datePublished\":\"2020-03-04T22:09:45+00:00\",\"dateModified\":\"2024-09-24T13:17:37+00:00\",\"description\":\"Shampoing solide \u00e0 base d\u2019ingr\u00e9dients exclusivement d\u2019origine naturelle parfaitement adapt\u00e9 \u00e0 la physiologie tr\u00e8s sp\u00e9cifique de la peau du chien.\",\"breadcrumb\":{\"@id\":\"https:\\\/\\\/www.vetorino.com\\\/boutique\\\/product\\\/pain-de-shampooing-arcanatura\\\/#breadcrumb\"},\"inLanguage\":\"fr-FR\",\"potentialAction\":[{\"@type\":\"ReadAction\",\"target\":[\"https:\\\/\\\/www.vetorino.com\\\/boutique\\\/product\\\/pain-de-shampooing-arcanatura\\\/\"]}]},{\"@type\":\"ImageObject\",\"inLanguage\":\"fr-FR\",\"@id\":\"https:\\\/\\\/www.vetorino.com\\\/boutique\\\/product\\\/pain-de-shampooing-arcanatura\\\/#primaryimage\",\"url\":\"https:\\\/\\\/www.vetorino.com\\\/boutique\\\/wp-content\\\/uploads\\\/2020\\\/06\\\/pain-de-shampoing.webp\",\"contentUrl\":\"https:\\\/\\\/www.vetorino.com\\\/boutique\\\/wp-content\\\/uploads\\\/2020\\\/06\\\/pain-de-shampoing.webp\",\"width\":458,\"height\":458},{\"@type\":\"BreadcrumbList\",\"@id\":\"https:\\\/\\\/www.vetorino.com\\\/boutique\\\/product\\\/pain-de-shampooing-arcanatura\\\/#breadcrumb\",\"itemListElement\":[{\"@type\":\"ListItem\",\"position\":1,\"name\":\"Accueil\",\"item\":\"https:\\\/\\\/www.vetorino.com\\\/boutique\\\/\"},{\"@type\":\"ListItem\",\"position\":2,\"name\":\"Produits\",\"item\":\"https:\\\/\\\/www.vetorino.com\\\/boutique\\\/\"},{\"@type\":\"ListItem\",\"position\":3,\"name\":\"Pain de shampooing Chien\"}]},{\"@type\":\"WebSite\",\"@id\":\"https:\\\/\\\/www.vetorino.com\\\/boutique\\\/#website\",\"url\":\"https:\\\/\\\/www.vetorino.com\\\/boutique\\\/\",\"name\":\"V\u00e9torino\",\"description\":\"\",\"publisher\":{\"@id\":\"https:\\\/\\\/www.vetorino.com\\\/boutique\\\/#organization\"},\"potentialAction\":[{\"@type\":\"SearchAction\",\"target\":{\"@type\":\"EntryPoint\",\"urlTemplate\":\"https:\\\/\\\/www.vetorino.com\\\/boutique\\\/?s={search_term_string}\"},\"query-input\":{\"@type\":\"PropertyValueSpecification\",\"valueRequired\":true,\"valueName\":\"search_term_string\"}}],\"inLanguage\":\"fr-FR\"},{\"@type\":\"Organization\",\"@id\":\"https:\\\/\\\/www.vetorino.com\\\/boutique\\\/#organization\",\"name\":\"V\u00e9torino\",\"url\":\"https:\\\/\\\/www.vetorino.com\\\/boutique\\\/\",\"logo\":{\"@type\":\"ImageObject\",\"inLanguage\":\"fr-FR\",\"@id\":\"https:\\\/\\\/www.vetorino.com\\\/boutique\\\/#\\\/schema\\\/logo\\\/image\\\/\",\"url\":\"https:\\\/\\\/www.vetorino.com\\\/boutique\\\/wp-content\\\/uploads\\\/2024\\\/10\\\/logo.jpg\",\"contentUrl\":\"https:\\\/\\\/www.vetorino.com\\\/boutique\\\/wp-content\\\/uploads\\\/2024\\\/10\\\/logo.jpg\",\"width\":1200,\"height\":610,\"caption\":\"V\u00e9torino\"},\"image\":{\"@id\":\"https:\\\/\\\/www.vetorino.com\\\/boutique\\\/#\\\/schema\\\/logo\\\/image\\\/\"},\"sameAs\":[\"https:\\\/\\\/www.facebook.com\\\/Vetorino\\\/\",\"https:\\\/\\\/www.instagram.com\\\/vetorino_off\\\/\",\"https:\\\/\\\/www.linkedin.com\\\/company\\\/vtorino\\\/\"]}]}<\/script>\n<meta property=\"product:brand\" content=\"Arcanatura\" \/>\n<meta property=\"product:price:amount\" content=\"9.03\" \/>\n<meta property=\"product:price:currency\" content=\"EUR\" \/>\n<meta property=\"og:availability\" content=\"out of stock\" \/>\n<meta property=\"product:availability\" content=\"out of stock\" \/>\n<meta property=\"product:retailer_item_id\" content=\"A-9622045\" \/>\n<meta property=\"product:condition\" content=\"new\" \/>\n<!-- \/ Yoast SEO plugin. -->","yoast_head_json":{"title":"Pain de shampooing Chien Arcanatura - V\u00e9torino","description":"Shampoing solide \u00e0 base d\u2019ingr\u00e9dients exclusivement d\u2019origine naturelle parfaitement adapt\u00e9 \u00e0 la physiologie tr\u00e8s sp\u00e9cifique de la peau du chien.","robots":{"index":"noindex","follow":"nofollow"},"og_locale":"fr_FR","og_type":"article","og_title":"Pain de shampooing Chien Arcanatura - V\u00e9torino","og_description":"Shampoing solide \u00e0 base d\u2019ingr\u00e9dients exclusivement d\u2019origine naturelle parfaitement adapt\u00e9 \u00e0 la physiologie tr\u00e8s sp\u00e9cifique de la peau du chien.","og_url":"https:\/\/www.vetorino.com\/veterinaire\/pierrebenite-69310\/boutique\/product\/pain-de-shampooing-arcanatura\/","og_site_name":"V\u00e9torino","article_publisher":"https:\/\/www.facebook.com\/Vetorino\/","article_modified_time":"2024-09-24T13:17:37+00:00","og_image":[{"width":800,"height":800,"url":"https:\/\/www.vetorino.com\/boutique\/wp-content\/uploads\/2020\/03\/pain-de-shampooing-arcanatura-138-g-12.jpg","type":"image\/jpeg"}],"twitter_card":"summary_large_image","twitter_misc":{"Prix":"9,03&euro;","Disponibilit\u00e9":"Rupture de stock"},"schema":{"@context":"https:\/\/schema.org","@graph":[{"@type":"WebPage","@id":"https:\/\/www.vetorino.com\/boutique\/product\/pain-de-shampooing-arcanatura\/","url":"https:\/\/www.vetorino.com\/boutique\/product\/pain-de-shampooing-arcanatura\/","name":"Pain de shampooing Chien Arcanatura - V\u00e9torino","isPartOf":{"@id":"https:\/\/www.vetorino.com\/boutique\/#website"},"primaryImageOfPage":{"@id":"https:\/\/www.vetorino.com\/boutique\/product\/pain-de-shampooing-arcanatura\/#primaryimage"},"image":{"@id":"https:\/\/www.vetorino.com\/boutique\/product\/pain-de-shampooing-arcanatura\/#primaryimage"},"thumbnailUrl":"https:\/\/www.vetorino.com\/boutique\/wp-content\/uploads\/2020\/06\/pain-de-shampoing.webp","datePublished":"2020-03-04T22:09:45+00:00","dateModified":"2024-09-24T13:17:37+00:00","description":"Shampoing solide \u00e0 base d\u2019ingr\u00e9dients exclusivement d\u2019origine naturelle parfaitement adapt\u00e9 \u00e0 la physiologie tr\u00e8s sp\u00e9cifique de la peau du chien.","breadcrumb":{"@id":"https:\/\/www.vetorino.com\/boutique\/product\/pain-de-shampooing-arcanatura\/#breadcrumb"},"inLanguage":"fr-FR","potentialAction":[{"@type":"ReadAction","target":["https:\/\/www.vetorino.com\/boutique\/product\/pain-de-shampooing-arcanatura\/"]}]},{"@type":"ImageObject","inLanguage":"fr-FR","@id":"https:\/\/www.vetorino.com\/boutique\/product\/pain-de-shampooing-arcanatura\/#primaryimage","url":"https:\/\/www.vetorino.com\/boutique\/wp-content\/uploads\/2020\/06\/pain-de-shampoing.webp","contentUrl":"https:\/\/www.vetorino.com\/boutique\/wp-content\/uploads\/2020\/06\/pain-de-shampoing.webp","width":458,"height":458},{"@type":"BreadcrumbList","@id":"https:\/\/www.vetorino.com\/boutique\/product\/pain-de-shampooing-arcanatura\/#breadcrumb","itemListElement":[{"@type":"ListItem","position":1,"name":"Accueil","item":"https:\/\/www.vetorino.com\/boutique\/"},{"@type":"ListItem","position":2,"name":"Produits","item":"https:\/\/www.vetorino.com\/boutique\/"},{"@type":"ListItem","position":3,"name":"Pain de shampooing Chien"}]},{"@type":"WebSite","@id":"https:\/\/www.vetorino.com\/boutique\/#website","url":"https:\/\/www.vetorino.com\/boutique\/","name":"V\u00e9torino","description":"","publisher":{"@id":"https:\/\/www.vetorino.com\/boutique\/#organization"},"potentialAction":[{"@type":"SearchAction","target":{"@type":"EntryPoint","urlTemplate":"https:\/\/www.vetorino.com\/boutique\/?s={search_term_string}"},"query-input":{"@type":"PropertyValueSpecification","valueRequired":true,"valueName":"search_term_string"}}],"inLanguage":"fr-FR"},{"@type":"Organization","@id":"https:\/\/www.vetorino.com\/boutique\/#organization","name":"V\u00e9torino","url":"https:\/\/www.vetorino.com\/boutique\/","logo":{"@type":"ImageObject","inLanguage":"fr-FR","@id":"https:\/\/www.vetorino.com\/boutique\/#\/schema\/logo\/image\/","url":"https:\/\/www.vetorino.com\/boutique\/wp-content\/uploads\/2024\/10\/logo.jpg","contentUrl":"https:\/\/www.vetorino.com\/boutique\/wp-content\/uploads\/2024\/10\/logo.jpg","width":1200,"height":610,"caption":"V\u00e9torino"},"image":{"@id":"https:\/\/www.vetorino.com\/boutique\/#\/schema\/logo\/image\/"},"sameAs":["https:\/\/www.facebook.com\/Vetorino\/","https:\/\/www.instagram.com\/vetorino_off\/","https:\/\/www.linkedin.com\/company\/vtorino\/"]}]},"product_brand":"Arcanatura","product_price_amount":"9.03","product_price_currency":"EUR","og_availability":"out of stock","product_availability":"out of stock","product_retailer_item_id":"A-9622045","product_condition":"new"},"_links":{"self":[{"href":"https:\/\/www.vetorino.com\/veterinaire\/pierrebenite-69310\/boutique\/wp-json\/wp\/v2\/product\/36688","targetHints":{"allow":["GET"]}}],"collection":[{"href":"https:\/\/www.vetorino.com\/veterinaire\/pierrebenite-69310\/boutique\/wp-json\/wp\/v2\/product"}],"about":[{"href":"https:\/\/www.vetorino.com\/veterinaire\/pierrebenite-69310\/boutique\/wp-json\/wp\/v2\/types\/product"}],"wp:featuredmedia":[{"embeddable":true,"href":"https:\/\/www.vetorino.com\/veterinaire\/pierrebenite-69310\/boutique\/wp-json\/wp\/v2\/media\/1030736"}],"wp:attachment":[{"href":"https:\/\/www.vetorino.com\/veterinaire\/pierrebenite-69310\/boutique\/wp-json\/wp\/v2\/media?parent=36688"}],"wp:term":[{"taxonomy":"product_cat","embeddable":true,"href":"https:\/\/www.vetorino.com\/veterinaire\/pierrebenite-69310\/boutique\/wp-json\/wp\/v2\/product_cat?post=36688"},{"taxonomy":"product_tag","embeddable":true,"href":"https:\/\/www.vetorino.com\/veterinaire\/pierrebenite-69310\/boutique\/wp-json\/wp\/v2\/product_tag?post=36688"}],"curies":[{"name":"wp","href":"https:\/\/api.w.org\/{rel}","templated":true}]}}