{"id":1013694,"date":"2024-09-06T10:10:00","date_gmt":"2024-09-06T08:10:00","guid":{"rendered":"https:\/\/www.vetorino.com\/boutique\/product\/movoflex-chat\/"},"modified":"2024-09-06T10:28:41","modified_gmt":"2024-09-06T08:28:41","slug":"movoflex-chat","status":"publish","type":"product","link":"https:\/\/www.vetorino.com\/veterinaire\/plouzevede-29440\/boutique\/product\/movoflex-chat\/","title":{"rendered":"Movoflex Chat"},"content":{"rendered":"<div class=\"content\">\n<div class=\"block-title\">\n<p class=\"block-title\"><strong>Aliment compl\u00e9mentaire pour les articulations du chat Movoflex<\/strong><\/p>\n<div class=\"group wysiwyg\">\n<p class=\"content-title\">Soutien de la mobilit\u00e9 et du confort articulaire<\/p>\n<\/div>\n<p><strong>Comment savoir si mon chat doit prendre des bouch\u00e9es Movoflex<sup>\u00ae<\/sup>\u00a0?<\/strong><\/div>\n<div class=\"group wysiwyg\">\n<ul>\n<li>Mon v\u00e9t\u00e9rinaire l\u2019a recommand\u00e9<\/li>\n<li>Je veux pr\u00e9server les articulations de mon chat<\/li>\n<li>Mon chat a des troubles\u00a0articulaires<\/li>\n<li>Mon chat est tr\u00e8s actif \u00e0 l\u2019ext\u00e9rieur<\/li>\n<li>La race de mon chat est pr\u00e9dispos\u00e9e<\/li>\n<li>Mon chat est en surpoids<\/li>\n<li>Mon chat est \u00e2g\u00e9 ( entre 8 et 10 ans)<\/li>\n<li>Mon chat se toilette moins, qu&#8217;il a des poils ternes, n\u0153uds etc.<\/li>\n<li>Mon chat monte ou descend ler plus difficilement les marches\/escaliers<\/li>\n<li>Mon chat dort plus<\/li>\n<li>Mon chat use moins les griffes<\/li>\n<\/ul>\n<\/div>\n<\/div>\n","protected":false},"excerpt":{"rendered":"<p>Les bouch\u00e9es <strong>Movoflex<\/strong><sup>\u00ae<\/sup> contribuent \u00e0 <strong>soutenir<\/strong> la mobilit\u00e9, la <strong>sant\u00e9<\/strong> <strong>articulaire<\/strong>, la structure et la flexibilit\u00e9 du chat, \u00e0 tous les stades de sa vie.\u00a0Avec seulement une d\u00e9licieuse bouch\u00e9e par jour, les propri\u00e9taires constatent une am\u00e9lioration de la mobilit\u00e9 en 7 jours seulement<sup>1<\/sup> !<\/p>\n","protected":false},"featured_media":1013708,"template":"","meta":[],"product_cat":[12551,2730,2697,12632],"product_tag":[],"class_list":{"0":"post-1013694","1":"product","2":"type-product","3":"status-publish","4":"has-post-thumbnail","6":"product_cat-alimentation-du-chat","7":"product_cat-aliments-complementaires-pour-chat","8":"product_cat-chat","9":"product_cat-soutien-articulaire-du-chat","10":"pa_marque-virbac","12":"first","13":"instock","14":"taxable","15":"shipping-taxable","16":"purchasable","17":"product-type-simple"},"yoast_head":"<!-- This site is optimized with the Yoast SEO plugin v27.3 - https:\/\/yoast.com\/product\/yoast-seo-wordpress\/ -->\n<title>Movoflex Chat Virbac - V\u00e9torino<\/title>\n<meta name=\"description\" content=\"Les bouch\u00e9es Movoflex\u00ae contribuent \u00e0 soutenir la mobilit\u00e9, la sant\u00e9 articulaire, la structure et la flexibilit\u00e9 du chat, \u00e0 tous les stades de sa vie.\u00a0Avec seulement une d\u00e9licieuse bouch\u00e9e par jour, les propri\u00e9taires constatent une am\u00e9lioration de la mobilit\u00e9 en 7 jours seulement1 !\" \/>\n<meta name=\"robots\" content=\"noindex, nofollow\" \/>\n<meta property=\"og:locale\" content=\"fr_FR\" \/>\n<meta property=\"og:type\" content=\"article\" \/>\n<meta property=\"og:title\" content=\"Movoflex Chat Virbac - V\u00e9torino\" \/>\n<meta property=\"og:description\" content=\"Les bouch\u00e9es Movoflex\u00ae contribuent \u00e0 soutenir la mobilit\u00e9, la sant\u00e9 articulaire, la structure et la flexibilit\u00e9 du chat, \u00e0 tous les stades de sa vie.\u00a0Avec seulement une d\u00e9licieuse bouch\u00e9e par jour, les propri\u00e9taires constatent une am\u00e9lioration de la mobilit\u00e9 en 7 jours seulement1 !\" \/>\n<meta property=\"og:url\" content=\"https:\/\/www.vetorino.com\/veterinaire\/plouzevede-29440\/boutique\/product\/movoflex-chat\/\" \/>\n<meta property=\"og:site_name\" content=\"V\u00e9torino\" \/>\n<meta property=\"article:publisher\" content=\"https:\/\/www.facebook.com\/Vetorino\/\" \/>\n<meta property=\"article:modified_time\" content=\"2024-09-06T08:28:41+00:00\" \/>\n<meta property=\"og:image\" content=\"https:\/\/www.vetorino.com\/boutique\/wp-content\/uploads\/2024\/09\/400503_Packshot_Movoflex_x30_face.png\" \/>\n\t<meta property=\"og:image:width\" content=\"2000\" \/>\n\t<meta property=\"og:image:height\" content=\"2000\" \/>\n\t<meta property=\"og:image:type\" content=\"image\/png\" \/>\n<meta name=\"twitter:card\" content=\"summary_large_image\" \/>\n<meta name=\"twitter:label1\" content=\"Prix\" \/>\n\t<meta name=\"twitter:data1\" content=\"30,03&euro;\" \/>\n\t<meta name=\"twitter:label2\" content=\"Disponibilit\u00e9\" \/>\n\t<meta name=\"twitter:data2\" content=\"En stock\" \/>\n<script type=\"application\/ld+json\" class=\"yoast-schema-graph\">{\"@context\":\"https:\\\/\\\/schema.org\",\"@graph\":[{\"@type\":\"WebPage\",\"@id\":\"https:\\\/\\\/www.vetorino.com\\\/veterinaire\\\/pontarlier-25300\\\/boutique\\\/product\\\/movoflex-chat\\\/\",\"url\":\"https:\\\/\\\/www.vetorino.com\\\/veterinaire\\\/pontarlier-25300\\\/boutique\\\/product\\\/movoflex-chat\\\/\",\"name\":\"Movoflex Chat Virbac - V\u00e9torino\",\"isPartOf\":{\"@id\":\"https:\\\/\\\/www.vetorino.com\\\/boutique\\\/#website\"},\"primaryImageOfPage\":{\"@id\":\"https:\\\/\\\/www.vetorino.com\\\/veterinaire\\\/pontarlier-25300\\\/boutique\\\/product\\\/movoflex-chat\\\/#primaryimage\"},\"image\":{\"@id\":\"https:\\\/\\\/www.vetorino.com\\\/veterinaire\\\/pontarlier-25300\\\/boutique\\\/product\\\/movoflex-chat\\\/#primaryimage\"},\"thumbnailUrl\":\"https:\\\/\\\/www.vetorino.com\\\/boutique\\\/wp-content\\\/uploads\\\/2024\\\/09\\\/400503_Packshot_Movoflex_x30_face.png\",\"datePublished\":\"2024-09-06T08:10:00+00:00\",\"dateModified\":\"2024-09-06T08:28:41+00:00\",\"description\":\"Les bouch\u00e9es Movoflex\u00ae contribuent \u00e0 soutenir la mobilit\u00e9, la sant\u00e9 articulaire, la structure et la flexibilit\u00e9 du chat, \u00e0 tous les stades de sa vie.\u00a0Avec seulement une d\u00e9licieuse bouch\u00e9e par jour, les propri\u00e9taires constatent une am\u00e9lioration de la mobilit\u00e9 en 7 jours seulement1 !\",\"breadcrumb\":{\"@id\":\"https:\\\/\\\/www.vetorino.com\\\/veterinaire\\\/pontarlier-25300\\\/boutique\\\/product\\\/movoflex-chat\\\/#breadcrumb\"},\"inLanguage\":\"fr-FR\",\"potentialAction\":[{\"@type\":\"ReadAction\",\"target\":[\"https:\\\/\\\/www.vetorino.com\\\/veterinaire\\\/pontarlier-25300\\\/boutique\\\/product\\\/movoflex-chat\\\/\"]}]},{\"@type\":\"ImageObject\",\"inLanguage\":\"fr-FR\",\"@id\":\"https:\\\/\\\/www.vetorino.com\\\/veterinaire\\\/pontarlier-25300\\\/boutique\\\/product\\\/movoflex-chat\\\/#primaryimage\",\"url\":\"https:\\\/\\\/www.vetorino.com\\\/boutique\\\/wp-content\\\/uploads\\\/2024\\\/09\\\/400503_Packshot_Movoflex_x30_face.png\",\"contentUrl\":\"https:\\\/\\\/www.vetorino.com\\\/boutique\\\/wp-content\\\/uploads\\\/2024\\\/09\\\/400503_Packshot_Movoflex_x30_face.png\",\"width\":2000,\"height\":2000},{\"@type\":\"BreadcrumbList\",\"@id\":\"https:\\\/\\\/www.vetorino.com\\\/veterinaire\\\/pontarlier-25300\\\/boutique\\\/product\\\/movoflex-chat\\\/#breadcrumb\",\"itemListElement\":[{\"@type\":\"ListItem\",\"position\":1,\"name\":\"Accueil\",\"item\":\"https:\\\/\\\/www.vetorino.com\\\/boutique\\\/\"},{\"@type\":\"ListItem\",\"position\":2,\"name\":\"Produits\",\"item\":\"https:\\\/\\\/www.vetorino.com\\\/boutique\\\/\"},{\"@type\":\"ListItem\",\"position\":3,\"name\":\"Movoflex Chat\"}]},{\"@type\":\"WebSite\",\"@id\":\"https:\\\/\\\/www.vetorino.com\\\/boutique\\\/#website\",\"url\":\"https:\\\/\\\/www.vetorino.com\\\/boutique\\\/\",\"name\":\"V\u00e9torino\",\"description\":\"\",\"publisher\":{\"@id\":\"https:\\\/\\\/www.vetorino.com\\\/boutique\\\/#organization\"},\"potentialAction\":[{\"@type\":\"SearchAction\",\"target\":{\"@type\":\"EntryPoint\",\"urlTemplate\":\"https:\\\/\\\/www.vetorino.com\\\/boutique\\\/?s={search_term_string}\"},\"query-input\":{\"@type\":\"PropertyValueSpecification\",\"valueRequired\":true,\"valueName\":\"search_term_string\"}}],\"inLanguage\":\"fr-FR\"},{\"@type\":\"Organization\",\"@id\":\"https:\\\/\\\/www.vetorino.com\\\/boutique\\\/#organization\",\"name\":\"V\u00e9torino\",\"url\":\"https:\\\/\\\/www.vetorino.com\\\/boutique\\\/\",\"logo\":{\"@type\":\"ImageObject\",\"inLanguage\":\"fr-FR\",\"@id\":\"https:\\\/\\\/www.vetorino.com\\\/boutique\\\/#\\\/schema\\\/logo\\\/image\\\/\",\"url\":\"https:\\\/\\\/www.vetorino.com\\\/boutique\\\/wp-content\\\/uploads\\\/2024\\\/10\\\/logo.jpg\",\"contentUrl\":\"https:\\\/\\\/www.vetorino.com\\\/boutique\\\/wp-content\\\/uploads\\\/2024\\\/10\\\/logo.jpg\",\"width\":1200,\"height\":610,\"caption\":\"V\u00e9torino\"},\"image\":{\"@id\":\"https:\\\/\\\/www.vetorino.com\\\/boutique\\\/#\\\/schema\\\/logo\\\/image\\\/\"},\"sameAs\":[\"https:\\\/\\\/www.facebook.com\\\/Vetorino\\\/\",\"https:\\\/\\\/www.instagram.com\\\/vetorino_off\\\/\",\"https:\\\/\\\/www.linkedin.com\\\/company\\\/vtorino\\\/\"]}]}<\/script>\n<meta property=\"product:brand\" content=\"Virbac\" \/>\n<meta property=\"product:price:amount\" content=\"30.03\" \/>\n<meta property=\"product:price:currency\" content=\"EUR\" \/>\n<meta property=\"og:availability\" content=\"instock\" \/>\n<meta property=\"product:availability\" content=\"instock\" \/>\n<meta property=\"product:retailer_item_id\" content=\"A-1887390\" \/>\n<meta property=\"product:condition\" content=\"new\" \/>\n<!-- \/ Yoast SEO plugin. -->","yoast_head_json":{"title":"Movoflex Chat Virbac - V\u00e9torino","description":"Les bouch\u00e9es Movoflex\u00ae contribuent \u00e0 soutenir la mobilit\u00e9, la sant\u00e9 articulaire, la structure et la flexibilit\u00e9 du chat, \u00e0 tous les stades de sa vie.\u00a0Avec seulement une d\u00e9licieuse bouch\u00e9e par jour, les propri\u00e9taires constatent une am\u00e9lioration de la mobilit\u00e9 en 7 jours seulement1 !","robots":{"index":"noindex","follow":"nofollow"},"og_locale":"fr_FR","og_type":"article","og_title":"Movoflex Chat Virbac - V\u00e9torino","og_description":"Les bouch\u00e9es Movoflex\u00ae contribuent \u00e0 soutenir la mobilit\u00e9, la sant\u00e9 articulaire, la structure et la flexibilit\u00e9 du chat, \u00e0 tous les stades de sa vie.\u00a0Avec seulement une d\u00e9licieuse bouch\u00e9e par jour, les propri\u00e9taires constatent une am\u00e9lioration de la mobilit\u00e9 en 7 jours seulement1 !","og_url":"https:\/\/www.vetorino.com\/veterinaire\/plouzevede-29440\/boutique\/product\/movoflex-chat\/","og_site_name":"V\u00e9torino","article_publisher":"https:\/\/www.facebook.com\/Vetorino\/","article_modified_time":"2024-09-06T08:28:41+00:00","og_image":[{"width":2000,"height":2000,"url":"https:\/\/www.vetorino.com\/boutique\/wp-content\/uploads\/2024\/09\/400503_Packshot_Movoflex_x30_face.png","type":"image\/png"}],"twitter_card":"summary_large_image","twitter_misc":{"Prix":"30,03&euro;","Disponibilit\u00e9":"En stock"},"schema":{"@context":"https:\/\/schema.org","@graph":[{"@type":"WebPage","@id":"https:\/\/www.vetorino.com\/veterinaire\/pontarlier-25300\/boutique\/product\/movoflex-chat\/","url":"https:\/\/www.vetorino.com\/veterinaire\/pontarlier-25300\/boutique\/product\/movoflex-chat\/","name":"Movoflex Chat Virbac - V\u00e9torino","isPartOf":{"@id":"https:\/\/www.vetorino.com\/boutique\/#website"},"primaryImageOfPage":{"@id":"https:\/\/www.vetorino.com\/veterinaire\/pontarlier-25300\/boutique\/product\/movoflex-chat\/#primaryimage"},"image":{"@id":"https:\/\/www.vetorino.com\/veterinaire\/pontarlier-25300\/boutique\/product\/movoflex-chat\/#primaryimage"},"thumbnailUrl":"https:\/\/www.vetorino.com\/boutique\/wp-content\/uploads\/2024\/09\/400503_Packshot_Movoflex_x30_face.png","datePublished":"2024-09-06T08:10:00+00:00","dateModified":"2024-09-06T08:28:41+00:00","description":"Les bouch\u00e9es Movoflex\u00ae contribuent \u00e0 soutenir la mobilit\u00e9, la sant\u00e9 articulaire, la structure et la flexibilit\u00e9 du chat, \u00e0 tous les stades de sa vie.\u00a0Avec seulement une d\u00e9licieuse bouch\u00e9e par jour, les propri\u00e9taires constatent une am\u00e9lioration de la mobilit\u00e9 en 7 jours seulement1 !","breadcrumb":{"@id":"https:\/\/www.vetorino.com\/veterinaire\/pontarlier-25300\/boutique\/product\/movoflex-chat\/#breadcrumb"},"inLanguage":"fr-FR","potentialAction":[{"@type":"ReadAction","target":["https:\/\/www.vetorino.com\/veterinaire\/pontarlier-25300\/boutique\/product\/movoflex-chat\/"]}]},{"@type":"ImageObject","inLanguage":"fr-FR","@id":"https:\/\/www.vetorino.com\/veterinaire\/pontarlier-25300\/boutique\/product\/movoflex-chat\/#primaryimage","url":"https:\/\/www.vetorino.com\/boutique\/wp-content\/uploads\/2024\/09\/400503_Packshot_Movoflex_x30_face.png","contentUrl":"https:\/\/www.vetorino.com\/boutique\/wp-content\/uploads\/2024\/09\/400503_Packshot_Movoflex_x30_face.png","width":2000,"height":2000},{"@type":"BreadcrumbList","@id":"https:\/\/www.vetorino.com\/veterinaire\/pontarlier-25300\/boutique\/product\/movoflex-chat\/#breadcrumb","itemListElement":[{"@type":"ListItem","position":1,"name":"Accueil","item":"https:\/\/www.vetorino.com\/boutique\/"},{"@type":"ListItem","position":2,"name":"Produits","item":"https:\/\/www.vetorino.com\/boutique\/"},{"@type":"ListItem","position":3,"name":"Movoflex Chat"}]},{"@type":"WebSite","@id":"https:\/\/www.vetorino.com\/boutique\/#website","url":"https:\/\/www.vetorino.com\/boutique\/","name":"V\u00e9torino","description":"","publisher":{"@id":"https:\/\/www.vetorino.com\/boutique\/#organization"},"potentialAction":[{"@type":"SearchAction","target":{"@type":"EntryPoint","urlTemplate":"https:\/\/www.vetorino.com\/boutique\/?s={search_term_string}"},"query-input":{"@type":"PropertyValueSpecification","valueRequired":true,"valueName":"search_term_string"}}],"inLanguage":"fr-FR"},{"@type":"Organization","@id":"https:\/\/www.vetorino.com\/boutique\/#organization","name":"V\u00e9torino","url":"https:\/\/www.vetorino.com\/boutique\/","logo":{"@type":"ImageObject","inLanguage":"fr-FR","@id":"https:\/\/www.vetorino.com\/boutique\/#\/schema\/logo\/image\/","url":"https:\/\/www.vetorino.com\/boutique\/wp-content\/uploads\/2024\/10\/logo.jpg","contentUrl":"https:\/\/www.vetorino.com\/boutique\/wp-content\/uploads\/2024\/10\/logo.jpg","width":1200,"height":610,"caption":"V\u00e9torino"},"image":{"@id":"https:\/\/www.vetorino.com\/boutique\/#\/schema\/logo\/image\/"},"sameAs":["https:\/\/www.facebook.com\/Vetorino\/","https:\/\/www.instagram.com\/vetorino_off\/","https:\/\/www.linkedin.com\/company\/vtorino\/"]}]},"product_brand":"Virbac","product_price_amount":"30.03","product_price_currency":"EUR","og_availability":"instock","product_availability":"instock","product_retailer_item_id":"A-1887390","product_condition":"new"},"_links":{"self":[{"href":"https:\/\/www.vetorino.com\/veterinaire\/plouzevede-29440\/boutique\/wp-json\/wp\/v2\/product\/1013694","targetHints":{"allow":["GET"]}}],"collection":[{"href":"https:\/\/www.vetorino.com\/veterinaire\/plouzevede-29440\/boutique\/wp-json\/wp\/v2\/product"}],"about":[{"href":"https:\/\/www.vetorino.com\/veterinaire\/plouzevede-29440\/boutique\/wp-json\/wp\/v2\/types\/product"}],"wp:featuredmedia":[{"embeddable":true,"href":"https:\/\/www.vetorino.com\/veterinaire\/plouzevede-29440\/boutique\/wp-json\/wp\/v2\/media\/1013708"}],"wp:attachment":[{"href":"https:\/\/www.vetorino.com\/veterinaire\/plouzevede-29440\/boutique\/wp-json\/wp\/v2\/media?parent=1013694"}],"wp:term":[{"taxonomy":"product_cat","embeddable":true,"href":"https:\/\/www.vetorino.com\/veterinaire\/plouzevede-29440\/boutique\/wp-json\/wp\/v2\/product_cat?post=1013694"},{"taxonomy":"product_tag","embeddable":true,"href":"https:\/\/www.vetorino.com\/veterinaire\/plouzevede-29440\/boutique\/wp-json\/wp\/v2\/product_tag?post=1013694"}],"curies":[{"name":"wp","href":"https:\/\/api.w.org\/{rel}","templated":true}]}}