{"id":132633,"date":"2020-11-27T04:37:57","date_gmt":"2020-11-27T03:37:57","guid":{"rendered":"https:\/\/www.vetorino.com\/boutique\/product\/tonivet-chat-adulte-poulet\/"},"modified":"2025-05-14T10:11:23","modified_gmt":"2025-05-14T08:11:23","slug":"tonivet-chat-adulte-poulet","status":"publish","type":"product","link":"https:\/\/www.vetorino.com\/veterinaire\/plouzevede-29440\/boutique\/product\/tonivet-chat-adulte-poulet\/","title":{"rendered":"Chat Adulte St\u00e9rilis\u00e9 Poulet"},"content":{"rendered":"<p><strong>TONIVET CHAT ADULTE ST\u00c9RILIS\u00c9, riche en poulet, est un aliment hautement digestible, favorisant un pelage sain et brillant, gr\u00e2ce \u00e0 son complexe de levure de bi\u00e8re, de graines de chia et d\u2019acides amin\u00e9s soufr\u00e9s. Il favorise la bonne sant\u00e9 des voies urinaires (pH et apport min\u00e9ral contr\u00f4l\u00e9). Il participe au soutien articulaire et \u00e0 l\u2019hygi\u00e8ne dentaire. Convient au chat non st\u00e9rilis\u00e9 et st\u00e9rilis\u00e9.<\/strong><\/p>\n<p><strong>Taille de la croquette : 8 mm\u00a0<\/strong><\/p>\n<p><strong>1.\u00a0 Poids optimal\u00a0<\/strong><br \/>\nFormule adapt\u00e9e aux besoins du chat st\u00e9rilis\u00e9 gr\u00e2ce au maintien de la masse musculaire (apport en prot\u00e9ines) et \u00e0 une teneur en fibres alimentaires ad\u00e9quate pour un effet de sati\u00e9t\u00e9 augment\u00e9. Une densit\u00e9 \u00e9nerg\u00e9tique diminu\u00e9e et un ratio protido-calorique maitris\u00e9 pr\u00e9viendront la prise de poids.<\/p>\n<p><strong>2.Confort urinaire\u00a0<\/strong><br \/>\nAliment formul\u00e9 pour soutenir l\u2019appareil urinaire gr\u00e2ce \u00e0 l\u2019incorporation d\u2019acidifiant urinaire et au contr\u00f4le du pH urinaire. L\u2019ajout de ch\u00e9lateurs de phosphore, de calcium ainsi que la maitrise des teneurs min\u00e9rales aideront l\u2019appareil urinaire \u00e0 lutter contre l\u2019apparition de calculs.<\/p>\n<p><strong>3. Beaut\u00e9 de la peau et du pelage\u00a0<\/strong><br \/>\nFormule nutritionnelle enrichie en huile d\u2019anchois et de sardines sauvages, poissons s\u00e9lectionn\u00e9s pour leur teneur accrue en acides gras essentiels Om\u00e9ga 3 (EPA, DHA). La graisse de canard, quant \u00e0 elle, procure l\u2019apport n\u00e9cessaire en acides gras Om\u00e9ga 6 (LA, GLA) permettant ainsi un ratio Om\u00e9ga 3\/6 optimal.<br \/>\nLa concentration importante en prot\u00e9ines d\u2019origine animale et notamment en acides amin\u00e9s soufr\u00e9s et aromatiques agira directement sur la r\u00e9g\u00e9n\u00e9ration de la k\u00e9ratine et le soutien de la pigmentation du poil.<br \/>\nRiche en vitamines du groupe B, la levure de bi\u00e8re favorisera la brillance du poil.<\/p>\n<p><strong>4. Soutien articulaire et musculaire\u00a0<\/strong><br \/>\nUne teneur optimale en chondroprotecteurs de type glucosamine et chondro\u00eftine pour contribuer au maintien du cartilage articulaire et donc \u00e0 une bonne fonction motrice. Une huile de poisson concentr\u00e9e en Om\u00e9ga 3 aidera \u00e9galement \u00e0 pr\u00e9server la bonne sant\u00e9 des articulations.<br \/>\nGr\u00e2ce \u00e0 la teneur \u00e9lev\u00e9e en prot\u00e9ines animales, les muscles re\u00e7oivent le soutien n\u00e9cessaire pour rester toniques et efficaces.<\/p>\n<p><strong>5. Immunit\u00e9 digestive\u00a0<\/strong><br \/>\nIngr\u00e9dients s\u00e9lectionn\u00e9s pour leur haute tol\u00e9rance digestive assurant une absorption optimale des nutriments.<br \/>\nIncorporation de pr\u00e9biotiques de type levure de bi\u00e8re, parois de levures (\u00df-glucanes &amp; MOS) et inuline de chicor\u00e9e (FOS) afin de renforcer le syst\u00e8me immunitaire et l\u2019int\u00e9grit\u00e9 intestinale.<\/p>\n","protected":false},"excerpt":{"rendered":"<p><strong>TONIVET CHAT ADULTE ST\u00c9RILIS\u00c9, riche en poulet, est un aliment hautement digestible, favorisant un pelage sain et brillant, gr\u00e2ce \u00e0 son complexe de levure de bi\u00e8re, de graines de chia et d\u2019acides amin\u00e9s soufr\u00e9s. Il favorise la bonne sant\u00e9 des voies urinaires (pH et apport min\u00e9ral contr\u00f4l\u00e9). Il participe au soutien articulaire et \u00e0 l\u2019hygi\u00e8ne dentaire. Convient au chat non st\u00e9rilis\u00e9 et st\u00e9rilis\u00e9.<\/strong><\/p>\n<p><strong>Utilisation :<\/strong><\/p>\n<ul>\n<li>Chat \u00e0 partir de 1 an<\/li>\n<li>St\u00e9rilis\u00e9<\/li>\n<\/ul>\n","protected":false},"featured_media":1293839,"template":"","meta":[],"product_cat":[12551,12583,2697],"product_tag":[],"class_list":{"0":"post-132633","1":"product","2":"type-product","3":"status-publish","4":"has-post-thumbnail","6":"product_cat-alimentation-du-chat","7":"product_cat-alimentation-premium-pour-chat","8":"product_cat-chat","9":"pa_marque-tonivet","11":"first","12":"instock","13":"taxable","14":"shipping-taxable","15":"purchasable","16":"product-type-variable"},"yoast_head":"<!-- This site is optimized with the Yoast SEO plugin v27.3 - https:\/\/yoast.com\/product\/yoast-seo-wordpress\/ -->\n<title>Chat Adulte St\u00e9rilis\u00e9 Poulet Tonivet - V\u00e9torino<\/title>\n<meta name=\"description\" content=\"TONIVET CHAT ADULTE ST\u00c9RILIS\u00c9, riche en poulet, est un aliment hautement digestible, favorisant un pelage sain et brillant, gr\u00e2ce \u00e0 son complexe de levure de bi\u00e8re, de graines de chia et d\u2019acides amin\u00e9s soufr\u00e9s. Il favorise la bonne sant\u00e9 des voies urinaires (pH et apport min\u00e9ral contr\u00f4l\u00e9). Il participe au soutien articulaire et \u00e0 l\u2019hygi\u00e8ne dentaire. Convient au chat non st\u00e9rilis\u00e9 et st\u00e9rilis\u00e9.  Utilisation :   Chat \u00e0 partir de 1 an  St\u00e9rilis\u00e9\" \/>\n<meta name=\"robots\" content=\"noindex, nofollow\" \/>\n<meta property=\"og:locale\" content=\"fr_FR\" \/>\n<meta property=\"og:type\" content=\"article\" \/>\n<meta property=\"og:title\" content=\"Chat Adulte St\u00e9rilis\u00e9 Poulet Tonivet - V\u00e9torino\" \/>\n<meta property=\"og:description\" content=\"TONIVET CHAT ADULTE ST\u00c9RILIS\u00c9, riche en poulet, est un aliment hautement digestible, favorisant un pelage sain et brillant, gr\u00e2ce \u00e0 son complexe de levure de bi\u00e8re, de graines de chia et d\u2019acides amin\u00e9s soufr\u00e9s. Il favorise la bonne sant\u00e9 des voies urinaires (pH et apport min\u00e9ral contr\u00f4l\u00e9). Il participe au soutien articulaire et \u00e0 l\u2019hygi\u00e8ne dentaire. Convient au chat non st\u00e9rilis\u00e9 et st\u00e9rilis\u00e9.  Utilisation :   Chat \u00e0 partir de 1 an  St\u00e9rilis\u00e9\" \/>\n<meta property=\"og:url\" content=\"https:\/\/www.vetorino.com\/veterinaire\/plouzevede-29440\/boutique\/product\/tonivet-chat-adulte-poulet\/\" \/>\n<meta property=\"og:site_name\" content=\"V\u00e9torino\" \/>\n<meta property=\"article:publisher\" content=\"https:\/\/www.facebook.com\/Vetorino\/\" \/>\n<meta property=\"article:modified_time\" content=\"2025-05-14T08:11:23+00:00\" \/>\n<meta property=\"og:image\" content=\"https:\/\/www.vetorino.com\/boutique\/wp-content\/uploads\/2020\/11\/tonivet-chat-adulte-poulet-copie-1.jpg\" \/>\n\t<meta property=\"og:image:width\" content=\"583\" \/>\n\t<meta property=\"og:image:height\" content=\"542\" \/>\n\t<meta property=\"og:image:type\" content=\"image\/jpeg\" \/>\n<meta name=\"twitter:card\" content=\"summary_large_image\" \/>\n<meta name=\"twitter:label1\" content=\"Disponibilit\u00e9\" \/>\n\t<meta name=\"twitter:data1\" content=\"En stock\" \/>\n<script type=\"application\/ld+json\" class=\"yoast-schema-graph\">{\"@context\":\"https:\\\/\\\/schema.org\",\"@graph\":[{\"@type\":\"WebPage\",\"@id\":\"https:\\\/\\\/www.vetorino.com\\\/boutique\\\/product\\\/tonivet-chat-adulte-poulet\\\/\",\"url\":\"https:\\\/\\\/www.vetorino.com\\\/boutique\\\/product\\\/tonivet-chat-adulte-poulet\\\/\",\"name\":\"Chat Adulte St\u00e9rilis\u00e9 Poulet Tonivet - V\u00e9torino\",\"isPartOf\":{\"@id\":\"https:\\\/\\\/www.vetorino.com\\\/boutique\\\/#website\"},\"primaryImageOfPage\":{\"@id\":\"https:\\\/\\\/www.vetorino.com\\\/boutique\\\/product\\\/tonivet-chat-adulte-poulet\\\/#primaryimage\"},\"image\":{\"@id\":\"https:\\\/\\\/www.vetorino.com\\\/boutique\\\/product\\\/tonivet-chat-adulte-poulet\\\/#primaryimage\"},\"thumbnailUrl\":\"https:\\\/\\\/www.vetorino.com\\\/boutique\\\/wp-content\\\/uploads\\\/2020\\\/11\\\/tonivet-chat-adulte-poulet-copie-1.jpg\",\"datePublished\":\"2020-11-27T03:37:57+00:00\",\"dateModified\":\"2025-05-14T08:11:23+00:00\",\"description\":\"TONIVET CHAT ADULTE ST\u00c9RILIS\u00c9, riche en poulet, est un aliment hautement digestible, favorisant un pelage sain et brillant, gr\u00e2ce \u00e0 son complexe de levure de bi\u00e8re, de graines de chia et d\u2019acides amin\u00e9s soufr\u00e9s. Il favorise la bonne sant\u00e9 des voies urinaires (pH et apport min\u00e9ral contr\u00f4l\u00e9). Il participe au soutien articulaire et \u00e0 l\u2019hygi\u00e8ne dentaire. Convient au chat non st\u00e9rilis\u00e9 et st\u00e9rilis\u00e9. Utilisation : Chat \u00e0 partir de 1 an St\u00e9rilis\u00e9\",\"breadcrumb\":{\"@id\":\"https:\\\/\\\/www.vetorino.com\\\/boutique\\\/product\\\/tonivet-chat-adulte-poulet\\\/#breadcrumb\"},\"inLanguage\":\"fr-FR\",\"potentialAction\":[{\"@type\":\"ReadAction\",\"target\":[\"https:\\\/\\\/www.vetorino.com\\\/boutique\\\/product\\\/tonivet-chat-adulte-poulet\\\/\"]}]},{\"@type\":\"ImageObject\",\"inLanguage\":\"fr-FR\",\"@id\":\"https:\\\/\\\/www.vetorino.com\\\/boutique\\\/product\\\/tonivet-chat-adulte-poulet\\\/#primaryimage\",\"url\":\"https:\\\/\\\/www.vetorino.com\\\/boutique\\\/wp-content\\\/uploads\\\/2020\\\/11\\\/tonivet-chat-adulte-poulet-copie-1.jpg\",\"contentUrl\":\"https:\\\/\\\/www.vetorino.com\\\/boutique\\\/wp-content\\\/uploads\\\/2020\\\/11\\\/tonivet-chat-adulte-poulet-copie-1.jpg\",\"width\":583,\"height\":542},{\"@type\":\"BreadcrumbList\",\"@id\":\"https:\\\/\\\/www.vetorino.com\\\/boutique\\\/product\\\/tonivet-chat-adulte-poulet\\\/#breadcrumb\",\"itemListElement\":[{\"@type\":\"ListItem\",\"position\":1,\"name\":\"Accueil\",\"item\":\"https:\\\/\\\/www.vetorino.com\\\/boutique\\\/\"},{\"@type\":\"ListItem\",\"position\":2,\"name\":\"Produits\",\"item\":\"https:\\\/\\\/www.vetorino.com\\\/boutique\\\/\"},{\"@type\":\"ListItem\",\"position\":3,\"name\":\"Chat Adulte St\u00e9rilis\u00e9 Poulet\"}]},{\"@type\":\"WebSite\",\"@id\":\"https:\\\/\\\/www.vetorino.com\\\/boutique\\\/#website\",\"url\":\"https:\\\/\\\/www.vetorino.com\\\/boutique\\\/\",\"name\":\"V\u00e9torino\",\"description\":\"\",\"publisher\":{\"@id\":\"https:\\\/\\\/www.vetorino.com\\\/boutique\\\/#organization\"},\"potentialAction\":[{\"@type\":\"SearchAction\",\"target\":{\"@type\":\"EntryPoint\",\"urlTemplate\":\"https:\\\/\\\/www.vetorino.com\\\/boutique\\\/?s={search_term_string}\"},\"query-input\":{\"@type\":\"PropertyValueSpecification\",\"valueRequired\":true,\"valueName\":\"search_term_string\"}}],\"inLanguage\":\"fr-FR\"},{\"@type\":\"Organization\",\"@id\":\"https:\\\/\\\/www.vetorino.com\\\/boutique\\\/#organization\",\"name\":\"V\u00e9torino\",\"url\":\"https:\\\/\\\/www.vetorino.com\\\/boutique\\\/\",\"logo\":{\"@type\":\"ImageObject\",\"inLanguage\":\"fr-FR\",\"@id\":\"https:\\\/\\\/www.vetorino.com\\\/boutique\\\/#\\\/schema\\\/logo\\\/image\\\/\",\"url\":\"https:\\\/\\\/www.vetorino.com\\\/boutique\\\/wp-content\\\/uploads\\\/2024\\\/10\\\/logo.jpg\",\"contentUrl\":\"https:\\\/\\\/www.vetorino.com\\\/boutique\\\/wp-content\\\/uploads\\\/2024\\\/10\\\/logo.jpg\",\"width\":1200,\"height\":610,\"caption\":\"V\u00e9torino\"},\"image\":{\"@id\":\"https:\\\/\\\/www.vetorino.com\\\/boutique\\\/#\\\/schema\\\/logo\\\/image\\\/\"},\"sameAs\":[\"https:\\\/\\\/www.facebook.com\\\/Vetorino\\\/\",\"https:\\\/\\\/www.instagram.com\\\/vetorino_off\\\/\",\"https:\\\/\\\/www.linkedin.com\\\/company\\\/vtorino\\\/\"]}]}<\/script>\n<meta property=\"product:brand\" content=\"Tonivet\" \/>\n<meta property=\"og:availability\" content=\"instock\" \/>\n<meta property=\"product:availability\" content=\"instock\" \/>\n<meta property=\"product:condition\" content=\"new\" \/>\n<!-- \/ Yoast SEO plugin. -->","yoast_head_json":{"title":"Chat Adulte St\u00e9rilis\u00e9 Poulet Tonivet - V\u00e9torino","description":"TONIVET CHAT ADULTE ST\u00c9RILIS\u00c9, riche en poulet, est un aliment hautement digestible, favorisant un pelage sain et brillant, gr\u00e2ce \u00e0 son complexe de levure de bi\u00e8re, de graines de chia et d\u2019acides amin\u00e9s soufr\u00e9s. Il favorise la bonne sant\u00e9 des voies urinaires (pH et apport min\u00e9ral contr\u00f4l\u00e9). Il participe au soutien articulaire et \u00e0 l\u2019hygi\u00e8ne dentaire. Convient au chat non st\u00e9rilis\u00e9 et st\u00e9rilis\u00e9.  Utilisation :   Chat \u00e0 partir de 1 an  St\u00e9rilis\u00e9","robots":{"index":"noindex","follow":"nofollow"},"og_locale":"fr_FR","og_type":"article","og_title":"Chat Adulte St\u00e9rilis\u00e9 Poulet Tonivet - V\u00e9torino","og_description":"TONIVET CHAT ADULTE ST\u00c9RILIS\u00c9, riche en poulet, est un aliment hautement digestible, favorisant un pelage sain et brillant, gr\u00e2ce \u00e0 son complexe de levure de bi\u00e8re, de graines de chia et d\u2019acides amin\u00e9s soufr\u00e9s. Il favorise la bonne sant\u00e9 des voies urinaires (pH et apport min\u00e9ral contr\u00f4l\u00e9). Il participe au soutien articulaire et \u00e0 l\u2019hygi\u00e8ne dentaire. Convient au chat non st\u00e9rilis\u00e9 et st\u00e9rilis\u00e9.  Utilisation :   Chat \u00e0 partir de 1 an  St\u00e9rilis\u00e9","og_url":"https:\/\/www.vetorino.com\/veterinaire\/plouzevede-29440\/boutique\/product\/tonivet-chat-adulte-poulet\/","og_site_name":"V\u00e9torino","article_publisher":"https:\/\/www.facebook.com\/Vetorino\/","article_modified_time":"2025-05-14T08:11:23+00:00","og_image":[{"width":583,"height":542,"url":"https:\/\/www.vetorino.com\/boutique\/wp-content\/uploads\/2020\/11\/tonivet-chat-adulte-poulet-copie-1.jpg","type":"image\/jpeg"}],"twitter_card":"summary_large_image","twitter_misc":{"Disponibilit\u00e9":"En stock"},"schema":{"@context":"https:\/\/schema.org","@graph":[{"@type":"WebPage","@id":"https:\/\/www.vetorino.com\/boutique\/product\/tonivet-chat-adulte-poulet\/","url":"https:\/\/www.vetorino.com\/boutique\/product\/tonivet-chat-adulte-poulet\/","name":"Chat Adulte St\u00e9rilis\u00e9 Poulet Tonivet - V\u00e9torino","isPartOf":{"@id":"https:\/\/www.vetorino.com\/boutique\/#website"},"primaryImageOfPage":{"@id":"https:\/\/www.vetorino.com\/boutique\/product\/tonivet-chat-adulte-poulet\/#primaryimage"},"image":{"@id":"https:\/\/www.vetorino.com\/boutique\/product\/tonivet-chat-adulte-poulet\/#primaryimage"},"thumbnailUrl":"https:\/\/www.vetorino.com\/boutique\/wp-content\/uploads\/2020\/11\/tonivet-chat-adulte-poulet-copie-1.jpg","datePublished":"2020-11-27T03:37:57+00:00","dateModified":"2025-05-14T08:11:23+00:00","description":"TONIVET CHAT ADULTE ST\u00c9RILIS\u00c9, riche en poulet, est un aliment hautement digestible, favorisant un pelage sain et brillant, gr\u00e2ce \u00e0 son complexe de levure de bi\u00e8re, de graines de chia et d\u2019acides amin\u00e9s soufr\u00e9s. Il favorise la bonne sant\u00e9 des voies urinaires (pH et apport min\u00e9ral contr\u00f4l\u00e9). Il participe au soutien articulaire et \u00e0 l\u2019hygi\u00e8ne dentaire. Convient au chat non st\u00e9rilis\u00e9 et st\u00e9rilis\u00e9. Utilisation : Chat \u00e0 partir de 1 an St\u00e9rilis\u00e9","breadcrumb":{"@id":"https:\/\/www.vetorino.com\/boutique\/product\/tonivet-chat-adulte-poulet\/#breadcrumb"},"inLanguage":"fr-FR","potentialAction":[{"@type":"ReadAction","target":["https:\/\/www.vetorino.com\/boutique\/product\/tonivet-chat-adulte-poulet\/"]}]},{"@type":"ImageObject","inLanguage":"fr-FR","@id":"https:\/\/www.vetorino.com\/boutique\/product\/tonivet-chat-adulte-poulet\/#primaryimage","url":"https:\/\/www.vetorino.com\/boutique\/wp-content\/uploads\/2020\/11\/tonivet-chat-adulte-poulet-copie-1.jpg","contentUrl":"https:\/\/www.vetorino.com\/boutique\/wp-content\/uploads\/2020\/11\/tonivet-chat-adulte-poulet-copie-1.jpg","width":583,"height":542},{"@type":"BreadcrumbList","@id":"https:\/\/www.vetorino.com\/boutique\/product\/tonivet-chat-adulte-poulet\/#breadcrumb","itemListElement":[{"@type":"ListItem","position":1,"name":"Accueil","item":"https:\/\/www.vetorino.com\/boutique\/"},{"@type":"ListItem","position":2,"name":"Produits","item":"https:\/\/www.vetorino.com\/boutique\/"},{"@type":"ListItem","position":3,"name":"Chat Adulte St\u00e9rilis\u00e9 Poulet"}]},{"@type":"WebSite","@id":"https:\/\/www.vetorino.com\/boutique\/#website","url":"https:\/\/www.vetorino.com\/boutique\/","name":"V\u00e9torino","description":"","publisher":{"@id":"https:\/\/www.vetorino.com\/boutique\/#organization"},"potentialAction":[{"@type":"SearchAction","target":{"@type":"EntryPoint","urlTemplate":"https:\/\/www.vetorino.com\/boutique\/?s={search_term_string}"},"query-input":{"@type":"PropertyValueSpecification","valueRequired":true,"valueName":"search_term_string"}}],"inLanguage":"fr-FR"},{"@type":"Organization","@id":"https:\/\/www.vetorino.com\/boutique\/#organization","name":"V\u00e9torino","url":"https:\/\/www.vetorino.com\/boutique\/","logo":{"@type":"ImageObject","inLanguage":"fr-FR","@id":"https:\/\/www.vetorino.com\/boutique\/#\/schema\/logo\/image\/","url":"https:\/\/www.vetorino.com\/boutique\/wp-content\/uploads\/2024\/10\/logo.jpg","contentUrl":"https:\/\/www.vetorino.com\/boutique\/wp-content\/uploads\/2024\/10\/logo.jpg","width":1200,"height":610,"caption":"V\u00e9torino"},"image":{"@id":"https:\/\/www.vetorino.com\/boutique\/#\/schema\/logo\/image\/"},"sameAs":["https:\/\/www.facebook.com\/Vetorino\/","https:\/\/www.instagram.com\/vetorino_off\/","https:\/\/www.linkedin.com\/company\/vtorino\/"]}]},"product_brand":"Tonivet","og_availability":"instock","product_availability":"instock","product_condition":"new"},"_links":{"self":[{"href":"https:\/\/www.vetorino.com\/veterinaire\/plouzevede-29440\/boutique\/wp-json\/wp\/v2\/product\/132633","targetHints":{"allow":["GET"]}}],"collection":[{"href":"https:\/\/www.vetorino.com\/veterinaire\/plouzevede-29440\/boutique\/wp-json\/wp\/v2\/product"}],"about":[{"href":"https:\/\/www.vetorino.com\/veterinaire\/plouzevede-29440\/boutique\/wp-json\/wp\/v2\/types\/product"}],"wp:featuredmedia":[{"embeddable":true,"href":"https:\/\/www.vetorino.com\/veterinaire\/plouzevede-29440\/boutique\/wp-json\/wp\/v2\/media\/1293839"}],"wp:attachment":[{"href":"https:\/\/www.vetorino.com\/veterinaire\/plouzevede-29440\/boutique\/wp-json\/wp\/v2\/media?parent=132633"}],"wp:term":[{"taxonomy":"product_cat","embeddable":true,"href":"https:\/\/www.vetorino.com\/veterinaire\/plouzevede-29440\/boutique\/wp-json\/wp\/v2\/product_cat?post=132633"},{"taxonomy":"product_tag","embeddable":true,"href":"https:\/\/www.vetorino.com\/veterinaire\/plouzevede-29440\/boutique\/wp-json\/wp\/v2\/product_tag?post=132633"}],"curies":[{"name":"wp","href":"https:\/\/api.w.org\/{rel}","templated":true}]}}