{"id":1362668,"date":"2025-06-07T05:35:16","date_gmt":"2025-06-07T03:35:16","guid":{"rendered":"https:\/\/www.vetorino.com\/boutique\/product\/advance-chat-vitality-senior-sterilise-poulet\/"},"modified":"2025-10-29T17:43:46","modified_gmt":"2025-10-29T16:43:46","slug":"advance-chat-vitality-senior-sterilise-poulet","status":"publish","type":"product","link":"https:\/\/www.vetorino.com\/veterinaire\/plouzevede-29440\/boutique\/product\/advance-chat-vitality-senior-sterilise-poulet\/","title":{"rendered":"Sterilized Senior +10 poulet pour chat"},"content":{"rendered":"<p>En vieillissant, les besoins nutritionnels de votre chat changent. C&#8217;est la raison pour laquelle il est important de lui proposer une alimentation adapt\u00e9e \u00e0 son \u00e2ge. Les croquettes Affinity Advance Sterilized Senior +10 au poulet ont \u00e9t\u00e9 sp\u00e9cialement \u00e9labor\u00e9es pour r\u00e9pondre aux besoins des\u00a0<strong>chats st\u00e9rilis\u00e9s \u00e0 partir de 10 ans\u00a0<\/strong>et leur fournissent toutes les substances vitales et nutritives dont ils ont besoin.<\/p>\n<p>Leur recette \u00e9tant parfaitement adapt\u00e9e aux besoins des chats \u00e2g\u00e9s, ces croquettes sont donc particuli\u00e8rement digestes. Elles poss\u00e8dent une\u00a0<strong>teneur r\u00e9duite en calories,\u00a0<\/strong>ainsi que des fibres et de la L-carnitine qui favorisent la combustion des graisses. Cet aliment permet donc de mieux contr\u00f4ler le poids de votre chat et l&#8217;aide m\u00eame \u00e0 en perdre. Les croquettes Affinity Advance Sterilized Senior +10 au poulet\u00a0poss\u00e8dent \u00e9galement une\u00a0<strong>teneur adapt\u00e9e en prot\u00e9ines<\/strong>\u00a0ainsi que de la glucosamine et de la chondro\u00eftine qui favorisent les articulations et l&#8217;appareil musculaire. Enfin, cet aliment aide\u00a0au maintien de la masse musculaire et du cartilage pour permettre aux chats \u00e2g\u00e9s de rester vifs et alertes.<\/p>\n<p><strong>Caract\u00e9ristiques des croquettes Affinity Advance Sterilized Senior +10 au poulet pour chat :<\/strong><\/p>\n<ul>\n<li>croquettes de qualit\u00e9 pour les chats st\u00e9rilis\u00e9s \u00e0 partir de 10 ans<\/li>\n<li><strong>recette adapt\u00e9e :\u00a0<\/strong>composition adapt\u00e9e aux besoins des chats \u00e2g\u00e9s<\/li>\n<li><strong>digestes :\u00a0<\/strong>poulet comme ingr\u00e9dient principal<\/li>\n<li><strong>contr\u00f4le du poids :\u00a0<\/strong>teneur en calories r\u00e9duite<\/li>\n<li><strong>fibres et L-carnitine :<\/strong>\u00a0favorisent la combustion des graisses<\/li>\n<li><strong>favorisent la sant\u00e9 des reins :<\/strong>\u00a0avec des ingr\u00e9dients sp\u00e9cifiques (par exemple des min\u00e9raux)\u00a0et une teneur r\u00e9duite en phosphore pour favoriser la fonction r\u00e9nale<\/li>\n<li><strong>favorisent la sant\u00e9 des dents :\u00a0<\/strong>avec des min\u00e9raux (pyrophosphates) contre la formation de la plaque, contribuent \u00e0 une haleine fra\u00eeche<\/li>\n<li><strong>renforcent les articulations :<\/strong>\u00a0avec de la chondro\u00eftine et de la glucosamine et une teneur adapt\u00e9e en prot\u00e9ines pour favoriser le maintient du cartilage et de la masse musculaire<\/li>\n<li><strong>sans\u00a0<\/strong>conservateurs ni colorants artificiels<\/li>\n<\/ul>\n","protected":false},"excerpt":{"rendered":"<p>Croquettes compl\u00e8tes et digestes pour les chats st\u00e9rilis\u00e9s \u00e0 partir de 10 ans, apport calorique r\u00e9duit, recette adapt\u00e9e qui favorise la sant\u00e9 des reins, des dents et des articulations.<\/p>\n","protected":false},"featured_media":1368727,"template":"","meta":[],"product_cat":[12551,12583,2697],"product_tag":[],"class_list":{"0":"post-1362668","1":"product","2":"type-product","3":"status-publish","4":"has-post-thumbnail","6":"product_cat-alimentation-du-chat","7":"product_cat-alimentation-premium-pour-chat","8":"product_cat-chat","9":"pa_marque-advance","11":"first","12":"instock","13":"taxable","14":"shipping-taxable","15":"purchasable","16":"product-type-simple"},"yoast_head":"<!-- This site is optimized with the Yoast SEO plugin v27.3 - https:\/\/yoast.com\/product\/yoast-seo-wordpress\/ -->\n<title>Sterilized Senior +10 poulet pour chat Advance - V\u00e9torino<\/title>\n<meta name=\"description\" content=\"Croquettes compl\u00e8tes et digestes pour les chats st\u00e9rilis\u00e9s \u00e0 partir de 10 ans, apport calorique r\u00e9duit, recette adapt\u00e9e qui favorise la sant\u00e9 des reins, des dents et des articulations.\" \/>\n<meta name=\"robots\" content=\"noindex, nofollow\" \/>\n<meta property=\"og:locale\" content=\"fr_FR\" \/>\n<meta property=\"og:type\" content=\"article\" \/>\n<meta property=\"og:title\" content=\"Sterilized Senior +10 poulet pour chat Advance - V\u00e9torino\" \/>\n<meta property=\"og:description\" content=\"Croquettes compl\u00e8tes et digestes pour les chats st\u00e9rilis\u00e9s \u00e0 partir de 10 ans, apport calorique r\u00e9duit, recette adapt\u00e9e qui favorise la sant\u00e9 des reins, des dents et des articulations.\" \/>\n<meta property=\"og:url\" content=\"https:\/\/www.vetorino.com\/veterinaire\/plouzevede-29440\/boutique\/product\/advance-chat-vitality-senior-sterilise-poulet\/\" \/>\n<meta property=\"og:site_name\" content=\"V\u00e9torino\" \/>\n<meta property=\"article:publisher\" content=\"https:\/\/www.facebook.com\/Vetorino\/\" \/>\n<meta property=\"article:modified_time\" content=\"2025-10-29T16:43:46+00:00\" \/>\n<meta property=\"og:image\" content=\"https:\/\/www.vetorino.com\/boutique\/wp-content\/uploads\/2025\/06\/advance_sterilized_senior10_huhn_hs_01_4.jpg\" \/>\n\t<meta property=\"og:image:width\" content=\"800\" \/>\n\t<meta property=\"og:image:height\" content=\"800\" \/>\n\t<meta property=\"og:image:type\" content=\"image\/jpeg\" \/>\n<meta name=\"twitter:card\" content=\"summary_large_image\" \/>\n<meta name=\"twitter:label1\" content=\"Prix\" \/>\n\t<meta name=\"twitter:data1\" content=\"18,44&euro;\" \/>\n\t<meta name=\"twitter:label2\" content=\"Disponibilit\u00e9\" \/>\n\t<meta name=\"twitter:data2\" content=\"En stock\" \/>\n<script type=\"application\/ld+json\" class=\"yoast-schema-graph\">{\"@context\":\"https:\\\/\\\/schema.org\",\"@graph\":[{\"@type\":\"WebPage\",\"@id\":\"https:\\\/\\\/www.vetorino.com\\\/veterinaire\\\/briancon-05100\\\/boutique\\\/product\\\/advance-chat-vitality-senior-sterilise-poulet\\\/\",\"url\":\"https:\\\/\\\/www.vetorino.com\\\/veterinaire\\\/briancon-05100\\\/boutique\\\/product\\\/advance-chat-vitality-senior-sterilise-poulet\\\/\",\"name\":\"Sterilized Senior +10 poulet pour chat Advance - V\u00e9torino\",\"isPartOf\":{\"@id\":\"https:\\\/\\\/www.vetorino.com\\\/boutique\\\/#website\"},\"primaryImageOfPage\":{\"@id\":\"https:\\\/\\\/www.vetorino.com\\\/veterinaire\\\/briancon-05100\\\/boutique\\\/product\\\/advance-chat-vitality-senior-sterilise-poulet\\\/#primaryimage\"},\"image\":{\"@id\":\"https:\\\/\\\/www.vetorino.com\\\/veterinaire\\\/briancon-05100\\\/boutique\\\/product\\\/advance-chat-vitality-senior-sterilise-poulet\\\/#primaryimage\"},\"thumbnailUrl\":\"https:\\\/\\\/www.vetorino.com\\\/boutique\\\/wp-content\\\/uploads\\\/2025\\\/06\\\/advance_sterilized_senior10_huhn_hs_01_4.jpg\",\"datePublished\":\"2025-06-07T03:35:16+00:00\",\"dateModified\":\"2025-10-29T16:43:46+00:00\",\"description\":\"Croquettes compl\u00e8tes et digestes pour les chats st\u00e9rilis\u00e9s \u00e0 partir de 10 ans, apport calorique r\u00e9duit, recette adapt\u00e9e qui favorise la sant\u00e9 des reins, des dents et des articulations.\",\"breadcrumb\":{\"@id\":\"https:\\\/\\\/www.vetorino.com\\\/veterinaire\\\/briancon-05100\\\/boutique\\\/product\\\/advance-chat-vitality-senior-sterilise-poulet\\\/#breadcrumb\"},\"inLanguage\":\"fr-FR\",\"potentialAction\":[{\"@type\":\"ReadAction\",\"target\":[\"https:\\\/\\\/www.vetorino.com\\\/veterinaire\\\/briancon-05100\\\/boutique\\\/product\\\/advance-chat-vitality-senior-sterilise-poulet\\\/\"]}]},{\"@type\":\"ImageObject\",\"inLanguage\":\"fr-FR\",\"@id\":\"https:\\\/\\\/www.vetorino.com\\\/veterinaire\\\/briancon-05100\\\/boutique\\\/product\\\/advance-chat-vitality-senior-sterilise-poulet\\\/#primaryimage\",\"url\":\"https:\\\/\\\/www.vetorino.com\\\/boutique\\\/wp-content\\\/uploads\\\/2025\\\/06\\\/advance_sterilized_senior10_huhn_hs_01_4.jpg\",\"contentUrl\":\"https:\\\/\\\/www.vetorino.com\\\/boutique\\\/wp-content\\\/uploads\\\/2025\\\/06\\\/advance_sterilized_senior10_huhn_hs_01_4.jpg\",\"width\":800,\"height\":800},{\"@type\":\"BreadcrumbList\",\"@id\":\"https:\\\/\\\/www.vetorino.com\\\/veterinaire\\\/briancon-05100\\\/boutique\\\/product\\\/advance-chat-vitality-senior-sterilise-poulet\\\/#breadcrumb\",\"itemListElement\":[{\"@type\":\"ListItem\",\"position\":1,\"name\":\"Accueil\",\"item\":\"https:\\\/\\\/www.vetorino.com\\\/boutique\\\/\"},{\"@type\":\"ListItem\",\"position\":2,\"name\":\"Produits\",\"item\":\"https:\\\/\\\/www.vetorino.com\\\/boutique\\\/\"},{\"@type\":\"ListItem\",\"position\":3,\"name\":\"Sterilized Senior +10 poulet pour chat\"}]},{\"@type\":\"WebSite\",\"@id\":\"https:\\\/\\\/www.vetorino.com\\\/boutique\\\/#website\",\"url\":\"https:\\\/\\\/www.vetorino.com\\\/boutique\\\/\",\"name\":\"V\u00e9torino\",\"description\":\"\",\"publisher\":{\"@id\":\"https:\\\/\\\/www.vetorino.com\\\/boutique\\\/#organization\"},\"potentialAction\":[{\"@type\":\"SearchAction\",\"target\":{\"@type\":\"EntryPoint\",\"urlTemplate\":\"https:\\\/\\\/www.vetorino.com\\\/boutique\\\/?s={search_term_string}\"},\"query-input\":{\"@type\":\"PropertyValueSpecification\",\"valueRequired\":true,\"valueName\":\"search_term_string\"}}],\"inLanguage\":\"fr-FR\"},{\"@type\":\"Organization\",\"@id\":\"https:\\\/\\\/www.vetorino.com\\\/boutique\\\/#organization\",\"name\":\"V\u00e9torino\",\"url\":\"https:\\\/\\\/www.vetorino.com\\\/boutique\\\/\",\"logo\":{\"@type\":\"ImageObject\",\"inLanguage\":\"fr-FR\",\"@id\":\"https:\\\/\\\/www.vetorino.com\\\/boutique\\\/#\\\/schema\\\/logo\\\/image\\\/\",\"url\":\"https:\\\/\\\/www.vetorino.com\\\/boutique\\\/wp-content\\\/uploads\\\/2024\\\/10\\\/logo.jpg\",\"contentUrl\":\"https:\\\/\\\/www.vetorino.com\\\/boutique\\\/wp-content\\\/uploads\\\/2024\\\/10\\\/logo.jpg\",\"width\":1200,\"height\":610,\"caption\":\"V\u00e9torino\"},\"image\":{\"@id\":\"https:\\\/\\\/www.vetorino.com\\\/boutique\\\/#\\\/schema\\\/logo\\\/image\\\/\"},\"sameAs\":[\"https:\\\/\\\/www.facebook.com\\\/Vetorino\\\/\",\"https:\\\/\\\/www.instagram.com\\\/vetorino_off\\\/\",\"https:\\\/\\\/www.linkedin.com\\\/company\\\/vtorino\\\/\"]}]}<\/script>\n<meta property=\"product:brand\" content=\"Advance\" \/>\n<meta property=\"product:price:amount\" content=\"18.44\" \/>\n<meta property=\"product:price:currency\" content=\"EUR\" \/>\n<meta property=\"og:availability\" content=\"instock\" \/>\n<meta property=\"product:availability\" content=\"instock\" \/>\n<meta property=\"product:retailer_item_id\" content=\"A-1892100\" \/>\n<meta property=\"product:condition\" content=\"new\" \/>\n<!-- \/ Yoast SEO plugin. -->","yoast_head_json":{"title":"Sterilized Senior +10 poulet pour chat Advance - V\u00e9torino","description":"Croquettes compl\u00e8tes et digestes pour les chats st\u00e9rilis\u00e9s \u00e0 partir de 10 ans, apport calorique r\u00e9duit, recette adapt\u00e9e qui favorise la sant\u00e9 des reins, des dents et des articulations.","robots":{"index":"noindex","follow":"nofollow"},"og_locale":"fr_FR","og_type":"article","og_title":"Sterilized Senior +10 poulet pour chat Advance - V\u00e9torino","og_description":"Croquettes compl\u00e8tes et digestes pour les chats st\u00e9rilis\u00e9s \u00e0 partir de 10 ans, apport calorique r\u00e9duit, recette adapt\u00e9e qui favorise la sant\u00e9 des reins, des dents et des articulations.","og_url":"https:\/\/www.vetorino.com\/veterinaire\/plouzevede-29440\/boutique\/product\/advance-chat-vitality-senior-sterilise-poulet\/","og_site_name":"V\u00e9torino","article_publisher":"https:\/\/www.facebook.com\/Vetorino\/","article_modified_time":"2025-10-29T16:43:46+00:00","og_image":[{"width":800,"height":800,"url":"https:\/\/www.vetorino.com\/boutique\/wp-content\/uploads\/2025\/06\/advance_sterilized_senior10_huhn_hs_01_4.jpg","type":"image\/jpeg"}],"twitter_card":"summary_large_image","twitter_misc":{"Prix":"18,44&euro;","Disponibilit\u00e9":"En stock"},"schema":{"@context":"https:\/\/schema.org","@graph":[{"@type":"WebPage","@id":"https:\/\/www.vetorino.com\/veterinaire\/briancon-05100\/boutique\/product\/advance-chat-vitality-senior-sterilise-poulet\/","url":"https:\/\/www.vetorino.com\/veterinaire\/briancon-05100\/boutique\/product\/advance-chat-vitality-senior-sterilise-poulet\/","name":"Sterilized Senior +10 poulet pour chat Advance - V\u00e9torino","isPartOf":{"@id":"https:\/\/www.vetorino.com\/boutique\/#website"},"primaryImageOfPage":{"@id":"https:\/\/www.vetorino.com\/veterinaire\/briancon-05100\/boutique\/product\/advance-chat-vitality-senior-sterilise-poulet\/#primaryimage"},"image":{"@id":"https:\/\/www.vetorino.com\/veterinaire\/briancon-05100\/boutique\/product\/advance-chat-vitality-senior-sterilise-poulet\/#primaryimage"},"thumbnailUrl":"https:\/\/www.vetorino.com\/boutique\/wp-content\/uploads\/2025\/06\/advance_sterilized_senior10_huhn_hs_01_4.jpg","datePublished":"2025-06-07T03:35:16+00:00","dateModified":"2025-10-29T16:43:46+00:00","description":"Croquettes compl\u00e8tes et digestes pour les chats st\u00e9rilis\u00e9s \u00e0 partir de 10 ans, apport calorique r\u00e9duit, recette adapt\u00e9e qui favorise la sant\u00e9 des reins, des dents et des articulations.","breadcrumb":{"@id":"https:\/\/www.vetorino.com\/veterinaire\/briancon-05100\/boutique\/product\/advance-chat-vitality-senior-sterilise-poulet\/#breadcrumb"},"inLanguage":"fr-FR","potentialAction":[{"@type":"ReadAction","target":["https:\/\/www.vetorino.com\/veterinaire\/briancon-05100\/boutique\/product\/advance-chat-vitality-senior-sterilise-poulet\/"]}]},{"@type":"ImageObject","inLanguage":"fr-FR","@id":"https:\/\/www.vetorino.com\/veterinaire\/briancon-05100\/boutique\/product\/advance-chat-vitality-senior-sterilise-poulet\/#primaryimage","url":"https:\/\/www.vetorino.com\/boutique\/wp-content\/uploads\/2025\/06\/advance_sterilized_senior10_huhn_hs_01_4.jpg","contentUrl":"https:\/\/www.vetorino.com\/boutique\/wp-content\/uploads\/2025\/06\/advance_sterilized_senior10_huhn_hs_01_4.jpg","width":800,"height":800},{"@type":"BreadcrumbList","@id":"https:\/\/www.vetorino.com\/veterinaire\/briancon-05100\/boutique\/product\/advance-chat-vitality-senior-sterilise-poulet\/#breadcrumb","itemListElement":[{"@type":"ListItem","position":1,"name":"Accueil","item":"https:\/\/www.vetorino.com\/boutique\/"},{"@type":"ListItem","position":2,"name":"Produits","item":"https:\/\/www.vetorino.com\/boutique\/"},{"@type":"ListItem","position":3,"name":"Sterilized Senior +10 poulet pour chat"}]},{"@type":"WebSite","@id":"https:\/\/www.vetorino.com\/boutique\/#website","url":"https:\/\/www.vetorino.com\/boutique\/","name":"V\u00e9torino","description":"","publisher":{"@id":"https:\/\/www.vetorino.com\/boutique\/#organization"},"potentialAction":[{"@type":"SearchAction","target":{"@type":"EntryPoint","urlTemplate":"https:\/\/www.vetorino.com\/boutique\/?s={search_term_string}"},"query-input":{"@type":"PropertyValueSpecification","valueRequired":true,"valueName":"search_term_string"}}],"inLanguage":"fr-FR"},{"@type":"Organization","@id":"https:\/\/www.vetorino.com\/boutique\/#organization","name":"V\u00e9torino","url":"https:\/\/www.vetorino.com\/boutique\/","logo":{"@type":"ImageObject","inLanguage":"fr-FR","@id":"https:\/\/www.vetorino.com\/boutique\/#\/schema\/logo\/image\/","url":"https:\/\/www.vetorino.com\/boutique\/wp-content\/uploads\/2024\/10\/logo.jpg","contentUrl":"https:\/\/www.vetorino.com\/boutique\/wp-content\/uploads\/2024\/10\/logo.jpg","width":1200,"height":610,"caption":"V\u00e9torino"},"image":{"@id":"https:\/\/www.vetorino.com\/boutique\/#\/schema\/logo\/image\/"},"sameAs":["https:\/\/www.facebook.com\/Vetorino\/","https:\/\/www.instagram.com\/vetorino_off\/","https:\/\/www.linkedin.com\/company\/vtorino\/"]}]},"product_brand":"Advance","product_price_amount":"18.44","product_price_currency":"EUR","og_availability":"instock","product_availability":"instock","product_retailer_item_id":"A-1892100","product_condition":"new"},"_links":{"self":[{"href":"https:\/\/www.vetorino.com\/veterinaire\/plouzevede-29440\/boutique\/wp-json\/wp\/v2\/product\/1362668","targetHints":{"allow":["GET"]}}],"collection":[{"href":"https:\/\/www.vetorino.com\/veterinaire\/plouzevede-29440\/boutique\/wp-json\/wp\/v2\/product"}],"about":[{"href":"https:\/\/www.vetorino.com\/veterinaire\/plouzevede-29440\/boutique\/wp-json\/wp\/v2\/types\/product"}],"wp:featuredmedia":[{"embeddable":true,"href":"https:\/\/www.vetorino.com\/veterinaire\/plouzevede-29440\/boutique\/wp-json\/wp\/v2\/media\/1368727"}],"wp:attachment":[{"href":"https:\/\/www.vetorino.com\/veterinaire\/plouzevede-29440\/boutique\/wp-json\/wp\/v2\/media?parent=1362668"}],"wp:term":[{"taxonomy":"product_cat","embeddable":true,"href":"https:\/\/www.vetorino.com\/veterinaire\/plouzevede-29440\/boutique\/wp-json\/wp\/v2\/product_cat?post=1362668"},{"taxonomy":"product_tag","embeddable":true,"href":"https:\/\/www.vetorino.com\/veterinaire\/plouzevede-29440\/boutique\/wp-json\/wp\/v2\/product_tag?post=1362668"}],"curies":[{"name":"wp","href":"https:\/\/api.w.org\/{rel}","templated":true}]}}