{"id":1369763,"date":"2025-06-12T05:35:22","date_gmt":"2025-06-12T03:35:22","guid":{"rendered":"https:\/\/www.vetorino.com\/boutique\/product\/advance-veterinary-diets-articular-care-senior\/"},"modified":"2025-07-01T11:57:51","modified_gmt":"2025-07-01T09:57:51","slug":"advance-veterinary-diets-articular-care-senior","status":"publish","type":"product","link":"https:\/\/www.vetorino.com\/veterinaire\/plouzevede-29440\/boutique\/product\/advance-veterinary-diets-articular-care-senior\/","title":{"rendered":"Chien Articular Senior +7 Poulet"},"content":{"rendered":"<p>Les r\u00e9sultats de la gamme ADVANCE VETERINARY DIETS Articular Senior sont visibles : <strong>66 % des chiens seniors am\u00e9liorent leur mobilit\u00e9 en 2 mois<\/strong>*.<\/p>\n<p>ADVANCE VETERINARY DIETS Articular contient des probiotiques, des pr\u00e9biotiques, des fibres et des immunoglobulines actives qui<strong> favorisent le d\u00e9veloppement d&#8217;un microbiote intestinal sain<\/strong>, facteur cl\u00e9 de bonnes d\u00e9fenses.<br \/>\n<strong>Il est recommand\u00e9 de consulter un v\u00e9t\u00e9rinaire avant l&#8217;introduction de cet aliment.<\/strong><\/p>\n<p><strong>Caract\u00e9ristiques principales <\/strong>:<\/p>\n<ul>\n<li>Concentr\u00e9 de verveine citronn\u00e9e et leucine : Aident l&#8217;action antioxydante et \u00e0 maintenir la masse musculaire<\/li>\n<li>Collag\u00e8ne hydrolys\u00e9 : Contribue au soin du cartilage.<\/li>\n<li>Acide hyaluronique : Contribue a une bonne mobilit\u00e9 des articulations et \u00e0 la vitalit\u00e9 du chien<\/li>\n<li>Chondro\u00eftine et glucosamine : Contribuent \u00e0 une bonne flexibilit\u00e9 des articulations<\/li>\n<\/ul>\n<p><strong>Indications th\u00e9rapeutiques <\/strong>:<\/p>\n<ul>\n<li>Soutien nutritionnel pour les chiens senior atteints d\u2019ost\u00e9oarthrite.<\/li>\n<li>Soutien nutritionnel pour la sant\u00e9 des articulations apr\u00e8s une intervention chirurgicale ou un traumatisme.<\/li>\n<li>Soutien nutritionnel en cas de pathologies li\u00e9es \u00e0 l\u2019inflammation et \u00e0 la douleur articulaire.<\/li>\n<li>Pour les chiens seniors \u00e2g\u00e9s de 6 ans et plus, selon la taille (maxi 6 ans, medium + 7 ans, mini + 8 ans)<\/li>\n<\/ul>\n<p>D\u00e9conseill\u00e9 pour les chiots et\u00a0les chiennes en gestation ou allaitantes<\/p>\n<p><em>*\u00c9tude clinique r\u00e9alis\u00e9e \u00e0 domicile chez des chiens de moyenne et grande taille. Donn\u00e9es internes<\/em><\/p>\n","protected":false},"excerpt":{"rendered":"<p>ADVANCE VETERINARY DIETS Articular Senior est un<strong> aliment complet et \u00e9quilibr\u00e9, formul\u00e9 pour la r\u00e9cup\u00e9ration et le soutien nutritionnel pour prendre soin des articulations chez les chiens seniors<\/strong> \u00e0 partir de 6 ans en fonction de leur taille (maxi +6 ans, medium +7 ans, mini +8 ans).<\/p>\n<p>Sa <strong>formule unique<\/strong> \u00e0 base d&#8217;acide hyaluronique, de collag\u00e8ne hydrolys\u00e9, de chondro\u00eftine, de glucosamine et d&#8217;om\u00e9ga-3<strong> aide \u00e0 pr\u00e9server la sant\u00e9 et la mobilit\u00e9 des articulations<\/strong> et sa teneur en prot\u00e9ine <strong>aide \u00e0 maintenir sa masse musculaire.<\/strong><\/p>\n","protected":false},"featured_media":1370348,"template":"","meta":[],"product_cat":[12552,12582,2698],"product_tag":[],"class_list":{"0":"post-1369763","1":"product","2":"type-product","3":"status-publish","4":"has-post-thumbnail","6":"product_cat-alimentation-du-chien","7":"product_cat-alimentation-medicalisee-pour-chien","8":"product_cat-chien","9":"pa_marque-advance","11":"first","12":"instock","13":"taxable","14":"shipping-taxable","15":"purchasable","16":"product-type-variable"},"yoast_head":"<!-- This site is optimized with the Yoast SEO plugin v27.3 - https:\/\/yoast.com\/product\/yoast-seo-wordpress\/ -->\n<title>Veterinary Diets (Advance) Chien Articular Senior +7 Poulet Advance - V\u00e9torino<\/title>\n<meta name=\"description\" content=\"ADVANCE VETERINARY DIETS Articular Senior est un aliment complet et \u00e9quilibr\u00e9, formul\u00e9 pour la r\u00e9cup\u00e9ration et le soutien nutritionnel pour prendre soin des articulations chez les chiens seniors \u00e0 partir de 6 ans en fonction de leur taille (maxi +6 ans, medium +7 ans, mini +8 ans).  Sa formule unique \u00e0 base d&#039;acide hyaluronique, de collag\u00e8ne hydrolys\u00e9, de chondro\u00eftine, de glucosamine et d&#039;om\u00e9ga-3 aide \u00e0 pr\u00e9server la sant\u00e9 et la mobilit\u00e9 des articulations et sa teneur en prot\u00e9ine aide \u00e0 maintenir sa masse musculaire.\" \/>\n<meta name=\"robots\" content=\"noindex, nofollow\" \/>\n<meta property=\"og:locale\" content=\"fr_FR\" \/>\n<meta property=\"og:type\" content=\"article\" \/>\n<meta property=\"og:title\" content=\"Veterinary Diets (Advance) Chien Articular Senior +7 Poulet Advance - V\u00e9torino\" \/>\n<meta property=\"og:description\" content=\"ADVANCE VETERINARY DIETS Articular Senior est un aliment complet et \u00e9quilibr\u00e9, formul\u00e9 pour la r\u00e9cup\u00e9ration et le soutien nutritionnel pour prendre soin des articulations chez les chiens seniors \u00e0 partir de 6 ans en fonction de leur taille (maxi +6 ans, medium +7 ans, mini +8 ans).  Sa formule unique \u00e0 base d&#039;acide hyaluronique, de collag\u00e8ne hydrolys\u00e9, de chondro\u00eftine, de glucosamine et d&#039;om\u00e9ga-3 aide \u00e0 pr\u00e9server la sant\u00e9 et la mobilit\u00e9 des articulations et sa teneur en prot\u00e9ine aide \u00e0 maintenir sa masse musculaire.\" \/>\n<meta property=\"og:url\" content=\"https:\/\/www.vetorino.com\/veterinaire\/plouzevede-29440\/boutique\/product\/advance-veterinary-diets-articular-care-senior\/\" \/>\n<meta property=\"og:site_name\" content=\"V\u00e9torino\" \/>\n<meta property=\"article:publisher\" content=\"https:\/\/www.facebook.com\/Vetorino\/\" \/>\n<meta property=\"article:modified_time\" content=\"2025-07-01T09:57:51+00:00\" \/>\n<meta property=\"og:image\" content=\"https:\/\/www.vetorino.com\/boutique\/wp-content\/uploads\/2025\/06\/advance-veterinary-diets-articular-care-senior-chien-poulet-6.webp\" \/>\n\t<meta property=\"og:image:width\" content=\"800\" \/>\n\t<meta property=\"og:image:height\" content=\"800\" \/>\n\t<meta property=\"og:image:type\" content=\"image\/webp\" \/>\n<meta name=\"twitter:card\" content=\"summary_large_image\" \/>\n<meta name=\"twitter:label1\" content=\"Disponibilit\u00e9\" \/>\n\t<meta name=\"twitter:data1\" content=\"En stock\" \/>\n<script type=\"application\/ld+json\" class=\"yoast-schema-graph\">{\"@context\":\"https:\\\/\\\/schema.org\",\"@graph\":[{\"@type\":\"WebPage\",\"@id\":\"https:\\\/\\\/www.vetorino.com\\\/veterinaire\\\/briancon-05100\\\/boutique\\\/product\\\/advance-veterinary-diets-articular-care-senior\\\/\",\"url\":\"https:\\\/\\\/www.vetorino.com\\\/veterinaire\\\/briancon-05100\\\/boutique\\\/product\\\/advance-veterinary-diets-articular-care-senior\\\/\",\"name\":\"Veterinary Diets (Advance) Chien Articular Senior +7 Poulet Advance - V\u00e9torino\",\"isPartOf\":{\"@id\":\"https:\\\/\\\/www.vetorino.com\\\/boutique\\\/#website\"},\"primaryImageOfPage\":{\"@id\":\"https:\\\/\\\/www.vetorino.com\\\/veterinaire\\\/briancon-05100\\\/boutique\\\/product\\\/advance-veterinary-diets-articular-care-senior\\\/#primaryimage\"},\"image\":{\"@id\":\"https:\\\/\\\/www.vetorino.com\\\/veterinaire\\\/briancon-05100\\\/boutique\\\/product\\\/advance-veterinary-diets-articular-care-senior\\\/#primaryimage\"},\"thumbnailUrl\":\"https:\\\/\\\/www.vetorino.com\\\/boutique\\\/wp-content\\\/uploads\\\/2025\\\/06\\\/advance-veterinary-diets-articular-care-senior-chien-poulet-6.webp\",\"datePublished\":\"2025-06-12T03:35:22+00:00\",\"dateModified\":\"2025-07-01T09:57:51+00:00\",\"description\":\"ADVANCE VETERINARY DIETS Articular Senior est un aliment complet et \u00e9quilibr\u00e9, formul\u00e9 pour la r\u00e9cup\u00e9ration et le soutien nutritionnel pour prendre soin des articulations chez les chiens seniors \u00e0 partir de 6 ans en fonction de leur taille (maxi +6 ans, medium +7 ans, mini +8 ans). Sa formule unique \u00e0 base d'acide hyaluronique, de collag\u00e8ne hydrolys\u00e9, de chondro\u00eftine, de glucosamine et d'om\u00e9ga-3 aide \u00e0 pr\u00e9server la sant\u00e9 et la mobilit\u00e9 des articulations et sa teneur en prot\u00e9ine aide \u00e0 maintenir sa masse musculaire.\",\"breadcrumb\":{\"@id\":\"https:\\\/\\\/www.vetorino.com\\\/veterinaire\\\/briancon-05100\\\/boutique\\\/product\\\/advance-veterinary-diets-articular-care-senior\\\/#breadcrumb\"},\"inLanguage\":\"fr-FR\",\"potentialAction\":[{\"@type\":\"ReadAction\",\"target\":[\"https:\\\/\\\/www.vetorino.com\\\/veterinaire\\\/briancon-05100\\\/boutique\\\/product\\\/advance-veterinary-diets-articular-care-senior\\\/\"]}]},{\"@type\":\"ImageObject\",\"inLanguage\":\"fr-FR\",\"@id\":\"https:\\\/\\\/www.vetorino.com\\\/veterinaire\\\/briancon-05100\\\/boutique\\\/product\\\/advance-veterinary-diets-articular-care-senior\\\/#primaryimage\",\"url\":\"https:\\\/\\\/www.vetorino.com\\\/boutique\\\/wp-content\\\/uploads\\\/2025\\\/06\\\/advance-veterinary-diets-articular-care-senior-chien-poulet-6.webp\",\"contentUrl\":\"https:\\\/\\\/www.vetorino.com\\\/boutique\\\/wp-content\\\/uploads\\\/2025\\\/06\\\/advance-veterinary-diets-articular-care-senior-chien-poulet-6.webp\",\"width\":800,\"height\":800},{\"@type\":\"BreadcrumbList\",\"@id\":\"https:\\\/\\\/www.vetorino.com\\\/veterinaire\\\/briancon-05100\\\/boutique\\\/product\\\/advance-veterinary-diets-articular-care-senior\\\/#breadcrumb\",\"itemListElement\":[{\"@type\":\"ListItem\",\"position\":1,\"name\":\"Accueil\",\"item\":\"https:\\\/\\\/www.vetorino.com\\\/boutique\\\/\"},{\"@type\":\"ListItem\",\"position\":2,\"name\":\"Produits\",\"item\":\"https:\\\/\\\/www.vetorino.com\\\/boutique\\\/\"},{\"@type\":\"ListItem\",\"position\":3,\"name\":\"Chien Articular Senior +7 Poulet\"}]},{\"@type\":\"WebSite\",\"@id\":\"https:\\\/\\\/www.vetorino.com\\\/boutique\\\/#website\",\"url\":\"https:\\\/\\\/www.vetorino.com\\\/boutique\\\/\",\"name\":\"V\u00e9torino\",\"description\":\"\",\"publisher\":{\"@id\":\"https:\\\/\\\/www.vetorino.com\\\/boutique\\\/#organization\"},\"potentialAction\":[{\"@type\":\"SearchAction\",\"target\":{\"@type\":\"EntryPoint\",\"urlTemplate\":\"https:\\\/\\\/www.vetorino.com\\\/boutique\\\/?s={search_term_string}\"},\"query-input\":{\"@type\":\"PropertyValueSpecification\",\"valueRequired\":true,\"valueName\":\"search_term_string\"}}],\"inLanguage\":\"fr-FR\"},{\"@type\":\"Organization\",\"@id\":\"https:\\\/\\\/www.vetorino.com\\\/boutique\\\/#organization\",\"name\":\"V\u00e9torino\",\"url\":\"https:\\\/\\\/www.vetorino.com\\\/boutique\\\/\",\"logo\":{\"@type\":\"ImageObject\",\"inLanguage\":\"fr-FR\",\"@id\":\"https:\\\/\\\/www.vetorino.com\\\/boutique\\\/#\\\/schema\\\/logo\\\/image\\\/\",\"url\":\"https:\\\/\\\/www.vetorino.com\\\/boutique\\\/wp-content\\\/uploads\\\/2024\\\/10\\\/logo.jpg\",\"contentUrl\":\"https:\\\/\\\/www.vetorino.com\\\/boutique\\\/wp-content\\\/uploads\\\/2024\\\/10\\\/logo.jpg\",\"width\":1200,\"height\":610,\"caption\":\"V\u00e9torino\"},\"image\":{\"@id\":\"https:\\\/\\\/www.vetorino.com\\\/boutique\\\/#\\\/schema\\\/logo\\\/image\\\/\"},\"sameAs\":[\"https:\\\/\\\/www.facebook.com\\\/Vetorino\\\/\",\"https:\\\/\\\/www.instagram.com\\\/vetorino_off\\\/\",\"https:\\\/\\\/www.linkedin.com\\\/company\\\/vtorino\\\/\"]}]}<\/script>\n<meta property=\"product:brand\" content=\"Advance\" \/>\n<meta property=\"og:availability\" content=\"instock\" \/>\n<meta property=\"product:availability\" content=\"instock\" \/>\n<meta property=\"product:condition\" content=\"new\" \/>\n<!-- \/ Yoast SEO plugin. -->","yoast_head_json":{"title":"Veterinary Diets (Advance) Chien Articular Senior +7 Poulet Advance - V\u00e9torino","description":"ADVANCE VETERINARY DIETS Articular Senior est un aliment complet et \u00e9quilibr\u00e9, formul\u00e9 pour la r\u00e9cup\u00e9ration et le soutien nutritionnel pour prendre soin des articulations chez les chiens seniors \u00e0 partir de 6 ans en fonction de leur taille (maxi +6 ans, medium +7 ans, mini +8 ans).  Sa formule unique \u00e0 base d'acide hyaluronique, de collag\u00e8ne hydrolys\u00e9, de chondro\u00eftine, de glucosamine et d'om\u00e9ga-3 aide \u00e0 pr\u00e9server la sant\u00e9 et la mobilit\u00e9 des articulations et sa teneur en prot\u00e9ine aide \u00e0 maintenir sa masse musculaire.","robots":{"index":"noindex","follow":"nofollow"},"og_locale":"fr_FR","og_type":"article","og_title":"Veterinary Diets (Advance) Chien Articular Senior +7 Poulet Advance - V\u00e9torino","og_description":"ADVANCE VETERINARY DIETS Articular Senior est un aliment complet et \u00e9quilibr\u00e9, formul\u00e9 pour la r\u00e9cup\u00e9ration et le soutien nutritionnel pour prendre soin des articulations chez les chiens seniors \u00e0 partir de 6 ans en fonction de leur taille (maxi +6 ans, medium +7 ans, mini +8 ans).  Sa formule unique \u00e0 base d'acide hyaluronique, de collag\u00e8ne hydrolys\u00e9, de chondro\u00eftine, de glucosamine et d'om\u00e9ga-3 aide \u00e0 pr\u00e9server la sant\u00e9 et la mobilit\u00e9 des articulations et sa teneur en prot\u00e9ine aide \u00e0 maintenir sa masse musculaire.","og_url":"https:\/\/www.vetorino.com\/veterinaire\/plouzevede-29440\/boutique\/product\/advance-veterinary-diets-articular-care-senior\/","og_site_name":"V\u00e9torino","article_publisher":"https:\/\/www.facebook.com\/Vetorino\/","article_modified_time":"2025-07-01T09:57:51+00:00","og_image":[{"width":800,"height":800,"url":"https:\/\/www.vetorino.com\/boutique\/wp-content\/uploads\/2025\/06\/advance-veterinary-diets-articular-care-senior-chien-poulet-6.webp","type":"image\/webp"}],"twitter_card":"summary_large_image","twitter_misc":{"Disponibilit\u00e9":"En stock"},"schema":{"@context":"https:\/\/schema.org","@graph":[{"@type":"WebPage","@id":"https:\/\/www.vetorino.com\/veterinaire\/briancon-05100\/boutique\/product\/advance-veterinary-diets-articular-care-senior\/","url":"https:\/\/www.vetorino.com\/veterinaire\/briancon-05100\/boutique\/product\/advance-veterinary-diets-articular-care-senior\/","name":"Veterinary Diets (Advance) Chien Articular Senior +7 Poulet Advance - V\u00e9torino","isPartOf":{"@id":"https:\/\/www.vetorino.com\/boutique\/#website"},"primaryImageOfPage":{"@id":"https:\/\/www.vetorino.com\/veterinaire\/briancon-05100\/boutique\/product\/advance-veterinary-diets-articular-care-senior\/#primaryimage"},"image":{"@id":"https:\/\/www.vetorino.com\/veterinaire\/briancon-05100\/boutique\/product\/advance-veterinary-diets-articular-care-senior\/#primaryimage"},"thumbnailUrl":"https:\/\/www.vetorino.com\/boutique\/wp-content\/uploads\/2025\/06\/advance-veterinary-diets-articular-care-senior-chien-poulet-6.webp","datePublished":"2025-06-12T03:35:22+00:00","dateModified":"2025-07-01T09:57:51+00:00","description":"ADVANCE VETERINARY DIETS Articular Senior est un aliment complet et \u00e9quilibr\u00e9, formul\u00e9 pour la r\u00e9cup\u00e9ration et le soutien nutritionnel pour prendre soin des articulations chez les chiens seniors \u00e0 partir de 6 ans en fonction de leur taille (maxi +6 ans, medium +7 ans, mini +8 ans). Sa formule unique \u00e0 base d'acide hyaluronique, de collag\u00e8ne hydrolys\u00e9, de chondro\u00eftine, de glucosamine et d'om\u00e9ga-3 aide \u00e0 pr\u00e9server la sant\u00e9 et la mobilit\u00e9 des articulations et sa teneur en prot\u00e9ine aide \u00e0 maintenir sa masse musculaire.","breadcrumb":{"@id":"https:\/\/www.vetorino.com\/veterinaire\/briancon-05100\/boutique\/product\/advance-veterinary-diets-articular-care-senior\/#breadcrumb"},"inLanguage":"fr-FR","potentialAction":[{"@type":"ReadAction","target":["https:\/\/www.vetorino.com\/veterinaire\/briancon-05100\/boutique\/product\/advance-veterinary-diets-articular-care-senior\/"]}]},{"@type":"ImageObject","inLanguage":"fr-FR","@id":"https:\/\/www.vetorino.com\/veterinaire\/briancon-05100\/boutique\/product\/advance-veterinary-diets-articular-care-senior\/#primaryimage","url":"https:\/\/www.vetorino.com\/boutique\/wp-content\/uploads\/2025\/06\/advance-veterinary-diets-articular-care-senior-chien-poulet-6.webp","contentUrl":"https:\/\/www.vetorino.com\/boutique\/wp-content\/uploads\/2025\/06\/advance-veterinary-diets-articular-care-senior-chien-poulet-6.webp","width":800,"height":800},{"@type":"BreadcrumbList","@id":"https:\/\/www.vetorino.com\/veterinaire\/briancon-05100\/boutique\/product\/advance-veterinary-diets-articular-care-senior\/#breadcrumb","itemListElement":[{"@type":"ListItem","position":1,"name":"Accueil","item":"https:\/\/www.vetorino.com\/boutique\/"},{"@type":"ListItem","position":2,"name":"Produits","item":"https:\/\/www.vetorino.com\/boutique\/"},{"@type":"ListItem","position":3,"name":"Chien Articular Senior +7 Poulet"}]},{"@type":"WebSite","@id":"https:\/\/www.vetorino.com\/boutique\/#website","url":"https:\/\/www.vetorino.com\/boutique\/","name":"V\u00e9torino","description":"","publisher":{"@id":"https:\/\/www.vetorino.com\/boutique\/#organization"},"potentialAction":[{"@type":"SearchAction","target":{"@type":"EntryPoint","urlTemplate":"https:\/\/www.vetorino.com\/boutique\/?s={search_term_string}"},"query-input":{"@type":"PropertyValueSpecification","valueRequired":true,"valueName":"search_term_string"}}],"inLanguage":"fr-FR"},{"@type":"Organization","@id":"https:\/\/www.vetorino.com\/boutique\/#organization","name":"V\u00e9torino","url":"https:\/\/www.vetorino.com\/boutique\/","logo":{"@type":"ImageObject","inLanguage":"fr-FR","@id":"https:\/\/www.vetorino.com\/boutique\/#\/schema\/logo\/image\/","url":"https:\/\/www.vetorino.com\/boutique\/wp-content\/uploads\/2024\/10\/logo.jpg","contentUrl":"https:\/\/www.vetorino.com\/boutique\/wp-content\/uploads\/2024\/10\/logo.jpg","width":1200,"height":610,"caption":"V\u00e9torino"},"image":{"@id":"https:\/\/www.vetorino.com\/boutique\/#\/schema\/logo\/image\/"},"sameAs":["https:\/\/www.facebook.com\/Vetorino\/","https:\/\/www.instagram.com\/vetorino_off\/","https:\/\/www.linkedin.com\/company\/vtorino\/"]}]},"product_brand":"Advance","og_availability":"instock","product_availability":"instock","product_condition":"new"},"_links":{"self":[{"href":"https:\/\/www.vetorino.com\/veterinaire\/plouzevede-29440\/boutique\/wp-json\/wp\/v2\/product\/1369763","targetHints":{"allow":["GET"]}}],"collection":[{"href":"https:\/\/www.vetorino.com\/veterinaire\/plouzevede-29440\/boutique\/wp-json\/wp\/v2\/product"}],"about":[{"href":"https:\/\/www.vetorino.com\/veterinaire\/plouzevede-29440\/boutique\/wp-json\/wp\/v2\/types\/product"}],"wp:featuredmedia":[{"embeddable":true,"href":"https:\/\/www.vetorino.com\/veterinaire\/plouzevede-29440\/boutique\/wp-json\/wp\/v2\/media\/1370348"}],"wp:attachment":[{"href":"https:\/\/www.vetorino.com\/veterinaire\/plouzevede-29440\/boutique\/wp-json\/wp\/v2\/media?parent=1369763"}],"wp:term":[{"taxonomy":"product_cat","embeddable":true,"href":"https:\/\/www.vetorino.com\/veterinaire\/plouzevede-29440\/boutique\/wp-json\/wp\/v2\/product_cat?post=1369763"},{"taxonomy":"product_tag","embeddable":true,"href":"https:\/\/www.vetorino.com\/veterinaire\/plouzevede-29440\/boutique\/wp-json\/wp\/v2\/product_tag?post=1369763"}],"curies":[{"name":"wp","href":"https:\/\/api.w.org\/{rel}","templated":true}]}}