{"id":165286,"date":"2021-03-26T17:58:12","date_gmt":"2021-03-26T16:58:12","guid":{"rendered":"https:\/\/www.vetorino.com\/boutique\/product\/scalibor-collier-antitique-65-cm\/"},"modified":"2024-07-01T15:25:08","modified_gmt":"2024-07-01T13:25:08","slug":"scalibor-collier-antitique-65-cm","status":"publish","type":"product","link":"https:\/\/www.vetorino.com\/veterinaire\/plouzevede-29440\/boutique\/product\/scalibor-collier-antitique-65-cm\/","title":{"rendered":"Scalibor Grand Chien"},"content":{"rendered":"<p><strong>Scalibor est un collier antiparasitaire externe pour chiens. Il permet de prot\u00e9ger votre chien contre les phl\u00e9botomes pendant 12 mois, et contre les tiques et les moustiques pendant 6 mois.<\/strong><\/p>\n<p><strong><br \/>\nUtilisation :<br \/>\n<\/strong><\/p>\n<ul>\n<li>Placez le collier autour du cou de votre chien et fermez le en utilisant la boucle.<\/li>\n<li>Il doit \u00eatre au contact de la peau mais pas trop serr\u00e9, si vous pouvez passer juste deux doigts entre le collier et le cou de votre chien, le serrage est bon.<\/li>\n<li>Coupez ensuite l&#8217;exc\u00e9dent de collier \u00e0 3-4 cm de la boucle.<\/li>\n<\/ul>\n<p><strong>Contre indications :<\/strong><\/p>\n<ul>\n<li>Ne pas utiliser chez le chiot de moins de 7 semaines.<\/li>\n<li>Ne pas utiliser sur la chienne gestante.<\/li>\n<li>Ne pas utiliser sur le chat ou le lapin.<\/li>\n<\/ul>\n<p><strong>Fonctionnement :<\/strong><\/p>\n<p>La substance active du collier pour chien Scalibor\u00ae est la deltam\u00e9thrine. La deltam\u00e9thrine se caract\u00e9rise par son activit\u00e9 acaricide et insecticide en provoquant une hyperexcitation, suivi d&#8217;une paralysie, de tremblements et de la mortalit\u00e9 des parasites. Pour une protection efficace, compte tenu du temps de diffusion sur le chien, le collier Scalibor\u00ae doit \u00eatre pos\u00e9 une semaine avant l\u2019introduction de l\u2019animal en milieu infest\u00e9.<\/p>\n<p>Pour information : la date de p\u00e9remption inscrite sur le sachet des colliers SCALIBOR\u00ae correspond \u00e0 la date limite d\u2019ouverture.<\/p>\n<p><strong>Avantages :<\/strong><\/p>\n<ul>\n<li><strong>Pr\u00e9vention des infestations par les tiques<\/strong> pendant 6 mois.<\/li>\n<li><strong>Pr\u00e9vention des piq\u00fbres de phl\u00e9botomes<\/strong> pendant 12 mois : les phl\u00e9botomes sont vecteurs de la leishmaniose, une maladie grave commune au chien et \u00e0 l\u2019Homme, pr\u00e9sente dans le Sud de la France et qui s\u2019\u00e9tend.<\/li>\n<li><strong>Pr\u00e9vention des piq\u00fbres de moustiques<\/strong> (Culex pipiens) pendant 6 mois.<\/li>\n<li><strong>R\u00e9sistant \u00e0 l&#8217;eau<\/strong>.<\/li>\n<li>Pas de relargage par \u00e9vaporation, pas de perte de mati\u00e8re active <strong>et donc pas d\u2019odeur.<\/strong><\/li>\n<\/ul>\n<p><strong><br \/>\nCe collier est un produit v\u00e9t\u00e9rinaire. Il est recommand\u00e9 de demander conseil \u00e0 votre v\u00e9t\u00e9rinaire avant utilisation.<\/strong><\/p>\n","protected":false},"excerpt":{"rendered":"<p><strong>Scalibor est un collier antiparasitaire externe pour chiens. Il permet de prot\u00e9ger votre chien contre les phl\u00e9botomes pendant 12 mois, et contre les tiques et les moustiques pendant 6 mois.<\/strong><\/p>\n<p><strong>Utilisation\u00a0 :<br \/>\n<\/strong><\/p>\n<ul>\n<li>Placez le collier autour du cou de votre chien et fermez le en utilisant la boucle.<\/li>\n<li>Il doit \u00eatre au contact de la peau mais pas trop serr\u00e9, si vous pouvez passer juste deux doigts entre le collier et le cou de votre chien, le serrage est bon.<\/li>\n<li>Coupez ensuite l&#8217;exc\u00e9dent de collier \u00e0 3-4 cm de la boucle.<\/li>\n<\/ul>\n","protected":false},"featured_media":175845,"template":"","meta":[],"product_cat":[12550,12554,2698,2777],"product_tag":[],"class_list":{"0":"post-165286","1":"product","2":"type-product","3":"status-publish","4":"has-post-thumbnail","6":"product_cat-accessoires-du-chien","7":"product_cat-antiparasitaire-du-chien","8":"product_cat-chien","9":"product_cat-colliers-laisses-et-harnais-pour-chien","10":"pa_marque-scalibor","12":"first","13":"instock","14":"taxable","15":"shipping-taxable","16":"purchasable","17":"product-type-variable"},"yoast_head":"<!-- This site is optimized with the Yoast SEO plugin v27.3 - https:\/\/yoast.com\/product\/yoast-seo-wordpress\/ -->\n<title>Scalibor Grand Chien Scalibor - V\u00e9torino<\/title>\n<meta name=\"description\" content=\"Scalibor est un collier antiparasitaire externe pour chiens. Il permet de prot\u00e9ger votre chien contre les phl\u00e9botomes pendant 12 mois, et contre les tiques et les moustiques pendant 6 mois.  Utilisation\u00a0 :    Placez le collier autour du cou de votre chien et fermez le en utilisant la boucle.  Il doit \u00eatre au contact de la peau mais pas trop serr\u00e9, si vous pouvez passer juste deux doigts entre le collier et le cou de votre chien, le serrage est bon.  Coupez ensuite l&#039;exc\u00e9dent de collier \u00e0 3-4 cm de la boucle.\" \/>\n<meta name=\"robots\" content=\"noindex, nofollow\" \/>\n<meta property=\"og:locale\" content=\"fr_FR\" \/>\n<meta property=\"og:type\" content=\"article\" \/>\n<meta property=\"og:title\" content=\"Scalibor Grand Chien Scalibor - V\u00e9torino\" \/>\n<meta property=\"og:description\" content=\"Scalibor est un collier antiparasitaire externe pour chiens. Il permet de prot\u00e9ger votre chien contre les phl\u00e9botomes pendant 12 mois, et contre les tiques et les moustiques pendant 6 mois.  Utilisation\u00a0 :    Placez le collier autour du cou de votre chien et fermez le en utilisant la boucle.  Il doit \u00eatre au contact de la peau mais pas trop serr\u00e9, si vous pouvez passer juste deux doigts entre le collier et le cou de votre chien, le serrage est bon.  Coupez ensuite l&#039;exc\u00e9dent de collier \u00e0 3-4 cm de la boucle.\" \/>\n<meta property=\"og:url\" content=\"https:\/\/www.vetorino.com\/veterinaire\/plouzevede-29440\/boutique\/product\/scalibor-collier-antitique-65-cm\/\" \/>\n<meta property=\"og:site_name\" content=\"V\u00e9torino\" \/>\n<meta property=\"article:publisher\" content=\"https:\/\/www.facebook.com\/Vetorino\/\" \/>\n<meta property=\"article:modified_time\" content=\"2024-07-01T13:25:08+00:00\" \/>\n<meta property=\"og:image\" content=\"https:\/\/www.vetorino.com\/boutique\/wp-content\/uploads\/2021\/03\/scalibor-grand-chien.png\" \/>\n\t<meta property=\"og:image:width\" content=\"800\" \/>\n\t<meta property=\"og:image:height\" content=\"800\" \/>\n\t<meta property=\"og:image:type\" content=\"image\/png\" \/>\n<meta name=\"twitter:card\" content=\"summary_large_image\" \/>\n<meta name=\"twitter:label1\" content=\"Disponibilit\u00e9\" \/>\n\t<meta name=\"twitter:data1\" content=\"En stock\" \/>\n<script type=\"application\/ld+json\" class=\"yoast-schema-graph\">{\"@context\":\"https:\\\/\\\/schema.org\",\"@graph\":[{\"@type\":\"WebPage\",\"@id\":\"https:\\\/\\\/www.vetorino.com\\\/boutique\\\/product\\\/scalibor-collier-antitique-65-cm\\\/\",\"url\":\"https:\\\/\\\/www.vetorino.com\\\/boutique\\\/product\\\/scalibor-collier-antitique-65-cm\\\/\",\"name\":\"Scalibor Grand Chien Scalibor - V\u00e9torino\",\"isPartOf\":{\"@id\":\"https:\\\/\\\/www.vetorino.com\\\/boutique\\\/#website\"},\"primaryImageOfPage\":{\"@id\":\"https:\\\/\\\/www.vetorino.com\\\/boutique\\\/product\\\/scalibor-collier-antitique-65-cm\\\/#primaryimage\"},\"image\":{\"@id\":\"https:\\\/\\\/www.vetorino.com\\\/boutique\\\/product\\\/scalibor-collier-antitique-65-cm\\\/#primaryimage\"},\"thumbnailUrl\":\"https:\\\/\\\/www.vetorino.com\\\/boutique\\\/wp-content\\\/uploads\\\/2021\\\/03\\\/scalibor-grand-chien.png\",\"datePublished\":\"2021-03-26T16:58:12+00:00\",\"dateModified\":\"2024-07-01T13:25:08+00:00\",\"description\":\"Scalibor est un collier antiparasitaire externe pour chiens. Il permet de prot\u00e9ger votre chien contre les phl\u00e9botomes pendant 12 mois, et contre les tiques et les moustiques pendant 6 mois. Utilisation\u00a0 : Placez le collier autour du cou de votre chien et fermez le en utilisant la boucle. Il doit \u00eatre au contact de la peau mais pas trop serr\u00e9, si vous pouvez passer juste deux doigts entre le collier et le cou de votre chien, le serrage est bon. Coupez ensuite l'exc\u00e9dent de collier \u00e0 3-4 cm de la boucle.\",\"breadcrumb\":{\"@id\":\"https:\\\/\\\/www.vetorino.com\\\/boutique\\\/product\\\/scalibor-collier-antitique-65-cm\\\/#breadcrumb\"},\"inLanguage\":\"fr-FR\",\"potentialAction\":[{\"@type\":\"ReadAction\",\"target\":[\"https:\\\/\\\/www.vetorino.com\\\/boutique\\\/product\\\/scalibor-collier-antitique-65-cm\\\/\"]}]},{\"@type\":\"ImageObject\",\"inLanguage\":\"fr-FR\",\"@id\":\"https:\\\/\\\/www.vetorino.com\\\/boutique\\\/product\\\/scalibor-collier-antitique-65-cm\\\/#primaryimage\",\"url\":\"https:\\\/\\\/www.vetorino.com\\\/boutique\\\/wp-content\\\/uploads\\\/2021\\\/03\\\/scalibor-grand-chien.png\",\"contentUrl\":\"https:\\\/\\\/www.vetorino.com\\\/boutique\\\/wp-content\\\/uploads\\\/2021\\\/03\\\/scalibor-grand-chien.png\",\"width\":800,\"height\":800},{\"@type\":\"BreadcrumbList\",\"@id\":\"https:\\\/\\\/www.vetorino.com\\\/boutique\\\/product\\\/scalibor-collier-antitique-65-cm\\\/#breadcrumb\",\"itemListElement\":[{\"@type\":\"ListItem\",\"position\":1,\"name\":\"Accueil\",\"item\":\"https:\\\/\\\/www.vetorino.com\\\/boutique\\\/\"},{\"@type\":\"ListItem\",\"position\":2,\"name\":\"Produits\",\"item\":\"https:\\\/\\\/www.vetorino.com\\\/boutique\\\/\"},{\"@type\":\"ListItem\",\"position\":3,\"name\":\"Scalibor Grand Chien\"}]},{\"@type\":\"WebSite\",\"@id\":\"https:\\\/\\\/www.vetorino.com\\\/boutique\\\/#website\",\"url\":\"https:\\\/\\\/www.vetorino.com\\\/boutique\\\/\",\"name\":\"V\u00e9torino\",\"description\":\"\",\"publisher\":{\"@id\":\"https:\\\/\\\/www.vetorino.com\\\/boutique\\\/#organization\"},\"potentialAction\":[{\"@type\":\"SearchAction\",\"target\":{\"@type\":\"EntryPoint\",\"urlTemplate\":\"https:\\\/\\\/www.vetorino.com\\\/boutique\\\/?s={search_term_string}\"},\"query-input\":{\"@type\":\"PropertyValueSpecification\",\"valueRequired\":true,\"valueName\":\"search_term_string\"}}],\"inLanguage\":\"fr-FR\"},{\"@type\":\"Organization\",\"@id\":\"https:\\\/\\\/www.vetorino.com\\\/boutique\\\/#organization\",\"name\":\"V\u00e9torino\",\"url\":\"https:\\\/\\\/www.vetorino.com\\\/boutique\\\/\",\"logo\":{\"@type\":\"ImageObject\",\"inLanguage\":\"fr-FR\",\"@id\":\"https:\\\/\\\/www.vetorino.com\\\/boutique\\\/#\\\/schema\\\/logo\\\/image\\\/\",\"url\":\"https:\\\/\\\/www.vetorino.com\\\/boutique\\\/wp-content\\\/uploads\\\/2024\\\/10\\\/logo.jpg\",\"contentUrl\":\"https:\\\/\\\/www.vetorino.com\\\/boutique\\\/wp-content\\\/uploads\\\/2024\\\/10\\\/logo.jpg\",\"width\":1200,\"height\":610,\"caption\":\"V\u00e9torino\"},\"image\":{\"@id\":\"https:\\\/\\\/www.vetorino.com\\\/boutique\\\/#\\\/schema\\\/logo\\\/image\\\/\"},\"sameAs\":[\"https:\\\/\\\/www.facebook.com\\\/Vetorino\\\/\",\"https:\\\/\\\/www.instagram.com\\\/vetorino_off\\\/\",\"https:\\\/\\\/www.linkedin.com\\\/company\\\/vtorino\\\/\"]}]}<\/script>\n<meta property=\"product:brand\" content=\"Scalibor\" \/>\n<meta property=\"og:availability\" content=\"instock\" \/>\n<meta property=\"product:availability\" content=\"instock\" \/>\n<meta property=\"product:condition\" content=\"new\" \/>\n<!-- \/ Yoast SEO plugin. -->","yoast_head_json":{"title":"Scalibor Grand Chien Scalibor - V\u00e9torino","description":"Scalibor est un collier antiparasitaire externe pour chiens. Il permet de prot\u00e9ger votre chien contre les phl\u00e9botomes pendant 12 mois, et contre les tiques et les moustiques pendant 6 mois.  Utilisation\u00a0 :    Placez le collier autour du cou de votre chien et fermez le en utilisant la boucle.  Il doit \u00eatre au contact de la peau mais pas trop serr\u00e9, si vous pouvez passer juste deux doigts entre le collier et le cou de votre chien, le serrage est bon.  Coupez ensuite l'exc\u00e9dent de collier \u00e0 3-4 cm de la boucle.","robots":{"index":"noindex","follow":"nofollow"},"og_locale":"fr_FR","og_type":"article","og_title":"Scalibor Grand Chien Scalibor - V\u00e9torino","og_description":"Scalibor est un collier antiparasitaire externe pour chiens. Il permet de prot\u00e9ger votre chien contre les phl\u00e9botomes pendant 12 mois, et contre les tiques et les moustiques pendant 6 mois.  Utilisation\u00a0 :    Placez le collier autour du cou de votre chien et fermez le en utilisant la boucle.  Il doit \u00eatre au contact de la peau mais pas trop serr\u00e9, si vous pouvez passer juste deux doigts entre le collier et le cou de votre chien, le serrage est bon.  Coupez ensuite l'exc\u00e9dent de collier \u00e0 3-4 cm de la boucle.","og_url":"https:\/\/www.vetorino.com\/veterinaire\/plouzevede-29440\/boutique\/product\/scalibor-collier-antitique-65-cm\/","og_site_name":"V\u00e9torino","article_publisher":"https:\/\/www.facebook.com\/Vetorino\/","article_modified_time":"2024-07-01T13:25:08+00:00","og_image":[{"width":800,"height":800,"url":"https:\/\/www.vetorino.com\/boutique\/wp-content\/uploads\/2021\/03\/scalibor-grand-chien.png","type":"image\/png"}],"twitter_card":"summary_large_image","twitter_misc":{"Disponibilit\u00e9":"En stock"},"schema":{"@context":"https:\/\/schema.org","@graph":[{"@type":"WebPage","@id":"https:\/\/www.vetorino.com\/boutique\/product\/scalibor-collier-antitique-65-cm\/","url":"https:\/\/www.vetorino.com\/boutique\/product\/scalibor-collier-antitique-65-cm\/","name":"Scalibor Grand Chien Scalibor - V\u00e9torino","isPartOf":{"@id":"https:\/\/www.vetorino.com\/boutique\/#website"},"primaryImageOfPage":{"@id":"https:\/\/www.vetorino.com\/boutique\/product\/scalibor-collier-antitique-65-cm\/#primaryimage"},"image":{"@id":"https:\/\/www.vetorino.com\/boutique\/product\/scalibor-collier-antitique-65-cm\/#primaryimage"},"thumbnailUrl":"https:\/\/www.vetorino.com\/boutique\/wp-content\/uploads\/2021\/03\/scalibor-grand-chien.png","datePublished":"2021-03-26T16:58:12+00:00","dateModified":"2024-07-01T13:25:08+00:00","description":"Scalibor est un collier antiparasitaire externe pour chiens. Il permet de prot\u00e9ger votre chien contre les phl\u00e9botomes pendant 12 mois, et contre les tiques et les moustiques pendant 6 mois. Utilisation\u00a0 : Placez le collier autour du cou de votre chien et fermez le en utilisant la boucle. Il doit \u00eatre au contact de la peau mais pas trop serr\u00e9, si vous pouvez passer juste deux doigts entre le collier et le cou de votre chien, le serrage est bon. Coupez ensuite l'exc\u00e9dent de collier \u00e0 3-4 cm de la boucle.","breadcrumb":{"@id":"https:\/\/www.vetorino.com\/boutique\/product\/scalibor-collier-antitique-65-cm\/#breadcrumb"},"inLanguage":"fr-FR","potentialAction":[{"@type":"ReadAction","target":["https:\/\/www.vetorino.com\/boutique\/product\/scalibor-collier-antitique-65-cm\/"]}]},{"@type":"ImageObject","inLanguage":"fr-FR","@id":"https:\/\/www.vetorino.com\/boutique\/product\/scalibor-collier-antitique-65-cm\/#primaryimage","url":"https:\/\/www.vetorino.com\/boutique\/wp-content\/uploads\/2021\/03\/scalibor-grand-chien.png","contentUrl":"https:\/\/www.vetorino.com\/boutique\/wp-content\/uploads\/2021\/03\/scalibor-grand-chien.png","width":800,"height":800},{"@type":"BreadcrumbList","@id":"https:\/\/www.vetorino.com\/boutique\/product\/scalibor-collier-antitique-65-cm\/#breadcrumb","itemListElement":[{"@type":"ListItem","position":1,"name":"Accueil","item":"https:\/\/www.vetorino.com\/boutique\/"},{"@type":"ListItem","position":2,"name":"Produits","item":"https:\/\/www.vetorino.com\/boutique\/"},{"@type":"ListItem","position":3,"name":"Scalibor Grand Chien"}]},{"@type":"WebSite","@id":"https:\/\/www.vetorino.com\/boutique\/#website","url":"https:\/\/www.vetorino.com\/boutique\/","name":"V\u00e9torino","description":"","publisher":{"@id":"https:\/\/www.vetorino.com\/boutique\/#organization"},"potentialAction":[{"@type":"SearchAction","target":{"@type":"EntryPoint","urlTemplate":"https:\/\/www.vetorino.com\/boutique\/?s={search_term_string}"},"query-input":{"@type":"PropertyValueSpecification","valueRequired":true,"valueName":"search_term_string"}}],"inLanguage":"fr-FR"},{"@type":"Organization","@id":"https:\/\/www.vetorino.com\/boutique\/#organization","name":"V\u00e9torino","url":"https:\/\/www.vetorino.com\/boutique\/","logo":{"@type":"ImageObject","inLanguage":"fr-FR","@id":"https:\/\/www.vetorino.com\/boutique\/#\/schema\/logo\/image\/","url":"https:\/\/www.vetorino.com\/boutique\/wp-content\/uploads\/2024\/10\/logo.jpg","contentUrl":"https:\/\/www.vetorino.com\/boutique\/wp-content\/uploads\/2024\/10\/logo.jpg","width":1200,"height":610,"caption":"V\u00e9torino"},"image":{"@id":"https:\/\/www.vetorino.com\/boutique\/#\/schema\/logo\/image\/"},"sameAs":["https:\/\/www.facebook.com\/Vetorino\/","https:\/\/www.instagram.com\/vetorino_off\/","https:\/\/www.linkedin.com\/company\/vtorino\/"]}]},"product_brand":"Scalibor","og_availability":"instock","product_availability":"instock","product_condition":"new"},"_links":{"self":[{"href":"https:\/\/www.vetorino.com\/veterinaire\/plouzevede-29440\/boutique\/wp-json\/wp\/v2\/product\/165286","targetHints":{"allow":["GET"]}}],"collection":[{"href":"https:\/\/www.vetorino.com\/veterinaire\/plouzevede-29440\/boutique\/wp-json\/wp\/v2\/product"}],"about":[{"href":"https:\/\/www.vetorino.com\/veterinaire\/plouzevede-29440\/boutique\/wp-json\/wp\/v2\/types\/product"}],"wp:featuredmedia":[{"embeddable":true,"href":"https:\/\/www.vetorino.com\/veterinaire\/plouzevede-29440\/boutique\/wp-json\/wp\/v2\/media\/175845"}],"wp:attachment":[{"href":"https:\/\/www.vetorino.com\/veterinaire\/plouzevede-29440\/boutique\/wp-json\/wp\/v2\/media?parent=165286"}],"wp:term":[{"taxonomy":"product_cat","embeddable":true,"href":"https:\/\/www.vetorino.com\/veterinaire\/plouzevede-29440\/boutique\/wp-json\/wp\/v2\/product_cat?post=165286"},{"taxonomy":"product_tag","embeddable":true,"href":"https:\/\/www.vetorino.com\/veterinaire\/plouzevede-29440\/boutique\/wp-json\/wp\/v2\/product_tag?post=165286"}],"curies":[{"name":"wp","href":"https:\/\/api.w.org\/{rel}","templated":true}]}}