{"id":1664853,"date":"2026-01-20T15:38:29","date_gmt":"2026-01-20T14:38:29","guid":{"rendered":"https:\/\/www.vetorino.com\/boutique\/product\/labbederm\/"},"modified":"2026-01-21T11:30:50","modified_gmt":"2026-01-21T10:30:50","slug":"labbederm","status":"publish","type":"product","link":"https:\/\/www.vetorino.com\/veterinaire\/plouzevede-29440\/boutique\/product\/labbederm\/","title":{"rendered":"Labbederm"},"content":{"rendered":"<p><strong>Lait nettoyant et hydratant<\/strong> tr\u00e8s utile dans les plis de peau, les cals cutan\u00e9s, boutons, pustules localis\u00e9es, truffes s\u00e8ches, coussinet craquel\u00e9 etc.<\/p>\n<p>Labberderm va\u00a0<strong>r\u00e9parer<\/strong>\u00a0tout en apportant une\u00a0<strong>bonne hydratation<\/strong> \u00e0 la peau de votre boule de poils qui se sentira instantan\u00e9ment soulag\u00e9e, cela vous permettra de partager un moment avec lui en lui offrant un massage qu&#8217;il va appr\u00e9cier le tout en prenant soin de sa peau.<\/p>\n<ul>\n<li>Convient aux chats, aux chiens et aux rongeurs<\/li>\n<li>R\u00e9pare et hydrate la peau<\/li>\n<li>Simple \u00e0 appliquer<\/li>\n<\/ul>\n<p>Mode d&#8217;emploi : <em>Appliquer directement sur la zone concern\u00e9e sans mod\u00e9ration<\/em><\/p>\n","protected":false},"excerpt":{"rendered":"<p><strong>Lait nettoyant et hydratant<\/strong> tr\u00e8s utile dans les plis de peau, les cals cutan\u00e9s, boutons, pustules localis\u00e9es, truffes s\u00e8ches, coussinet craquel\u00e9s etc.<\/p>\n<ul>\n<li>Convient aux chats, aux chiens et aux rongeurs<\/li>\n<li>R\u00e9pare et hydrate la peau<\/li>\n<li>Simple \u00e0 appliquer<\/li>\n<\/ul>\n<p>Mode d&#8217;emploi : <em>Appliquer directement sur la zone concern\u00e9e sans mod\u00e9ration<\/em><\/p>\n","protected":false},"featured_media":1666235,"template":"","meta":[],"product_cat":[2697,12611,15842],"product_tag":[],"class_list":{"0":"post-1664853","1":"product","2":"type-product","3":"status-publish","4":"has-post-thumbnail","6":"product_cat-chat","7":"product_cat-hygiene-de-la-peau-et-du-pelage-du-chat","8":"product_cat-rongeurs","9":"pa_marque-labbea","11":"first","12":"instock","13":"taxable","14":"shipping-taxable","15":"purchasable","16":"product-type-simple"},"yoast_head":"<!-- This site is optimized with the Yoast SEO plugin v27.3 - https:\/\/yoast.com\/product\/yoast-seo-wordpress\/ -->\n<title>Labbederm Labbea - V\u00e9torino<\/title>\n<meta name=\"description\" content=\"Lait nettoyant et hydratant tr\u00e8s utile dans les plis de peau, les cals cutan\u00e9s, boutons, pustules localis\u00e9es, truffes s\u00e8ches, coussinet craquel\u00e9s etc.   Convient aux chats, aux chiens et aux rongeurs  R\u00e9pare et hydrate la peau  Simple \u00e0 appliquer  Mode d&#039;emploi : Appliquer directement sur la zone concern\u00e9e sans mod\u00e9ration\" \/>\n<meta name=\"robots\" content=\"noindex, nofollow\" \/>\n<meta property=\"og:locale\" content=\"fr_FR\" \/>\n<meta property=\"og:type\" content=\"article\" \/>\n<meta property=\"og:title\" content=\"Labbederm Labbea - V\u00e9torino\" \/>\n<meta property=\"og:description\" content=\"Lait nettoyant et hydratant tr\u00e8s utile dans les plis de peau, les cals cutan\u00e9s, boutons, pustules localis\u00e9es, truffes s\u00e8ches, coussinet craquel\u00e9s etc.   Convient aux chats, aux chiens et aux rongeurs  R\u00e9pare et hydrate la peau  Simple \u00e0 appliquer  Mode d&#039;emploi : Appliquer directement sur la zone concern\u00e9e sans mod\u00e9ration\" \/>\n<meta property=\"og:url\" content=\"https:\/\/www.vetorino.com\/veterinaire\/plouzevede-29440\/boutique\/product\/labbederm\/\" \/>\n<meta property=\"og:site_name\" content=\"V\u00e9torino\" \/>\n<meta property=\"article:publisher\" content=\"https:\/\/www.facebook.com\/Vetorino\/\" \/>\n<meta property=\"article:modified_time\" content=\"2026-01-21T10:30:50+00:00\" \/>\n<meta property=\"og:image\" content=\"https:\/\/www.vetorino.com\/boutique\/wp-content\/uploads\/2026\/01\/labbea-labbederm-50-ml.jpeg\" \/>\n\t<meta property=\"og:image:width\" content=\"639\" \/>\n\t<meta property=\"og:image:height\" content=\"583\" \/>\n\t<meta property=\"og:image:type\" content=\"image\/jpeg\" \/>\n<meta name=\"twitter:card\" content=\"summary_large_image\" \/>\n<meta name=\"twitter:label1\" content=\"Prix\" \/>\n\t<meta name=\"twitter:data1\" content=\"9,15&euro;\" \/>\n\t<meta name=\"twitter:label2\" content=\"Disponibilit\u00e9\" \/>\n\t<meta name=\"twitter:data2\" content=\"En stock\" \/>\n<script type=\"application\/ld+json\" class=\"yoast-schema-graph\">{\"@context\":\"https:\\\/\\\/schema.org\",\"@graph\":[{\"@type\":\"WebPage\",\"@id\":\"https:\\\/\\\/www.vetorino.com\\\/boutique\\\/product\\\/labbederm\\\/\",\"url\":\"https:\\\/\\\/www.vetorino.com\\\/boutique\\\/product\\\/labbederm\\\/\",\"name\":\"Labbederm Labbea - V\u00e9torino\",\"isPartOf\":{\"@id\":\"https:\\\/\\\/www.vetorino.com\\\/boutique\\\/#website\"},\"primaryImageOfPage\":{\"@id\":\"https:\\\/\\\/www.vetorino.com\\\/boutique\\\/product\\\/labbederm\\\/#primaryimage\"},\"image\":{\"@id\":\"https:\\\/\\\/www.vetorino.com\\\/boutique\\\/product\\\/labbederm\\\/#primaryimage\"},\"thumbnailUrl\":\"https:\\\/\\\/www.vetorino.com\\\/boutique\\\/wp-content\\\/uploads\\\/2026\\\/01\\\/labbea-labbederm-50-ml.jpeg\",\"datePublished\":\"2026-01-20T14:38:29+00:00\",\"dateModified\":\"2026-01-21T10:30:50+00:00\",\"description\":\"Lait nettoyant et hydratant tr\u00e8s utile dans les plis de peau, les cals cutan\u00e9s, boutons, pustules localis\u00e9es, truffes s\u00e8ches, coussinet craquel\u00e9s etc. Convient aux chats, aux chiens et aux rongeurs R\u00e9pare et hydrate la peau Simple \u00e0 appliquer Mode d'emploi : Appliquer directement sur la zone concern\u00e9e sans mod\u00e9ration\",\"breadcrumb\":{\"@id\":\"https:\\\/\\\/www.vetorino.com\\\/boutique\\\/product\\\/labbederm\\\/#breadcrumb\"},\"inLanguage\":\"fr-FR\",\"potentialAction\":[{\"@type\":\"ReadAction\",\"target\":[\"https:\\\/\\\/www.vetorino.com\\\/boutique\\\/product\\\/labbederm\\\/\"]}]},{\"@type\":\"ImageObject\",\"inLanguage\":\"fr-FR\",\"@id\":\"https:\\\/\\\/www.vetorino.com\\\/boutique\\\/product\\\/labbederm\\\/#primaryimage\",\"url\":\"https:\\\/\\\/www.vetorino.com\\\/boutique\\\/wp-content\\\/uploads\\\/2026\\\/01\\\/labbea-labbederm-50-ml.jpeg\",\"contentUrl\":\"https:\\\/\\\/www.vetorino.com\\\/boutique\\\/wp-content\\\/uploads\\\/2026\\\/01\\\/labbea-labbederm-50-ml.jpeg\",\"width\":639,\"height\":583},{\"@type\":\"BreadcrumbList\",\"@id\":\"https:\\\/\\\/www.vetorino.com\\\/boutique\\\/product\\\/labbederm\\\/#breadcrumb\",\"itemListElement\":[{\"@type\":\"ListItem\",\"position\":1,\"name\":\"Accueil\",\"item\":\"https:\\\/\\\/www.vetorino.com\\\/boutique\\\/\"},{\"@type\":\"ListItem\",\"position\":2,\"name\":\"Produits\",\"item\":\"https:\\\/\\\/www.vetorino.com\\\/boutique\\\/\"},{\"@type\":\"ListItem\",\"position\":3,\"name\":\"Labbederm\"}]},{\"@type\":\"WebSite\",\"@id\":\"https:\\\/\\\/www.vetorino.com\\\/boutique\\\/#website\",\"url\":\"https:\\\/\\\/www.vetorino.com\\\/boutique\\\/\",\"name\":\"V\u00e9torino\",\"description\":\"\",\"publisher\":{\"@id\":\"https:\\\/\\\/www.vetorino.com\\\/boutique\\\/#organization\"},\"potentialAction\":[{\"@type\":\"SearchAction\",\"target\":{\"@type\":\"EntryPoint\",\"urlTemplate\":\"https:\\\/\\\/www.vetorino.com\\\/boutique\\\/?s={search_term_string}\"},\"query-input\":{\"@type\":\"PropertyValueSpecification\",\"valueRequired\":true,\"valueName\":\"search_term_string\"}}],\"inLanguage\":\"fr-FR\"},{\"@type\":\"Organization\",\"@id\":\"https:\\\/\\\/www.vetorino.com\\\/boutique\\\/#organization\",\"name\":\"V\u00e9torino\",\"url\":\"https:\\\/\\\/www.vetorino.com\\\/boutique\\\/\",\"logo\":{\"@type\":\"ImageObject\",\"inLanguage\":\"fr-FR\",\"@id\":\"https:\\\/\\\/www.vetorino.com\\\/boutique\\\/#\\\/schema\\\/logo\\\/image\\\/\",\"url\":\"https:\\\/\\\/www.vetorino.com\\\/boutique\\\/wp-content\\\/uploads\\\/2024\\\/10\\\/logo.jpg\",\"contentUrl\":\"https:\\\/\\\/www.vetorino.com\\\/boutique\\\/wp-content\\\/uploads\\\/2024\\\/10\\\/logo.jpg\",\"width\":1200,\"height\":610,\"caption\":\"V\u00e9torino\"},\"image\":{\"@id\":\"https:\\\/\\\/www.vetorino.com\\\/boutique\\\/#\\\/schema\\\/logo\\\/image\\\/\"},\"sameAs\":[\"https:\\\/\\\/www.facebook.com\\\/Vetorino\\\/\",\"https:\\\/\\\/www.instagram.com\\\/vetorino_off\\\/\",\"https:\\\/\\\/www.linkedin.com\\\/company\\\/vtorino\\\/\"]}]}<\/script>\n<meta property=\"product:brand\" content=\"Labbea\" \/>\n<meta property=\"product:price:amount\" content=\"9.15\" \/>\n<meta property=\"product:price:currency\" content=\"EUR\" \/>\n<meta property=\"og:availability\" content=\"instock\" \/>\n<meta property=\"product:availability\" content=\"instock\" \/>\n<meta property=\"product:retailer_item_id\" content=\"A-1868140\" \/>\n<meta property=\"product:condition\" content=\"new\" \/>\n<!-- \/ Yoast SEO plugin. -->","yoast_head_json":{"title":"Labbederm Labbea - V\u00e9torino","description":"Lait nettoyant et hydratant tr\u00e8s utile dans les plis de peau, les cals cutan\u00e9s, boutons, pustules localis\u00e9es, truffes s\u00e8ches, coussinet craquel\u00e9s etc.   Convient aux chats, aux chiens et aux rongeurs  R\u00e9pare et hydrate la peau  Simple \u00e0 appliquer  Mode d'emploi : Appliquer directement sur la zone concern\u00e9e sans mod\u00e9ration","robots":{"index":"noindex","follow":"nofollow"},"og_locale":"fr_FR","og_type":"article","og_title":"Labbederm Labbea - V\u00e9torino","og_description":"Lait nettoyant et hydratant tr\u00e8s utile dans les plis de peau, les cals cutan\u00e9s, boutons, pustules localis\u00e9es, truffes s\u00e8ches, coussinet craquel\u00e9s etc.   Convient aux chats, aux chiens et aux rongeurs  R\u00e9pare et hydrate la peau  Simple \u00e0 appliquer  Mode d'emploi : Appliquer directement sur la zone concern\u00e9e sans mod\u00e9ration","og_url":"https:\/\/www.vetorino.com\/veterinaire\/plouzevede-29440\/boutique\/product\/labbederm\/","og_site_name":"V\u00e9torino","article_publisher":"https:\/\/www.facebook.com\/Vetorino\/","article_modified_time":"2026-01-21T10:30:50+00:00","og_image":[{"width":639,"height":583,"url":"https:\/\/www.vetorino.com\/boutique\/wp-content\/uploads\/2026\/01\/labbea-labbederm-50-ml.jpeg","type":"image\/jpeg"}],"twitter_card":"summary_large_image","twitter_misc":{"Prix":"9,15&euro;","Disponibilit\u00e9":"En stock"},"schema":{"@context":"https:\/\/schema.org","@graph":[{"@type":"WebPage","@id":"https:\/\/www.vetorino.com\/boutique\/product\/labbederm\/","url":"https:\/\/www.vetorino.com\/boutique\/product\/labbederm\/","name":"Labbederm Labbea - V\u00e9torino","isPartOf":{"@id":"https:\/\/www.vetorino.com\/boutique\/#website"},"primaryImageOfPage":{"@id":"https:\/\/www.vetorino.com\/boutique\/product\/labbederm\/#primaryimage"},"image":{"@id":"https:\/\/www.vetorino.com\/boutique\/product\/labbederm\/#primaryimage"},"thumbnailUrl":"https:\/\/www.vetorino.com\/boutique\/wp-content\/uploads\/2026\/01\/labbea-labbederm-50-ml.jpeg","datePublished":"2026-01-20T14:38:29+00:00","dateModified":"2026-01-21T10:30:50+00:00","description":"Lait nettoyant et hydratant tr\u00e8s utile dans les plis de peau, les cals cutan\u00e9s, boutons, pustules localis\u00e9es, truffes s\u00e8ches, coussinet craquel\u00e9s etc. Convient aux chats, aux chiens et aux rongeurs R\u00e9pare et hydrate la peau Simple \u00e0 appliquer Mode d'emploi : Appliquer directement sur la zone concern\u00e9e sans mod\u00e9ration","breadcrumb":{"@id":"https:\/\/www.vetorino.com\/boutique\/product\/labbederm\/#breadcrumb"},"inLanguage":"fr-FR","potentialAction":[{"@type":"ReadAction","target":["https:\/\/www.vetorino.com\/boutique\/product\/labbederm\/"]}]},{"@type":"ImageObject","inLanguage":"fr-FR","@id":"https:\/\/www.vetorino.com\/boutique\/product\/labbederm\/#primaryimage","url":"https:\/\/www.vetorino.com\/boutique\/wp-content\/uploads\/2026\/01\/labbea-labbederm-50-ml.jpeg","contentUrl":"https:\/\/www.vetorino.com\/boutique\/wp-content\/uploads\/2026\/01\/labbea-labbederm-50-ml.jpeg","width":639,"height":583},{"@type":"BreadcrumbList","@id":"https:\/\/www.vetorino.com\/boutique\/product\/labbederm\/#breadcrumb","itemListElement":[{"@type":"ListItem","position":1,"name":"Accueil","item":"https:\/\/www.vetorino.com\/boutique\/"},{"@type":"ListItem","position":2,"name":"Produits","item":"https:\/\/www.vetorino.com\/boutique\/"},{"@type":"ListItem","position":3,"name":"Labbederm"}]},{"@type":"WebSite","@id":"https:\/\/www.vetorino.com\/boutique\/#website","url":"https:\/\/www.vetorino.com\/boutique\/","name":"V\u00e9torino","description":"","publisher":{"@id":"https:\/\/www.vetorino.com\/boutique\/#organization"},"potentialAction":[{"@type":"SearchAction","target":{"@type":"EntryPoint","urlTemplate":"https:\/\/www.vetorino.com\/boutique\/?s={search_term_string}"},"query-input":{"@type":"PropertyValueSpecification","valueRequired":true,"valueName":"search_term_string"}}],"inLanguage":"fr-FR"},{"@type":"Organization","@id":"https:\/\/www.vetorino.com\/boutique\/#organization","name":"V\u00e9torino","url":"https:\/\/www.vetorino.com\/boutique\/","logo":{"@type":"ImageObject","inLanguage":"fr-FR","@id":"https:\/\/www.vetorino.com\/boutique\/#\/schema\/logo\/image\/","url":"https:\/\/www.vetorino.com\/boutique\/wp-content\/uploads\/2024\/10\/logo.jpg","contentUrl":"https:\/\/www.vetorino.com\/boutique\/wp-content\/uploads\/2024\/10\/logo.jpg","width":1200,"height":610,"caption":"V\u00e9torino"},"image":{"@id":"https:\/\/www.vetorino.com\/boutique\/#\/schema\/logo\/image\/"},"sameAs":["https:\/\/www.facebook.com\/Vetorino\/","https:\/\/www.instagram.com\/vetorino_off\/","https:\/\/www.linkedin.com\/company\/vtorino\/"]}]},"product_brand":"Labbea","product_price_amount":"9.15","product_price_currency":"EUR","og_availability":"instock","product_availability":"instock","product_retailer_item_id":"A-1868140","product_condition":"new"},"_links":{"self":[{"href":"https:\/\/www.vetorino.com\/veterinaire\/plouzevede-29440\/boutique\/wp-json\/wp\/v2\/product\/1664853","targetHints":{"allow":["GET"]}}],"collection":[{"href":"https:\/\/www.vetorino.com\/veterinaire\/plouzevede-29440\/boutique\/wp-json\/wp\/v2\/product"}],"about":[{"href":"https:\/\/www.vetorino.com\/veterinaire\/plouzevede-29440\/boutique\/wp-json\/wp\/v2\/types\/product"}],"wp:featuredmedia":[{"embeddable":true,"href":"https:\/\/www.vetorino.com\/veterinaire\/plouzevede-29440\/boutique\/wp-json\/wp\/v2\/media\/1666235"}],"wp:attachment":[{"href":"https:\/\/www.vetorino.com\/veterinaire\/plouzevede-29440\/boutique\/wp-json\/wp\/v2\/media?parent=1664853"}],"wp:term":[{"taxonomy":"product_cat","embeddable":true,"href":"https:\/\/www.vetorino.com\/veterinaire\/plouzevede-29440\/boutique\/wp-json\/wp\/v2\/product_cat?post=1664853"},{"taxonomy":"product_tag","embeddable":true,"href":"https:\/\/www.vetorino.com\/veterinaire\/plouzevede-29440\/boutique\/wp-json\/wp\/v2\/product_tag?post=1664853"}],"curies":[{"name":"wp","href":"https:\/\/api.w.org\/{rel}","templated":true}]}}