{"id":174581,"date":"2021-04-29T20:22:20","date_gmt":"2021-04-29T18:22:20","guid":{"rendered":"https:\/\/www.vetorino.com\/boutique\/product\/effitix-spot-on-67-mg-600-mg-petit-chien\/"},"modified":"2024-11-06T11:14:47","modified_gmt":"2024-11-06T10:14:47","slug":"effitix-spot-on-67-mg-600-mg-petit-chien","status":"publish","type":"product","link":"https:\/\/www.vetorino.com\/veterinaire\/plouzevede-29440\/boutique\/product\/effitix-spot-on-67-mg-600-mg-petit-chien\/","title":{"rendered":"Effitix Spot On Petit Chien 4-10 kg"},"content":{"rendered":"<p><strong>Effitix Spot On<\/strong> est un antiparasitaire externe \u00e0 usage topique, contenant du fipronil et de la perm\u00e9thrine. Cette association pr\u00e9sente une activit\u00e9 insecticide, acaricide et r\u00e9pulsive \u00e0 l&#8217;\u00e9gard des phl\u00e9botomes et des moustiques.<\/p>\n<p><strong>Utilisation :<\/strong><\/p>\n<ul>\n<li>Chien de petite taille (entre 4 et 10 kg)<\/li>\n<\/ul>\n<p><strong>B\u00e9n\u00e9fices :\u00a0<\/strong><\/p>\n<ul>\n<li>Pipette anti-goutte facile \u00e0 ouvrir et application pr\u00e9cise.<\/li>\n<li>\u00c9limine et tue les puces et les tiques<\/li>\n<li>Repousse les moustiques Phlebotomus, transmetteurs de la leishmaniose, et ceux des genres Culex et Aedes, transmetteurs de la filariose.<\/li>\n<\/ul>\n<p>&nbsp;<\/p>\n","protected":false},"excerpt":{"rendered":"<p><strong>Effitix Spot On<\/strong> est un antiparasitaire externe \u00e0 usage topique, contenant du fipronil et de la perm\u00e9thrine. Cette association pr\u00e9sente une activit\u00e9 insecticide, acaricide et r\u00e9pulsive \u00e0 l&#8217;\u00e9gard des phl\u00e9botomes et des moustiques.<\/p>\n<p><strong>Utilisation :<\/strong><\/p>\n<ul>\n<li>Chien de petite taille (entre 4 et 10 kg)<\/li>\n<\/ul>\n<p>&nbsp;<\/p>\n","protected":false},"featured_media":717306,"template":"","meta":[],"product_cat":[12554,2698],"product_tag":[],"class_list":{"0":"post-174581","1":"product","2":"type-product","3":"status-publish","4":"has-post-thumbnail","6":"product_cat-antiparasitaire-du-chien","7":"product_cat-chien","8":"pa_marque-virbac","10":"first","11":"instock","12":"taxable","13":"shipping-taxable","14":"purchasable","15":"product-type-variable"},"yoast_head":"<!-- This site is optimized with the Yoast SEO plugin v27.3 - https:\/\/yoast.com\/product\/yoast-seo-wordpress\/ -->\n<title>Effitix Spot On Petit Chien 4-10 kg Virbac - V\u00e9torino<\/title>\n<meta name=\"description\" content=\"Effitix Spot On est un antiparasitaire externe \u00e0 usage topique, contenant du fipronil et de la perm\u00e9thrine. Cette association pr\u00e9sente une activit\u00e9 insecticide, acaricide et r\u00e9pulsive \u00e0 l&#039;\u00e9gard des phl\u00e9botomes et des moustiques.  Utilisation :   Chien de petite taille (entre 4 et 10 kg)  &nbsp;\" \/>\n<meta name=\"robots\" content=\"noindex, nofollow\" \/>\n<meta property=\"og:locale\" content=\"fr_FR\" \/>\n<meta property=\"og:type\" content=\"article\" \/>\n<meta property=\"og:title\" content=\"Effitix Spot On Petit Chien 4-10 kg Virbac - V\u00e9torino\" \/>\n<meta property=\"og:description\" content=\"Effitix Spot On est un antiparasitaire externe \u00e0 usage topique, contenant du fipronil et de la perm\u00e9thrine. Cette association pr\u00e9sente une activit\u00e9 insecticide, acaricide et r\u00e9pulsive \u00e0 l&#039;\u00e9gard des phl\u00e9botomes et des moustiques.  Utilisation :   Chien de petite taille (entre 4 et 10 kg)  &nbsp;\" \/>\n<meta property=\"og:url\" content=\"https:\/\/www.vetorino.com\/veterinaire\/plouzevede-29440\/boutique\/product\/effitix-spot-on-67-mg-600-mg-petit-chien\/\" \/>\n<meta property=\"og:site_name\" content=\"V\u00e9torino\" \/>\n<meta property=\"article:publisher\" content=\"https:\/\/www.facebook.com\/Vetorino\/\" \/>\n<meta property=\"article:modified_time\" content=\"2024-11-06T10:14:47+00:00\" \/>\n<meta property=\"og:image\" content=\"https:\/\/www.vetorino.com\/boutique\/wp-content\/uploads\/2021\/04\/VIRBAC-8129526-1.jpg\" \/>\n\t<meta property=\"og:image:width\" content=\"600\" \/>\n\t<meta property=\"og:image:height\" content=\"502\" \/>\n\t<meta property=\"og:image:type\" content=\"image\/jpeg\" \/>\n<meta name=\"twitter:card\" content=\"summary_large_image\" \/>\n<meta name=\"twitter:label1\" content=\"Disponibilit\u00e9\" \/>\n\t<meta name=\"twitter:data1\" content=\"En stock\" \/>\n<script type=\"application\/ld+json\" class=\"yoast-schema-graph\">{\"@context\":\"https:\\\/\\\/schema.org\",\"@graph\":[{\"@type\":\"WebPage\",\"@id\":\"https:\\\/\\\/www.vetorino.com\\\/veterinaire\\\/pontarlier-25300\\\/boutique\\\/product\\\/effitix-spot-on-67-mg-600-mg-petit-chien\\\/\",\"url\":\"https:\\\/\\\/www.vetorino.com\\\/veterinaire\\\/pontarlier-25300\\\/boutique\\\/product\\\/effitix-spot-on-67-mg-600-mg-petit-chien\\\/\",\"name\":\"Effitix Spot On Petit Chien 4-10 kg Virbac - V\u00e9torino\",\"isPartOf\":{\"@id\":\"https:\\\/\\\/www.vetorino.com\\\/boutique\\\/#website\"},\"primaryImageOfPage\":{\"@id\":\"https:\\\/\\\/www.vetorino.com\\\/veterinaire\\\/pontarlier-25300\\\/boutique\\\/product\\\/effitix-spot-on-67-mg-600-mg-petit-chien\\\/#primaryimage\"},\"image\":{\"@id\":\"https:\\\/\\\/www.vetorino.com\\\/veterinaire\\\/pontarlier-25300\\\/boutique\\\/product\\\/effitix-spot-on-67-mg-600-mg-petit-chien\\\/#primaryimage\"},\"thumbnailUrl\":\"https:\\\/\\\/www.vetorino.com\\\/boutique\\\/wp-content\\\/uploads\\\/2021\\\/04\\\/VIRBAC-8129526-1.jpg\",\"datePublished\":\"2021-04-29T18:22:20+00:00\",\"dateModified\":\"2024-11-06T10:14:47+00:00\",\"description\":\"Effitix Spot On est un antiparasitaire externe \u00e0 usage topique, contenant du fipronil et de la perm\u00e9thrine. Cette association pr\u00e9sente une activit\u00e9 insecticide, acaricide et r\u00e9pulsive \u00e0 l'\u00e9gard des phl\u00e9botomes et des moustiques. Utilisation : Chien de petite taille (entre 4 et 10 kg) &nbsp;\",\"breadcrumb\":{\"@id\":\"https:\\\/\\\/www.vetorino.com\\\/veterinaire\\\/pontarlier-25300\\\/boutique\\\/product\\\/effitix-spot-on-67-mg-600-mg-petit-chien\\\/#breadcrumb\"},\"inLanguage\":\"fr-FR\",\"potentialAction\":[{\"@type\":\"ReadAction\",\"target\":[\"https:\\\/\\\/www.vetorino.com\\\/veterinaire\\\/pontarlier-25300\\\/boutique\\\/product\\\/effitix-spot-on-67-mg-600-mg-petit-chien\\\/\"]}]},{\"@type\":\"ImageObject\",\"inLanguage\":\"fr-FR\",\"@id\":\"https:\\\/\\\/www.vetorino.com\\\/veterinaire\\\/pontarlier-25300\\\/boutique\\\/product\\\/effitix-spot-on-67-mg-600-mg-petit-chien\\\/#primaryimage\",\"url\":\"https:\\\/\\\/www.vetorino.com\\\/boutique\\\/wp-content\\\/uploads\\\/2021\\\/04\\\/VIRBAC-8129526-1.jpg\",\"contentUrl\":\"https:\\\/\\\/www.vetorino.com\\\/boutique\\\/wp-content\\\/uploads\\\/2021\\\/04\\\/VIRBAC-8129526-1.jpg\",\"width\":600,\"height\":502},{\"@type\":\"BreadcrumbList\",\"@id\":\"https:\\\/\\\/www.vetorino.com\\\/veterinaire\\\/pontarlier-25300\\\/boutique\\\/product\\\/effitix-spot-on-67-mg-600-mg-petit-chien\\\/#breadcrumb\",\"itemListElement\":[{\"@type\":\"ListItem\",\"position\":1,\"name\":\"Accueil\",\"item\":\"https:\\\/\\\/www.vetorino.com\\\/boutique\\\/\"},{\"@type\":\"ListItem\",\"position\":2,\"name\":\"Produits\",\"item\":\"https:\\\/\\\/www.vetorino.com\\\/boutique\\\/\"},{\"@type\":\"ListItem\",\"position\":3,\"name\":\"Effitix Spot On Petit Chien 4-10 kg\"}]},{\"@type\":\"WebSite\",\"@id\":\"https:\\\/\\\/www.vetorino.com\\\/boutique\\\/#website\",\"url\":\"https:\\\/\\\/www.vetorino.com\\\/boutique\\\/\",\"name\":\"V\u00e9torino\",\"description\":\"\",\"publisher\":{\"@id\":\"https:\\\/\\\/www.vetorino.com\\\/boutique\\\/#organization\"},\"potentialAction\":[{\"@type\":\"SearchAction\",\"target\":{\"@type\":\"EntryPoint\",\"urlTemplate\":\"https:\\\/\\\/www.vetorino.com\\\/boutique\\\/?s={search_term_string}\"},\"query-input\":{\"@type\":\"PropertyValueSpecification\",\"valueRequired\":true,\"valueName\":\"search_term_string\"}}],\"inLanguage\":\"fr-FR\"},{\"@type\":\"Organization\",\"@id\":\"https:\\\/\\\/www.vetorino.com\\\/boutique\\\/#organization\",\"name\":\"V\u00e9torino\",\"url\":\"https:\\\/\\\/www.vetorino.com\\\/boutique\\\/\",\"logo\":{\"@type\":\"ImageObject\",\"inLanguage\":\"fr-FR\",\"@id\":\"https:\\\/\\\/www.vetorino.com\\\/boutique\\\/#\\\/schema\\\/logo\\\/image\\\/\",\"url\":\"https:\\\/\\\/www.vetorino.com\\\/boutique\\\/wp-content\\\/uploads\\\/2024\\\/10\\\/logo.jpg\",\"contentUrl\":\"https:\\\/\\\/www.vetorino.com\\\/boutique\\\/wp-content\\\/uploads\\\/2024\\\/10\\\/logo.jpg\",\"width\":1200,\"height\":610,\"caption\":\"V\u00e9torino\"},\"image\":{\"@id\":\"https:\\\/\\\/www.vetorino.com\\\/boutique\\\/#\\\/schema\\\/logo\\\/image\\\/\"},\"sameAs\":[\"https:\\\/\\\/www.facebook.com\\\/Vetorino\\\/\",\"https:\\\/\\\/www.instagram.com\\\/vetorino_off\\\/\",\"https:\\\/\\\/www.linkedin.com\\\/company\\\/vtorino\\\/\"]}]}<\/script>\n<meta property=\"product:brand\" content=\"Virbac\" \/>\n<meta property=\"og:availability\" content=\"instock\" \/>\n<meta property=\"product:availability\" content=\"instock\" \/>\n<meta property=\"product:condition\" content=\"new\" \/>\n<!-- \/ Yoast SEO plugin. -->","yoast_head_json":{"title":"Effitix Spot On Petit Chien 4-10 kg Virbac - V\u00e9torino","description":"Effitix Spot On est un antiparasitaire externe \u00e0 usage topique, contenant du fipronil et de la perm\u00e9thrine. Cette association pr\u00e9sente une activit\u00e9 insecticide, acaricide et r\u00e9pulsive \u00e0 l'\u00e9gard des phl\u00e9botomes et des moustiques.  Utilisation :   Chien de petite taille (entre 4 et 10 kg)  &nbsp;","robots":{"index":"noindex","follow":"nofollow"},"og_locale":"fr_FR","og_type":"article","og_title":"Effitix Spot On Petit Chien 4-10 kg Virbac - V\u00e9torino","og_description":"Effitix Spot On est un antiparasitaire externe \u00e0 usage topique, contenant du fipronil et de la perm\u00e9thrine. Cette association pr\u00e9sente une activit\u00e9 insecticide, acaricide et r\u00e9pulsive \u00e0 l'\u00e9gard des phl\u00e9botomes et des moustiques.  Utilisation :   Chien de petite taille (entre 4 et 10 kg)  &nbsp;","og_url":"https:\/\/www.vetorino.com\/veterinaire\/plouzevede-29440\/boutique\/product\/effitix-spot-on-67-mg-600-mg-petit-chien\/","og_site_name":"V\u00e9torino","article_publisher":"https:\/\/www.facebook.com\/Vetorino\/","article_modified_time":"2024-11-06T10:14:47+00:00","og_image":[{"width":600,"height":502,"url":"https:\/\/www.vetorino.com\/boutique\/wp-content\/uploads\/2021\/04\/VIRBAC-8129526-1.jpg","type":"image\/jpeg"}],"twitter_card":"summary_large_image","twitter_misc":{"Disponibilit\u00e9":"En stock"},"schema":{"@context":"https:\/\/schema.org","@graph":[{"@type":"WebPage","@id":"https:\/\/www.vetorino.com\/veterinaire\/pontarlier-25300\/boutique\/product\/effitix-spot-on-67-mg-600-mg-petit-chien\/","url":"https:\/\/www.vetorino.com\/veterinaire\/pontarlier-25300\/boutique\/product\/effitix-spot-on-67-mg-600-mg-petit-chien\/","name":"Effitix Spot On Petit Chien 4-10 kg Virbac - V\u00e9torino","isPartOf":{"@id":"https:\/\/www.vetorino.com\/boutique\/#website"},"primaryImageOfPage":{"@id":"https:\/\/www.vetorino.com\/veterinaire\/pontarlier-25300\/boutique\/product\/effitix-spot-on-67-mg-600-mg-petit-chien\/#primaryimage"},"image":{"@id":"https:\/\/www.vetorino.com\/veterinaire\/pontarlier-25300\/boutique\/product\/effitix-spot-on-67-mg-600-mg-petit-chien\/#primaryimage"},"thumbnailUrl":"https:\/\/www.vetorino.com\/boutique\/wp-content\/uploads\/2021\/04\/VIRBAC-8129526-1.jpg","datePublished":"2021-04-29T18:22:20+00:00","dateModified":"2024-11-06T10:14:47+00:00","description":"Effitix Spot On est un antiparasitaire externe \u00e0 usage topique, contenant du fipronil et de la perm\u00e9thrine. Cette association pr\u00e9sente une activit\u00e9 insecticide, acaricide et r\u00e9pulsive \u00e0 l'\u00e9gard des phl\u00e9botomes et des moustiques. Utilisation : Chien de petite taille (entre 4 et 10 kg) &nbsp;","breadcrumb":{"@id":"https:\/\/www.vetorino.com\/veterinaire\/pontarlier-25300\/boutique\/product\/effitix-spot-on-67-mg-600-mg-petit-chien\/#breadcrumb"},"inLanguage":"fr-FR","potentialAction":[{"@type":"ReadAction","target":["https:\/\/www.vetorino.com\/veterinaire\/pontarlier-25300\/boutique\/product\/effitix-spot-on-67-mg-600-mg-petit-chien\/"]}]},{"@type":"ImageObject","inLanguage":"fr-FR","@id":"https:\/\/www.vetorino.com\/veterinaire\/pontarlier-25300\/boutique\/product\/effitix-spot-on-67-mg-600-mg-petit-chien\/#primaryimage","url":"https:\/\/www.vetorino.com\/boutique\/wp-content\/uploads\/2021\/04\/VIRBAC-8129526-1.jpg","contentUrl":"https:\/\/www.vetorino.com\/boutique\/wp-content\/uploads\/2021\/04\/VIRBAC-8129526-1.jpg","width":600,"height":502},{"@type":"BreadcrumbList","@id":"https:\/\/www.vetorino.com\/veterinaire\/pontarlier-25300\/boutique\/product\/effitix-spot-on-67-mg-600-mg-petit-chien\/#breadcrumb","itemListElement":[{"@type":"ListItem","position":1,"name":"Accueil","item":"https:\/\/www.vetorino.com\/boutique\/"},{"@type":"ListItem","position":2,"name":"Produits","item":"https:\/\/www.vetorino.com\/boutique\/"},{"@type":"ListItem","position":3,"name":"Effitix Spot On Petit Chien 4-10 kg"}]},{"@type":"WebSite","@id":"https:\/\/www.vetorino.com\/boutique\/#website","url":"https:\/\/www.vetorino.com\/boutique\/","name":"V\u00e9torino","description":"","publisher":{"@id":"https:\/\/www.vetorino.com\/boutique\/#organization"},"potentialAction":[{"@type":"SearchAction","target":{"@type":"EntryPoint","urlTemplate":"https:\/\/www.vetorino.com\/boutique\/?s={search_term_string}"},"query-input":{"@type":"PropertyValueSpecification","valueRequired":true,"valueName":"search_term_string"}}],"inLanguage":"fr-FR"},{"@type":"Organization","@id":"https:\/\/www.vetorino.com\/boutique\/#organization","name":"V\u00e9torino","url":"https:\/\/www.vetorino.com\/boutique\/","logo":{"@type":"ImageObject","inLanguage":"fr-FR","@id":"https:\/\/www.vetorino.com\/boutique\/#\/schema\/logo\/image\/","url":"https:\/\/www.vetorino.com\/boutique\/wp-content\/uploads\/2024\/10\/logo.jpg","contentUrl":"https:\/\/www.vetorino.com\/boutique\/wp-content\/uploads\/2024\/10\/logo.jpg","width":1200,"height":610,"caption":"V\u00e9torino"},"image":{"@id":"https:\/\/www.vetorino.com\/boutique\/#\/schema\/logo\/image\/"},"sameAs":["https:\/\/www.facebook.com\/Vetorino\/","https:\/\/www.instagram.com\/vetorino_off\/","https:\/\/www.linkedin.com\/company\/vtorino\/"]}]},"product_brand":"Virbac","og_availability":"instock","product_availability":"instock","product_condition":"new"},"_links":{"self":[{"href":"https:\/\/www.vetorino.com\/veterinaire\/plouzevede-29440\/boutique\/wp-json\/wp\/v2\/product\/174581","targetHints":{"allow":["GET"]}}],"collection":[{"href":"https:\/\/www.vetorino.com\/veterinaire\/plouzevede-29440\/boutique\/wp-json\/wp\/v2\/product"}],"about":[{"href":"https:\/\/www.vetorino.com\/veterinaire\/plouzevede-29440\/boutique\/wp-json\/wp\/v2\/types\/product"}],"wp:featuredmedia":[{"embeddable":true,"href":"https:\/\/www.vetorino.com\/veterinaire\/plouzevede-29440\/boutique\/wp-json\/wp\/v2\/media\/717306"}],"wp:attachment":[{"href":"https:\/\/www.vetorino.com\/veterinaire\/plouzevede-29440\/boutique\/wp-json\/wp\/v2\/media?parent=174581"}],"wp:term":[{"taxonomy":"product_cat","embeddable":true,"href":"https:\/\/www.vetorino.com\/veterinaire\/plouzevede-29440\/boutique\/wp-json\/wp\/v2\/product_cat?post=174581"},{"taxonomy":"product_tag","embeddable":true,"href":"https:\/\/www.vetorino.com\/veterinaire\/plouzevede-29440\/boutique\/wp-json\/wp\/v2\/product_tag?post=174581"}],"curies":[{"name":"wp","href":"https:\/\/api.w.org\/{rel}","templated":true}]}}