{"id":177042,"date":"2021-05-04T18:37:46","date_gmt":"2021-05-04T16:37:46","guid":{"rendered":"https:\/\/www.vetorino.com\/boutique\/product\/equistro-kerabol-biotin-3\/"},"modified":"2022-01-04T15:32:41","modified_gmt":"2022-01-04T14:32:41","slug":"equistro-kerabol-biotin-3","status":"publish","type":"product","link":"https:\/\/www.vetorino.com\/veterinaire\/plouzevede-29440\/boutique\/product\/equistro-kerabol-biotin-3\/","title":{"rendered":"Equistro Kerabol Biotin"},"content":{"rendered":"<p>Equistro Kerabol Biotin est une solution sp\u00e9cifique permettant d&#8217;am\u00e9liorer la sant\u00e9 du sabot du cheval, de la robe et des crins.<\/p>\n<p>Utilis\u00e9e tous les jours, cette poudre apporte\u00a0brillance \u00e0 la robe, solidit\u00e9 et \u00e9lasticit\u00e9 \u00e0 la corne.<\/p>\n<p>Utilisation :<\/p>\n<ul>\n<li>Pour les sabots fragiles ou abim\u00e9s (plaie, fourmili\u00e8re, seime), la corne friable<\/li>\n<li>Pour les poils et les crins de mauvaise qualit\u00e9<\/li>\n<\/ul>\n<p>Mode d&#8217;emploi:<\/p>\n<p>M\u00e9langer \u00e0 la ration.<\/p>\n<p><em>Doses recommand\u00e9es<\/em><\/p>\n<ul>\n<li style=\"list-style-type: none;\">\n<ul>\n<li>Chevaux adultes de taille standard :\u00a015 g (1 mesure) par jour pendant un minimum d&#8217;un mois<\/li>\n<li>Chevaux de taille moyenne, poneys et poulains :\u00a07,5 g ( \u00bd mesure) par jour pendant un minimum d&#8217;un mois<\/li>\n<\/ul>\n<\/li>\n<\/ul>\n<p><em>Notre conseil<\/em><br \/>\nLa dur\u00e9e d&#8217;administration de ce produit doit \u00eatre d\u00e9termin\u00e9e en fonction de la vitesse de croissance de la corne et de la pathologie \u00e0 traiter. Elle peut aller jusqu&#8217;\u00e0 12 mois dans certains cas.<\/p>\n<p>N&#8217;h\u00e9sitez pas \u00e0 demander l&#8217;avis de votre v\u00e9t\u00e9rinaire.<\/p>\n<p><em>Informations compl\u00e9mentaires:<\/em><\/p>\n<ul>\n<li>Ce produit ne contient aucun ingr\u00e9dient susceptible de rendre positif le contr\u00f4le anti-dopage.<\/li>\n<li>Ce compl\u00e9ment alimentaire pour chevaux contient des oligo-\u00e9l\u00e9ments pour lesquels des seuils maximaux ont \u00e9t\u00e9 d\u00e9finis; pour cette raison, la dose quotidienne ne devra pas d\u00e9passer 200 g\/cheval de 500 kg\/jour.<\/li>\n<\/ul>\n","protected":false},"excerpt":{"rendered":"<p><strong>Equistro Kerabol Biotin<\/strong> est une solution sp\u00e9cifique permettant d&#8217;am\u00e9liorer la sant\u00e9 du sabot du cheval, de la robe et des crins. En usage quotidien, cette poudre apporte brillance \u00e0 la robe, solidit\u00e9 et \u00e9lasticit\u00e9 \u00e0 la corne.<\/p>\n","protected":false},"featured_media":212238,"template":"","meta":[],"product_cat":[12547,12755,12754],"product_tag":[],"class_list":{"0":"post-177042","1":"product","2":"type-product","3":"status-publish","4":"has-post-thumbnail","6":"product_cat-cheval","7":"product_cat-soins-des-pieds-du-cheval","8":"product_cat-soins-au-quotidien-du-cheval","9":"pa_marque-vetoquinol","11":"first","12":"instock","13":"taxable","14":"shipping-taxable","15":"purchasable","16":"product-type-simple"},"yoast_head":"<!-- This site is optimized with the Yoast SEO plugin v27.3 - https:\/\/yoast.com\/product\/yoast-seo-wordpress\/ -->\n<title>Equistro Kerabol Biotin V\u00e9toquinol - V\u00e9torino<\/title>\n<meta name=\"description\" content=\"Equistro Kerabol Biotin est une solution sp\u00e9cifique permettant d&#039;am\u00e9liorer la sant\u00e9 du sabot du cheval, de la robe et des crins. En usage quotidien, cette poudre apporte brillance \u00e0 la robe, solidit\u00e9 et \u00e9lasticit\u00e9 \u00e0 la corne.\" \/>\n<meta name=\"robots\" content=\"noindex, nofollow\" \/>\n<meta property=\"og:locale\" content=\"fr_FR\" \/>\n<meta property=\"og:type\" content=\"article\" \/>\n<meta property=\"og:title\" content=\"Equistro Kerabol Biotin V\u00e9toquinol - V\u00e9torino\" \/>\n<meta property=\"og:description\" content=\"Equistro Kerabol Biotin est une solution sp\u00e9cifique permettant d&#039;am\u00e9liorer la sant\u00e9 du sabot du cheval, de la robe et des crins. En usage quotidien, cette poudre apporte brillance \u00e0 la robe, solidit\u00e9 et \u00e9lasticit\u00e9 \u00e0 la corne.\" \/>\n<meta property=\"og:url\" content=\"https:\/\/www.vetorino.com\/veterinaire\/plouzevede-29440\/boutique\/product\/equistro-kerabol-biotin-3\/\" \/>\n<meta property=\"og:site_name\" content=\"V\u00e9torino\" \/>\n<meta property=\"article:publisher\" content=\"https:\/\/www.facebook.com\/Vetorino\/\" \/>\n<meta property=\"article:modified_time\" content=\"2022-01-04T14:32:41+00:00\" \/>\n<meta property=\"og:image\" content=\"https:\/\/www.vetorino.com\/boutique\/wp-content\/uploads\/2021\/05\/equistro-kerabol-biotin.jpg\" \/>\n\t<meta property=\"og:image:width\" content=\"458\" \/>\n\t<meta property=\"og:image:height\" content=\"458\" \/>\n\t<meta property=\"og:image:type\" content=\"image\/jpeg\" \/>\n<meta name=\"twitter:card\" content=\"summary_large_image\" \/>\n<meta name=\"twitter:label1\" content=\"Prix\" \/>\n\t<meta name=\"twitter:data1\" content=\"81,11&euro;\" \/>\n\t<meta name=\"twitter:label2\" content=\"Disponibilit\u00e9\" \/>\n\t<meta name=\"twitter:data2\" content=\"En stock\" \/>\n<script type=\"application\/ld+json\" class=\"yoast-schema-graph\">{\"@context\":\"https:\\\/\\\/schema.org\",\"@graph\":[{\"@type\":\"WebPage\",\"@id\":\"https:\\\/\\\/www.vetorino.com\\\/boutique\\\/product\\\/equistro-kerabol-biotin-3\\\/\",\"url\":\"https:\\\/\\\/www.vetorino.com\\\/boutique\\\/product\\\/equistro-kerabol-biotin-3\\\/\",\"name\":\"Equistro Kerabol Biotin V\u00e9toquinol - V\u00e9torino\",\"isPartOf\":{\"@id\":\"https:\\\/\\\/www.vetorino.com\\\/boutique\\\/#website\"},\"primaryImageOfPage\":{\"@id\":\"https:\\\/\\\/www.vetorino.com\\\/boutique\\\/product\\\/equistro-kerabol-biotin-3\\\/#primaryimage\"},\"image\":{\"@id\":\"https:\\\/\\\/www.vetorino.com\\\/boutique\\\/product\\\/equistro-kerabol-biotin-3\\\/#primaryimage\"},\"thumbnailUrl\":\"https:\\\/\\\/www.vetorino.com\\\/boutique\\\/wp-content\\\/uploads\\\/2021\\\/05\\\/equistro-kerabol-biotin.jpg\",\"datePublished\":\"2021-05-04T16:37:46+00:00\",\"dateModified\":\"2022-01-04T14:32:41+00:00\",\"description\":\"Equistro Kerabol Biotin est une solution sp\u00e9cifique permettant d'am\u00e9liorer la sant\u00e9 du sabot du cheval, de la robe et des crins. En usage quotidien, cette poudre apporte brillance \u00e0 la robe, solidit\u00e9 et \u00e9lasticit\u00e9 \u00e0 la corne.\",\"breadcrumb\":{\"@id\":\"https:\\\/\\\/www.vetorino.com\\\/boutique\\\/product\\\/equistro-kerabol-biotin-3\\\/#breadcrumb\"},\"inLanguage\":\"fr-FR\",\"potentialAction\":[{\"@type\":\"ReadAction\",\"target\":[\"https:\\\/\\\/www.vetorino.com\\\/boutique\\\/product\\\/equistro-kerabol-biotin-3\\\/\"]}]},{\"@type\":\"ImageObject\",\"inLanguage\":\"fr-FR\",\"@id\":\"https:\\\/\\\/www.vetorino.com\\\/boutique\\\/product\\\/equistro-kerabol-biotin-3\\\/#primaryimage\",\"url\":\"https:\\\/\\\/www.vetorino.com\\\/boutique\\\/wp-content\\\/uploads\\\/2021\\\/05\\\/equistro-kerabol-biotin.jpg\",\"contentUrl\":\"https:\\\/\\\/www.vetorino.com\\\/boutique\\\/wp-content\\\/uploads\\\/2021\\\/05\\\/equistro-kerabol-biotin.jpg\",\"width\":458,\"height\":458},{\"@type\":\"BreadcrumbList\",\"@id\":\"https:\\\/\\\/www.vetorino.com\\\/boutique\\\/product\\\/equistro-kerabol-biotin-3\\\/#breadcrumb\",\"itemListElement\":[{\"@type\":\"ListItem\",\"position\":1,\"name\":\"Accueil\",\"item\":\"https:\\\/\\\/www.vetorino.com\\\/boutique\\\/\"},{\"@type\":\"ListItem\",\"position\":2,\"name\":\"Produits\",\"item\":\"https:\\\/\\\/www.vetorino.com\\\/boutique\\\/\"},{\"@type\":\"ListItem\",\"position\":3,\"name\":\"Equistro Kerabol Biotin\"}]},{\"@type\":\"WebSite\",\"@id\":\"https:\\\/\\\/www.vetorino.com\\\/boutique\\\/#website\",\"url\":\"https:\\\/\\\/www.vetorino.com\\\/boutique\\\/\",\"name\":\"V\u00e9torino\",\"description\":\"\",\"publisher\":{\"@id\":\"https:\\\/\\\/www.vetorino.com\\\/boutique\\\/#organization\"},\"potentialAction\":[{\"@type\":\"SearchAction\",\"target\":{\"@type\":\"EntryPoint\",\"urlTemplate\":\"https:\\\/\\\/www.vetorino.com\\\/boutique\\\/?s={search_term_string}\"},\"query-input\":{\"@type\":\"PropertyValueSpecification\",\"valueRequired\":true,\"valueName\":\"search_term_string\"}}],\"inLanguage\":\"fr-FR\"},{\"@type\":\"Organization\",\"@id\":\"https:\\\/\\\/www.vetorino.com\\\/boutique\\\/#organization\",\"name\":\"V\u00e9torino\",\"url\":\"https:\\\/\\\/www.vetorino.com\\\/boutique\\\/\",\"logo\":{\"@type\":\"ImageObject\",\"inLanguage\":\"fr-FR\",\"@id\":\"https:\\\/\\\/www.vetorino.com\\\/boutique\\\/#\\\/schema\\\/logo\\\/image\\\/\",\"url\":\"https:\\\/\\\/www.vetorino.com\\\/boutique\\\/wp-content\\\/uploads\\\/2024\\\/10\\\/logo.jpg\",\"contentUrl\":\"https:\\\/\\\/www.vetorino.com\\\/boutique\\\/wp-content\\\/uploads\\\/2024\\\/10\\\/logo.jpg\",\"width\":1200,\"height\":610,\"caption\":\"V\u00e9torino\"},\"image\":{\"@id\":\"https:\\\/\\\/www.vetorino.com\\\/boutique\\\/#\\\/schema\\\/logo\\\/image\\\/\"},\"sameAs\":[\"https:\\\/\\\/www.facebook.com\\\/Vetorino\\\/\",\"https:\\\/\\\/www.instagram.com\\\/vetorino_off\\\/\",\"https:\\\/\\\/www.linkedin.com\\\/company\\\/vtorino\\\/\"]}]}<\/script>\n<meta property=\"product:brand\" content=\"V\u00e9toquinol\" \/>\n<meta property=\"product:price:amount\" content=\"81.11\" \/>\n<meta property=\"product:price:currency\" content=\"EUR\" \/>\n<meta property=\"og:availability\" content=\"instock\" \/>\n<meta property=\"product:availability\" content=\"instock\" \/>\n<meta property=\"product:retailer_item_id\" content=\"A-8100468\" \/>\n<meta property=\"product:condition\" content=\"new\" \/>\n<!-- \/ Yoast SEO plugin. -->","yoast_head_json":{"title":"Equistro Kerabol Biotin V\u00e9toquinol - V\u00e9torino","description":"Equistro Kerabol Biotin est une solution sp\u00e9cifique permettant d'am\u00e9liorer la sant\u00e9 du sabot du cheval, de la robe et des crins. En usage quotidien, cette poudre apporte brillance \u00e0 la robe, solidit\u00e9 et \u00e9lasticit\u00e9 \u00e0 la corne.","robots":{"index":"noindex","follow":"nofollow"},"og_locale":"fr_FR","og_type":"article","og_title":"Equistro Kerabol Biotin V\u00e9toquinol - V\u00e9torino","og_description":"Equistro Kerabol Biotin est une solution sp\u00e9cifique permettant d'am\u00e9liorer la sant\u00e9 du sabot du cheval, de la robe et des crins. En usage quotidien, cette poudre apporte brillance \u00e0 la robe, solidit\u00e9 et \u00e9lasticit\u00e9 \u00e0 la corne.","og_url":"https:\/\/www.vetorino.com\/veterinaire\/plouzevede-29440\/boutique\/product\/equistro-kerabol-biotin-3\/","og_site_name":"V\u00e9torino","article_publisher":"https:\/\/www.facebook.com\/Vetorino\/","article_modified_time":"2022-01-04T14:32:41+00:00","og_image":[{"width":458,"height":458,"url":"https:\/\/www.vetorino.com\/boutique\/wp-content\/uploads\/2021\/05\/equistro-kerabol-biotin.jpg","type":"image\/jpeg"}],"twitter_card":"summary_large_image","twitter_misc":{"Prix":"81,11&euro;","Disponibilit\u00e9":"En stock"},"schema":{"@context":"https:\/\/schema.org","@graph":[{"@type":"WebPage","@id":"https:\/\/www.vetorino.com\/boutique\/product\/equistro-kerabol-biotin-3\/","url":"https:\/\/www.vetorino.com\/boutique\/product\/equistro-kerabol-biotin-3\/","name":"Equistro Kerabol Biotin V\u00e9toquinol - V\u00e9torino","isPartOf":{"@id":"https:\/\/www.vetorino.com\/boutique\/#website"},"primaryImageOfPage":{"@id":"https:\/\/www.vetorino.com\/boutique\/product\/equistro-kerabol-biotin-3\/#primaryimage"},"image":{"@id":"https:\/\/www.vetorino.com\/boutique\/product\/equistro-kerabol-biotin-3\/#primaryimage"},"thumbnailUrl":"https:\/\/www.vetorino.com\/boutique\/wp-content\/uploads\/2021\/05\/equistro-kerabol-biotin.jpg","datePublished":"2021-05-04T16:37:46+00:00","dateModified":"2022-01-04T14:32:41+00:00","description":"Equistro Kerabol Biotin est une solution sp\u00e9cifique permettant d'am\u00e9liorer la sant\u00e9 du sabot du cheval, de la robe et des crins. En usage quotidien, cette poudre apporte brillance \u00e0 la robe, solidit\u00e9 et \u00e9lasticit\u00e9 \u00e0 la corne.","breadcrumb":{"@id":"https:\/\/www.vetorino.com\/boutique\/product\/equistro-kerabol-biotin-3\/#breadcrumb"},"inLanguage":"fr-FR","potentialAction":[{"@type":"ReadAction","target":["https:\/\/www.vetorino.com\/boutique\/product\/equistro-kerabol-biotin-3\/"]}]},{"@type":"ImageObject","inLanguage":"fr-FR","@id":"https:\/\/www.vetorino.com\/boutique\/product\/equistro-kerabol-biotin-3\/#primaryimage","url":"https:\/\/www.vetorino.com\/boutique\/wp-content\/uploads\/2021\/05\/equistro-kerabol-biotin.jpg","contentUrl":"https:\/\/www.vetorino.com\/boutique\/wp-content\/uploads\/2021\/05\/equistro-kerabol-biotin.jpg","width":458,"height":458},{"@type":"BreadcrumbList","@id":"https:\/\/www.vetorino.com\/boutique\/product\/equistro-kerabol-biotin-3\/#breadcrumb","itemListElement":[{"@type":"ListItem","position":1,"name":"Accueil","item":"https:\/\/www.vetorino.com\/boutique\/"},{"@type":"ListItem","position":2,"name":"Produits","item":"https:\/\/www.vetorino.com\/boutique\/"},{"@type":"ListItem","position":3,"name":"Equistro Kerabol Biotin"}]},{"@type":"WebSite","@id":"https:\/\/www.vetorino.com\/boutique\/#website","url":"https:\/\/www.vetorino.com\/boutique\/","name":"V\u00e9torino","description":"","publisher":{"@id":"https:\/\/www.vetorino.com\/boutique\/#organization"},"potentialAction":[{"@type":"SearchAction","target":{"@type":"EntryPoint","urlTemplate":"https:\/\/www.vetorino.com\/boutique\/?s={search_term_string}"},"query-input":{"@type":"PropertyValueSpecification","valueRequired":true,"valueName":"search_term_string"}}],"inLanguage":"fr-FR"},{"@type":"Organization","@id":"https:\/\/www.vetorino.com\/boutique\/#organization","name":"V\u00e9torino","url":"https:\/\/www.vetorino.com\/boutique\/","logo":{"@type":"ImageObject","inLanguage":"fr-FR","@id":"https:\/\/www.vetorino.com\/boutique\/#\/schema\/logo\/image\/","url":"https:\/\/www.vetorino.com\/boutique\/wp-content\/uploads\/2024\/10\/logo.jpg","contentUrl":"https:\/\/www.vetorino.com\/boutique\/wp-content\/uploads\/2024\/10\/logo.jpg","width":1200,"height":610,"caption":"V\u00e9torino"},"image":{"@id":"https:\/\/www.vetorino.com\/boutique\/#\/schema\/logo\/image\/"},"sameAs":["https:\/\/www.facebook.com\/Vetorino\/","https:\/\/www.instagram.com\/vetorino_off\/","https:\/\/www.linkedin.com\/company\/vtorino\/"]}]},"product_brand":"V\u00e9toquinol","product_price_amount":"81.11","product_price_currency":"EUR","og_availability":"instock","product_availability":"instock","product_retailer_item_id":"A-8100468","product_condition":"new"},"_links":{"self":[{"href":"https:\/\/www.vetorino.com\/veterinaire\/plouzevede-29440\/boutique\/wp-json\/wp\/v2\/product\/177042","targetHints":{"allow":["GET"]}}],"collection":[{"href":"https:\/\/www.vetorino.com\/veterinaire\/plouzevede-29440\/boutique\/wp-json\/wp\/v2\/product"}],"about":[{"href":"https:\/\/www.vetorino.com\/veterinaire\/plouzevede-29440\/boutique\/wp-json\/wp\/v2\/types\/product"}],"wp:featuredmedia":[{"embeddable":true,"href":"https:\/\/www.vetorino.com\/veterinaire\/plouzevede-29440\/boutique\/wp-json\/wp\/v2\/media\/212238"}],"wp:attachment":[{"href":"https:\/\/www.vetorino.com\/veterinaire\/plouzevede-29440\/boutique\/wp-json\/wp\/v2\/media?parent=177042"}],"wp:term":[{"taxonomy":"product_cat","embeddable":true,"href":"https:\/\/www.vetorino.com\/veterinaire\/plouzevede-29440\/boutique\/wp-json\/wp\/v2\/product_cat?post=177042"},{"taxonomy":"product_tag","embeddable":true,"href":"https:\/\/www.vetorino.com\/veterinaire\/plouzevede-29440\/boutique\/wp-json\/wp\/v2\/product_tag?post=177042"}],"curies":[{"name":"wp","href":"https:\/\/api.w.org\/{rel}","templated":true}]}}