{"id":177106,"date":"2021-05-04T18:40:24","date_gmt":"2021-05-04T16:40:24","guid":{"rendered":"https:\/\/www.vetorino.com\/boutique\/product\/ice-tight-poultice-emplatre\/"},"modified":"2024-05-10T15:32:55","modified_gmt":"2024-05-10T13:32:55","slug":"ice-tight-poultice-emplatre","status":"publish","type":"product","link":"https:\/\/www.vetorino.com\/veterinaire\/plouzevede-29440\/boutique\/product\/ice-tight-poultice-emplatre\/","title":{"rendered":"Ice Tight Poultice Emplatre"},"content":{"rendered":"<p class=\"value\">ICE TIGHT POULTICE est un empl\u00e2tre <strong>efficace 24 h<\/strong> qui d\u00e9congestionne, relaxe, tonifie et raffermit les tissus gr\u00e2ce \u00e0 son pouvoir astringent. Il ne chauffe pas et n&#8217;irrite pas la peau. Ice Tight Poultice contient de l&#8217;argile naurelle, de la glycerine de l&#8217;aloe Vera et des min\u00e9raux. Il s&#8217;enl\u00e8ve facilement \u00e0 l&#8217;eau sans frotter.<\/p>\n<p class=\"value\">ICE TIGHT POULTICE est un empl\u00e2tre pr\u00eat \u00e0 l&#8217;emploi pour les membres des chevaux.<br \/>\nLa formule originale d&#8217;ICE TIGHT POULTICE contient :<br \/>\n&#8211; du kaolin et bentonite, deux argiles aux propri\u00e9t\u00e9s astringentes qui d\u00e9congestionnent, relaxent, tonifient et raffermissent les tissus,<br \/>\n&#8211; de l&#8217;aloe vera, plante reconnue pour ses vertus apaisantes et adoucissantes.<\/p>\n","protected":false},"excerpt":{"rendered":"<p>iCE TIGHT POULTICE est un empl\u00e2tre <strong>efficace 24 h<\/strong> qui d\u00e9congestionne, <strong>relaxe<\/strong>, tonifie et raffermit les tissus gr\u00e2ce \u00e0 son pouvoir astringent. Il ne chauffe pas et n&#8217;irrite pas la peau. Ice Tight Poultice contient de l&#8217;argile naurelle, de la glycerine de l&#8217;aloe Vera et des min\u00e9raux. Il s&#8217;enl\u00e8ve facilement \u00e0 l&#8217;eau sans frotter.<\/p>\n","protected":false},"featured_media":918191,"template":"","meta":[],"product_cat":[12547,12752,12753,12565,12754],"product_tag":[],"class_list":{"0":"post-177106","1":"product","2":"type-product","3":"status-publish","4":"has-post-thumbnail","6":"product_cat-cheval","7":"product_cat-gestion-de-leffort-du-cheval","8":"product_cat-muscle-du-cheval","9":"product_cat-peau-corne-crin-du-cheval","10":"product_cat-soins-au-quotidien-du-cheval","11":"pa_marque-pommier-nutrition-ex-fed","13":"first","14":"instock","15":"taxable","16":"shipping-taxable","17":"purchasable","18":"product-type-variable"},"yoast_head":"<!-- This site is optimized with the Yoast SEO plugin v27.3 - https:\/\/yoast.com\/product\/yoast-seo-wordpress\/ -->\n<title>Ice Tight Poultice Emplatre Pommier Nutrition Ex - V\u00e9torino<\/title>\n<meta name=\"description\" content=\"iCE TIGHT POULTICE est un empl\u00e2tre efficace 24 h qui d\u00e9congestionne, relaxe, tonifie et raffermit les tissus gr\u00e2ce \u00e0 son pouvoir astringent. Il ne chauffe pas et n&#039;irrite pas la peau. Ice Tight Poultice contient de l&#039;argile naurelle, de la glycerine de l&#039;aloe Vera et des min\u00e9raux. Il s&#039;enl\u00e8ve facilement \u00e0 l&#039;eau sans frotter.\" \/>\n<meta name=\"robots\" content=\"noindex, nofollow\" \/>\n<meta property=\"og:locale\" content=\"fr_FR\" \/>\n<meta property=\"og:type\" content=\"article\" \/>\n<meta property=\"og:title\" content=\"Ice Tight Poultice Emplatre Pommier Nutrition Ex - V\u00e9torino\" \/>\n<meta property=\"og:description\" content=\"iCE TIGHT POULTICE est un empl\u00e2tre efficace 24 h qui d\u00e9congestionne, relaxe, tonifie et raffermit les tissus gr\u00e2ce \u00e0 son pouvoir astringent. Il ne chauffe pas et n&#039;irrite pas la peau. Ice Tight Poultice contient de l&#039;argile naurelle, de la glycerine de l&#039;aloe Vera et des min\u00e9raux. Il s&#039;enl\u00e8ve facilement \u00e0 l&#039;eau sans frotter.\" \/>\n<meta property=\"og:url\" content=\"https:\/\/www.vetorino.com\/veterinaire\/plouzevede-29440\/boutique\/product\/ice-tight-poultice-emplatre\/\" \/>\n<meta property=\"og:site_name\" content=\"V\u00e9torino\" \/>\n<meta property=\"article:publisher\" content=\"https:\/\/www.facebook.com\/Vetorino\/\" \/>\n<meta property=\"article:modified_time\" content=\"2024-05-10T13:32:55+00:00\" \/>\n<meta property=\"og:image\" content=\"https:\/\/www.vetorino.com\/boutique\/wp-content\/uploads\/2021\/05\/sans-titre-6.jpg\" \/>\n\t<meta property=\"og:image:width\" content=\"700\" \/>\n\t<meta property=\"og:image:height\" content=\"700\" \/>\n\t<meta property=\"og:image:type\" content=\"image\/jpeg\" \/>\n<meta name=\"twitter:card\" content=\"summary_large_image\" \/>\n<meta name=\"twitter:label1\" content=\"Disponibilit\u00e9\" \/>\n\t<meta name=\"twitter:data1\" content=\"En stock\" \/>\n<script type=\"application\/ld+json\" class=\"yoast-schema-graph\">{\"@context\":\"https:\\\/\\\/schema.org\",\"@graph\":[{\"@type\":\"WebPage\",\"@id\":\"https:\\\/\\\/www.vetorino.com\\\/boutique\\\/product\\\/ice-tight-poultice-emplatre\\\/\",\"url\":\"https:\\\/\\\/www.vetorino.com\\\/boutique\\\/product\\\/ice-tight-poultice-emplatre\\\/\",\"name\":\"Ice Tight Poultice Emplatre Pommier Nutrition Ex - V\u00e9torino\",\"isPartOf\":{\"@id\":\"https:\\\/\\\/www.vetorino.com\\\/boutique\\\/#website\"},\"primaryImageOfPage\":{\"@id\":\"https:\\\/\\\/www.vetorino.com\\\/boutique\\\/product\\\/ice-tight-poultice-emplatre\\\/#primaryimage\"},\"image\":{\"@id\":\"https:\\\/\\\/www.vetorino.com\\\/boutique\\\/product\\\/ice-tight-poultice-emplatre\\\/#primaryimage\"},\"thumbnailUrl\":\"https:\\\/\\\/www.vetorino.com\\\/boutique\\\/wp-content\\\/uploads\\\/2021\\\/05\\\/sans-titre-6.jpg\",\"datePublished\":\"2021-05-04T16:40:24+00:00\",\"dateModified\":\"2024-05-10T13:32:55+00:00\",\"description\":\"iCE TIGHT POULTICE est un empl\u00e2tre efficace 24 h qui d\u00e9congestionne, relaxe, tonifie et raffermit les tissus gr\u00e2ce \u00e0 son pouvoir astringent. Il ne chauffe pas et n'irrite pas la peau. Ice Tight Poultice contient de l'argile naurelle, de la glycerine de l'aloe Vera et des min\u00e9raux. Il s'enl\u00e8ve facilement \u00e0 l'eau sans frotter.\",\"breadcrumb\":{\"@id\":\"https:\\\/\\\/www.vetorino.com\\\/boutique\\\/product\\\/ice-tight-poultice-emplatre\\\/#breadcrumb\"},\"inLanguage\":\"fr-FR\",\"potentialAction\":[{\"@type\":\"ReadAction\",\"target\":[\"https:\\\/\\\/www.vetorino.com\\\/boutique\\\/product\\\/ice-tight-poultice-emplatre\\\/\"]}]},{\"@type\":\"ImageObject\",\"inLanguage\":\"fr-FR\",\"@id\":\"https:\\\/\\\/www.vetorino.com\\\/boutique\\\/product\\\/ice-tight-poultice-emplatre\\\/#primaryimage\",\"url\":\"https:\\\/\\\/www.vetorino.com\\\/boutique\\\/wp-content\\\/uploads\\\/2021\\\/05\\\/sans-titre-6.jpg\",\"contentUrl\":\"https:\\\/\\\/www.vetorino.com\\\/boutique\\\/wp-content\\\/uploads\\\/2021\\\/05\\\/sans-titre-6.jpg\",\"width\":700,\"height\":700},{\"@type\":\"BreadcrumbList\",\"@id\":\"https:\\\/\\\/www.vetorino.com\\\/boutique\\\/product\\\/ice-tight-poultice-emplatre\\\/#breadcrumb\",\"itemListElement\":[{\"@type\":\"ListItem\",\"position\":1,\"name\":\"Accueil\",\"item\":\"https:\\\/\\\/www.vetorino.com\\\/boutique\\\/\"},{\"@type\":\"ListItem\",\"position\":2,\"name\":\"Produits\",\"item\":\"https:\\\/\\\/www.vetorino.com\\\/boutique\\\/\"},{\"@type\":\"ListItem\",\"position\":3,\"name\":\"Ice Tight Poultice Emplatre\"}]},{\"@type\":\"WebSite\",\"@id\":\"https:\\\/\\\/www.vetorino.com\\\/boutique\\\/#website\",\"url\":\"https:\\\/\\\/www.vetorino.com\\\/boutique\\\/\",\"name\":\"V\u00e9torino\",\"description\":\"\",\"publisher\":{\"@id\":\"https:\\\/\\\/www.vetorino.com\\\/boutique\\\/#organization\"},\"potentialAction\":[{\"@type\":\"SearchAction\",\"target\":{\"@type\":\"EntryPoint\",\"urlTemplate\":\"https:\\\/\\\/www.vetorino.com\\\/boutique\\\/?s={search_term_string}\"},\"query-input\":{\"@type\":\"PropertyValueSpecification\",\"valueRequired\":true,\"valueName\":\"search_term_string\"}}],\"inLanguage\":\"fr-FR\"},{\"@type\":\"Organization\",\"@id\":\"https:\\\/\\\/www.vetorino.com\\\/boutique\\\/#organization\",\"name\":\"V\u00e9torino\",\"url\":\"https:\\\/\\\/www.vetorino.com\\\/boutique\\\/\",\"logo\":{\"@type\":\"ImageObject\",\"inLanguage\":\"fr-FR\",\"@id\":\"https:\\\/\\\/www.vetorino.com\\\/boutique\\\/#\\\/schema\\\/logo\\\/image\\\/\",\"url\":\"https:\\\/\\\/www.vetorino.com\\\/boutique\\\/wp-content\\\/uploads\\\/2024\\\/10\\\/logo.jpg\",\"contentUrl\":\"https:\\\/\\\/www.vetorino.com\\\/boutique\\\/wp-content\\\/uploads\\\/2024\\\/10\\\/logo.jpg\",\"width\":1200,\"height\":610,\"caption\":\"V\u00e9torino\"},\"image\":{\"@id\":\"https:\\\/\\\/www.vetorino.com\\\/boutique\\\/#\\\/schema\\\/logo\\\/image\\\/\"},\"sameAs\":[\"https:\\\/\\\/www.facebook.com\\\/Vetorino\\\/\",\"https:\\\/\\\/www.instagram.com\\\/vetorino_off\\\/\",\"https:\\\/\\\/www.linkedin.com\\\/company\\\/vtorino\\\/\"]}]}<\/script>\n<meta property=\"product:brand\" content=\"Pommier Nutrition Ex\" \/>\n<meta property=\"og:availability\" content=\"instock\" \/>\n<meta property=\"product:availability\" content=\"instock\" \/>\n<meta property=\"product:condition\" content=\"new\" \/>\n<!-- \/ Yoast SEO plugin. -->","yoast_head_json":{"title":"Ice Tight Poultice Emplatre Pommier Nutrition Ex - V\u00e9torino","description":"iCE TIGHT POULTICE est un empl\u00e2tre efficace 24 h qui d\u00e9congestionne, relaxe, tonifie et raffermit les tissus gr\u00e2ce \u00e0 son pouvoir astringent. Il ne chauffe pas et n'irrite pas la peau. Ice Tight Poultice contient de l'argile naurelle, de la glycerine de l'aloe Vera et des min\u00e9raux. Il s'enl\u00e8ve facilement \u00e0 l'eau sans frotter.","robots":{"index":"noindex","follow":"nofollow"},"og_locale":"fr_FR","og_type":"article","og_title":"Ice Tight Poultice Emplatre Pommier Nutrition Ex - V\u00e9torino","og_description":"iCE TIGHT POULTICE est un empl\u00e2tre efficace 24 h qui d\u00e9congestionne, relaxe, tonifie et raffermit les tissus gr\u00e2ce \u00e0 son pouvoir astringent. Il ne chauffe pas et n'irrite pas la peau. Ice Tight Poultice contient de l'argile naurelle, de la glycerine de l'aloe Vera et des min\u00e9raux. Il s'enl\u00e8ve facilement \u00e0 l'eau sans frotter.","og_url":"https:\/\/www.vetorino.com\/veterinaire\/plouzevede-29440\/boutique\/product\/ice-tight-poultice-emplatre\/","og_site_name":"V\u00e9torino","article_publisher":"https:\/\/www.facebook.com\/Vetorino\/","article_modified_time":"2024-05-10T13:32:55+00:00","og_image":[{"width":700,"height":700,"url":"https:\/\/www.vetorino.com\/boutique\/wp-content\/uploads\/2021\/05\/sans-titre-6.jpg","type":"image\/jpeg"}],"twitter_card":"summary_large_image","twitter_misc":{"Disponibilit\u00e9":"En stock"},"schema":{"@context":"https:\/\/schema.org","@graph":[{"@type":"WebPage","@id":"https:\/\/www.vetorino.com\/boutique\/product\/ice-tight-poultice-emplatre\/","url":"https:\/\/www.vetorino.com\/boutique\/product\/ice-tight-poultice-emplatre\/","name":"Ice Tight Poultice Emplatre Pommier Nutrition Ex - V\u00e9torino","isPartOf":{"@id":"https:\/\/www.vetorino.com\/boutique\/#website"},"primaryImageOfPage":{"@id":"https:\/\/www.vetorino.com\/boutique\/product\/ice-tight-poultice-emplatre\/#primaryimage"},"image":{"@id":"https:\/\/www.vetorino.com\/boutique\/product\/ice-tight-poultice-emplatre\/#primaryimage"},"thumbnailUrl":"https:\/\/www.vetorino.com\/boutique\/wp-content\/uploads\/2021\/05\/sans-titre-6.jpg","datePublished":"2021-05-04T16:40:24+00:00","dateModified":"2024-05-10T13:32:55+00:00","description":"iCE TIGHT POULTICE est un empl\u00e2tre efficace 24 h qui d\u00e9congestionne, relaxe, tonifie et raffermit les tissus gr\u00e2ce \u00e0 son pouvoir astringent. Il ne chauffe pas et n'irrite pas la peau. Ice Tight Poultice contient de l'argile naurelle, de la glycerine de l'aloe Vera et des min\u00e9raux. Il s'enl\u00e8ve facilement \u00e0 l'eau sans frotter.","breadcrumb":{"@id":"https:\/\/www.vetorino.com\/boutique\/product\/ice-tight-poultice-emplatre\/#breadcrumb"},"inLanguage":"fr-FR","potentialAction":[{"@type":"ReadAction","target":["https:\/\/www.vetorino.com\/boutique\/product\/ice-tight-poultice-emplatre\/"]}]},{"@type":"ImageObject","inLanguage":"fr-FR","@id":"https:\/\/www.vetorino.com\/boutique\/product\/ice-tight-poultice-emplatre\/#primaryimage","url":"https:\/\/www.vetorino.com\/boutique\/wp-content\/uploads\/2021\/05\/sans-titre-6.jpg","contentUrl":"https:\/\/www.vetorino.com\/boutique\/wp-content\/uploads\/2021\/05\/sans-titre-6.jpg","width":700,"height":700},{"@type":"BreadcrumbList","@id":"https:\/\/www.vetorino.com\/boutique\/product\/ice-tight-poultice-emplatre\/#breadcrumb","itemListElement":[{"@type":"ListItem","position":1,"name":"Accueil","item":"https:\/\/www.vetorino.com\/boutique\/"},{"@type":"ListItem","position":2,"name":"Produits","item":"https:\/\/www.vetorino.com\/boutique\/"},{"@type":"ListItem","position":3,"name":"Ice Tight Poultice Emplatre"}]},{"@type":"WebSite","@id":"https:\/\/www.vetorino.com\/boutique\/#website","url":"https:\/\/www.vetorino.com\/boutique\/","name":"V\u00e9torino","description":"","publisher":{"@id":"https:\/\/www.vetorino.com\/boutique\/#organization"},"potentialAction":[{"@type":"SearchAction","target":{"@type":"EntryPoint","urlTemplate":"https:\/\/www.vetorino.com\/boutique\/?s={search_term_string}"},"query-input":{"@type":"PropertyValueSpecification","valueRequired":true,"valueName":"search_term_string"}}],"inLanguage":"fr-FR"},{"@type":"Organization","@id":"https:\/\/www.vetorino.com\/boutique\/#organization","name":"V\u00e9torino","url":"https:\/\/www.vetorino.com\/boutique\/","logo":{"@type":"ImageObject","inLanguage":"fr-FR","@id":"https:\/\/www.vetorino.com\/boutique\/#\/schema\/logo\/image\/","url":"https:\/\/www.vetorino.com\/boutique\/wp-content\/uploads\/2024\/10\/logo.jpg","contentUrl":"https:\/\/www.vetorino.com\/boutique\/wp-content\/uploads\/2024\/10\/logo.jpg","width":1200,"height":610,"caption":"V\u00e9torino"},"image":{"@id":"https:\/\/www.vetorino.com\/boutique\/#\/schema\/logo\/image\/"},"sameAs":["https:\/\/www.facebook.com\/Vetorino\/","https:\/\/www.instagram.com\/vetorino_off\/","https:\/\/www.linkedin.com\/company\/vtorino\/"]}]},"product_brand":"Pommier Nutrition Ex","og_availability":"instock","product_availability":"instock","product_condition":"new"},"_links":{"self":[{"href":"https:\/\/www.vetorino.com\/veterinaire\/plouzevede-29440\/boutique\/wp-json\/wp\/v2\/product\/177106","targetHints":{"allow":["GET"]}}],"collection":[{"href":"https:\/\/www.vetorino.com\/veterinaire\/plouzevede-29440\/boutique\/wp-json\/wp\/v2\/product"}],"about":[{"href":"https:\/\/www.vetorino.com\/veterinaire\/plouzevede-29440\/boutique\/wp-json\/wp\/v2\/types\/product"}],"wp:featuredmedia":[{"embeddable":true,"href":"https:\/\/www.vetorino.com\/veterinaire\/plouzevede-29440\/boutique\/wp-json\/wp\/v2\/media\/918191"}],"wp:attachment":[{"href":"https:\/\/www.vetorino.com\/veterinaire\/plouzevede-29440\/boutique\/wp-json\/wp\/v2\/media?parent=177106"}],"wp:term":[{"taxonomy":"product_cat","embeddable":true,"href":"https:\/\/www.vetorino.com\/veterinaire\/plouzevede-29440\/boutique\/wp-json\/wp\/v2\/product_cat?post=177106"},{"taxonomy":"product_tag","embeddable":true,"href":"https:\/\/www.vetorino.com\/veterinaire\/plouzevede-29440\/boutique\/wp-json\/wp\/v2\/product_tag?post=177106"}],"curies":[{"name":"wp","href":"https:\/\/api.w.org\/{rel}","templated":true}]}}