{"id":186892,"date":"2021-05-31T20:25:49","date_gmt":"2021-05-31T18:25:49","guid":{"rendered":"https:\/\/www.vetorino.com\/boutique\/product\/vetexpert-art-asu-xl\/"},"modified":"2025-11-24T15:29:42","modified_gmt":"2025-11-24T14:29:42","slug":"vetexpert-art-asu-xl","status":"publish","type":"product","link":"https:\/\/www.vetorino.com\/veterinaire\/plouzevede-29440\/boutique\/product\/vetexpert-art-asu-xl\/","title":{"rendered":"Vetexpert Art-Asuh  XL &#8211; chien &amp; chat"},"content":{"rendered":"<div class=\"tabs product-tabs visible--desktop\">\n<div id=\"tab-content\" class=\"tab-content mb-4\">\n<div id=\"description\" class=\"tab-pane fade active show\" role=\"tabpanel\">\n<div class=\"product-description\">\n<p>La GLUCOSAMINE est n\u00e9cessaire pour la production de glycosaminoglycanes qui forment la base structurelle de la matrice extracellulaire des cartilages articulaires.<\/p>\n<p>La CHONDROITINE est utilis\u00e9 par les cartilages articulaires pour produire la matrice extracellulaire. Elle assure l&#8217;hydratation correcte des cartilages articulaires, garantissant leur r\u00e9silience et leur \u00e9lasticit\u00e9.<\/p>\n<p>L&#8217;ACIDE HYALURONIIQUE est b\u00e9n\u00e9fique pour les animaux ayant des probl\u00e8mes articulaires et osseux tels que l&#8217;arthrose. L&#8217;acide hyaluronique aiderait \u00e0 r\u00e9duire l&#8217;inflammation et la douleur dans les articulations, \u00e0 am\u00e9liorer la mobilit\u00e9 articulaire et \u00e0 ralentir la progression de la d\u00e9g\u00e9n\u00e9rescence articulaire.<\/p>\n<p>HARPAGOPHYTUM PROCUMBRES est une plante qui pr\u00e9sente des propri\u00e9t\u00e9s anti-inflammatoires, probablement dues \u00e0 l&#8217;inhibition de l&#8217;activit\u00e9 d&#8217;enzymes telles que la cyclooxyg\u00e9nase et la lipoxyg\u00e9nase.<\/p>\n<p>L\u2019extrait d\u2019INSAPONIFIABLES D\u2019AVOCAT ET DE SOJA ASU poss\u00e8de des effets anaboliques, anti cataboliques et anti-inflammatoires sur les chondrocytes ; il augmente la synth\u00e8se de collag\u00e8ne, inhibe la collag\u00e9nase induite par l&#8217;interleukine-1-b\u00eata, stimule la synth\u00e8se des agr\u00e9canes et inhibe l&#8217;activation de la m\u00e9talloprot\u00e9ine de la matrice extracellulaire (MMP).<\/p>\n<p>La<strong>\u00a0L-CARNITINE<\/strong>\u00a0aide \u00e0 r\u00e9duire le poids corporel. Elle facilite la production d\u2019\u00e9nergie \u00e0 partir des acides gras dans les mitochondries, ce qui limite leur d\u00e9p\u00f4t sous forme de tissus adipeux et r\u00e9duit ainsi la charge exerc\u00e9e sur les articulations<\/p>\n<p>Le MANGANESE est indispensable \u00e0 la production d&#8217;enzymes appel\u00e9es glycosyltransf\u00e9rases, n\u00e9cessaires \u00e0 la synth\u00e8se des prot\u00e9oglycanes pr\u00e9sentes dans les os et cartilages.<\/p>\n<p>La VITAMINE C,\u00a0<strong>\u00a0CUIVRE\u00a0<\/strong>et le\u00a0<strong>ZINC<\/strong>\u00a0ont des propri\u00e9t\u00e9s antioxydantes. Le cuivre, comme composant de la lysyl oxydase, est un \u00e9l\u00e9ment essentiel \u00e0 la synth\u00e8se du tissu cartilagineux<\/p>\n<p>Pr\u00e9sentations disponibles :<\/p>\n<p><strong>Pot de 90 comprim\u00e9s<\/strong><\/p>\n<\/div>\n<\/div>\n<\/div>\n<\/div>\n","protected":false},"excerpt":{"rendered":"<div id=\"product-description-short-4417\">\n<div id=\"product-description-short-4417\">\n<p><strong>Aliment compl\u00e9mentaire pour chien et chat, recommand\u00e9 pour soutenir les fonctions articulaires et locomotrices.<\/strong><\/p>\n<p><strong>Utilisation :<\/strong><\/p>\n<ul>\n<li>Chat et chien ayant des troubles locomoteurs<\/li>\n<\/ul>\n<p><strong>Demandez l&#8217;avis de votre v\u00e9t\u00e9rinaire avant toute utilisation ou prolongation de la dur\u00e9e d&#8217;utilisation.<\/strong><\/p>\n<\/div>\n<div class=\"product-actions\">\n<div class=\"product-variants\"><\/div>\n<div class=\"mdj_product_master\"><\/div>\n<\/div>\n<\/div>\n","protected":false},"featured_media":1005610,"template":"","meta":[],"product_cat":[2730,2738,2697,2698,12632,12633],"product_tag":[],"class_list":{"0":"post-186892","1":"product","2":"type-product","3":"status-publish","4":"has-post-thumbnail","6":"product_cat-aliments-complementaires-pour-chat","7":"product_cat-aliments-complementaires-pour-chien","8":"product_cat-chat","9":"product_cat-chien","10":"product_cat-soutien-articulaire-du-chat","11":"product_cat-soutien-articulaire-du-chien","12":"pa_marque-vetexpert","14":"first","15":"instock","16":"taxable","17":"shipping-taxable","18":"purchasable","19":"product-type-simple"},"yoast_head":"<!-- This site is optimized with the Yoast SEO plugin v27.3 - https:\/\/yoast.com\/product\/yoast-seo-wordpress\/ -->\n<title>Vetexpert Art-Asuh XL - chien &amp; chat Vetexpert - V\u00e9torino<\/title>\n<meta name=\"description\" content=\"Aliment compl\u00e9mentaire pour chien et chat, recommand\u00e9 pour soutenir les fonctions articulaires et locomotrices.  Utilisation :   Chat et chien ayant des troubles locomoteurs  Demandez l&#039;avis de votre v\u00e9t\u00e9rinaire avant toute utilisation ou prolongation de la dur\u00e9e d&#039;utilisation.\" \/>\n<meta name=\"robots\" content=\"noindex, nofollow\" \/>\n<meta property=\"og:locale\" content=\"fr_FR\" \/>\n<meta property=\"og:type\" content=\"article\" \/>\n<meta property=\"og:title\" content=\"Vetexpert Art-Asuh XL - chien &amp; chat Vetexpert - V\u00e9torino\" \/>\n<meta property=\"og:description\" content=\"Aliment compl\u00e9mentaire pour chien et chat, recommand\u00e9 pour soutenir les fonctions articulaires et locomotrices.  Utilisation :   Chat et chien ayant des troubles locomoteurs  Demandez l&#039;avis de votre v\u00e9t\u00e9rinaire avant toute utilisation ou prolongation de la dur\u00e9e d&#039;utilisation.\" \/>\n<meta property=\"og:url\" content=\"https:\/\/www.vetorino.com\/veterinaire\/plouzevede-29440\/boutique\/product\/vetexpert-art-asu-xl\/\" \/>\n<meta property=\"og:site_name\" content=\"V\u00e9torino\" \/>\n<meta property=\"article:publisher\" content=\"https:\/\/www.facebook.com\/Vetorino\/\" \/>\n<meta property=\"article:modified_time\" content=\"2025-11-24T14:29:42+00:00\" \/>\n<meta property=\"og:image\" content=\"https:\/\/www.vetorino.com\/boutique\/wp-content\/uploads\/2021\/05\/VETEX-8134668.png\" \/>\n\t<meta property=\"og:image:width\" content=\"800\" \/>\n\t<meta property=\"og:image:height\" content=\"800\" \/>\n\t<meta property=\"og:image:type\" content=\"image\/png\" \/>\n<meta name=\"twitter:card\" content=\"summary_large_image\" \/>\n<meta name=\"twitter:label1\" content=\"Prix\" \/>\n\t<meta name=\"twitter:data1\" content=\"78,12&euro;\" \/>\n\t<meta name=\"twitter:label2\" content=\"Disponibilit\u00e9\" \/>\n\t<meta name=\"twitter:data2\" content=\"En stock\" \/>\n<script type=\"application\/ld+json\" class=\"yoast-schema-graph\">{\"@context\":\"https:\\\/\\\/schema.org\",\"@graph\":[{\"@type\":\"WebPage\",\"@id\":\"https:\\\/\\\/www.vetorino.com\\\/boutique\\\/product\\\/vetexpert-art-asu-xl\\\/\",\"url\":\"https:\\\/\\\/www.vetorino.com\\\/boutique\\\/product\\\/vetexpert-art-asu-xl\\\/\",\"name\":\"Vetexpert Art-Asuh XL - chien &amp; chat Vetexpert - V\u00e9torino\",\"isPartOf\":{\"@id\":\"https:\\\/\\\/www.vetorino.com\\\/boutique\\\/#website\"},\"primaryImageOfPage\":{\"@id\":\"https:\\\/\\\/www.vetorino.com\\\/boutique\\\/product\\\/vetexpert-art-asu-xl\\\/#primaryimage\"},\"image\":{\"@id\":\"https:\\\/\\\/www.vetorino.com\\\/boutique\\\/product\\\/vetexpert-art-asu-xl\\\/#primaryimage\"},\"thumbnailUrl\":\"https:\\\/\\\/www.vetorino.com\\\/boutique\\\/wp-content\\\/uploads\\\/2021\\\/05\\\/VETEX-8134668.png\",\"datePublished\":\"2021-05-31T18:25:49+00:00\",\"dateModified\":\"2025-11-24T14:29:42+00:00\",\"description\":\"Aliment compl\u00e9mentaire pour chien et chat, recommand\u00e9 pour soutenir les fonctions articulaires et locomotrices. Utilisation : Chat et chien ayant des troubles locomoteurs Demandez l'avis de votre v\u00e9t\u00e9rinaire avant toute utilisation ou prolongation de la dur\u00e9e d'utilisation.\",\"breadcrumb\":{\"@id\":\"https:\\\/\\\/www.vetorino.com\\\/boutique\\\/product\\\/vetexpert-art-asu-xl\\\/#breadcrumb\"},\"inLanguage\":\"fr-FR\",\"potentialAction\":[{\"@type\":\"ReadAction\",\"target\":[\"https:\\\/\\\/www.vetorino.com\\\/boutique\\\/product\\\/vetexpert-art-asu-xl\\\/\"]}]},{\"@type\":\"ImageObject\",\"inLanguage\":\"fr-FR\",\"@id\":\"https:\\\/\\\/www.vetorino.com\\\/boutique\\\/product\\\/vetexpert-art-asu-xl\\\/#primaryimage\",\"url\":\"https:\\\/\\\/www.vetorino.com\\\/boutique\\\/wp-content\\\/uploads\\\/2021\\\/05\\\/VETEX-8134668.png\",\"contentUrl\":\"https:\\\/\\\/www.vetorino.com\\\/boutique\\\/wp-content\\\/uploads\\\/2021\\\/05\\\/VETEX-8134668.png\",\"width\":800,\"height\":800},{\"@type\":\"BreadcrumbList\",\"@id\":\"https:\\\/\\\/www.vetorino.com\\\/boutique\\\/product\\\/vetexpert-art-asu-xl\\\/#breadcrumb\",\"itemListElement\":[{\"@type\":\"ListItem\",\"position\":1,\"name\":\"Accueil\",\"item\":\"https:\\\/\\\/www.vetorino.com\\\/boutique\\\/\"},{\"@type\":\"ListItem\",\"position\":2,\"name\":\"Produits\",\"item\":\"https:\\\/\\\/www.vetorino.com\\\/boutique\\\/\"},{\"@type\":\"ListItem\",\"position\":3,\"name\":\"Vetexpert Art-Asuh XL &#8211; chien &amp; chat\"}]},{\"@type\":\"WebSite\",\"@id\":\"https:\\\/\\\/www.vetorino.com\\\/boutique\\\/#website\",\"url\":\"https:\\\/\\\/www.vetorino.com\\\/boutique\\\/\",\"name\":\"V\u00e9torino\",\"description\":\"\",\"publisher\":{\"@id\":\"https:\\\/\\\/www.vetorino.com\\\/boutique\\\/#organization\"},\"potentialAction\":[{\"@type\":\"SearchAction\",\"target\":{\"@type\":\"EntryPoint\",\"urlTemplate\":\"https:\\\/\\\/www.vetorino.com\\\/boutique\\\/?s={search_term_string}\"},\"query-input\":{\"@type\":\"PropertyValueSpecification\",\"valueRequired\":true,\"valueName\":\"search_term_string\"}}],\"inLanguage\":\"fr-FR\"},{\"@type\":\"Organization\",\"@id\":\"https:\\\/\\\/www.vetorino.com\\\/boutique\\\/#organization\",\"name\":\"V\u00e9torino\",\"url\":\"https:\\\/\\\/www.vetorino.com\\\/boutique\\\/\",\"logo\":{\"@type\":\"ImageObject\",\"inLanguage\":\"fr-FR\",\"@id\":\"https:\\\/\\\/www.vetorino.com\\\/boutique\\\/#\\\/schema\\\/logo\\\/image\\\/\",\"url\":\"https:\\\/\\\/www.vetorino.com\\\/boutique\\\/wp-content\\\/uploads\\\/2024\\\/10\\\/logo.jpg\",\"contentUrl\":\"https:\\\/\\\/www.vetorino.com\\\/boutique\\\/wp-content\\\/uploads\\\/2024\\\/10\\\/logo.jpg\",\"width\":1200,\"height\":610,\"caption\":\"V\u00e9torino\"},\"image\":{\"@id\":\"https:\\\/\\\/www.vetorino.com\\\/boutique\\\/#\\\/schema\\\/logo\\\/image\\\/\"},\"sameAs\":[\"https:\\\/\\\/www.facebook.com\\\/Vetorino\\\/\",\"https:\\\/\\\/www.instagram.com\\\/vetorino_off\\\/\",\"https:\\\/\\\/www.linkedin.com\\\/company\\\/vtorino\\\/\"]}]}<\/script>\n<meta property=\"product:brand\" content=\"Vetexpert\" \/>\n<meta property=\"product:price:amount\" content=\"78.12\" \/>\n<meta property=\"product:price:currency\" content=\"EUR\" \/>\n<meta property=\"og:availability\" content=\"instock\" \/>\n<meta property=\"product:availability\" content=\"instock\" \/>\n<meta property=\"product:retailer_item_id\" content=\"A-8134668\" \/>\n<meta property=\"product:condition\" content=\"new\" \/>\n<!-- \/ Yoast SEO plugin. -->","yoast_head_json":{"title":"Vetexpert Art-Asuh XL - chien &amp; chat Vetexpert - V\u00e9torino","description":"Aliment compl\u00e9mentaire pour chien et chat, recommand\u00e9 pour soutenir les fonctions articulaires et locomotrices.  Utilisation :   Chat et chien ayant des troubles locomoteurs  Demandez l'avis de votre v\u00e9t\u00e9rinaire avant toute utilisation ou prolongation de la dur\u00e9e d'utilisation.","robots":{"index":"noindex","follow":"nofollow"},"og_locale":"fr_FR","og_type":"article","og_title":"Vetexpert Art-Asuh XL - chien &amp; chat Vetexpert - V\u00e9torino","og_description":"Aliment compl\u00e9mentaire pour chien et chat, recommand\u00e9 pour soutenir les fonctions articulaires et locomotrices.  Utilisation :   Chat et chien ayant des troubles locomoteurs  Demandez l'avis de votre v\u00e9t\u00e9rinaire avant toute utilisation ou prolongation de la dur\u00e9e d'utilisation.","og_url":"https:\/\/www.vetorino.com\/veterinaire\/plouzevede-29440\/boutique\/product\/vetexpert-art-asu-xl\/","og_site_name":"V\u00e9torino","article_publisher":"https:\/\/www.facebook.com\/Vetorino\/","article_modified_time":"2025-11-24T14:29:42+00:00","og_image":[{"width":800,"height":800,"url":"https:\/\/www.vetorino.com\/boutique\/wp-content\/uploads\/2021\/05\/VETEX-8134668.png","type":"image\/png"}],"twitter_card":"summary_large_image","twitter_misc":{"Prix":"78,12&euro;","Disponibilit\u00e9":"En stock"},"schema":{"@context":"https:\/\/schema.org","@graph":[{"@type":"WebPage","@id":"https:\/\/www.vetorino.com\/boutique\/product\/vetexpert-art-asu-xl\/","url":"https:\/\/www.vetorino.com\/boutique\/product\/vetexpert-art-asu-xl\/","name":"Vetexpert Art-Asuh XL - chien &amp; chat Vetexpert - V\u00e9torino","isPartOf":{"@id":"https:\/\/www.vetorino.com\/boutique\/#website"},"primaryImageOfPage":{"@id":"https:\/\/www.vetorino.com\/boutique\/product\/vetexpert-art-asu-xl\/#primaryimage"},"image":{"@id":"https:\/\/www.vetorino.com\/boutique\/product\/vetexpert-art-asu-xl\/#primaryimage"},"thumbnailUrl":"https:\/\/www.vetorino.com\/boutique\/wp-content\/uploads\/2021\/05\/VETEX-8134668.png","datePublished":"2021-05-31T18:25:49+00:00","dateModified":"2025-11-24T14:29:42+00:00","description":"Aliment compl\u00e9mentaire pour chien et chat, recommand\u00e9 pour soutenir les fonctions articulaires et locomotrices. Utilisation : Chat et chien ayant des troubles locomoteurs Demandez l'avis de votre v\u00e9t\u00e9rinaire avant toute utilisation ou prolongation de la dur\u00e9e d'utilisation.","breadcrumb":{"@id":"https:\/\/www.vetorino.com\/boutique\/product\/vetexpert-art-asu-xl\/#breadcrumb"},"inLanguage":"fr-FR","potentialAction":[{"@type":"ReadAction","target":["https:\/\/www.vetorino.com\/boutique\/product\/vetexpert-art-asu-xl\/"]}]},{"@type":"ImageObject","inLanguage":"fr-FR","@id":"https:\/\/www.vetorino.com\/boutique\/product\/vetexpert-art-asu-xl\/#primaryimage","url":"https:\/\/www.vetorino.com\/boutique\/wp-content\/uploads\/2021\/05\/VETEX-8134668.png","contentUrl":"https:\/\/www.vetorino.com\/boutique\/wp-content\/uploads\/2021\/05\/VETEX-8134668.png","width":800,"height":800},{"@type":"BreadcrumbList","@id":"https:\/\/www.vetorino.com\/boutique\/product\/vetexpert-art-asu-xl\/#breadcrumb","itemListElement":[{"@type":"ListItem","position":1,"name":"Accueil","item":"https:\/\/www.vetorino.com\/boutique\/"},{"@type":"ListItem","position":2,"name":"Produits","item":"https:\/\/www.vetorino.com\/boutique\/"},{"@type":"ListItem","position":3,"name":"Vetexpert Art-Asuh XL &#8211; chien &amp; chat"}]},{"@type":"WebSite","@id":"https:\/\/www.vetorino.com\/boutique\/#website","url":"https:\/\/www.vetorino.com\/boutique\/","name":"V\u00e9torino","description":"","publisher":{"@id":"https:\/\/www.vetorino.com\/boutique\/#organization"},"potentialAction":[{"@type":"SearchAction","target":{"@type":"EntryPoint","urlTemplate":"https:\/\/www.vetorino.com\/boutique\/?s={search_term_string}"},"query-input":{"@type":"PropertyValueSpecification","valueRequired":true,"valueName":"search_term_string"}}],"inLanguage":"fr-FR"},{"@type":"Organization","@id":"https:\/\/www.vetorino.com\/boutique\/#organization","name":"V\u00e9torino","url":"https:\/\/www.vetorino.com\/boutique\/","logo":{"@type":"ImageObject","inLanguage":"fr-FR","@id":"https:\/\/www.vetorino.com\/boutique\/#\/schema\/logo\/image\/","url":"https:\/\/www.vetorino.com\/boutique\/wp-content\/uploads\/2024\/10\/logo.jpg","contentUrl":"https:\/\/www.vetorino.com\/boutique\/wp-content\/uploads\/2024\/10\/logo.jpg","width":1200,"height":610,"caption":"V\u00e9torino"},"image":{"@id":"https:\/\/www.vetorino.com\/boutique\/#\/schema\/logo\/image\/"},"sameAs":["https:\/\/www.facebook.com\/Vetorino\/","https:\/\/www.instagram.com\/vetorino_off\/","https:\/\/www.linkedin.com\/company\/vtorino\/"]}]},"product_brand":"Vetexpert","product_price_amount":"78.12","product_price_currency":"EUR","og_availability":"instock","product_availability":"instock","product_retailer_item_id":"A-8134668","product_condition":"new"},"_links":{"self":[{"href":"https:\/\/www.vetorino.com\/veterinaire\/plouzevede-29440\/boutique\/wp-json\/wp\/v2\/product\/186892","targetHints":{"allow":["GET"]}}],"collection":[{"href":"https:\/\/www.vetorino.com\/veterinaire\/plouzevede-29440\/boutique\/wp-json\/wp\/v2\/product"}],"about":[{"href":"https:\/\/www.vetorino.com\/veterinaire\/plouzevede-29440\/boutique\/wp-json\/wp\/v2\/types\/product"}],"wp:featuredmedia":[{"embeddable":true,"href":"https:\/\/www.vetorino.com\/veterinaire\/plouzevede-29440\/boutique\/wp-json\/wp\/v2\/media\/1005610"}],"wp:attachment":[{"href":"https:\/\/www.vetorino.com\/veterinaire\/plouzevede-29440\/boutique\/wp-json\/wp\/v2\/media?parent=186892"}],"wp:term":[{"taxonomy":"product_cat","embeddable":true,"href":"https:\/\/www.vetorino.com\/veterinaire\/plouzevede-29440\/boutique\/wp-json\/wp\/v2\/product_cat?post=186892"},{"taxonomy":"product_tag","embeddable":true,"href":"https:\/\/www.vetorino.com\/veterinaire\/plouzevede-29440\/boutique\/wp-json\/wp\/v2\/product_tag?post=186892"}],"curies":[{"name":"wp","href":"https:\/\/api.w.org\/{rel}","templated":true}]}}