{"id":289071,"date":"2022-01-21T16:00:02","date_gmt":"2022-01-21T15:00:02","guid":{"rendered":"https:\/\/www.vetorino.com\/boutique\/product\/canine-i-d-activbiome-mijotes\/"},"modified":"2025-10-21T11:50:43","modified_gmt":"2025-10-21T09:50:43","slug":"canine-i-d-activbiome-mijotes","status":"publish","type":"product","link":"https:\/\/www.vetorino.com\/veterinaire\/plouzevede-29440\/boutique\/product\/canine-i-d-activbiome-mijotes\/","title":{"rendered":"i\/d Digestive Care Mijot\u00e9s Poulet et L\u00e9gumes &#8211; chien"},"content":{"rendered":"<p><strong>Mijot\u00e9s au poulet et l\u00e9gumes ajout\u00e9s pour chiens ayant des troubles digestifs.<\/strong><\/p>\n<p>Prescription Diet\u2122 Canine i\/d\u2122 Activ Biome + mijot\u00e9s au Poulet et L\u00e9gumes ajout\u00e9s est un aliment di\u00e9t\u00e9tique complet destin\u00e9 \u00e0 r\u00e9duire les troubles aigus d&#8217;absorption intestinale et \u00e0 compenser la maldigestion et l&#8217;insuffisance pancr\u00e9atique exocrine chez le chien. Cet aliment di\u00e9t\u00e9tique pr\u00e9sente un niveau \u00e9lev\u00e9 d&#8217;\u00e9lectrolytes, des ingr\u00e9dients hautement digestibles et une faible teneur en graisses.<\/p>\n<p><strong>Utilisation :<\/strong><\/p>\n<ul>\n<li>Troubles gastro-intestinaux aigus et chroniques chez le chien adulte<\/li>\n<li>Convalescence<\/li>\n<\/ul>\n<p><strong>Bienfaits essentiels :<\/strong><\/p>\n<ul>\n<li>Assure une\u00a0<strong>assimilation<\/strong>\u00a0facilit\u00e9e des nutriments par le tractus gastro-intestinal<\/li>\n<li>Efficace rapidement pour favoriser une\u00a0<strong>bonne qualit\u00e9 des selles<\/strong>\u00a0&amp;\u00a0<strong>am\u00e9liorer la digestion<\/strong><\/li>\n<li>Nourrit le\u00a0<strong>microbiome intestinal<\/strong>\u00a0pour lib\u00e9rer des compos\u00e9s\u00a0<strong>anti-inflammatoires et antioxydants b\u00e9n\u00e9fiques<\/strong><\/li>\n<li>Aide \u00e0 soutenir une\u00a0<strong>digestion saine<\/strong>\u00a0et le bien-\u00eatre en g\u00e9n\u00e9ral<\/li>\n<li>Aide \u00e0 compenser les pertes dues aux vomissements et \u00e0 la diarrh\u00e9e<\/li>\n<li>Aide \u00e0 soutenir un\u00a0<strong>syst\u00e8me immunitaire sain<\/strong><\/li>\n<li>Favorise le maintien d&#8217;une peau saine et d&#8217;un pelage brillant<\/li>\n<\/ul>\n<p><strong>Cet aliment est\u00a0destin\u00e9 \u00e0 la prise en charge d&#8217;une maladie, il est conseill\u00e9 de consulter votre v\u00e9t\u00e9rinaire avant\u00a0de le donner \u00e0 votre animal.<\/strong><\/p>\n","protected":false},"excerpt":{"rendered":"<p><strong>Mijot\u00e9s au poulet et l\u00e9gumes ajout\u00e9s pour chiens ayant des troubles digestifs.<br \/>\n<\/strong><\/p>\n<p><strong>Utilisation :<\/strong><\/p>\n<ul>\n<li>Troubles gastro-intestinaux aigus et chroniques chez le chien adulte<\/li>\n<li>Convalescence<\/li>\n<\/ul>\n<p><strong>Cet aliment est\u00a0destin\u00e9 \u00e0 la prise en charge d&#8217;une maladie, il est conseill\u00e9 de consulter votre v\u00e9t\u00e9rinaire avant\u00a0de le donner \u00e0 votre animal.<\/strong><\/p>\n<p><span style=\"color: #993366\"><strong>Nouvelle formulation du produit i\/d, ajout de la Technologie Sox Shield. Pendant la p\u00e9riode de transition, il est possible de recevoir l\u2019ancienne ou la nouvelle formule selon les stocks disponibles.<\/strong><\/span><\/p>\n","protected":false},"featured_media":1536772,"template":"","meta":[],"product_cat":[12552,12582,2698,12568,12636],"product_tag":[],"class_list":{"0":"post-289071","1":"product","2":"type-product","3":"status-publish","4":"has-post-thumbnail","6":"product_cat-alimentation-du-chien","7":"product_cat-alimentation-medicalisee-pour-chien","8":"product_cat-chien","9":"product_cat-produit-veterinaire-du-chien","10":"product_cat-systeme-digestif-du-chien","11":"pa_marque-hills-pet-nutrition","13":"first","14":"instock","15":"taxable","16":"shipping-taxable","17":"purchasable","18":"product-type-variable"},"yoast_head":"<!-- This site is optimized with the Yoast SEO plugin v27.3 - https:\/\/yoast.com\/product\/yoast-seo-wordpress\/ -->\n<title>Prescription Diet (Hill&#039;s) i\/d Digestive Care Mijot\u00e9s Poulet et L\u00e9gumes - chien Hill&#039;s - V\u00e9torino<\/title>\n<meta name=\"description\" content=\"i\/d Digestive Mijot\u00e9s est une alimentation hautement digestible et cliniquement prouv\u00e9e pour aider \u00e0 r\u00e9duire les troubles digestifs.\" \/>\n<meta name=\"robots\" content=\"noindex, nofollow\" \/>\n<meta property=\"og:locale\" content=\"fr_FR\" \/>\n<meta property=\"og:type\" content=\"article\" \/>\n<meta property=\"og:title\" content=\"Prescription Diet (Hill&#039;s) i\/d Digestive Care Mijot\u00e9s Poulet et L\u00e9gumes - chien Hill&#039;s - V\u00e9torino\" \/>\n<meta property=\"og:description\" content=\"i\/d Digestive Mijot\u00e9s est une alimentation hautement digestible et cliniquement prouv\u00e9e pour aider \u00e0 r\u00e9duire les troubles digestifs.\" \/>\n<meta property=\"og:url\" content=\"https:\/\/www.vetorino.com\/veterinaire\/plouzevede-29440\/boutique\/product\/canine-i-d-activbiome-mijotes\/\" \/>\n<meta property=\"og:site_name\" content=\"V\u00e9torino\" \/>\n<meta property=\"article:publisher\" content=\"https:\/\/www.facebook.com\/Vetorino\/\" \/>\n<meta property=\"article:modified_time\" content=\"2025-10-21T09:50:43+00:00\" \/>\n<meta property=\"og:image\" content=\"https:\/\/www.vetorino.com\/boutique\/wp-content\/uploads\/2022\/01\/52742039336_0-prescription-diet-chien-adulte-id-mijotes-poulet.jpg\" \/>\n\t<meta property=\"og:image:width\" content=\"1000\" \/>\n\t<meta property=\"og:image:height\" content=\"1000\" \/>\n\t<meta property=\"og:image:type\" content=\"image\/jpeg\" \/>\n<meta name=\"twitter:card\" content=\"summary_large_image\" \/>\n<meta name=\"twitter:label1\" content=\"Disponibilit\u00e9\" \/>\n\t<meta name=\"twitter:data1\" content=\"En stock\" \/>\n<script type=\"application\/ld+json\" class=\"yoast-schema-graph\">{\"@context\":\"https:\\\/\\\/schema.org\",\"@graph\":[{\"@type\":\"WebPage\",\"@id\":\"https:\\\/\\\/www.vetorino.com\\\/veterinaire\\\/briancon-05100\\\/boutique\\\/product\\\/canine-i-d-activbiome-mijotes\\\/\",\"url\":\"https:\\\/\\\/www.vetorino.com\\\/veterinaire\\\/briancon-05100\\\/boutique\\\/product\\\/canine-i-d-activbiome-mijotes\\\/\",\"name\":\"Prescription Diet (Hill's) i\\\/d Digestive Care Mijot\u00e9s Poulet et L\u00e9gumes - chien Hill's - V\u00e9torino\",\"isPartOf\":{\"@id\":\"https:\\\/\\\/www.vetorino.com\\\/boutique\\\/#website\"},\"primaryImageOfPage\":{\"@id\":\"https:\\\/\\\/www.vetorino.com\\\/veterinaire\\\/briancon-05100\\\/boutique\\\/product\\\/canine-i-d-activbiome-mijotes\\\/#primaryimage\"},\"image\":{\"@id\":\"https:\\\/\\\/www.vetorino.com\\\/veterinaire\\\/briancon-05100\\\/boutique\\\/product\\\/canine-i-d-activbiome-mijotes\\\/#primaryimage\"},\"thumbnailUrl\":\"https:\\\/\\\/www.vetorino.com\\\/boutique\\\/wp-content\\\/uploads\\\/2022\\\/01\\\/52742039336_0-prescription-diet-chien-adulte-id-mijotes-poulet.jpg\",\"datePublished\":\"2022-01-21T15:00:02+00:00\",\"dateModified\":\"2025-10-21T09:50:43+00:00\",\"description\":\"i\\\/d Digestive Mijot\u00e9s est une alimentation hautement digestible et cliniquement prouv\u00e9e pour aider \u00e0 r\u00e9duire les troubles digestifs.\",\"breadcrumb\":{\"@id\":\"https:\\\/\\\/www.vetorino.com\\\/veterinaire\\\/briancon-05100\\\/boutique\\\/product\\\/canine-i-d-activbiome-mijotes\\\/#breadcrumb\"},\"inLanguage\":\"fr-FR\",\"potentialAction\":[{\"@type\":\"ReadAction\",\"target\":[\"https:\\\/\\\/www.vetorino.com\\\/veterinaire\\\/briancon-05100\\\/boutique\\\/product\\\/canine-i-d-activbiome-mijotes\\\/\"]}]},{\"@type\":\"ImageObject\",\"inLanguage\":\"fr-FR\",\"@id\":\"https:\\\/\\\/www.vetorino.com\\\/veterinaire\\\/briancon-05100\\\/boutique\\\/product\\\/canine-i-d-activbiome-mijotes\\\/#primaryimage\",\"url\":\"https:\\\/\\\/www.vetorino.com\\\/boutique\\\/wp-content\\\/uploads\\\/2022\\\/01\\\/52742039336_0-prescription-diet-chien-adulte-id-mijotes-poulet.jpg\",\"contentUrl\":\"https:\\\/\\\/www.vetorino.com\\\/boutique\\\/wp-content\\\/uploads\\\/2022\\\/01\\\/52742039336_0-prescription-diet-chien-adulte-id-mijotes-poulet.jpg\",\"width\":1000,\"height\":1000},{\"@type\":\"BreadcrumbList\",\"@id\":\"https:\\\/\\\/www.vetorino.com\\\/veterinaire\\\/briancon-05100\\\/boutique\\\/product\\\/canine-i-d-activbiome-mijotes\\\/#breadcrumb\",\"itemListElement\":[{\"@type\":\"ListItem\",\"position\":1,\"name\":\"Accueil\",\"item\":\"https:\\\/\\\/www.vetorino.com\\\/boutique\\\/\"},{\"@type\":\"ListItem\",\"position\":2,\"name\":\"Produits\",\"item\":\"https:\\\/\\\/www.vetorino.com\\\/boutique\\\/\"},{\"@type\":\"ListItem\",\"position\":3,\"name\":\"i\\\/d Digestive Care Mijot\u00e9s Poulet et L\u00e9gumes &#8211; chien\"}]},{\"@type\":\"WebSite\",\"@id\":\"https:\\\/\\\/www.vetorino.com\\\/boutique\\\/#website\",\"url\":\"https:\\\/\\\/www.vetorino.com\\\/boutique\\\/\",\"name\":\"V\u00e9torino\",\"description\":\"\",\"publisher\":{\"@id\":\"https:\\\/\\\/www.vetorino.com\\\/boutique\\\/#organization\"},\"potentialAction\":[{\"@type\":\"SearchAction\",\"target\":{\"@type\":\"EntryPoint\",\"urlTemplate\":\"https:\\\/\\\/www.vetorino.com\\\/boutique\\\/?s={search_term_string}\"},\"query-input\":{\"@type\":\"PropertyValueSpecification\",\"valueRequired\":true,\"valueName\":\"search_term_string\"}}],\"inLanguage\":\"fr-FR\"},{\"@type\":\"Organization\",\"@id\":\"https:\\\/\\\/www.vetorino.com\\\/boutique\\\/#organization\",\"name\":\"V\u00e9torino\",\"url\":\"https:\\\/\\\/www.vetorino.com\\\/boutique\\\/\",\"logo\":{\"@type\":\"ImageObject\",\"inLanguage\":\"fr-FR\",\"@id\":\"https:\\\/\\\/www.vetorino.com\\\/boutique\\\/#\\\/schema\\\/logo\\\/image\\\/\",\"url\":\"https:\\\/\\\/www.vetorino.com\\\/boutique\\\/wp-content\\\/uploads\\\/2024\\\/10\\\/logo.jpg\",\"contentUrl\":\"https:\\\/\\\/www.vetorino.com\\\/boutique\\\/wp-content\\\/uploads\\\/2024\\\/10\\\/logo.jpg\",\"width\":1200,\"height\":610,\"caption\":\"V\u00e9torino\"},\"image\":{\"@id\":\"https:\\\/\\\/www.vetorino.com\\\/boutique\\\/#\\\/schema\\\/logo\\\/image\\\/\"},\"sameAs\":[\"https:\\\/\\\/www.facebook.com\\\/Vetorino\\\/\",\"https:\\\/\\\/www.instagram.com\\\/vetorino_off\\\/\",\"https:\\\/\\\/www.linkedin.com\\\/company\\\/vtorino\\\/\"]}]}<\/script>\n<meta property=\"product:brand\" content=\"Hill&#039;s\" \/>\n<meta property=\"og:availability\" content=\"instock\" \/>\n<meta property=\"product:availability\" content=\"instock\" \/>\n<meta property=\"product:condition\" content=\"new\" \/>\n<!-- \/ Yoast SEO plugin. -->","yoast_head_json":{"title":"Prescription Diet (Hill's) i\/d Digestive Care Mijot\u00e9s Poulet et L\u00e9gumes - chien Hill's - V\u00e9torino","description":"i\/d Digestive Mijot\u00e9s est une alimentation hautement digestible et cliniquement prouv\u00e9e pour aider \u00e0 r\u00e9duire les troubles digestifs.","robots":{"index":"noindex","follow":"nofollow"},"og_locale":"fr_FR","og_type":"article","og_title":"Prescription Diet (Hill's) i\/d Digestive Care Mijot\u00e9s Poulet et L\u00e9gumes - chien Hill's - V\u00e9torino","og_description":"i\/d Digestive Mijot\u00e9s est une alimentation hautement digestible et cliniquement prouv\u00e9e pour aider \u00e0 r\u00e9duire les troubles digestifs.","og_url":"https:\/\/www.vetorino.com\/veterinaire\/plouzevede-29440\/boutique\/product\/canine-i-d-activbiome-mijotes\/","og_site_name":"V\u00e9torino","article_publisher":"https:\/\/www.facebook.com\/Vetorino\/","article_modified_time":"2025-10-21T09:50:43+00:00","og_image":[{"width":1000,"height":1000,"url":"https:\/\/www.vetorino.com\/boutique\/wp-content\/uploads\/2022\/01\/52742039336_0-prescription-diet-chien-adulte-id-mijotes-poulet.jpg","type":"image\/jpeg"}],"twitter_card":"summary_large_image","twitter_misc":{"Disponibilit\u00e9":"En stock"},"schema":{"@context":"https:\/\/schema.org","@graph":[{"@type":"WebPage","@id":"https:\/\/www.vetorino.com\/veterinaire\/briancon-05100\/boutique\/product\/canine-i-d-activbiome-mijotes\/","url":"https:\/\/www.vetorino.com\/veterinaire\/briancon-05100\/boutique\/product\/canine-i-d-activbiome-mijotes\/","name":"Prescription Diet (Hill's) i\/d Digestive Care Mijot\u00e9s Poulet et L\u00e9gumes - chien Hill's - V\u00e9torino","isPartOf":{"@id":"https:\/\/www.vetorino.com\/boutique\/#website"},"primaryImageOfPage":{"@id":"https:\/\/www.vetorino.com\/veterinaire\/briancon-05100\/boutique\/product\/canine-i-d-activbiome-mijotes\/#primaryimage"},"image":{"@id":"https:\/\/www.vetorino.com\/veterinaire\/briancon-05100\/boutique\/product\/canine-i-d-activbiome-mijotes\/#primaryimage"},"thumbnailUrl":"https:\/\/www.vetorino.com\/boutique\/wp-content\/uploads\/2022\/01\/52742039336_0-prescription-diet-chien-adulte-id-mijotes-poulet.jpg","datePublished":"2022-01-21T15:00:02+00:00","dateModified":"2025-10-21T09:50:43+00:00","description":"i\/d Digestive Mijot\u00e9s est une alimentation hautement digestible et cliniquement prouv\u00e9e pour aider \u00e0 r\u00e9duire les troubles digestifs.","breadcrumb":{"@id":"https:\/\/www.vetorino.com\/veterinaire\/briancon-05100\/boutique\/product\/canine-i-d-activbiome-mijotes\/#breadcrumb"},"inLanguage":"fr-FR","potentialAction":[{"@type":"ReadAction","target":["https:\/\/www.vetorino.com\/veterinaire\/briancon-05100\/boutique\/product\/canine-i-d-activbiome-mijotes\/"]}]},{"@type":"ImageObject","inLanguage":"fr-FR","@id":"https:\/\/www.vetorino.com\/veterinaire\/briancon-05100\/boutique\/product\/canine-i-d-activbiome-mijotes\/#primaryimage","url":"https:\/\/www.vetorino.com\/boutique\/wp-content\/uploads\/2022\/01\/52742039336_0-prescription-diet-chien-adulte-id-mijotes-poulet.jpg","contentUrl":"https:\/\/www.vetorino.com\/boutique\/wp-content\/uploads\/2022\/01\/52742039336_0-prescription-diet-chien-adulte-id-mijotes-poulet.jpg","width":1000,"height":1000},{"@type":"BreadcrumbList","@id":"https:\/\/www.vetorino.com\/veterinaire\/briancon-05100\/boutique\/product\/canine-i-d-activbiome-mijotes\/#breadcrumb","itemListElement":[{"@type":"ListItem","position":1,"name":"Accueil","item":"https:\/\/www.vetorino.com\/boutique\/"},{"@type":"ListItem","position":2,"name":"Produits","item":"https:\/\/www.vetorino.com\/boutique\/"},{"@type":"ListItem","position":3,"name":"i\/d Digestive Care Mijot\u00e9s Poulet et L\u00e9gumes &#8211; chien"}]},{"@type":"WebSite","@id":"https:\/\/www.vetorino.com\/boutique\/#website","url":"https:\/\/www.vetorino.com\/boutique\/","name":"V\u00e9torino","description":"","publisher":{"@id":"https:\/\/www.vetorino.com\/boutique\/#organization"},"potentialAction":[{"@type":"SearchAction","target":{"@type":"EntryPoint","urlTemplate":"https:\/\/www.vetorino.com\/boutique\/?s={search_term_string}"},"query-input":{"@type":"PropertyValueSpecification","valueRequired":true,"valueName":"search_term_string"}}],"inLanguage":"fr-FR"},{"@type":"Organization","@id":"https:\/\/www.vetorino.com\/boutique\/#organization","name":"V\u00e9torino","url":"https:\/\/www.vetorino.com\/boutique\/","logo":{"@type":"ImageObject","inLanguage":"fr-FR","@id":"https:\/\/www.vetorino.com\/boutique\/#\/schema\/logo\/image\/","url":"https:\/\/www.vetorino.com\/boutique\/wp-content\/uploads\/2024\/10\/logo.jpg","contentUrl":"https:\/\/www.vetorino.com\/boutique\/wp-content\/uploads\/2024\/10\/logo.jpg","width":1200,"height":610,"caption":"V\u00e9torino"},"image":{"@id":"https:\/\/www.vetorino.com\/boutique\/#\/schema\/logo\/image\/"},"sameAs":["https:\/\/www.facebook.com\/Vetorino\/","https:\/\/www.instagram.com\/vetorino_off\/","https:\/\/www.linkedin.com\/company\/vtorino\/"]}]},"product_brand":"Hill's","og_availability":"instock","product_availability":"instock","product_condition":"new"},"_links":{"self":[{"href":"https:\/\/www.vetorino.com\/veterinaire\/plouzevede-29440\/boutique\/wp-json\/wp\/v2\/product\/289071","targetHints":{"allow":["GET"]}}],"collection":[{"href":"https:\/\/www.vetorino.com\/veterinaire\/plouzevede-29440\/boutique\/wp-json\/wp\/v2\/product"}],"about":[{"href":"https:\/\/www.vetorino.com\/veterinaire\/plouzevede-29440\/boutique\/wp-json\/wp\/v2\/types\/product"}],"wp:featuredmedia":[{"embeddable":true,"href":"https:\/\/www.vetorino.com\/veterinaire\/plouzevede-29440\/boutique\/wp-json\/wp\/v2\/media\/1536772"}],"wp:attachment":[{"href":"https:\/\/www.vetorino.com\/veterinaire\/plouzevede-29440\/boutique\/wp-json\/wp\/v2\/media?parent=289071"}],"wp:term":[{"taxonomy":"product_cat","embeddable":true,"href":"https:\/\/www.vetorino.com\/veterinaire\/plouzevede-29440\/boutique\/wp-json\/wp\/v2\/product_cat?post=289071"},{"taxonomy":"product_tag","embeddable":true,"href":"https:\/\/www.vetorino.com\/veterinaire\/plouzevede-29440\/boutique\/wp-json\/wp\/v2\/product_tag?post=289071"}],"curies":[{"name":"wp","href":"https:\/\/api.w.org\/{rel}","templated":true}]}}