{"id":33524,"date":"2020-03-04T21:57:13","date_gmt":"2020-03-04T20:57:13","guid":{"rendered":"https:\/\/www.vetorino.com\/boutique\/product\/gamelle-de-voyage\/"},"modified":"2025-08-26T15:52:47","modified_gmt":"2025-08-26T13:52:47","slug":"gamelle-de-voyage","status":"publish","type":"product","link":"https:\/\/www.vetorino.com\/veterinaire\/plouzevede-29440\/boutique\/product\/gamelle-de-voyage\/","title":{"rendered":"Gamelle de voyage Pop \u2013 chien, chat"},"content":{"rendered":"<p><strong>Etui contenant deux gamelles pliables avec \u00e9tui de rangement, id\u00e9ales en vacances ou lors de tous vos d\u00e9placements avec vos compagnons \u00e0 4 pattes.<\/strong><\/p>\n<p>Se range facilement dans une voiture, une valise ou un sac pour un encombrement minimum lors de vos promenades et vos voyages.<\/p>\n<p><strong>Avantages :<\/strong><\/p>\n<ul>\n<li>Peu encombrant et facile \u00e0 transporter.<\/li>\n<li>Permet de nourrir et abreuver votre animal o\u00f9 que vous soyez.<\/li>\n<li>Mati\u00e8re antid\u00e9rapante.<\/li>\n<\/ul>\n","protected":false},"excerpt":{"rendered":"<p><strong>Etui contenant deux gamelles pliables avec \u00e9tui de rangement, id\u00e9ales en vacances ou lors de tous vos d\u00e9placements avec vos compagnons \u00e0 4 pattes.<\/strong><\/p>\n<p>Se range facilement dans une voiture, une valise ou un sac pour un encombrement minimum lors de vos promenades et vos voyages.<\/p>\n<p><strong>Avantages :<\/strong><\/p>\n<ul>\n<li>Peu encombrant et facile \u00e0 transporter.<\/li>\n<li>Permet de nourrir et abreuver votre animal o\u00f9 que vous soyez.<\/li>\n<li>Mati\u00e8re antid\u00e9rapante.<\/li>\n<\/ul>\n","protected":false},"featured_media":600188,"template":"","meta":[],"product_cat":[12548,12550,2775,2697,2698,2777,12606,12607],"product_tag":[],"class_list":{"0":"post-33524","1":"product","2":"type-product","3":"status-publish","4":"has-post-thumbnail","6":"product_cat-accessoire-du-chat","7":"product_cat-accessoires-du-chien","8":"product_cat-aliments-medicalises-pour-chien","9":"product_cat-chat","10":"product_cat-chien","11":"product_cat-colliers-laisses-et-harnais-pour-chien","12":"product_cat-gamelles-pour-chat","13":"product_cat-gamelles-pour-chien","14":"pa_marque-vetopop","16":"first","17":"instock","18":"taxable","19":"shipping-taxable","20":"purchasable","21":"product-type-variable"},"yoast_head":"<!-- This site is optimized with the Yoast SEO plugin v27.3 - https:\/\/yoast.com\/product\/yoast-seo-wordpress\/ -->\n<title>Gamelle de voyage Pop \u2013 chien, chat V\u00e9topop - V\u00e9torino<\/title>\n<meta name=\"description\" content=\"Etui contenant deux gamelles pliables avec \u00e9tui de rangement, id\u00e9ales en vacances ou lors de tous vos d\u00e9placements avec vos compagnons \u00e0 4 pattes.  Se range facilement dans une voiture, une valise ou un sac pour un encombrement minimum lors de vos promenades et vos voyages.  Avantages :   Peu encombrant et facile \u00e0 transporter.  Permet de nourrir et abreuver votre animal o\u00f9 que vous soyez.  Mati\u00e8re antid\u00e9rapante.\" \/>\n<meta name=\"robots\" content=\"noindex, nofollow\" \/>\n<meta property=\"og:locale\" content=\"fr_FR\" \/>\n<meta property=\"og:type\" content=\"article\" \/>\n<meta property=\"og:title\" content=\"Gamelle de voyage Pop \u2013 chien, chat V\u00e9topop - V\u00e9torino\" \/>\n<meta property=\"og:description\" content=\"Etui contenant deux gamelles pliables avec \u00e9tui de rangement, id\u00e9ales en vacances ou lors de tous vos d\u00e9placements avec vos compagnons \u00e0 4 pattes.  Se range facilement dans une voiture, une valise ou un sac pour un encombrement minimum lors de vos promenades et vos voyages.  Avantages :   Peu encombrant et facile \u00e0 transporter.  Permet de nourrir et abreuver votre animal o\u00f9 que vous soyez.  Mati\u00e8re antid\u00e9rapante.\" \/>\n<meta property=\"og:url\" content=\"https:\/\/www.vetorino.com\/veterinaire\/plouzevede-29440\/boutique\/product\/gamelle-de-voyage\/\" \/>\n<meta property=\"og:site_name\" content=\"V\u00e9torino\" \/>\n<meta property=\"article:publisher\" content=\"https:\/\/www.facebook.com\/Vetorino\/\" \/>\n<meta property=\"article:modified_time\" content=\"2025-08-26T13:52:47+00:00\" \/>\n<meta property=\"og:image\" content=\"https:\/\/www.vetorino.com\/boutique\/wp-content\/uploads\/2023\/04\/gamelle-de-voyage-pop-6.jpg\" \/>\n\t<meta property=\"og:image:width\" content=\"458\" \/>\n\t<meta property=\"og:image:height\" content=\"458\" \/>\n\t<meta property=\"og:image:type\" content=\"image\/jpeg\" \/>\n<meta name=\"twitter:card\" content=\"summary_large_image\" \/>\n<meta name=\"twitter:label1\" content=\"Disponibilit\u00e9\" \/>\n\t<meta name=\"twitter:data1\" content=\"En stock\" \/>\n<script type=\"application\/ld+json\" class=\"yoast-schema-graph\">{\"@context\":\"https:\\\/\\\/schema.org\",\"@graph\":[{\"@type\":\"WebPage\",\"@id\":\"https:\\\/\\\/www.vetorino.com\\\/veterinaire\\\/pontarlier-25300\\\/boutique\\\/product\\\/gamelle-de-voyage\\\/\",\"url\":\"https:\\\/\\\/www.vetorino.com\\\/veterinaire\\\/pontarlier-25300\\\/boutique\\\/product\\\/gamelle-de-voyage\\\/\",\"name\":\"Gamelle de voyage Pop \u2013 chien, chat V\u00e9topop - V\u00e9torino\",\"isPartOf\":{\"@id\":\"https:\\\/\\\/www.vetorino.com\\\/boutique\\\/#website\"},\"primaryImageOfPage\":{\"@id\":\"https:\\\/\\\/www.vetorino.com\\\/veterinaire\\\/pontarlier-25300\\\/boutique\\\/product\\\/gamelle-de-voyage\\\/#primaryimage\"},\"image\":{\"@id\":\"https:\\\/\\\/www.vetorino.com\\\/veterinaire\\\/pontarlier-25300\\\/boutique\\\/product\\\/gamelle-de-voyage\\\/#primaryimage\"},\"thumbnailUrl\":\"https:\\\/\\\/www.vetorino.com\\\/boutique\\\/wp-content\\\/uploads\\\/2023\\\/04\\\/gamelle-de-voyage-pop-6.jpg\",\"datePublished\":\"2020-03-04T20:57:13+00:00\",\"dateModified\":\"2025-08-26T13:52:47+00:00\",\"description\":\"Etui contenant deux gamelles pliables avec \u00e9tui de rangement, id\u00e9ales en vacances ou lors de tous vos d\u00e9placements avec vos compagnons \u00e0 4 pattes. Se range facilement dans une voiture, une valise ou un sac pour un encombrement minimum lors de vos promenades et vos voyages. Avantages : Peu encombrant et facile \u00e0 transporter. Permet de nourrir et abreuver votre animal o\u00f9 que vous soyez. Mati\u00e8re antid\u00e9rapante.\",\"breadcrumb\":{\"@id\":\"https:\\\/\\\/www.vetorino.com\\\/veterinaire\\\/pontarlier-25300\\\/boutique\\\/product\\\/gamelle-de-voyage\\\/#breadcrumb\"},\"inLanguage\":\"fr-FR\",\"potentialAction\":[{\"@type\":\"ReadAction\",\"target\":[\"https:\\\/\\\/www.vetorino.com\\\/veterinaire\\\/pontarlier-25300\\\/boutique\\\/product\\\/gamelle-de-voyage\\\/\"]}]},{\"@type\":\"ImageObject\",\"inLanguage\":\"fr-FR\",\"@id\":\"https:\\\/\\\/www.vetorino.com\\\/veterinaire\\\/pontarlier-25300\\\/boutique\\\/product\\\/gamelle-de-voyage\\\/#primaryimage\",\"url\":\"https:\\\/\\\/www.vetorino.com\\\/boutique\\\/wp-content\\\/uploads\\\/2023\\\/04\\\/gamelle-de-voyage-pop-6.jpg\",\"contentUrl\":\"https:\\\/\\\/www.vetorino.com\\\/boutique\\\/wp-content\\\/uploads\\\/2023\\\/04\\\/gamelle-de-voyage-pop-6.jpg\",\"width\":458,\"height\":458},{\"@type\":\"BreadcrumbList\",\"@id\":\"https:\\\/\\\/www.vetorino.com\\\/veterinaire\\\/pontarlier-25300\\\/boutique\\\/product\\\/gamelle-de-voyage\\\/#breadcrumb\",\"itemListElement\":[{\"@type\":\"ListItem\",\"position\":1,\"name\":\"Accueil\",\"item\":\"https:\\\/\\\/www.vetorino.com\\\/boutique\\\/\"},{\"@type\":\"ListItem\",\"position\":2,\"name\":\"Produits\",\"item\":\"https:\\\/\\\/www.vetorino.com\\\/boutique\\\/\"},{\"@type\":\"ListItem\",\"position\":3,\"name\":\"Gamelle de voyage Pop \u2013 chien, chat\"}]},{\"@type\":\"WebSite\",\"@id\":\"https:\\\/\\\/www.vetorino.com\\\/boutique\\\/#website\",\"url\":\"https:\\\/\\\/www.vetorino.com\\\/boutique\\\/\",\"name\":\"V\u00e9torino\",\"description\":\"\",\"publisher\":{\"@id\":\"https:\\\/\\\/www.vetorino.com\\\/boutique\\\/#organization\"},\"potentialAction\":[{\"@type\":\"SearchAction\",\"target\":{\"@type\":\"EntryPoint\",\"urlTemplate\":\"https:\\\/\\\/www.vetorino.com\\\/boutique\\\/?s={search_term_string}\"},\"query-input\":{\"@type\":\"PropertyValueSpecification\",\"valueRequired\":true,\"valueName\":\"search_term_string\"}}],\"inLanguage\":\"fr-FR\"},{\"@type\":\"Organization\",\"@id\":\"https:\\\/\\\/www.vetorino.com\\\/boutique\\\/#organization\",\"name\":\"V\u00e9torino\",\"url\":\"https:\\\/\\\/www.vetorino.com\\\/boutique\\\/\",\"logo\":{\"@type\":\"ImageObject\",\"inLanguage\":\"fr-FR\",\"@id\":\"https:\\\/\\\/www.vetorino.com\\\/boutique\\\/#\\\/schema\\\/logo\\\/image\\\/\",\"url\":\"https:\\\/\\\/www.vetorino.com\\\/boutique\\\/wp-content\\\/uploads\\\/2024\\\/10\\\/logo.jpg\",\"contentUrl\":\"https:\\\/\\\/www.vetorino.com\\\/boutique\\\/wp-content\\\/uploads\\\/2024\\\/10\\\/logo.jpg\",\"width\":1200,\"height\":610,\"caption\":\"V\u00e9torino\"},\"image\":{\"@id\":\"https:\\\/\\\/www.vetorino.com\\\/boutique\\\/#\\\/schema\\\/logo\\\/image\\\/\"},\"sameAs\":[\"https:\\\/\\\/www.facebook.com\\\/Vetorino\\\/\",\"https:\\\/\\\/www.instagram.com\\\/vetorino_off\\\/\",\"https:\\\/\\\/www.linkedin.com\\\/company\\\/vtorino\\\/\"]}]}<\/script>\n<meta property=\"product:brand\" content=\"V\u00e9topop\" \/>\n<meta property=\"og:availability\" content=\"instock\" \/>\n<meta property=\"product:availability\" content=\"instock\" \/>\n<meta property=\"product:condition\" content=\"new\" \/>\n<!-- \/ Yoast SEO plugin. -->","yoast_head_json":{"title":"Gamelle de voyage Pop \u2013 chien, chat V\u00e9topop - V\u00e9torino","description":"Etui contenant deux gamelles pliables avec \u00e9tui de rangement, id\u00e9ales en vacances ou lors de tous vos d\u00e9placements avec vos compagnons \u00e0 4 pattes.  Se range facilement dans une voiture, une valise ou un sac pour un encombrement minimum lors de vos promenades et vos voyages.  Avantages :   Peu encombrant et facile \u00e0 transporter.  Permet de nourrir et abreuver votre animal o\u00f9 que vous soyez.  Mati\u00e8re antid\u00e9rapante.","robots":{"index":"noindex","follow":"nofollow"},"og_locale":"fr_FR","og_type":"article","og_title":"Gamelle de voyage Pop \u2013 chien, chat V\u00e9topop - V\u00e9torino","og_description":"Etui contenant deux gamelles pliables avec \u00e9tui de rangement, id\u00e9ales en vacances ou lors de tous vos d\u00e9placements avec vos compagnons \u00e0 4 pattes.  Se range facilement dans une voiture, une valise ou un sac pour un encombrement minimum lors de vos promenades et vos voyages.  Avantages :   Peu encombrant et facile \u00e0 transporter.  Permet de nourrir et abreuver votre animal o\u00f9 que vous soyez.  Mati\u00e8re antid\u00e9rapante.","og_url":"https:\/\/www.vetorino.com\/veterinaire\/plouzevede-29440\/boutique\/product\/gamelle-de-voyage\/","og_site_name":"V\u00e9torino","article_publisher":"https:\/\/www.facebook.com\/Vetorino\/","article_modified_time":"2025-08-26T13:52:47+00:00","og_image":[{"width":458,"height":458,"url":"https:\/\/www.vetorino.com\/boutique\/wp-content\/uploads\/2023\/04\/gamelle-de-voyage-pop-6.jpg","type":"image\/jpeg"}],"twitter_card":"summary_large_image","twitter_misc":{"Disponibilit\u00e9":"En stock"},"schema":{"@context":"https:\/\/schema.org","@graph":[{"@type":"WebPage","@id":"https:\/\/www.vetorino.com\/veterinaire\/pontarlier-25300\/boutique\/product\/gamelle-de-voyage\/","url":"https:\/\/www.vetorino.com\/veterinaire\/pontarlier-25300\/boutique\/product\/gamelle-de-voyage\/","name":"Gamelle de voyage Pop \u2013 chien, chat V\u00e9topop - V\u00e9torino","isPartOf":{"@id":"https:\/\/www.vetorino.com\/boutique\/#website"},"primaryImageOfPage":{"@id":"https:\/\/www.vetorino.com\/veterinaire\/pontarlier-25300\/boutique\/product\/gamelle-de-voyage\/#primaryimage"},"image":{"@id":"https:\/\/www.vetorino.com\/veterinaire\/pontarlier-25300\/boutique\/product\/gamelle-de-voyage\/#primaryimage"},"thumbnailUrl":"https:\/\/www.vetorino.com\/boutique\/wp-content\/uploads\/2023\/04\/gamelle-de-voyage-pop-6.jpg","datePublished":"2020-03-04T20:57:13+00:00","dateModified":"2025-08-26T13:52:47+00:00","description":"Etui contenant deux gamelles pliables avec \u00e9tui de rangement, id\u00e9ales en vacances ou lors de tous vos d\u00e9placements avec vos compagnons \u00e0 4 pattes. Se range facilement dans une voiture, une valise ou un sac pour un encombrement minimum lors de vos promenades et vos voyages. Avantages : Peu encombrant et facile \u00e0 transporter. Permet de nourrir et abreuver votre animal o\u00f9 que vous soyez. Mati\u00e8re antid\u00e9rapante.","breadcrumb":{"@id":"https:\/\/www.vetorino.com\/veterinaire\/pontarlier-25300\/boutique\/product\/gamelle-de-voyage\/#breadcrumb"},"inLanguage":"fr-FR","potentialAction":[{"@type":"ReadAction","target":["https:\/\/www.vetorino.com\/veterinaire\/pontarlier-25300\/boutique\/product\/gamelle-de-voyage\/"]}]},{"@type":"ImageObject","inLanguage":"fr-FR","@id":"https:\/\/www.vetorino.com\/veterinaire\/pontarlier-25300\/boutique\/product\/gamelle-de-voyage\/#primaryimage","url":"https:\/\/www.vetorino.com\/boutique\/wp-content\/uploads\/2023\/04\/gamelle-de-voyage-pop-6.jpg","contentUrl":"https:\/\/www.vetorino.com\/boutique\/wp-content\/uploads\/2023\/04\/gamelle-de-voyage-pop-6.jpg","width":458,"height":458},{"@type":"BreadcrumbList","@id":"https:\/\/www.vetorino.com\/veterinaire\/pontarlier-25300\/boutique\/product\/gamelle-de-voyage\/#breadcrumb","itemListElement":[{"@type":"ListItem","position":1,"name":"Accueil","item":"https:\/\/www.vetorino.com\/boutique\/"},{"@type":"ListItem","position":2,"name":"Produits","item":"https:\/\/www.vetorino.com\/boutique\/"},{"@type":"ListItem","position":3,"name":"Gamelle de voyage Pop \u2013 chien, chat"}]},{"@type":"WebSite","@id":"https:\/\/www.vetorino.com\/boutique\/#website","url":"https:\/\/www.vetorino.com\/boutique\/","name":"V\u00e9torino","description":"","publisher":{"@id":"https:\/\/www.vetorino.com\/boutique\/#organization"},"potentialAction":[{"@type":"SearchAction","target":{"@type":"EntryPoint","urlTemplate":"https:\/\/www.vetorino.com\/boutique\/?s={search_term_string}"},"query-input":{"@type":"PropertyValueSpecification","valueRequired":true,"valueName":"search_term_string"}}],"inLanguage":"fr-FR"},{"@type":"Organization","@id":"https:\/\/www.vetorino.com\/boutique\/#organization","name":"V\u00e9torino","url":"https:\/\/www.vetorino.com\/boutique\/","logo":{"@type":"ImageObject","inLanguage":"fr-FR","@id":"https:\/\/www.vetorino.com\/boutique\/#\/schema\/logo\/image\/","url":"https:\/\/www.vetorino.com\/boutique\/wp-content\/uploads\/2024\/10\/logo.jpg","contentUrl":"https:\/\/www.vetorino.com\/boutique\/wp-content\/uploads\/2024\/10\/logo.jpg","width":1200,"height":610,"caption":"V\u00e9torino"},"image":{"@id":"https:\/\/www.vetorino.com\/boutique\/#\/schema\/logo\/image\/"},"sameAs":["https:\/\/www.facebook.com\/Vetorino\/","https:\/\/www.instagram.com\/vetorino_off\/","https:\/\/www.linkedin.com\/company\/vtorino\/"]}]},"product_brand":"V\u00e9topop","og_availability":"instock","product_availability":"instock","product_condition":"new"},"_links":{"self":[{"href":"https:\/\/www.vetorino.com\/veterinaire\/plouzevede-29440\/boutique\/wp-json\/wp\/v2\/product\/33524","targetHints":{"allow":["GET"]}}],"collection":[{"href":"https:\/\/www.vetorino.com\/veterinaire\/plouzevede-29440\/boutique\/wp-json\/wp\/v2\/product"}],"about":[{"href":"https:\/\/www.vetorino.com\/veterinaire\/plouzevede-29440\/boutique\/wp-json\/wp\/v2\/types\/product"}],"wp:featuredmedia":[{"embeddable":true,"href":"https:\/\/www.vetorino.com\/veterinaire\/plouzevede-29440\/boutique\/wp-json\/wp\/v2\/media\/600188"}],"wp:attachment":[{"href":"https:\/\/www.vetorino.com\/veterinaire\/plouzevede-29440\/boutique\/wp-json\/wp\/v2\/media?parent=33524"}],"wp:term":[{"taxonomy":"product_cat","embeddable":true,"href":"https:\/\/www.vetorino.com\/veterinaire\/plouzevede-29440\/boutique\/wp-json\/wp\/v2\/product_cat?post=33524"},{"taxonomy":"product_tag","embeddable":true,"href":"https:\/\/www.vetorino.com\/veterinaire\/plouzevede-29440\/boutique\/wp-json\/wp\/v2\/product_tag?post=33524"}],"curies":[{"name":"wp","href":"https:\/\/api.w.org\/{rel}","templated":true}]}}