{"id":35980,"date":"2020-03-04T23:01:07","date_gmt":"2020-03-04T22:01:07","guid":{"rendered":"https:\/\/www.vetorino.com\/boutique\/product\/distributeur-wouapy-net\/"},"modified":"2024-11-14T10:57:37","modified_gmt":"2024-11-14T09:57:37","slug":"distributeur-wouapy-net","status":"publish","type":"product","link":"https:\/\/www.vetorino.com\/veterinaire\/plouzevede-29440\/boutique\/product\/distributeur-wouapy-net\/","title":{"rendered":"Distributeur de sacs \u00e0 d\u00e9jections"},"content":{"rendered":"<p><strong>Le distributeur de sacs \u00e0 d\u00e9jections Wouapy Net<\/strong> vous suivra partout et vous sera d&#8217;une grande utilit\u00e9 pour ramasser les besoins de votre animal. Pratique avec ses petites dimensions, il est notamment <strong>muni d&#8217;un petit mousqueton afin de pouvoir l\u2019accrocher <\/strong>\u00e0 la laisse, \u00e0 votre ceinture ou \u00e0 l\u2019int\u00e9rieur d\u2019un sac \u00e0 main.<\/p>\n<p>Ce distributeur de sachets ramasse-crottes est esth\u00e9tique avec sa couleur laqu\u00e9e rouge et adapt\u00e9 pour toute taille de chiens.<\/p>\n<p>Vendu avec 2 rouleaux de 15 sachets en plastique biod\u00e9gradable<br \/>\nDimensions : 8,5 x 5 x 4,5 cm.<br \/>\nRecharge compatible disponible sur notre site.<\/p>\n<p><strong>Dimensions<\/strong><br \/>\nhauteur : 4,5 cm<br \/>\nlargeur : 5 cm<br \/>\nlongueur : 8,5 cm<\/p>\n","protected":false},"excerpt":{"rendered":"<p>Le\u00a0<strong>distributeur de<\/strong>\u00a0<strong>sacs \u00e0 d\u00e9jections Wouapy Net\u00a0<\/strong>\u00a0est \u00e0 la fois<strong>\u00a0<\/strong>esth\u00e9tique et pratique gr\u00e2ce \u00e0 son petit format et son petit mousqueton qui permet de l&#8217;accrocher facilement.<\/p>\n<p>Accessoire indispensable\u00a0lors des promenades de votre chien, en ville comme \u00e0 la campagne.<\/p>\n","protected":false},"featured_media":1096901,"template":"","meta":[],"product_cat":[12548,12573,12550,2697,2698,12560,12631],"product_tag":[],"class_list":{"0":"post-35980","1":"product","2":"type-product","3":"status-publish","4":"has-post-thumbnail","6":"product_cat-accessoire-du-chat","7":"product_cat-accessoire-pour-lhygiene-du-chien","8":"product_cat-accessoires-du-chien","9":"product_cat-chat","10":"product_cat-chien","11":"product_cat-hygiene-du-chat","12":"product_cat-sortie-du-chat","13":"pa_marque-wouapy","15":"first","16":"instock","17":"taxable","18":"shipping-taxable","19":"purchasable","20":"product-type-variable"},"yoast_head":"<!-- This site is optimized with the Yoast SEO plugin v27.3 - https:\/\/yoast.com\/product\/yoast-seo-wordpress\/ -->\n<title>Distributeur de sacs \u00e0 d\u00e9jections Wouapy - V\u00e9torino<\/title>\n<meta name=\"description\" content=\"Le\u00a0distributeur de\u00a0sacs \u00e0 d\u00e9jections Wouapy Net\u00a0\u00a0est \u00e0 la fois\u00a0esth\u00e9tique et pratique gr\u00e2ce \u00e0 son petit format et son petit mousqueton qui permet de l&#039;accrocher facilement.  Accessoire indispensable\u00a0lors des promenades de votre chien, en ville comme \u00e0 la campagne.\" \/>\n<meta name=\"robots\" content=\"noindex, nofollow\" \/>\n<meta property=\"og:locale\" content=\"fr_FR\" \/>\n<meta property=\"og:type\" content=\"article\" \/>\n<meta property=\"og:title\" content=\"Distributeur de sacs \u00e0 d\u00e9jections Wouapy - V\u00e9torino\" \/>\n<meta property=\"og:description\" content=\"Le\u00a0distributeur de\u00a0sacs \u00e0 d\u00e9jections Wouapy Net\u00a0\u00a0est \u00e0 la fois\u00a0esth\u00e9tique et pratique gr\u00e2ce \u00e0 son petit format et son petit mousqueton qui permet de l&#039;accrocher facilement.  Accessoire indispensable\u00a0lors des promenades de votre chien, en ville comme \u00e0 la campagne.\" \/>\n<meta property=\"og:url\" content=\"https:\/\/www.vetorino.com\/veterinaire\/plouzevede-29440\/boutique\/product\/distributeur-wouapy-net\/\" \/>\n<meta property=\"og:site_name\" content=\"V\u00e9torino\" \/>\n<meta property=\"article:publisher\" content=\"https:\/\/www.facebook.com\/Vetorino\/\" \/>\n<meta property=\"article:modified_time\" content=\"2024-11-14T09:57:37+00:00\" \/>\n<meta property=\"og:image\" content=\"https:\/\/www.vetorino.com\/boutique\/wp-content\/uploads\/2020\/03\/Capture-decran-2024-11-14-a-10.34.06.png\" \/>\n\t<meta property=\"og:image:width\" content=\"1040\" \/>\n\t<meta property=\"og:image:height\" content=\"780\" \/>\n\t<meta property=\"og:image:type\" content=\"image\/png\" \/>\n<meta name=\"twitter:card\" content=\"summary_large_image\" \/>\n<meta name=\"twitter:label1\" content=\"Disponibilit\u00e9\" \/>\n\t<meta name=\"twitter:data1\" content=\"En stock\" \/>\n<script type=\"application\/ld+json\" class=\"yoast-schema-graph\">{\"@context\":\"https:\\\/\\\/schema.org\",\"@graph\":[{\"@type\":\"WebPage\",\"@id\":\"https:\\\/\\\/www.vetorino.com\\\/boutique\\\/product\\\/distributeur-wouapy-net\\\/\",\"url\":\"https:\\\/\\\/www.vetorino.com\\\/boutique\\\/product\\\/distributeur-wouapy-net\\\/\",\"name\":\"Distributeur de sacs \u00e0 d\u00e9jections Wouapy - V\u00e9torino\",\"isPartOf\":{\"@id\":\"https:\\\/\\\/www.vetorino.com\\\/boutique\\\/#website\"},\"primaryImageOfPage\":{\"@id\":\"https:\\\/\\\/www.vetorino.com\\\/boutique\\\/product\\\/distributeur-wouapy-net\\\/#primaryimage\"},\"image\":{\"@id\":\"https:\\\/\\\/www.vetorino.com\\\/boutique\\\/product\\\/distributeur-wouapy-net\\\/#primaryimage\"},\"thumbnailUrl\":\"https:\\\/\\\/www.vetorino.com\\\/boutique\\\/wp-content\\\/uploads\\\/2020\\\/03\\\/Capture-decran-2024-11-14-a-10.34.06.png\",\"datePublished\":\"2020-03-04T22:01:07+00:00\",\"dateModified\":\"2024-11-14T09:57:37+00:00\",\"description\":\"Le\u00a0distributeur de\u00a0sacs \u00e0 d\u00e9jections Wouapy Net\u00a0\u00a0est \u00e0 la fois\u00a0esth\u00e9tique et pratique gr\u00e2ce \u00e0 son petit format et son petit mousqueton qui permet de l'accrocher facilement. Accessoire indispensable\u00a0lors des promenades de votre chien, en ville comme \u00e0 la campagne.\",\"breadcrumb\":{\"@id\":\"https:\\\/\\\/www.vetorino.com\\\/boutique\\\/product\\\/distributeur-wouapy-net\\\/#breadcrumb\"},\"inLanguage\":\"fr-FR\",\"potentialAction\":[{\"@type\":\"ReadAction\",\"target\":[\"https:\\\/\\\/www.vetorino.com\\\/boutique\\\/product\\\/distributeur-wouapy-net\\\/\"]}]},{\"@type\":\"ImageObject\",\"inLanguage\":\"fr-FR\",\"@id\":\"https:\\\/\\\/www.vetorino.com\\\/boutique\\\/product\\\/distributeur-wouapy-net\\\/#primaryimage\",\"url\":\"https:\\\/\\\/www.vetorino.com\\\/boutique\\\/wp-content\\\/uploads\\\/2020\\\/03\\\/Capture-decran-2024-11-14-a-10.34.06.png\",\"contentUrl\":\"https:\\\/\\\/www.vetorino.com\\\/boutique\\\/wp-content\\\/uploads\\\/2020\\\/03\\\/Capture-decran-2024-11-14-a-10.34.06.png\",\"width\":1040,\"height\":780},{\"@type\":\"BreadcrumbList\",\"@id\":\"https:\\\/\\\/www.vetorino.com\\\/boutique\\\/product\\\/distributeur-wouapy-net\\\/#breadcrumb\",\"itemListElement\":[{\"@type\":\"ListItem\",\"position\":1,\"name\":\"Accueil\",\"item\":\"https:\\\/\\\/www.vetorino.com\\\/boutique\\\/\"},{\"@type\":\"ListItem\",\"position\":2,\"name\":\"Produits\",\"item\":\"https:\\\/\\\/www.vetorino.com\\\/boutique\\\/\"},{\"@type\":\"ListItem\",\"position\":3,\"name\":\"Distributeur de sacs \u00e0 d\u00e9jections\"}]},{\"@type\":\"WebSite\",\"@id\":\"https:\\\/\\\/www.vetorino.com\\\/boutique\\\/#website\",\"url\":\"https:\\\/\\\/www.vetorino.com\\\/boutique\\\/\",\"name\":\"V\u00e9torino\",\"description\":\"\",\"publisher\":{\"@id\":\"https:\\\/\\\/www.vetorino.com\\\/boutique\\\/#organization\"},\"potentialAction\":[{\"@type\":\"SearchAction\",\"target\":{\"@type\":\"EntryPoint\",\"urlTemplate\":\"https:\\\/\\\/www.vetorino.com\\\/boutique\\\/?s={search_term_string}\"},\"query-input\":{\"@type\":\"PropertyValueSpecification\",\"valueRequired\":true,\"valueName\":\"search_term_string\"}}],\"inLanguage\":\"fr-FR\"},{\"@type\":\"Organization\",\"@id\":\"https:\\\/\\\/www.vetorino.com\\\/boutique\\\/#organization\",\"name\":\"V\u00e9torino\",\"url\":\"https:\\\/\\\/www.vetorino.com\\\/boutique\\\/\",\"logo\":{\"@type\":\"ImageObject\",\"inLanguage\":\"fr-FR\",\"@id\":\"https:\\\/\\\/www.vetorino.com\\\/boutique\\\/#\\\/schema\\\/logo\\\/image\\\/\",\"url\":\"https:\\\/\\\/www.vetorino.com\\\/boutique\\\/wp-content\\\/uploads\\\/2024\\\/10\\\/logo.jpg\",\"contentUrl\":\"https:\\\/\\\/www.vetorino.com\\\/boutique\\\/wp-content\\\/uploads\\\/2024\\\/10\\\/logo.jpg\",\"width\":1200,\"height\":610,\"caption\":\"V\u00e9torino\"},\"image\":{\"@id\":\"https:\\\/\\\/www.vetorino.com\\\/boutique\\\/#\\\/schema\\\/logo\\\/image\\\/\"},\"sameAs\":[\"https:\\\/\\\/www.facebook.com\\\/Vetorino\\\/\",\"https:\\\/\\\/www.instagram.com\\\/vetorino_off\\\/\",\"https:\\\/\\\/www.linkedin.com\\\/company\\\/vtorino\\\/\"]}]}<\/script>\n<meta property=\"product:brand\" content=\"Wouapy\" \/>\n<meta property=\"og:availability\" content=\"instock\" \/>\n<meta property=\"product:availability\" content=\"instock\" \/>\n<meta property=\"product:condition\" content=\"new\" \/>\n<!-- \/ Yoast SEO plugin. -->","yoast_head_json":{"title":"Distributeur de sacs \u00e0 d\u00e9jections Wouapy - V\u00e9torino","description":"Le\u00a0distributeur de\u00a0sacs \u00e0 d\u00e9jections Wouapy Net\u00a0\u00a0est \u00e0 la fois\u00a0esth\u00e9tique et pratique gr\u00e2ce \u00e0 son petit format et son petit mousqueton qui permet de l'accrocher facilement.  Accessoire indispensable\u00a0lors des promenades de votre chien, en ville comme \u00e0 la campagne.","robots":{"index":"noindex","follow":"nofollow"},"og_locale":"fr_FR","og_type":"article","og_title":"Distributeur de sacs \u00e0 d\u00e9jections Wouapy - V\u00e9torino","og_description":"Le\u00a0distributeur de\u00a0sacs \u00e0 d\u00e9jections Wouapy Net\u00a0\u00a0est \u00e0 la fois\u00a0esth\u00e9tique et pratique gr\u00e2ce \u00e0 son petit format et son petit mousqueton qui permet de l'accrocher facilement.  Accessoire indispensable\u00a0lors des promenades de votre chien, en ville comme \u00e0 la campagne.","og_url":"https:\/\/www.vetorino.com\/veterinaire\/plouzevede-29440\/boutique\/product\/distributeur-wouapy-net\/","og_site_name":"V\u00e9torino","article_publisher":"https:\/\/www.facebook.com\/Vetorino\/","article_modified_time":"2024-11-14T09:57:37+00:00","og_image":[{"width":1040,"height":780,"url":"https:\/\/www.vetorino.com\/boutique\/wp-content\/uploads\/2020\/03\/Capture-decran-2024-11-14-a-10.34.06.png","type":"image\/png"}],"twitter_card":"summary_large_image","twitter_misc":{"Disponibilit\u00e9":"En stock"},"schema":{"@context":"https:\/\/schema.org","@graph":[{"@type":"WebPage","@id":"https:\/\/www.vetorino.com\/boutique\/product\/distributeur-wouapy-net\/","url":"https:\/\/www.vetorino.com\/boutique\/product\/distributeur-wouapy-net\/","name":"Distributeur de sacs \u00e0 d\u00e9jections Wouapy - V\u00e9torino","isPartOf":{"@id":"https:\/\/www.vetorino.com\/boutique\/#website"},"primaryImageOfPage":{"@id":"https:\/\/www.vetorino.com\/boutique\/product\/distributeur-wouapy-net\/#primaryimage"},"image":{"@id":"https:\/\/www.vetorino.com\/boutique\/product\/distributeur-wouapy-net\/#primaryimage"},"thumbnailUrl":"https:\/\/www.vetorino.com\/boutique\/wp-content\/uploads\/2020\/03\/Capture-decran-2024-11-14-a-10.34.06.png","datePublished":"2020-03-04T22:01:07+00:00","dateModified":"2024-11-14T09:57:37+00:00","description":"Le\u00a0distributeur de\u00a0sacs \u00e0 d\u00e9jections Wouapy Net\u00a0\u00a0est \u00e0 la fois\u00a0esth\u00e9tique et pratique gr\u00e2ce \u00e0 son petit format et son petit mousqueton qui permet de l'accrocher facilement. Accessoire indispensable\u00a0lors des promenades de votre chien, en ville comme \u00e0 la campagne.","breadcrumb":{"@id":"https:\/\/www.vetorino.com\/boutique\/product\/distributeur-wouapy-net\/#breadcrumb"},"inLanguage":"fr-FR","potentialAction":[{"@type":"ReadAction","target":["https:\/\/www.vetorino.com\/boutique\/product\/distributeur-wouapy-net\/"]}]},{"@type":"ImageObject","inLanguage":"fr-FR","@id":"https:\/\/www.vetorino.com\/boutique\/product\/distributeur-wouapy-net\/#primaryimage","url":"https:\/\/www.vetorino.com\/boutique\/wp-content\/uploads\/2020\/03\/Capture-decran-2024-11-14-a-10.34.06.png","contentUrl":"https:\/\/www.vetorino.com\/boutique\/wp-content\/uploads\/2020\/03\/Capture-decran-2024-11-14-a-10.34.06.png","width":1040,"height":780},{"@type":"BreadcrumbList","@id":"https:\/\/www.vetorino.com\/boutique\/product\/distributeur-wouapy-net\/#breadcrumb","itemListElement":[{"@type":"ListItem","position":1,"name":"Accueil","item":"https:\/\/www.vetorino.com\/boutique\/"},{"@type":"ListItem","position":2,"name":"Produits","item":"https:\/\/www.vetorino.com\/boutique\/"},{"@type":"ListItem","position":3,"name":"Distributeur de sacs \u00e0 d\u00e9jections"}]},{"@type":"WebSite","@id":"https:\/\/www.vetorino.com\/boutique\/#website","url":"https:\/\/www.vetorino.com\/boutique\/","name":"V\u00e9torino","description":"","publisher":{"@id":"https:\/\/www.vetorino.com\/boutique\/#organization"},"potentialAction":[{"@type":"SearchAction","target":{"@type":"EntryPoint","urlTemplate":"https:\/\/www.vetorino.com\/boutique\/?s={search_term_string}"},"query-input":{"@type":"PropertyValueSpecification","valueRequired":true,"valueName":"search_term_string"}}],"inLanguage":"fr-FR"},{"@type":"Organization","@id":"https:\/\/www.vetorino.com\/boutique\/#organization","name":"V\u00e9torino","url":"https:\/\/www.vetorino.com\/boutique\/","logo":{"@type":"ImageObject","inLanguage":"fr-FR","@id":"https:\/\/www.vetorino.com\/boutique\/#\/schema\/logo\/image\/","url":"https:\/\/www.vetorino.com\/boutique\/wp-content\/uploads\/2024\/10\/logo.jpg","contentUrl":"https:\/\/www.vetorino.com\/boutique\/wp-content\/uploads\/2024\/10\/logo.jpg","width":1200,"height":610,"caption":"V\u00e9torino"},"image":{"@id":"https:\/\/www.vetorino.com\/boutique\/#\/schema\/logo\/image\/"},"sameAs":["https:\/\/www.facebook.com\/Vetorino\/","https:\/\/www.instagram.com\/vetorino_off\/","https:\/\/www.linkedin.com\/company\/vtorino\/"]}]},"product_brand":"Wouapy","og_availability":"instock","product_availability":"instock","product_condition":"new"},"_links":{"self":[{"href":"https:\/\/www.vetorino.com\/veterinaire\/plouzevede-29440\/boutique\/wp-json\/wp\/v2\/product\/35980","targetHints":{"allow":["GET"]}}],"collection":[{"href":"https:\/\/www.vetorino.com\/veterinaire\/plouzevede-29440\/boutique\/wp-json\/wp\/v2\/product"}],"about":[{"href":"https:\/\/www.vetorino.com\/veterinaire\/plouzevede-29440\/boutique\/wp-json\/wp\/v2\/types\/product"}],"wp:featuredmedia":[{"embeddable":true,"href":"https:\/\/www.vetorino.com\/veterinaire\/plouzevede-29440\/boutique\/wp-json\/wp\/v2\/media\/1096901"}],"wp:attachment":[{"href":"https:\/\/www.vetorino.com\/veterinaire\/plouzevede-29440\/boutique\/wp-json\/wp\/v2\/media?parent=35980"}],"wp:term":[{"taxonomy":"product_cat","embeddable":true,"href":"https:\/\/www.vetorino.com\/veterinaire\/plouzevede-29440\/boutique\/wp-json\/wp\/v2\/product_cat?post=35980"},{"taxonomy":"product_tag","embeddable":true,"href":"https:\/\/www.vetorino.com\/veterinaire\/plouzevede-29440\/boutique\/wp-json\/wp\/v2\/product_tag?post=35980"}],"curies":[{"name":"wp","href":"https:\/\/api.w.org\/{rel}","templated":true}]}}