{"id":36288,"date":"2020-03-04T23:02:50","date_gmt":"2020-03-04T22:02:50","guid":{"rendered":"https:\/\/www.vetorino.com\/boutique\/product\/otoact-lotion-auriculaire\/"},"modified":"2024-05-02T17:59:52","modified_gmt":"2024-05-02T15:59:52","slug":"otoact-lotion-auriculaire","status":"publish","type":"product","link":"https:\/\/www.vetorino.com\/veterinaire\/plouzevede-29440\/boutique\/product\/otoact-lotion-auriculaire\/","title":{"rendered":"Lotion auriculaire OTOACT 100 ml"},"content":{"rendered":"<p><strong>Caract\u00e9ristiques du nettoyant auriculaire Otoact pour chiens et chats<\/strong><\/p>\n<ul>\n<li>Dissout d\u00e9licatement les exc\u00e8s de c\u00e9rumen.<\/li>\n<li>Contient du squal\u00e8ne, un c\u00e9ruminolytique puissant et de l&#8217;extrait de camomille \u00e0 l&#8217;action adoucissante, l&#8217;odeur est agr\u00e9able.<\/li>\n<\/ul>\n<p><strong>Composition:<\/strong><\/p>\n<p>Squal\u00e8ne, Extraits de fleurs de matricaire (camomille), Acide tannique, Acide salicylique, Excipients.<\/p>\n<p><strong>Mode d&#8217;emploi:<\/strong><\/p>\n<ul>\n<li>Mettre quelques gouttes dans le canal auriculaire et masser d\u00e9licatement la base de l\u2019oreille.<\/li>\n<li>Enlever l\u2019exc\u00e9dent de produit et le c\u00e9rumen\u00a0avec une compresse ou un tampon de coton.<\/li>\n<li>Le produit peut \u00eatre utilis\u00e9 en entretien r\u00e9gulier ou avant application d\u2019un produit de\u00a0traitement.<\/li>\n<\/ul>\n","protected":false},"excerpt":{"rendered":"<p>Caract\u00e9ristiques du nettoyant auriculaire Otoact pour chiens et chats:<\/p>\n<ul>\n<li>Dissout d\u00e9licatement les exc\u00e8s de c\u00e9rumen.<\/li>\n<li>Contient du squal\u00e8ne, un c\u00e9ruminolytique puissant et de l&#8217;extrait de camomille \u00e0 l&#8217;action adoucissante, l&#8217;odeur est agr\u00e9able.<\/li>\n<\/ul>\n","protected":false},"featured_media":911888,"template":"","meta":[],"product_cat":[2697,2698,12613,12614,12560,12561],"product_tag":[],"class_list":{"0":"post-36288","1":"product","2":"type-product","3":"status-publish","4":"has-post-thumbnail","6":"product_cat-chat","7":"product_cat-chien","8":"product_cat-hygiene-des-oreilles-du-chat","9":"product_cat-hygiene-des-oreilles-du-chien","10":"product_cat-hygiene-du-chat","11":"product_cat-hygiene-du-chien","12":"pa_marque-mp-labo","14":"first","15":"instock","16":"taxable","17":"shipping-taxable","18":"purchasable","19":"product-type-simple"},"yoast_head":"<!-- This site is optimized with the Yoast SEO plugin v27.3 - https:\/\/yoast.com\/product\/yoast-seo-wordpress\/ -->\n<title>Lotion auriculaire OTOACT 100 ml Mp Labo - V\u00e9torino<\/title>\n<meta name=\"description\" content=\"Caract\u00e9ristiques du nettoyant auriculaire Otoact pour chiens et chats:   Dissout d\u00e9licatement les exc\u00e8s de c\u00e9rumen.  Contient du squal\u00e8ne, un c\u00e9ruminolytique puissant et de l&#039;extrait de camomille \u00e0 l&#039;action adoucissante, l&#039;odeur est agr\u00e9able.\" \/>\n<meta name=\"robots\" content=\"noindex, nofollow\" \/>\n<meta property=\"og:locale\" content=\"fr_FR\" \/>\n<meta property=\"og:type\" content=\"article\" \/>\n<meta property=\"og:title\" content=\"Lotion auriculaire OTOACT 100 ml Mp Labo - V\u00e9torino\" \/>\n<meta property=\"og:description\" content=\"Caract\u00e9ristiques du nettoyant auriculaire Otoact pour chiens et chats:   Dissout d\u00e9licatement les exc\u00e8s de c\u00e9rumen.  Contient du squal\u00e8ne, un c\u00e9ruminolytique puissant et de l&#039;extrait de camomille \u00e0 l&#039;action adoucissante, l&#039;odeur est agr\u00e9able.\" \/>\n<meta property=\"og:url\" content=\"https:\/\/www.vetorino.com\/veterinaire\/plouzevede-29440\/boutique\/product\/otoact-lotion-auriculaire\/\" \/>\n<meta property=\"og:site_name\" content=\"V\u00e9torino\" \/>\n<meta property=\"article:publisher\" content=\"https:\/\/www.facebook.com\/Vetorino\/\" \/>\n<meta property=\"article:modified_time\" content=\"2024-05-02T15:59:52+00:00\" \/>\n<meta property=\"og:image\" content=\"https:\/\/www.vetorino.com\/boutique\/wp-content\/uploads\/2020\/06\/MPLAB-8117196.jpg\" \/>\n\t<meta property=\"og:image:width\" content=\"400\" \/>\n\t<meta property=\"og:image:height\" content=\"400\" \/>\n\t<meta property=\"og:image:type\" content=\"image\/jpeg\" \/>\n<meta name=\"twitter:card\" content=\"summary_large_image\" \/>\n<meta name=\"twitter:label1\" content=\"Prix\" \/>\n\t<meta name=\"twitter:data1\" content=\"12,58&euro;\" \/>\n\t<meta name=\"twitter:label2\" content=\"Disponibilit\u00e9\" \/>\n\t<meta name=\"twitter:data2\" content=\"En stock\" \/>\n<script type=\"application\/ld+json\" class=\"yoast-schema-graph\">{\"@context\":\"https:\\\/\\\/schema.org\",\"@graph\":[{\"@type\":\"WebPage\",\"@id\":\"https:\\\/\\\/www.vetorino.com\\\/boutique\\\/product\\\/otoact-lotion-auriculaire\\\/\",\"url\":\"https:\\\/\\\/www.vetorino.com\\\/boutique\\\/product\\\/otoact-lotion-auriculaire\\\/\",\"name\":\"Lotion auriculaire OTOACT 100 ml Mp Labo - V\u00e9torino\",\"isPartOf\":{\"@id\":\"https:\\\/\\\/www.vetorino.com\\\/boutique\\\/#website\"},\"primaryImageOfPage\":{\"@id\":\"https:\\\/\\\/www.vetorino.com\\\/boutique\\\/product\\\/otoact-lotion-auriculaire\\\/#primaryimage\"},\"image\":{\"@id\":\"https:\\\/\\\/www.vetorino.com\\\/boutique\\\/product\\\/otoact-lotion-auriculaire\\\/#primaryimage\"},\"thumbnailUrl\":\"https:\\\/\\\/www.vetorino.com\\\/boutique\\\/wp-content\\\/uploads\\\/2020\\\/06\\\/MPLAB-8117196.jpg\",\"datePublished\":\"2020-03-04T22:02:50+00:00\",\"dateModified\":\"2024-05-02T15:59:52+00:00\",\"description\":\"Caract\u00e9ristiques du nettoyant auriculaire Otoact pour chiens et chats: Dissout d\u00e9licatement les exc\u00e8s de c\u00e9rumen. Contient du squal\u00e8ne, un c\u00e9ruminolytique puissant et de l'extrait de camomille \u00e0 l'action adoucissante, l'odeur est agr\u00e9able.\",\"breadcrumb\":{\"@id\":\"https:\\\/\\\/www.vetorino.com\\\/boutique\\\/product\\\/otoact-lotion-auriculaire\\\/#breadcrumb\"},\"inLanguage\":\"fr-FR\",\"potentialAction\":[{\"@type\":\"ReadAction\",\"target\":[\"https:\\\/\\\/www.vetorino.com\\\/boutique\\\/product\\\/otoact-lotion-auriculaire\\\/\"]}]},{\"@type\":\"ImageObject\",\"inLanguage\":\"fr-FR\",\"@id\":\"https:\\\/\\\/www.vetorino.com\\\/boutique\\\/product\\\/otoact-lotion-auriculaire\\\/#primaryimage\",\"url\":\"https:\\\/\\\/www.vetorino.com\\\/boutique\\\/wp-content\\\/uploads\\\/2020\\\/06\\\/MPLAB-8117196.jpg\",\"contentUrl\":\"https:\\\/\\\/www.vetorino.com\\\/boutique\\\/wp-content\\\/uploads\\\/2020\\\/06\\\/MPLAB-8117196.jpg\",\"width\":400,\"height\":400},{\"@type\":\"BreadcrumbList\",\"@id\":\"https:\\\/\\\/www.vetorino.com\\\/boutique\\\/product\\\/otoact-lotion-auriculaire\\\/#breadcrumb\",\"itemListElement\":[{\"@type\":\"ListItem\",\"position\":1,\"name\":\"Accueil\",\"item\":\"https:\\\/\\\/www.vetorino.com\\\/boutique\\\/\"},{\"@type\":\"ListItem\",\"position\":2,\"name\":\"Produits\",\"item\":\"https:\\\/\\\/www.vetorino.com\\\/boutique\\\/\"},{\"@type\":\"ListItem\",\"position\":3,\"name\":\"Lotion auriculaire OTOACT 100 ml\"}]},{\"@type\":\"WebSite\",\"@id\":\"https:\\\/\\\/www.vetorino.com\\\/boutique\\\/#website\",\"url\":\"https:\\\/\\\/www.vetorino.com\\\/boutique\\\/\",\"name\":\"V\u00e9torino\",\"description\":\"\",\"publisher\":{\"@id\":\"https:\\\/\\\/www.vetorino.com\\\/boutique\\\/#organization\"},\"potentialAction\":[{\"@type\":\"SearchAction\",\"target\":{\"@type\":\"EntryPoint\",\"urlTemplate\":\"https:\\\/\\\/www.vetorino.com\\\/boutique\\\/?s={search_term_string}\"},\"query-input\":{\"@type\":\"PropertyValueSpecification\",\"valueRequired\":true,\"valueName\":\"search_term_string\"}}],\"inLanguage\":\"fr-FR\"},{\"@type\":\"Organization\",\"@id\":\"https:\\\/\\\/www.vetorino.com\\\/boutique\\\/#organization\",\"name\":\"V\u00e9torino\",\"url\":\"https:\\\/\\\/www.vetorino.com\\\/boutique\\\/\",\"logo\":{\"@type\":\"ImageObject\",\"inLanguage\":\"fr-FR\",\"@id\":\"https:\\\/\\\/www.vetorino.com\\\/boutique\\\/#\\\/schema\\\/logo\\\/image\\\/\",\"url\":\"https:\\\/\\\/www.vetorino.com\\\/boutique\\\/wp-content\\\/uploads\\\/2024\\\/10\\\/logo.jpg\",\"contentUrl\":\"https:\\\/\\\/www.vetorino.com\\\/boutique\\\/wp-content\\\/uploads\\\/2024\\\/10\\\/logo.jpg\",\"width\":1200,\"height\":610,\"caption\":\"V\u00e9torino\"},\"image\":{\"@id\":\"https:\\\/\\\/www.vetorino.com\\\/boutique\\\/#\\\/schema\\\/logo\\\/image\\\/\"},\"sameAs\":[\"https:\\\/\\\/www.facebook.com\\\/Vetorino\\\/\",\"https:\\\/\\\/www.instagram.com\\\/vetorino_off\\\/\",\"https:\\\/\\\/www.linkedin.com\\\/company\\\/vtorino\\\/\"]}]}<\/script>\n<meta property=\"product:brand\" content=\"Mp Labo\" \/>\n<meta property=\"product:price:amount\" content=\"12.58\" \/>\n<meta property=\"product:price:currency\" content=\"EUR\" \/>\n<meta property=\"og:availability\" content=\"instock\" \/>\n<meta property=\"product:availability\" content=\"instock\" \/>\n<meta property=\"product:retailer_item_id\" content=\"A-8117196\" \/>\n<meta property=\"product:condition\" content=\"new\" \/>\n<!-- \/ Yoast SEO plugin. -->","yoast_head_json":{"title":"Lotion auriculaire OTOACT 100 ml Mp Labo - V\u00e9torino","description":"Caract\u00e9ristiques du nettoyant auriculaire Otoact pour chiens et chats:   Dissout d\u00e9licatement les exc\u00e8s de c\u00e9rumen.  Contient du squal\u00e8ne, un c\u00e9ruminolytique puissant et de l'extrait de camomille \u00e0 l'action adoucissante, l'odeur est agr\u00e9able.","robots":{"index":"noindex","follow":"nofollow"},"og_locale":"fr_FR","og_type":"article","og_title":"Lotion auriculaire OTOACT 100 ml Mp Labo - V\u00e9torino","og_description":"Caract\u00e9ristiques du nettoyant auriculaire Otoact pour chiens et chats:   Dissout d\u00e9licatement les exc\u00e8s de c\u00e9rumen.  Contient du squal\u00e8ne, un c\u00e9ruminolytique puissant et de l'extrait de camomille \u00e0 l'action adoucissante, l'odeur est agr\u00e9able.","og_url":"https:\/\/www.vetorino.com\/veterinaire\/plouzevede-29440\/boutique\/product\/otoact-lotion-auriculaire\/","og_site_name":"V\u00e9torino","article_publisher":"https:\/\/www.facebook.com\/Vetorino\/","article_modified_time":"2024-05-02T15:59:52+00:00","og_image":[{"width":400,"height":400,"url":"https:\/\/www.vetorino.com\/boutique\/wp-content\/uploads\/2020\/06\/MPLAB-8117196.jpg","type":"image\/jpeg"}],"twitter_card":"summary_large_image","twitter_misc":{"Prix":"12,58&euro;","Disponibilit\u00e9":"En stock"},"schema":{"@context":"https:\/\/schema.org","@graph":[{"@type":"WebPage","@id":"https:\/\/www.vetorino.com\/boutique\/product\/otoact-lotion-auriculaire\/","url":"https:\/\/www.vetorino.com\/boutique\/product\/otoact-lotion-auriculaire\/","name":"Lotion auriculaire OTOACT 100 ml Mp Labo - V\u00e9torino","isPartOf":{"@id":"https:\/\/www.vetorino.com\/boutique\/#website"},"primaryImageOfPage":{"@id":"https:\/\/www.vetorino.com\/boutique\/product\/otoact-lotion-auriculaire\/#primaryimage"},"image":{"@id":"https:\/\/www.vetorino.com\/boutique\/product\/otoact-lotion-auriculaire\/#primaryimage"},"thumbnailUrl":"https:\/\/www.vetorino.com\/boutique\/wp-content\/uploads\/2020\/06\/MPLAB-8117196.jpg","datePublished":"2020-03-04T22:02:50+00:00","dateModified":"2024-05-02T15:59:52+00:00","description":"Caract\u00e9ristiques du nettoyant auriculaire Otoact pour chiens et chats: Dissout d\u00e9licatement les exc\u00e8s de c\u00e9rumen. Contient du squal\u00e8ne, un c\u00e9ruminolytique puissant et de l'extrait de camomille \u00e0 l'action adoucissante, l'odeur est agr\u00e9able.","breadcrumb":{"@id":"https:\/\/www.vetorino.com\/boutique\/product\/otoact-lotion-auriculaire\/#breadcrumb"},"inLanguage":"fr-FR","potentialAction":[{"@type":"ReadAction","target":["https:\/\/www.vetorino.com\/boutique\/product\/otoact-lotion-auriculaire\/"]}]},{"@type":"ImageObject","inLanguage":"fr-FR","@id":"https:\/\/www.vetorino.com\/boutique\/product\/otoact-lotion-auriculaire\/#primaryimage","url":"https:\/\/www.vetorino.com\/boutique\/wp-content\/uploads\/2020\/06\/MPLAB-8117196.jpg","contentUrl":"https:\/\/www.vetorino.com\/boutique\/wp-content\/uploads\/2020\/06\/MPLAB-8117196.jpg","width":400,"height":400},{"@type":"BreadcrumbList","@id":"https:\/\/www.vetorino.com\/boutique\/product\/otoact-lotion-auriculaire\/#breadcrumb","itemListElement":[{"@type":"ListItem","position":1,"name":"Accueil","item":"https:\/\/www.vetorino.com\/boutique\/"},{"@type":"ListItem","position":2,"name":"Produits","item":"https:\/\/www.vetorino.com\/boutique\/"},{"@type":"ListItem","position":3,"name":"Lotion auriculaire OTOACT 100 ml"}]},{"@type":"WebSite","@id":"https:\/\/www.vetorino.com\/boutique\/#website","url":"https:\/\/www.vetorino.com\/boutique\/","name":"V\u00e9torino","description":"","publisher":{"@id":"https:\/\/www.vetorino.com\/boutique\/#organization"},"potentialAction":[{"@type":"SearchAction","target":{"@type":"EntryPoint","urlTemplate":"https:\/\/www.vetorino.com\/boutique\/?s={search_term_string}"},"query-input":{"@type":"PropertyValueSpecification","valueRequired":true,"valueName":"search_term_string"}}],"inLanguage":"fr-FR"},{"@type":"Organization","@id":"https:\/\/www.vetorino.com\/boutique\/#organization","name":"V\u00e9torino","url":"https:\/\/www.vetorino.com\/boutique\/","logo":{"@type":"ImageObject","inLanguage":"fr-FR","@id":"https:\/\/www.vetorino.com\/boutique\/#\/schema\/logo\/image\/","url":"https:\/\/www.vetorino.com\/boutique\/wp-content\/uploads\/2024\/10\/logo.jpg","contentUrl":"https:\/\/www.vetorino.com\/boutique\/wp-content\/uploads\/2024\/10\/logo.jpg","width":1200,"height":610,"caption":"V\u00e9torino"},"image":{"@id":"https:\/\/www.vetorino.com\/boutique\/#\/schema\/logo\/image\/"},"sameAs":["https:\/\/www.facebook.com\/Vetorino\/","https:\/\/www.instagram.com\/vetorino_off\/","https:\/\/www.linkedin.com\/company\/vtorino\/"]}]},"product_brand":"Mp Labo","product_price_amount":"12.58","product_price_currency":"EUR","og_availability":"instock","product_availability":"instock","product_retailer_item_id":"A-8117196","product_condition":"new"},"_links":{"self":[{"href":"https:\/\/www.vetorino.com\/veterinaire\/plouzevede-29440\/boutique\/wp-json\/wp\/v2\/product\/36288","targetHints":{"allow":["GET"]}}],"collection":[{"href":"https:\/\/www.vetorino.com\/veterinaire\/plouzevede-29440\/boutique\/wp-json\/wp\/v2\/product"}],"about":[{"href":"https:\/\/www.vetorino.com\/veterinaire\/plouzevede-29440\/boutique\/wp-json\/wp\/v2\/types\/product"}],"wp:featuredmedia":[{"embeddable":true,"href":"https:\/\/www.vetorino.com\/veterinaire\/plouzevede-29440\/boutique\/wp-json\/wp\/v2\/media\/911888"}],"wp:attachment":[{"href":"https:\/\/www.vetorino.com\/veterinaire\/plouzevede-29440\/boutique\/wp-json\/wp\/v2\/media?parent=36288"}],"wp:term":[{"taxonomy":"product_cat","embeddable":true,"href":"https:\/\/www.vetorino.com\/veterinaire\/plouzevede-29440\/boutique\/wp-json\/wp\/v2\/product_cat?post=36288"},{"taxonomy":"product_tag","embeddable":true,"href":"https:\/\/www.vetorino.com\/veterinaire\/plouzevede-29440\/boutique\/wp-json\/wp\/v2\/product_tag?post=36288"}],"curies":[{"name":"wp","href":"https:\/\/api.w.org\/{rel}","templated":true}]}}