{"id":36316,"date":"2020-03-04T23:03:01","date_gmt":"2020-03-04T22:03:01","guid":{"rendered":"https:\/\/www.vetorino.com\/boutique\/product\/agepi-omega-3\/"},"modified":"2026-02-23T17:35:34","modified_gmt":"2026-02-23T16:35:34","slug":"agepi-omega-3","status":"publish","type":"product","link":"https:\/\/www.vetorino.com\/veterinaire\/plouzevede-29440\/boutique\/product\/agepi-omega-3\/","title":{"rendered":"Agepi Omega 3"},"content":{"rendered":"<p><strong>Compl\u00e9ment de la ration en acides gras essentiels poly-insatur\u00e9s (AGEPI) : om\u00e9ga 3.<\/strong><\/p>\n<p>EPA et DHA soutiennent la fonction cutan\u00e9e et participent au bon fonctionnement du rein, du foie, du c\u0153ur, des articulations\u2026<\/p>\n<p><strong>Utilisation :<\/strong><\/p>\n<ul>\n<li>Pour chien et chat<\/li>\n<\/ul>\n<p><strong>Mode d&#8217;emploi :\u00a0<\/strong><\/p>\n<ul>\n<li>En r\u00e8gle g\u00e9n\u00e9rale, une capsule par 20 kg de poids et par jour.<\/li>\n<li>Cette dose journali\u00e8re peut \u00eatre augment\u00e9e en fonction de l&#8217;alimentation et de l&#8217;effet recherch\u00e9.\u00a0Demandez conseil \u00e0 votre v\u00e9t\u00e9rinaire.<\/li>\n<li>Pour les petits animaux, il est possible d&#8217;adapter la dose en espa\u00e7ant les prises.<\/li>\n<li>Cures de un mois minimum ou en permanence.<\/li>\n<\/ul>\n<p><strong>Peut \u00eatre utilis\u00e9 en compl\u00e9ment de traitement :<\/strong><\/p>\n<ul>\n<li>Dermatoses prurigineuses (d\u00e9mangeaisons) chroniques (allergies, atopie, dermatite miliaire f\u00e9line).<\/li>\n<li>Des pathologies chroniques (Insuffisances R\u00e9nales Chroniques : IRC, insuffisance h\u00e9patique, diab\u00e8te).<\/li>\n<li>Des pathologies inflammatoires (arthrose).<\/li>\n<\/ul>\n<p><strong>En cas de doute, demandez conseil \u00e0 votre v\u00e9t\u00e9rinaire.<\/strong><\/p>\n","protected":false},"excerpt":{"rendered":"<p><strong>Compl\u00e9ment de la ration en acides gras essentiels poly-insatur\u00e9s (AGEPI) : om\u00e9ga 3.<\/strong><\/p>\n<p>EPA et DHA soutiennent la fonction cutan\u00e9e et participent au bon fonctionnement du rein, du foie, du c\u0153ur, des articulations\u2026<\/p>\n<p><strong>Utilisation :<\/strong><\/p>\n<ul>\n<li>Pour chien et chat<\/li>\n<\/ul>\n","protected":false},"featured_media":1715954,"template":"","meta":[],"product_cat":[12551,12552,12582,2730,2738,2697,2698,12567,12611,12612,12560,12561,12568],"product_tag":[],"class_list":{"0":"post-36316","1":"product","2":"type-product","3":"status-publish","4":"has-post-thumbnail","6":"product_cat-alimentation-du-chat","7":"product_cat-alimentation-du-chien","8":"product_cat-alimentation-medicalisee-pour-chien","9":"product_cat-aliments-complementaires-pour-chat","10":"product_cat-aliments-complementaires-pour-chien","11":"product_cat-chat","12":"product_cat-chien","13":"product_cat-produit-veterinaire-du-chat","14":"product_cat-hygiene-de-la-peau-et-du-pelage-du-chat","15":"product_cat-hygiene-de-la-peau-et-du-pelage-du-chien","16":"product_cat-hygiene-du-chat","17":"product_cat-hygiene-du-chien","18":"product_cat-produit-veterinaire-du-chien","19":"pa_marque-mp-labo","21":"first","22":"instock","23":"taxable","24":"shipping-taxable","25":"purchasable","26":"product-type-variable"},"yoast_head":"<!-- This site is optimized with the Yoast SEO plugin v27.3 - https:\/\/yoast.com\/product\/yoast-seo-wordpress\/ -->\n<title>Agepi Omega 3 Mp Labo - V\u00e9torino<\/title>\n<meta name=\"description\" content=\"Compl\u00e9ment de la ration en acides gras essentiels poly-insatur\u00e9s (AGEPI) : om\u00e9ga 3.  EPA et DHA soutiennent la fonction cutan\u00e9e et participent au bon fonctionnement du rein, du foie, du c\u0153ur, des articulations\u2026  Utilisation :   Pour chien et chat\" \/>\n<meta name=\"robots\" content=\"noindex, nofollow\" \/>\n<meta property=\"og:locale\" content=\"fr_FR\" \/>\n<meta property=\"og:type\" content=\"article\" \/>\n<meta property=\"og:title\" content=\"Agepi Omega 3 Mp Labo - V\u00e9torino\" \/>\n<meta property=\"og:description\" content=\"Compl\u00e9ment de la ration en acides gras essentiels poly-insatur\u00e9s (AGEPI) : om\u00e9ga 3.  EPA et DHA soutiennent la fonction cutan\u00e9e et participent au bon fonctionnement du rein, du foie, du c\u0153ur, des articulations\u2026  Utilisation :   Pour chien et chat\" \/>\n<meta property=\"og:url\" content=\"https:\/\/www.vetorino.com\/veterinaire\/plouzevede-29440\/boutique\/product\/agepi-omega-3\/\" \/>\n<meta property=\"og:site_name\" content=\"V\u00e9torino\" \/>\n<meta property=\"article:publisher\" content=\"https:\/\/www.facebook.com\/Vetorino\/\" \/>\n<meta property=\"article:modified_time\" content=\"2026-02-23T16:35:34+00:00\" \/>\n<meta property=\"og:image\" content=\"https:\/\/www.vetorino.com\/boutique\/wp-content\/uploads\/2020\/03\/agepi-omega-3-1.webp\" \/>\n\t<meta property=\"og:image:width\" content=\"800\" \/>\n\t<meta property=\"og:image:height\" content=\"800\" \/>\n\t<meta property=\"og:image:type\" content=\"image\/webp\" \/>\n<meta name=\"twitter:card\" content=\"summary_large_image\" \/>\n<meta name=\"twitter:label1\" content=\"Disponibilit\u00e9\" \/>\n\t<meta name=\"twitter:data1\" content=\"En stock\" \/>\n<script type=\"application\/ld+json\" class=\"yoast-schema-graph\">{\"@context\":\"https:\\\/\\\/schema.org\",\"@graph\":[{\"@type\":\"WebPage\",\"@id\":\"https:\\\/\\\/www.vetorino.com\\\/boutique\\\/product\\\/agepi-omega-3\\\/\",\"url\":\"https:\\\/\\\/www.vetorino.com\\\/boutique\\\/product\\\/agepi-omega-3\\\/\",\"name\":\"Agepi Omega 3 Mp Labo - V\u00e9torino\",\"isPartOf\":{\"@id\":\"https:\\\/\\\/www.vetorino.com\\\/boutique\\\/#website\"},\"primaryImageOfPage\":{\"@id\":\"https:\\\/\\\/www.vetorino.com\\\/boutique\\\/product\\\/agepi-omega-3\\\/#primaryimage\"},\"image\":{\"@id\":\"https:\\\/\\\/www.vetorino.com\\\/boutique\\\/product\\\/agepi-omega-3\\\/#primaryimage\"},\"thumbnailUrl\":\"https:\\\/\\\/www.vetorino.com\\\/boutique\\\/wp-content\\\/uploads\\\/2020\\\/03\\\/agepi-omega-3-1.webp\",\"datePublished\":\"2020-03-04T22:03:01+00:00\",\"dateModified\":\"2026-02-23T16:35:34+00:00\",\"description\":\"Compl\u00e9ment de la ration en acides gras essentiels poly-insatur\u00e9s (AGEPI) : om\u00e9ga 3. EPA et DHA soutiennent la fonction cutan\u00e9e et participent au bon fonctionnement du rein, du foie, du c\u0153ur, des articulations\u2026 Utilisation : Pour chien et chat\",\"breadcrumb\":{\"@id\":\"https:\\\/\\\/www.vetorino.com\\\/boutique\\\/product\\\/agepi-omega-3\\\/#breadcrumb\"},\"inLanguage\":\"fr-FR\",\"potentialAction\":[{\"@type\":\"ReadAction\",\"target\":[\"https:\\\/\\\/www.vetorino.com\\\/boutique\\\/product\\\/agepi-omega-3\\\/\"]}]},{\"@type\":\"ImageObject\",\"inLanguage\":\"fr-FR\",\"@id\":\"https:\\\/\\\/www.vetorino.com\\\/boutique\\\/product\\\/agepi-omega-3\\\/#primaryimage\",\"url\":\"https:\\\/\\\/www.vetorino.com\\\/boutique\\\/wp-content\\\/uploads\\\/2020\\\/03\\\/agepi-omega-3-1.webp\",\"contentUrl\":\"https:\\\/\\\/www.vetorino.com\\\/boutique\\\/wp-content\\\/uploads\\\/2020\\\/03\\\/agepi-omega-3-1.webp\",\"width\":800,\"height\":800},{\"@type\":\"BreadcrumbList\",\"@id\":\"https:\\\/\\\/www.vetorino.com\\\/boutique\\\/product\\\/agepi-omega-3\\\/#breadcrumb\",\"itemListElement\":[{\"@type\":\"ListItem\",\"position\":1,\"name\":\"Accueil\",\"item\":\"https:\\\/\\\/www.vetorino.com\\\/boutique\\\/\"},{\"@type\":\"ListItem\",\"position\":2,\"name\":\"Produits\",\"item\":\"https:\\\/\\\/www.vetorino.com\\\/boutique\\\/\"},{\"@type\":\"ListItem\",\"position\":3,\"name\":\"Agepi Omega 3\"}]},{\"@type\":\"WebSite\",\"@id\":\"https:\\\/\\\/www.vetorino.com\\\/boutique\\\/#website\",\"url\":\"https:\\\/\\\/www.vetorino.com\\\/boutique\\\/\",\"name\":\"V\u00e9torino\",\"description\":\"\",\"publisher\":{\"@id\":\"https:\\\/\\\/www.vetorino.com\\\/boutique\\\/#organization\"},\"potentialAction\":[{\"@type\":\"SearchAction\",\"target\":{\"@type\":\"EntryPoint\",\"urlTemplate\":\"https:\\\/\\\/www.vetorino.com\\\/boutique\\\/?s={search_term_string}\"},\"query-input\":{\"@type\":\"PropertyValueSpecification\",\"valueRequired\":true,\"valueName\":\"search_term_string\"}}],\"inLanguage\":\"fr-FR\"},{\"@type\":\"Organization\",\"@id\":\"https:\\\/\\\/www.vetorino.com\\\/boutique\\\/#organization\",\"name\":\"V\u00e9torino\",\"url\":\"https:\\\/\\\/www.vetorino.com\\\/boutique\\\/\",\"logo\":{\"@type\":\"ImageObject\",\"inLanguage\":\"fr-FR\",\"@id\":\"https:\\\/\\\/www.vetorino.com\\\/boutique\\\/#\\\/schema\\\/logo\\\/image\\\/\",\"url\":\"https:\\\/\\\/www.vetorino.com\\\/boutique\\\/wp-content\\\/uploads\\\/2024\\\/10\\\/logo.jpg\",\"contentUrl\":\"https:\\\/\\\/www.vetorino.com\\\/boutique\\\/wp-content\\\/uploads\\\/2024\\\/10\\\/logo.jpg\",\"width\":1200,\"height\":610,\"caption\":\"V\u00e9torino\"},\"image\":{\"@id\":\"https:\\\/\\\/www.vetorino.com\\\/boutique\\\/#\\\/schema\\\/logo\\\/image\\\/\"},\"sameAs\":[\"https:\\\/\\\/www.facebook.com\\\/Vetorino\\\/\",\"https:\\\/\\\/www.instagram.com\\\/vetorino_off\\\/\",\"https:\\\/\\\/www.linkedin.com\\\/company\\\/vtorino\\\/\"]}]}<\/script>\n<meta property=\"product:brand\" content=\"Mp Labo\" \/>\n<meta property=\"og:availability\" content=\"instock\" \/>\n<meta property=\"product:availability\" content=\"instock\" \/>\n<meta property=\"product:condition\" content=\"new\" \/>\n<!-- \/ Yoast SEO plugin. -->","yoast_head_json":{"title":"Agepi Omega 3 Mp Labo - V\u00e9torino","description":"Compl\u00e9ment de la ration en acides gras essentiels poly-insatur\u00e9s (AGEPI) : om\u00e9ga 3.  EPA et DHA soutiennent la fonction cutan\u00e9e et participent au bon fonctionnement du rein, du foie, du c\u0153ur, des articulations\u2026  Utilisation :   Pour chien et chat","robots":{"index":"noindex","follow":"nofollow"},"og_locale":"fr_FR","og_type":"article","og_title":"Agepi Omega 3 Mp Labo - V\u00e9torino","og_description":"Compl\u00e9ment de la ration en acides gras essentiels poly-insatur\u00e9s (AGEPI) : om\u00e9ga 3.  EPA et DHA soutiennent la fonction cutan\u00e9e et participent au bon fonctionnement du rein, du foie, du c\u0153ur, des articulations\u2026  Utilisation :   Pour chien et chat","og_url":"https:\/\/www.vetorino.com\/veterinaire\/plouzevede-29440\/boutique\/product\/agepi-omega-3\/","og_site_name":"V\u00e9torino","article_publisher":"https:\/\/www.facebook.com\/Vetorino\/","article_modified_time":"2026-02-23T16:35:34+00:00","og_image":[{"width":800,"height":800,"url":"https:\/\/www.vetorino.com\/boutique\/wp-content\/uploads\/2020\/03\/agepi-omega-3-1.webp","type":"image\/webp"}],"twitter_card":"summary_large_image","twitter_misc":{"Disponibilit\u00e9":"En stock"},"schema":{"@context":"https:\/\/schema.org","@graph":[{"@type":"WebPage","@id":"https:\/\/www.vetorino.com\/boutique\/product\/agepi-omega-3\/","url":"https:\/\/www.vetorino.com\/boutique\/product\/agepi-omega-3\/","name":"Agepi Omega 3 Mp Labo - V\u00e9torino","isPartOf":{"@id":"https:\/\/www.vetorino.com\/boutique\/#website"},"primaryImageOfPage":{"@id":"https:\/\/www.vetorino.com\/boutique\/product\/agepi-omega-3\/#primaryimage"},"image":{"@id":"https:\/\/www.vetorino.com\/boutique\/product\/agepi-omega-3\/#primaryimage"},"thumbnailUrl":"https:\/\/www.vetorino.com\/boutique\/wp-content\/uploads\/2020\/03\/agepi-omega-3-1.webp","datePublished":"2020-03-04T22:03:01+00:00","dateModified":"2026-02-23T16:35:34+00:00","description":"Compl\u00e9ment de la ration en acides gras essentiels poly-insatur\u00e9s (AGEPI) : om\u00e9ga 3. EPA et DHA soutiennent la fonction cutan\u00e9e et participent au bon fonctionnement du rein, du foie, du c\u0153ur, des articulations\u2026 Utilisation : Pour chien et chat","breadcrumb":{"@id":"https:\/\/www.vetorino.com\/boutique\/product\/agepi-omega-3\/#breadcrumb"},"inLanguage":"fr-FR","potentialAction":[{"@type":"ReadAction","target":["https:\/\/www.vetorino.com\/boutique\/product\/agepi-omega-3\/"]}]},{"@type":"ImageObject","inLanguage":"fr-FR","@id":"https:\/\/www.vetorino.com\/boutique\/product\/agepi-omega-3\/#primaryimage","url":"https:\/\/www.vetorino.com\/boutique\/wp-content\/uploads\/2020\/03\/agepi-omega-3-1.webp","contentUrl":"https:\/\/www.vetorino.com\/boutique\/wp-content\/uploads\/2020\/03\/agepi-omega-3-1.webp","width":800,"height":800},{"@type":"BreadcrumbList","@id":"https:\/\/www.vetorino.com\/boutique\/product\/agepi-omega-3\/#breadcrumb","itemListElement":[{"@type":"ListItem","position":1,"name":"Accueil","item":"https:\/\/www.vetorino.com\/boutique\/"},{"@type":"ListItem","position":2,"name":"Produits","item":"https:\/\/www.vetorino.com\/boutique\/"},{"@type":"ListItem","position":3,"name":"Agepi Omega 3"}]},{"@type":"WebSite","@id":"https:\/\/www.vetorino.com\/boutique\/#website","url":"https:\/\/www.vetorino.com\/boutique\/","name":"V\u00e9torino","description":"","publisher":{"@id":"https:\/\/www.vetorino.com\/boutique\/#organization"},"potentialAction":[{"@type":"SearchAction","target":{"@type":"EntryPoint","urlTemplate":"https:\/\/www.vetorino.com\/boutique\/?s={search_term_string}"},"query-input":{"@type":"PropertyValueSpecification","valueRequired":true,"valueName":"search_term_string"}}],"inLanguage":"fr-FR"},{"@type":"Organization","@id":"https:\/\/www.vetorino.com\/boutique\/#organization","name":"V\u00e9torino","url":"https:\/\/www.vetorino.com\/boutique\/","logo":{"@type":"ImageObject","inLanguage":"fr-FR","@id":"https:\/\/www.vetorino.com\/boutique\/#\/schema\/logo\/image\/","url":"https:\/\/www.vetorino.com\/boutique\/wp-content\/uploads\/2024\/10\/logo.jpg","contentUrl":"https:\/\/www.vetorino.com\/boutique\/wp-content\/uploads\/2024\/10\/logo.jpg","width":1200,"height":610,"caption":"V\u00e9torino"},"image":{"@id":"https:\/\/www.vetorino.com\/boutique\/#\/schema\/logo\/image\/"},"sameAs":["https:\/\/www.facebook.com\/Vetorino\/","https:\/\/www.instagram.com\/vetorino_off\/","https:\/\/www.linkedin.com\/company\/vtorino\/"]}]},"product_brand":"Mp Labo","og_availability":"instock","product_availability":"instock","product_condition":"new"},"_links":{"self":[{"href":"https:\/\/www.vetorino.com\/veterinaire\/plouzevede-29440\/boutique\/wp-json\/wp\/v2\/product\/36316","targetHints":{"allow":["GET"]}}],"collection":[{"href":"https:\/\/www.vetorino.com\/veterinaire\/plouzevede-29440\/boutique\/wp-json\/wp\/v2\/product"}],"about":[{"href":"https:\/\/www.vetorino.com\/veterinaire\/plouzevede-29440\/boutique\/wp-json\/wp\/v2\/types\/product"}],"wp:featuredmedia":[{"embeddable":true,"href":"https:\/\/www.vetorino.com\/veterinaire\/plouzevede-29440\/boutique\/wp-json\/wp\/v2\/media\/1715954"}],"wp:attachment":[{"href":"https:\/\/www.vetorino.com\/veterinaire\/plouzevede-29440\/boutique\/wp-json\/wp\/v2\/media?parent=36316"}],"wp:term":[{"taxonomy":"product_cat","embeddable":true,"href":"https:\/\/www.vetorino.com\/veterinaire\/plouzevede-29440\/boutique\/wp-json\/wp\/v2\/product_cat?post=36316"},{"taxonomy":"product_tag","embeddable":true,"href":"https:\/\/www.vetorino.com\/veterinaire\/plouzevede-29440\/boutique\/wp-json\/wp\/v2\/product_tag?post=36316"}],"curies":[{"name":"wp","href":"https:\/\/api.w.org\/{rel}","templated":true}]}}