{"id":36574,"date":"2020-03-04T23:04:29","date_gmt":"2020-03-04T22:04:29","guid":{"rendered":"https:\/\/www.vetorino.com\/boutique\/product\/dog-gastro-intestinal-junior\/"},"modified":"2025-11-05T15:33:30","modified_gmt":"2025-11-05T14:33:30","slug":"dog-gastro-intestinal-junior","status":"publish","type":"product","link":"https:\/\/www.vetorino.com\/veterinaire\/plouzevede-29440\/boutique\/product\/dog-gastro-intestinal-junior\/","title":{"rendered":"Dog Gastro Intestinal Puppy"},"content":{"rendered":"<p class=\"page-title\"><strong>Dog Gastro Intestinal Junior est un aliment di\u00e9t\u00e9tique qui contribue \u00e0 la bonne sant\u00e9 du syst\u00e8me digestif et qui permet d&#8217;assurer une s\u00e9curit\u00e9 digestive maximale.<\/strong><\/p>\n<p><strong>Utilisation :<\/strong><\/p>\n<ul>\n<li>Chiot\u00a0en croissance\u00a0atteint de troubles digestifs<\/li>\n<li>Chienne en gestation ou en lactation<\/li>\n<\/ul>\n<p><strong>Bienfaits essentiels :<\/strong><\/p>\n<div class=\"tr\">\n<div class=\"atout_txt td\">\n<ul>\n<li>\n<div class=\"text\">Une combinaison de prot\u00e9ines hautement digestibles, de pr\u00e9biotiques, de pulpe de bettrave, de riz et de poisson pour<strong>\u00a0assurer une s\u00e9curit\u00e9 digestive maximale<\/strong>.<\/div>\n<\/li>\n<li>\n<div class=\"text\">Une haute<strong>\u00a0densit\u00e9 \u00e9nerg\u00e9tique adapt\u00e9e aux besoins des chiots<\/strong>\u00a0tout en limitant le volume des repas et en\u00a0<strong>r\u00e9duisant la charge intestinale<\/strong>.<\/div>\n<\/li>\n<li>\n<div class=\"text\">Les chiots souffrant de troubles digestifs peuvent devenir rapidement faibles et leur app\u00e9tit peut diminuer et\/ou devient difficile. Ces croquettes ont \u00e9t\u00e9 developp\u00e9es pour \u00eatre facilement r\u00e9hydratables, ce qui<strong>\u00a0facilite l&#8217;alimentation des chiots<\/strong>.<\/div>\n<\/li>\n<li>\n<div class=\"text\">Formul\u00e9 pour prendre en compte les<strong>\u00a0besoins nutritionnels de croissance des chiots<\/strong>.<\/div>\n<\/li>\n<\/ul>\n<\/div>\n<\/div>\n<p><strong><br \/>\nCet aliment est destin\u00e9 \u00e0 la prise en charge nutritionnelle d\u2019une maladie. Pour la sant\u00e9 de votre chien, il est recommand\u00e9 de consulter votre v\u00e9t\u00e9rinaire et de respecter scrupuleusement ses recommandations nutritionnelles.<\/strong><\/p>\n","protected":false},"excerpt":{"rendered":"<p class=\"p1\"><strong>Dog Gastro Intestinal Junior est un aliment di\u00e9t\u00e9tique qui contribue \u00e0 la bonne sant\u00e9 du syst\u00e8me digestif et qui permet d&#8217;assurer une s\u00e9curit\u00e9 digestive maximale.<\/strong><\/p>\n<p>&nbsp;<\/p>\n<p><strong>Utilisation :<\/strong><\/p>\n<ul>\n<li>Chiot\u00a0en croissance\u00a0atteint de troubles digestifs<\/li>\n<li>Chienne en gestation ou en lactation<\/li>\n<\/ul>\n","protected":false},"featured_media":145125,"template":"","meta":[],"product_cat":[12552,12582,2698],"product_tag":[],"class_list":{"0":"post-36574","1":"product","2":"type-product","3":"status-publish","4":"has-post-thumbnail","6":"product_cat-alimentation-du-chien","7":"product_cat-alimentation-medicalisee-pour-chien","8":"product_cat-chien","9":"pa_marque-royal-canin","11":"first","12":"instock","13":"taxable","14":"shipping-taxable","15":"purchasable","16":"product-type-variable"},"yoast_head":"<!-- This site is optimized with the Yoast SEO plugin v27.3 - https:\/\/yoast.com\/product\/yoast-seo-wordpress\/ -->\n<title>Veterinary Health Nutrition (Royal Canin) Dog Gastro Intestinal Puppy Royal Canin - V\u00e9torino<\/title>\n<meta name=\"description\" content=\"Dog Gastro Intestinal Junior est un aliment di\u00e9t\u00e9tique qui contribue \u00e0 la bonne sant\u00e9 du syst\u00e8me digestif et qui permet d&#039;assurer une s\u00e9curit\u00e9 digestive maximale. &nbsp;  Utilisation :   Chiot\u00a0en croissance\u00a0atteint de troubles digestifs  Chienne en gestation ou en lactation\" \/>\n<meta name=\"robots\" content=\"noindex, nofollow\" \/>\n<meta property=\"og:locale\" content=\"fr_FR\" \/>\n<meta property=\"og:type\" content=\"article\" \/>\n<meta property=\"og:title\" content=\"Veterinary Health Nutrition (Royal Canin) Dog Gastro Intestinal Puppy Royal Canin - V\u00e9torino\" \/>\n<meta property=\"og:description\" content=\"Dog Gastro Intestinal Junior est un aliment di\u00e9t\u00e9tique qui contribue \u00e0 la bonne sant\u00e9 du syst\u00e8me digestif et qui permet d&#039;assurer une s\u00e9curit\u00e9 digestive maximale. &nbsp;  Utilisation :   Chiot\u00a0en croissance\u00a0atteint de troubles digestifs  Chienne en gestation ou en lactation\" \/>\n<meta property=\"og:url\" content=\"https:\/\/www.vetorino.com\/veterinaire\/plouzevede-29440\/boutique\/product\/dog-gastro-intestinal-junior\/\" \/>\n<meta property=\"og:site_name\" content=\"V\u00e9torino\" \/>\n<meta property=\"article:publisher\" content=\"https:\/\/www.facebook.com\/Vetorino\/\" \/>\n<meta property=\"article:modified_time\" content=\"2025-11-05T14:33:30+00:00\" \/>\n<meta property=\"og:image\" content=\"https:\/\/www.vetorino.com\/boutique\/wp-content\/uploads\/2020\/12\/croquettes-gastro-intestinal-junior-chien-sac-10-kg-veterinary-health-nutrition.jpg\" \/>\n\t<meta property=\"og:image:width\" content=\"700\" \/>\n\t<meta property=\"og:image:height\" content=\"800\" \/>\n\t<meta property=\"og:image:type\" content=\"image\/jpeg\" \/>\n<meta name=\"twitter:card\" content=\"summary_large_image\" \/>\n<meta name=\"twitter:label1\" content=\"Disponibilit\u00e9\" \/>\n\t<meta name=\"twitter:data1\" content=\"En stock\" \/>\n<script type=\"application\/ld+json\" class=\"yoast-schema-graph\">{\"@context\":\"https:\\\/\\\/schema.org\",\"@graph\":[{\"@type\":\"WebPage\",\"@id\":\"https:\\\/\\\/www.vetorino.com\\\/veterinaire\\\/briancon-05100\\\/boutique\\\/product\\\/dog-gastro-intestinal-junior\\\/\",\"url\":\"https:\\\/\\\/www.vetorino.com\\\/veterinaire\\\/briancon-05100\\\/boutique\\\/product\\\/dog-gastro-intestinal-junior\\\/\",\"name\":\"Veterinary Health Nutrition (Royal Canin) Dog Gastro Intestinal Puppy Royal Canin - V\u00e9torino\",\"isPartOf\":{\"@id\":\"https:\\\/\\\/www.vetorino.com\\\/boutique\\\/#website\"},\"primaryImageOfPage\":{\"@id\":\"https:\\\/\\\/www.vetorino.com\\\/veterinaire\\\/briancon-05100\\\/boutique\\\/product\\\/dog-gastro-intestinal-junior\\\/#primaryimage\"},\"image\":{\"@id\":\"https:\\\/\\\/www.vetorino.com\\\/veterinaire\\\/briancon-05100\\\/boutique\\\/product\\\/dog-gastro-intestinal-junior\\\/#primaryimage\"},\"thumbnailUrl\":\"https:\\\/\\\/www.vetorino.com\\\/boutique\\\/wp-content\\\/uploads\\\/2020\\\/12\\\/croquettes-gastro-intestinal-junior-chien-sac-10-kg-veterinary-health-nutrition.jpg\",\"datePublished\":\"2020-03-04T22:04:29+00:00\",\"dateModified\":\"2025-11-05T14:33:30+00:00\",\"description\":\"Dog Gastro Intestinal Junior est un aliment di\u00e9t\u00e9tique qui contribue \u00e0 la bonne sant\u00e9 du syst\u00e8me digestif et qui permet d'assurer une s\u00e9curit\u00e9 digestive maximale. &nbsp; Utilisation : Chiot\u00a0en croissance\u00a0atteint de troubles digestifs Chienne en gestation ou en lactation\",\"breadcrumb\":{\"@id\":\"https:\\\/\\\/www.vetorino.com\\\/veterinaire\\\/briancon-05100\\\/boutique\\\/product\\\/dog-gastro-intestinal-junior\\\/#breadcrumb\"},\"inLanguage\":\"fr-FR\",\"potentialAction\":[{\"@type\":\"ReadAction\",\"target\":[\"https:\\\/\\\/www.vetorino.com\\\/veterinaire\\\/briancon-05100\\\/boutique\\\/product\\\/dog-gastro-intestinal-junior\\\/\"]}]},{\"@type\":\"ImageObject\",\"inLanguage\":\"fr-FR\",\"@id\":\"https:\\\/\\\/www.vetorino.com\\\/veterinaire\\\/briancon-05100\\\/boutique\\\/product\\\/dog-gastro-intestinal-junior\\\/#primaryimage\",\"url\":\"https:\\\/\\\/www.vetorino.com\\\/boutique\\\/wp-content\\\/uploads\\\/2020\\\/12\\\/croquettes-gastro-intestinal-junior-chien-sac-10-kg-veterinary-health-nutrition.jpg\",\"contentUrl\":\"https:\\\/\\\/www.vetorino.com\\\/boutique\\\/wp-content\\\/uploads\\\/2020\\\/12\\\/croquettes-gastro-intestinal-junior-chien-sac-10-kg-veterinary-health-nutrition.jpg\",\"width\":700,\"height\":800,\"caption\":\"Croquettes royal canin gastrointestinal puppy\"},{\"@type\":\"BreadcrumbList\",\"@id\":\"https:\\\/\\\/www.vetorino.com\\\/veterinaire\\\/briancon-05100\\\/boutique\\\/product\\\/dog-gastro-intestinal-junior\\\/#breadcrumb\",\"itemListElement\":[{\"@type\":\"ListItem\",\"position\":1,\"name\":\"Accueil\",\"item\":\"https:\\\/\\\/www.vetorino.com\\\/boutique\\\/\"},{\"@type\":\"ListItem\",\"position\":2,\"name\":\"Produits\",\"item\":\"https:\\\/\\\/www.vetorino.com\\\/boutique\\\/\"},{\"@type\":\"ListItem\",\"position\":3,\"name\":\"Dog Gastro Intestinal Puppy\"}]},{\"@type\":\"WebSite\",\"@id\":\"https:\\\/\\\/www.vetorino.com\\\/boutique\\\/#website\",\"url\":\"https:\\\/\\\/www.vetorino.com\\\/boutique\\\/\",\"name\":\"V\u00e9torino\",\"description\":\"\",\"publisher\":{\"@id\":\"https:\\\/\\\/www.vetorino.com\\\/boutique\\\/#organization\"},\"potentialAction\":[{\"@type\":\"SearchAction\",\"target\":{\"@type\":\"EntryPoint\",\"urlTemplate\":\"https:\\\/\\\/www.vetorino.com\\\/boutique\\\/?s={search_term_string}\"},\"query-input\":{\"@type\":\"PropertyValueSpecification\",\"valueRequired\":true,\"valueName\":\"search_term_string\"}}],\"inLanguage\":\"fr-FR\"},{\"@type\":\"Organization\",\"@id\":\"https:\\\/\\\/www.vetorino.com\\\/boutique\\\/#organization\",\"name\":\"V\u00e9torino\",\"url\":\"https:\\\/\\\/www.vetorino.com\\\/boutique\\\/\",\"logo\":{\"@type\":\"ImageObject\",\"inLanguage\":\"fr-FR\",\"@id\":\"https:\\\/\\\/www.vetorino.com\\\/boutique\\\/#\\\/schema\\\/logo\\\/image\\\/\",\"url\":\"https:\\\/\\\/www.vetorino.com\\\/boutique\\\/wp-content\\\/uploads\\\/2024\\\/10\\\/logo.jpg\",\"contentUrl\":\"https:\\\/\\\/www.vetorino.com\\\/boutique\\\/wp-content\\\/uploads\\\/2024\\\/10\\\/logo.jpg\",\"width\":1200,\"height\":610,\"caption\":\"V\u00e9torino\"},\"image\":{\"@id\":\"https:\\\/\\\/www.vetorino.com\\\/boutique\\\/#\\\/schema\\\/logo\\\/image\\\/\"},\"sameAs\":[\"https:\\\/\\\/www.facebook.com\\\/Vetorino\\\/\",\"https:\\\/\\\/www.instagram.com\\\/vetorino_off\\\/\",\"https:\\\/\\\/www.linkedin.com\\\/company\\\/vtorino\\\/\"]}]}<\/script>\n<meta property=\"product:brand\" content=\"Royal Canin\" \/>\n<meta property=\"og:availability\" content=\"instock\" \/>\n<meta property=\"product:availability\" content=\"instock\" \/>\n<meta property=\"product:condition\" content=\"new\" \/>\n<!-- \/ Yoast SEO plugin. -->","yoast_head_json":{"title":"Veterinary Health Nutrition (Royal Canin) Dog Gastro Intestinal Puppy Royal Canin - V\u00e9torino","description":"Dog Gastro Intestinal Junior est un aliment di\u00e9t\u00e9tique qui contribue \u00e0 la bonne sant\u00e9 du syst\u00e8me digestif et qui permet d'assurer une s\u00e9curit\u00e9 digestive maximale. &nbsp;  Utilisation :   Chiot\u00a0en croissance\u00a0atteint de troubles digestifs  Chienne en gestation ou en lactation","robots":{"index":"noindex","follow":"nofollow"},"og_locale":"fr_FR","og_type":"article","og_title":"Veterinary Health Nutrition (Royal Canin) Dog Gastro Intestinal Puppy Royal Canin - V\u00e9torino","og_description":"Dog Gastro Intestinal Junior est un aliment di\u00e9t\u00e9tique qui contribue \u00e0 la bonne sant\u00e9 du syst\u00e8me digestif et qui permet d'assurer une s\u00e9curit\u00e9 digestive maximale. &nbsp;  Utilisation :   Chiot\u00a0en croissance\u00a0atteint de troubles digestifs  Chienne en gestation ou en lactation","og_url":"https:\/\/www.vetorino.com\/veterinaire\/plouzevede-29440\/boutique\/product\/dog-gastro-intestinal-junior\/","og_site_name":"V\u00e9torino","article_publisher":"https:\/\/www.facebook.com\/Vetorino\/","article_modified_time":"2025-11-05T14:33:30+00:00","og_image":[{"width":700,"height":800,"url":"https:\/\/www.vetorino.com\/boutique\/wp-content\/uploads\/2020\/12\/croquettes-gastro-intestinal-junior-chien-sac-10-kg-veterinary-health-nutrition.jpg","type":"image\/jpeg"}],"twitter_card":"summary_large_image","twitter_misc":{"Disponibilit\u00e9":"En stock"},"schema":{"@context":"https:\/\/schema.org","@graph":[{"@type":"WebPage","@id":"https:\/\/www.vetorino.com\/veterinaire\/briancon-05100\/boutique\/product\/dog-gastro-intestinal-junior\/","url":"https:\/\/www.vetorino.com\/veterinaire\/briancon-05100\/boutique\/product\/dog-gastro-intestinal-junior\/","name":"Veterinary Health Nutrition (Royal Canin) Dog Gastro Intestinal Puppy Royal Canin - V\u00e9torino","isPartOf":{"@id":"https:\/\/www.vetorino.com\/boutique\/#website"},"primaryImageOfPage":{"@id":"https:\/\/www.vetorino.com\/veterinaire\/briancon-05100\/boutique\/product\/dog-gastro-intestinal-junior\/#primaryimage"},"image":{"@id":"https:\/\/www.vetorino.com\/veterinaire\/briancon-05100\/boutique\/product\/dog-gastro-intestinal-junior\/#primaryimage"},"thumbnailUrl":"https:\/\/www.vetorino.com\/boutique\/wp-content\/uploads\/2020\/12\/croquettes-gastro-intestinal-junior-chien-sac-10-kg-veterinary-health-nutrition.jpg","datePublished":"2020-03-04T22:04:29+00:00","dateModified":"2025-11-05T14:33:30+00:00","description":"Dog Gastro Intestinal Junior est un aliment di\u00e9t\u00e9tique qui contribue \u00e0 la bonne sant\u00e9 du syst\u00e8me digestif et qui permet d'assurer une s\u00e9curit\u00e9 digestive maximale. &nbsp; Utilisation : Chiot\u00a0en croissance\u00a0atteint de troubles digestifs Chienne en gestation ou en lactation","breadcrumb":{"@id":"https:\/\/www.vetorino.com\/veterinaire\/briancon-05100\/boutique\/product\/dog-gastro-intestinal-junior\/#breadcrumb"},"inLanguage":"fr-FR","potentialAction":[{"@type":"ReadAction","target":["https:\/\/www.vetorino.com\/veterinaire\/briancon-05100\/boutique\/product\/dog-gastro-intestinal-junior\/"]}]},{"@type":"ImageObject","inLanguage":"fr-FR","@id":"https:\/\/www.vetorino.com\/veterinaire\/briancon-05100\/boutique\/product\/dog-gastro-intestinal-junior\/#primaryimage","url":"https:\/\/www.vetorino.com\/boutique\/wp-content\/uploads\/2020\/12\/croquettes-gastro-intestinal-junior-chien-sac-10-kg-veterinary-health-nutrition.jpg","contentUrl":"https:\/\/www.vetorino.com\/boutique\/wp-content\/uploads\/2020\/12\/croquettes-gastro-intestinal-junior-chien-sac-10-kg-veterinary-health-nutrition.jpg","width":700,"height":800,"caption":"Croquettes royal canin gastrointestinal puppy"},{"@type":"BreadcrumbList","@id":"https:\/\/www.vetorino.com\/veterinaire\/briancon-05100\/boutique\/product\/dog-gastro-intestinal-junior\/#breadcrumb","itemListElement":[{"@type":"ListItem","position":1,"name":"Accueil","item":"https:\/\/www.vetorino.com\/boutique\/"},{"@type":"ListItem","position":2,"name":"Produits","item":"https:\/\/www.vetorino.com\/boutique\/"},{"@type":"ListItem","position":3,"name":"Dog Gastro Intestinal Puppy"}]},{"@type":"WebSite","@id":"https:\/\/www.vetorino.com\/boutique\/#website","url":"https:\/\/www.vetorino.com\/boutique\/","name":"V\u00e9torino","description":"","publisher":{"@id":"https:\/\/www.vetorino.com\/boutique\/#organization"},"potentialAction":[{"@type":"SearchAction","target":{"@type":"EntryPoint","urlTemplate":"https:\/\/www.vetorino.com\/boutique\/?s={search_term_string}"},"query-input":{"@type":"PropertyValueSpecification","valueRequired":true,"valueName":"search_term_string"}}],"inLanguage":"fr-FR"},{"@type":"Organization","@id":"https:\/\/www.vetorino.com\/boutique\/#organization","name":"V\u00e9torino","url":"https:\/\/www.vetorino.com\/boutique\/","logo":{"@type":"ImageObject","inLanguage":"fr-FR","@id":"https:\/\/www.vetorino.com\/boutique\/#\/schema\/logo\/image\/","url":"https:\/\/www.vetorino.com\/boutique\/wp-content\/uploads\/2024\/10\/logo.jpg","contentUrl":"https:\/\/www.vetorino.com\/boutique\/wp-content\/uploads\/2024\/10\/logo.jpg","width":1200,"height":610,"caption":"V\u00e9torino"},"image":{"@id":"https:\/\/www.vetorino.com\/boutique\/#\/schema\/logo\/image\/"},"sameAs":["https:\/\/www.facebook.com\/Vetorino\/","https:\/\/www.instagram.com\/vetorino_off\/","https:\/\/www.linkedin.com\/company\/vtorino\/"]}]},"product_brand":"Royal Canin","og_availability":"instock","product_availability":"instock","product_condition":"new"},"_links":{"self":[{"href":"https:\/\/www.vetorino.com\/veterinaire\/plouzevede-29440\/boutique\/wp-json\/wp\/v2\/product\/36574","targetHints":{"allow":["GET"]}}],"collection":[{"href":"https:\/\/www.vetorino.com\/veterinaire\/plouzevede-29440\/boutique\/wp-json\/wp\/v2\/product"}],"about":[{"href":"https:\/\/www.vetorino.com\/veterinaire\/plouzevede-29440\/boutique\/wp-json\/wp\/v2\/types\/product"}],"wp:featuredmedia":[{"embeddable":true,"href":"https:\/\/www.vetorino.com\/veterinaire\/plouzevede-29440\/boutique\/wp-json\/wp\/v2\/media\/145125"}],"wp:attachment":[{"href":"https:\/\/www.vetorino.com\/veterinaire\/plouzevede-29440\/boutique\/wp-json\/wp\/v2\/media?parent=36574"}],"wp:term":[{"taxonomy":"product_cat","embeddable":true,"href":"https:\/\/www.vetorino.com\/veterinaire\/plouzevede-29440\/boutique\/wp-json\/wp\/v2\/product_cat?post=36574"},{"taxonomy":"product_tag","embeddable":true,"href":"https:\/\/www.vetorino.com\/veterinaire\/plouzevede-29440\/boutique\/wp-json\/wp\/v2\/product_tag?post=36574"}],"curies":[{"name":"wp","href":"https:\/\/api.w.org\/{rel}","templated":true}]}}