{"id":36788,"date":"2020-03-04T23:10:23","date_gmt":"2020-03-04T22:10:23","guid":{"rendered":"https:\/\/www.vetorino.com\/boutique\/product\/vdiet-dog-hypoallergenic-moderate-energy\/"},"modified":"2025-11-05T15:24:33","modified_gmt":"2025-11-05T14:24:33","slug":"vdiet-dog-hypoallergenic-moderate-energy","status":"publish","type":"product","link":"https:\/\/www.vetorino.com\/veterinaire\/plouzevede-29440\/boutique\/product\/vdiet-dog-hypoallergenic-moderate-energy\/","title":{"rendered":"Dog Hypoallergenic Moderate Calorie"},"content":{"rendered":"<p><strong>Royal Canin Dog Hypoallergenic Moderate Calorie\u00a0est un aliment complet pour chiens adultes formul\u00e9 pour r\u00e9duire les intol\u00e9rances alimentaires gr\u00e2ce \u00e0 une s\u00e9lection de prot\u00e9ines hydrolis\u00e9es.<\/strong><\/p>\n<p><strong>Utilisation :<\/strong><\/p>\n<ul>\n<li>Chien sujet aux\u00a0intol\u00e9rances alimentaires<\/li>\n<li>Tendance au surpoids<\/li>\n<\/ul>\n<p><strong>Bienfaits essentiels :<\/strong><\/p>\n<div class=\"tr\">\n<div class=\"atout_txt td\">\n<ul>\n<li>L&#8217;hydrolysat d&#8217;isolat prot\u00e9ique de soja, constitu\u00e9 de peptides de faibles poids mol\u00e9culaire, est<strong>\u00a0hautement digestible et tr\u00e8s faiblement allerg\u00e9nique<\/strong>.<\/li>\n<li>Une teneur mod\u00e9r\u00e9e en calories pour\u00a0<strong>aider \u00e0 maintenir le poids id\u00e9al<\/strong>\u00a0chez les chiens ayant une tendance \u00e0 l&#8217;embonpoint.<\/li>\n<li><strong>Renforce la barri\u00e8re cutan\u00e9e<\/strong>\u00a0et r\u00e9duit les pertes d&#8217;eau trans\u00e9pidermiques.<\/li>\n<li>La limitation du taux de phosphore pour<strong>\u00a0favoriser le maintien de la fonction r\u00e9nale<\/strong>\u00a0avec l&#8217;\u00e2ge.<\/li>\n<\/ul>\n<p><strong>Cet aliment est destin\u00e9 \u00e0 la prise en charge nutritionnelle d\u2019une maladie. Pour la sant\u00e9 de votre chien, il est recommand\u00e9 de consulter votre v\u00e9t\u00e9rinaire et de respecter scrupuleusement ses recommandations nutritionnelles.<\/strong><\/p>\n<\/div>\n<\/div>\n","protected":false},"excerpt":{"rendered":"<p dir=\"ltr\"><strong>Royal Canin Dog Hypoallergenic Moderate Calorie\u00a0est un aliment complet pour chiens adultes formul\u00e9 pour r\u00e9duire les intol\u00e9rances alimentaires gr\u00e2ce \u00e0 une s\u00e9lection de prot\u00e9ines hydrolis\u00e9es.<\/strong><\/p>\n<p><strong>Utilisation :<\/strong><\/p>\n<ul>\n<li>Chien sujet aux\u00a0intol\u00e9rances alimentaires<\/li>\n<li>Tendance au surpoids<\/li>\n<\/ul>\n","protected":false},"featured_media":590419,"template":"","meta":[],"product_cat":[12552,12582,2698],"product_tag":[],"class_list":{"0":"post-36788","1":"product","2":"type-product","3":"status-publish","4":"has-post-thumbnail","6":"product_cat-alimentation-du-chien","7":"product_cat-alimentation-medicalisee-pour-chien","8":"product_cat-chien","9":"pa_marque-royal-canin","11":"first","12":"instock","13":"taxable","14":"shipping-taxable","15":"purchasable","16":"product-type-variable"},"yoast_head":"<!-- This site is optimized with the Yoast SEO plugin v27.3 - https:\/\/yoast.com\/product\/yoast-seo-wordpress\/ -->\n<title>Veterinary Diet (Royal Canin) Dog Hypoallergenic Moderate Calorie Royal Canin - V\u00e9torino<\/title>\n<meta name=\"description\" content=\"Royal Canin Dog Hypoallergenic Moderate Calorie\u00a0est un aliment complet pour chiens adultes formul\u00e9 pour r\u00e9duire les intol\u00e9rances alimentaires gr\u00e2ce \u00e0 une s\u00e9lection de prot\u00e9ines hydrolis\u00e9es. Utilisation :   Chien sujet aux\u00a0intol\u00e9rances alimentaires  Tendance au surpoids\" \/>\n<meta name=\"robots\" content=\"noindex, nofollow\" \/>\n<meta property=\"og:locale\" content=\"fr_FR\" \/>\n<meta property=\"og:type\" content=\"article\" \/>\n<meta property=\"og:title\" content=\"Veterinary Diet (Royal Canin) Dog Hypoallergenic Moderate Calorie Royal Canin - V\u00e9torino\" \/>\n<meta property=\"og:description\" content=\"Royal Canin Dog Hypoallergenic Moderate Calorie\u00a0est un aliment complet pour chiens adultes formul\u00e9 pour r\u00e9duire les intol\u00e9rances alimentaires gr\u00e2ce \u00e0 une s\u00e9lection de prot\u00e9ines hydrolis\u00e9es. Utilisation :   Chien sujet aux\u00a0intol\u00e9rances alimentaires  Tendance au surpoids\" \/>\n<meta property=\"og:url\" content=\"https:\/\/www.vetorino.com\/veterinaire\/plouzevede-29440\/boutique\/product\/vdiet-dog-hypoallergenic-moderate-energy\/\" \/>\n<meta property=\"og:site_name\" content=\"V\u00e9torino\" \/>\n<meta property=\"article:publisher\" content=\"https:\/\/www.facebook.com\/Vetorino\/\" \/>\n<meta property=\"article:modified_time\" content=\"2025-11-05T14:24:33+00:00\" \/>\n<meta property=\"og:image\" content=\"https:\/\/www.vetorino.com\/boutique\/wp-content\/uploads\/2020\/06\/royal-canin-veterinary-diet-dog-hypoallergenic-mod-calorie-ex-energy.jpg\" \/>\n\t<meta property=\"og:image:width\" content=\"800\" \/>\n\t<meta property=\"og:image:height\" content=\"800\" \/>\n\t<meta property=\"og:image:type\" content=\"image\/jpeg\" \/>\n<meta name=\"twitter:card\" content=\"summary_large_image\" \/>\n<meta name=\"twitter:label1\" content=\"Disponibilit\u00e9\" \/>\n\t<meta name=\"twitter:data1\" content=\"En stock\" \/>\n<script type=\"application\/ld+json\" class=\"yoast-schema-graph\">{\"@context\":\"https:\\\/\\\/schema.org\",\"@graph\":[{\"@type\":\"WebPage\",\"@id\":\"https:\\\/\\\/www.vetorino.com\\\/veterinaire\\\/briancon-05100\\\/boutique\\\/product\\\/vdiet-dog-hypoallergenic-moderate-energy\\\/\",\"url\":\"https:\\\/\\\/www.vetorino.com\\\/veterinaire\\\/briancon-05100\\\/boutique\\\/product\\\/vdiet-dog-hypoallergenic-moderate-energy\\\/\",\"name\":\"Veterinary Diet (Royal Canin) Dog Hypoallergenic Moderate Calorie Royal Canin - V\u00e9torino\",\"isPartOf\":{\"@id\":\"https:\\\/\\\/www.vetorino.com\\\/boutique\\\/#website\"},\"primaryImageOfPage\":{\"@id\":\"https:\\\/\\\/www.vetorino.com\\\/veterinaire\\\/briancon-05100\\\/boutique\\\/product\\\/vdiet-dog-hypoallergenic-moderate-energy\\\/#primaryimage\"},\"image\":{\"@id\":\"https:\\\/\\\/www.vetorino.com\\\/veterinaire\\\/briancon-05100\\\/boutique\\\/product\\\/vdiet-dog-hypoallergenic-moderate-energy\\\/#primaryimage\"},\"thumbnailUrl\":\"https:\\\/\\\/www.vetorino.com\\\/boutique\\\/wp-content\\\/uploads\\\/2020\\\/06\\\/royal-canin-veterinary-diet-dog-hypoallergenic-mod-calorie-ex-energy.jpg\",\"datePublished\":\"2020-03-04T22:10:23+00:00\",\"dateModified\":\"2025-11-05T14:24:33+00:00\",\"description\":\"Royal Canin Dog Hypoallergenic Moderate Calorie\u00a0est un aliment complet pour chiens adultes formul\u00e9 pour r\u00e9duire les intol\u00e9rances alimentaires gr\u00e2ce \u00e0 une s\u00e9lection de prot\u00e9ines hydrolis\u00e9es. Utilisation : Chien sujet aux\u00a0intol\u00e9rances alimentaires Tendance au surpoids\",\"breadcrumb\":{\"@id\":\"https:\\\/\\\/www.vetorino.com\\\/veterinaire\\\/briancon-05100\\\/boutique\\\/product\\\/vdiet-dog-hypoallergenic-moderate-energy\\\/#breadcrumb\"},\"inLanguage\":\"fr-FR\",\"potentialAction\":[{\"@type\":\"ReadAction\",\"target\":[\"https:\\\/\\\/www.vetorino.com\\\/veterinaire\\\/briancon-05100\\\/boutique\\\/product\\\/vdiet-dog-hypoallergenic-moderate-energy\\\/\"]}]},{\"@type\":\"ImageObject\",\"inLanguage\":\"fr-FR\",\"@id\":\"https:\\\/\\\/www.vetorino.com\\\/veterinaire\\\/briancon-05100\\\/boutique\\\/product\\\/vdiet-dog-hypoallergenic-moderate-energy\\\/#primaryimage\",\"url\":\"https:\\\/\\\/www.vetorino.com\\\/boutique\\\/wp-content\\\/uploads\\\/2020\\\/06\\\/royal-canin-veterinary-diet-dog-hypoallergenic-mod-calorie-ex-energy.jpg\",\"contentUrl\":\"https:\\\/\\\/www.vetorino.com\\\/boutique\\\/wp-content\\\/uploads\\\/2020\\\/06\\\/royal-canin-veterinary-diet-dog-hypoallergenic-mod-calorie-ex-energy.jpg\",\"width\":800,\"height\":800},{\"@type\":\"BreadcrumbList\",\"@id\":\"https:\\\/\\\/www.vetorino.com\\\/veterinaire\\\/briancon-05100\\\/boutique\\\/product\\\/vdiet-dog-hypoallergenic-moderate-energy\\\/#breadcrumb\",\"itemListElement\":[{\"@type\":\"ListItem\",\"position\":1,\"name\":\"Accueil\",\"item\":\"https:\\\/\\\/www.vetorino.com\\\/boutique\\\/\"},{\"@type\":\"ListItem\",\"position\":2,\"name\":\"Produits\",\"item\":\"https:\\\/\\\/www.vetorino.com\\\/boutique\\\/\"},{\"@type\":\"ListItem\",\"position\":3,\"name\":\"Dog Hypoallergenic Moderate Calorie\"}]},{\"@type\":\"WebSite\",\"@id\":\"https:\\\/\\\/www.vetorino.com\\\/boutique\\\/#website\",\"url\":\"https:\\\/\\\/www.vetorino.com\\\/boutique\\\/\",\"name\":\"V\u00e9torino\",\"description\":\"\",\"publisher\":{\"@id\":\"https:\\\/\\\/www.vetorino.com\\\/boutique\\\/#organization\"},\"potentialAction\":[{\"@type\":\"SearchAction\",\"target\":{\"@type\":\"EntryPoint\",\"urlTemplate\":\"https:\\\/\\\/www.vetorino.com\\\/boutique\\\/?s={search_term_string}\"},\"query-input\":{\"@type\":\"PropertyValueSpecification\",\"valueRequired\":true,\"valueName\":\"search_term_string\"}}],\"inLanguage\":\"fr-FR\"},{\"@type\":\"Organization\",\"@id\":\"https:\\\/\\\/www.vetorino.com\\\/boutique\\\/#organization\",\"name\":\"V\u00e9torino\",\"url\":\"https:\\\/\\\/www.vetorino.com\\\/boutique\\\/\",\"logo\":{\"@type\":\"ImageObject\",\"inLanguage\":\"fr-FR\",\"@id\":\"https:\\\/\\\/www.vetorino.com\\\/boutique\\\/#\\\/schema\\\/logo\\\/image\\\/\",\"url\":\"https:\\\/\\\/www.vetorino.com\\\/boutique\\\/wp-content\\\/uploads\\\/2024\\\/10\\\/logo.jpg\",\"contentUrl\":\"https:\\\/\\\/www.vetorino.com\\\/boutique\\\/wp-content\\\/uploads\\\/2024\\\/10\\\/logo.jpg\",\"width\":1200,\"height\":610,\"caption\":\"V\u00e9torino\"},\"image\":{\"@id\":\"https:\\\/\\\/www.vetorino.com\\\/boutique\\\/#\\\/schema\\\/logo\\\/image\\\/\"},\"sameAs\":[\"https:\\\/\\\/www.facebook.com\\\/Vetorino\\\/\",\"https:\\\/\\\/www.instagram.com\\\/vetorino_off\\\/\",\"https:\\\/\\\/www.linkedin.com\\\/company\\\/vtorino\\\/\"]}]}<\/script>\n<meta property=\"product:brand\" content=\"Royal Canin\" \/>\n<meta property=\"og:availability\" content=\"instock\" \/>\n<meta property=\"product:availability\" content=\"instock\" \/>\n<meta property=\"product:condition\" content=\"new\" \/>\n<!-- \/ Yoast SEO plugin. -->","yoast_head_json":{"title":"Veterinary Diet (Royal Canin) Dog Hypoallergenic Moderate Calorie Royal Canin - V\u00e9torino","description":"Royal Canin Dog Hypoallergenic Moderate Calorie\u00a0est un aliment complet pour chiens adultes formul\u00e9 pour r\u00e9duire les intol\u00e9rances alimentaires gr\u00e2ce \u00e0 une s\u00e9lection de prot\u00e9ines hydrolis\u00e9es. Utilisation :   Chien sujet aux\u00a0intol\u00e9rances alimentaires  Tendance au surpoids","robots":{"index":"noindex","follow":"nofollow"},"og_locale":"fr_FR","og_type":"article","og_title":"Veterinary Diet (Royal Canin) Dog Hypoallergenic Moderate Calorie Royal Canin - V\u00e9torino","og_description":"Royal Canin Dog Hypoallergenic Moderate Calorie\u00a0est un aliment complet pour chiens adultes formul\u00e9 pour r\u00e9duire les intol\u00e9rances alimentaires gr\u00e2ce \u00e0 une s\u00e9lection de prot\u00e9ines hydrolis\u00e9es. Utilisation :   Chien sujet aux\u00a0intol\u00e9rances alimentaires  Tendance au surpoids","og_url":"https:\/\/www.vetorino.com\/veterinaire\/plouzevede-29440\/boutique\/product\/vdiet-dog-hypoallergenic-moderate-energy\/","og_site_name":"V\u00e9torino","article_publisher":"https:\/\/www.facebook.com\/Vetorino\/","article_modified_time":"2025-11-05T14:24:33+00:00","og_image":[{"width":800,"height":800,"url":"https:\/\/www.vetorino.com\/boutique\/wp-content\/uploads\/2020\/06\/royal-canin-veterinary-diet-dog-hypoallergenic-mod-calorie-ex-energy.jpg","type":"image\/jpeg"}],"twitter_card":"summary_large_image","twitter_misc":{"Disponibilit\u00e9":"En stock"},"schema":{"@context":"https:\/\/schema.org","@graph":[{"@type":"WebPage","@id":"https:\/\/www.vetorino.com\/veterinaire\/briancon-05100\/boutique\/product\/vdiet-dog-hypoallergenic-moderate-energy\/","url":"https:\/\/www.vetorino.com\/veterinaire\/briancon-05100\/boutique\/product\/vdiet-dog-hypoallergenic-moderate-energy\/","name":"Veterinary Diet (Royal Canin) Dog Hypoallergenic Moderate Calorie Royal Canin - V\u00e9torino","isPartOf":{"@id":"https:\/\/www.vetorino.com\/boutique\/#website"},"primaryImageOfPage":{"@id":"https:\/\/www.vetorino.com\/veterinaire\/briancon-05100\/boutique\/product\/vdiet-dog-hypoallergenic-moderate-energy\/#primaryimage"},"image":{"@id":"https:\/\/www.vetorino.com\/veterinaire\/briancon-05100\/boutique\/product\/vdiet-dog-hypoallergenic-moderate-energy\/#primaryimage"},"thumbnailUrl":"https:\/\/www.vetorino.com\/boutique\/wp-content\/uploads\/2020\/06\/royal-canin-veterinary-diet-dog-hypoallergenic-mod-calorie-ex-energy.jpg","datePublished":"2020-03-04T22:10:23+00:00","dateModified":"2025-11-05T14:24:33+00:00","description":"Royal Canin Dog Hypoallergenic Moderate Calorie\u00a0est un aliment complet pour chiens adultes formul\u00e9 pour r\u00e9duire les intol\u00e9rances alimentaires gr\u00e2ce \u00e0 une s\u00e9lection de prot\u00e9ines hydrolis\u00e9es. Utilisation : Chien sujet aux\u00a0intol\u00e9rances alimentaires Tendance au surpoids","breadcrumb":{"@id":"https:\/\/www.vetorino.com\/veterinaire\/briancon-05100\/boutique\/product\/vdiet-dog-hypoallergenic-moderate-energy\/#breadcrumb"},"inLanguage":"fr-FR","potentialAction":[{"@type":"ReadAction","target":["https:\/\/www.vetorino.com\/veterinaire\/briancon-05100\/boutique\/product\/vdiet-dog-hypoallergenic-moderate-energy\/"]}]},{"@type":"ImageObject","inLanguage":"fr-FR","@id":"https:\/\/www.vetorino.com\/veterinaire\/briancon-05100\/boutique\/product\/vdiet-dog-hypoallergenic-moderate-energy\/#primaryimage","url":"https:\/\/www.vetorino.com\/boutique\/wp-content\/uploads\/2020\/06\/royal-canin-veterinary-diet-dog-hypoallergenic-mod-calorie-ex-energy.jpg","contentUrl":"https:\/\/www.vetorino.com\/boutique\/wp-content\/uploads\/2020\/06\/royal-canin-veterinary-diet-dog-hypoallergenic-mod-calorie-ex-energy.jpg","width":800,"height":800},{"@type":"BreadcrumbList","@id":"https:\/\/www.vetorino.com\/veterinaire\/briancon-05100\/boutique\/product\/vdiet-dog-hypoallergenic-moderate-energy\/#breadcrumb","itemListElement":[{"@type":"ListItem","position":1,"name":"Accueil","item":"https:\/\/www.vetorino.com\/boutique\/"},{"@type":"ListItem","position":2,"name":"Produits","item":"https:\/\/www.vetorino.com\/boutique\/"},{"@type":"ListItem","position":3,"name":"Dog Hypoallergenic Moderate Calorie"}]},{"@type":"WebSite","@id":"https:\/\/www.vetorino.com\/boutique\/#website","url":"https:\/\/www.vetorino.com\/boutique\/","name":"V\u00e9torino","description":"","publisher":{"@id":"https:\/\/www.vetorino.com\/boutique\/#organization"},"potentialAction":[{"@type":"SearchAction","target":{"@type":"EntryPoint","urlTemplate":"https:\/\/www.vetorino.com\/boutique\/?s={search_term_string}"},"query-input":{"@type":"PropertyValueSpecification","valueRequired":true,"valueName":"search_term_string"}}],"inLanguage":"fr-FR"},{"@type":"Organization","@id":"https:\/\/www.vetorino.com\/boutique\/#organization","name":"V\u00e9torino","url":"https:\/\/www.vetorino.com\/boutique\/","logo":{"@type":"ImageObject","inLanguage":"fr-FR","@id":"https:\/\/www.vetorino.com\/boutique\/#\/schema\/logo\/image\/","url":"https:\/\/www.vetorino.com\/boutique\/wp-content\/uploads\/2024\/10\/logo.jpg","contentUrl":"https:\/\/www.vetorino.com\/boutique\/wp-content\/uploads\/2024\/10\/logo.jpg","width":1200,"height":610,"caption":"V\u00e9torino"},"image":{"@id":"https:\/\/www.vetorino.com\/boutique\/#\/schema\/logo\/image\/"},"sameAs":["https:\/\/www.facebook.com\/Vetorino\/","https:\/\/www.instagram.com\/vetorino_off\/","https:\/\/www.linkedin.com\/company\/vtorino\/"]}]},"product_brand":"Royal Canin","og_availability":"instock","product_availability":"instock","product_condition":"new"},"_links":{"self":[{"href":"https:\/\/www.vetorino.com\/veterinaire\/plouzevede-29440\/boutique\/wp-json\/wp\/v2\/product\/36788","targetHints":{"allow":["GET"]}}],"collection":[{"href":"https:\/\/www.vetorino.com\/veterinaire\/plouzevede-29440\/boutique\/wp-json\/wp\/v2\/product"}],"about":[{"href":"https:\/\/www.vetorino.com\/veterinaire\/plouzevede-29440\/boutique\/wp-json\/wp\/v2\/types\/product"}],"wp:featuredmedia":[{"embeddable":true,"href":"https:\/\/www.vetorino.com\/veterinaire\/plouzevede-29440\/boutique\/wp-json\/wp\/v2\/media\/590419"}],"wp:attachment":[{"href":"https:\/\/www.vetorino.com\/veterinaire\/plouzevede-29440\/boutique\/wp-json\/wp\/v2\/media?parent=36788"}],"wp:term":[{"taxonomy":"product_cat","embeddable":true,"href":"https:\/\/www.vetorino.com\/veterinaire\/plouzevede-29440\/boutique\/wp-json\/wp\/v2\/product_cat?post=36788"},{"taxonomy":"product_tag","embeddable":true,"href":"https:\/\/www.vetorino.com\/veterinaire\/plouzevede-29440\/boutique\/wp-json\/wp\/v2\/product_tag?post=36788"}],"curies":[{"name":"wp","href":"https:\/\/api.w.org\/{rel}","templated":true}]}}