{"id":38015,"date":"2020-03-04T23:58:00","date_gmt":"2020-03-04T22:58:00","guid":{"rendered":"https:\/\/www.vetorino.com\/boutique\/product\/litiere-chambiose\/"},"modified":"2025-09-29T16:03:48","modified_gmt":"2025-09-29T14:03:48","slug":"litiere-chambiose","status":"publish","type":"product","link":"https:\/\/www.vetorino.com\/veterinaire\/plouzevede-29440\/boutique\/product\/litiere-chambiose\/","title":{"rendered":"Liti\u00e8re en chanvre &#8211; Chambiose"},"content":{"rendered":"<p><span id=\"ctl00_MasterBody_txtCaract\"><strong>Liti\u00e8re v\u00e9g\u00e9tale 100 % biod\u00e9gradable<\/strong>\u00a0<strong>(en chanvre bio) parfaite pour les rongeurs<\/strong>.<\/span><\/p>\n<p>Absoption maxi, Chambiose est une liti\u00e8re issue du d\u00e9fibrage du chanvre industriel bio produit en France.<br \/>\nC&#8217;est une des liti\u00e8res les plus r\u00e9tentrices des odeurs des petits animaux et convient aux animaux les plus fragiles sur le plan respiratoire. Elle a de plus une fonction d&#8217;isolant thermique qui permet \u00e0 votre animal de rester bien au chaud.<\/p>\n<p><strong>Avantages:<br \/>\n<\/strong><\/p>\n<ul>\n<li><strong>Hyper absorbante<\/strong>, elle retient aussi bien les odeurs que les liquides. Elle aborbe jusqu&#8217;\u00e0 5 fois son volume,<\/li>\n<li><strong>Respect de l&#8217;environnement<\/strong>, elle est naturelle, compostable et biod\u00e9gradable \u00e0 100%.<\/li>\n<li>Parfaitement\u00a0<strong>adapt\u00e9e aux rongeurs<\/strong>.<\/li>\n<li><strong>Reste s\u00e8che tr\u00e8s longtemps<\/strong>\u00a0ce qui est source de confort pour votre animal.<\/li>\n<li><strong>Facile d&#8217;entretien<\/strong>, pratique et \u00e9conomique.<\/li>\n<li>Elle a de plus une\u00a0<strong>fonction d&#8217;isolant thermique<\/strong>\u00a0qui permet \u00e0 votre animal de rester bien au chaud.<\/li>\n<\/ul>\n","protected":false},"excerpt":{"rendered":"<p><span id=\"ctl00_MasterBody_txtCaract\"><strong>Liti\u00e8re v\u00e9g\u00e9tale 100 % biod\u00e9gradable<\/strong>\u00a0<strong>(en chanvre bio) parfaite pour les rongeurs<\/strong>.<\/span><\/p>\n<p>Absoption maxi, Chambiose est une liti\u00e8re issue du d\u00e9fibrage du chanvre industriel bio produit en France.<br \/>\nC&#8217;est une des liti\u00e8res les plus r\u00e9tentrices des odeurs des petits animaux et convient aux animaux les plus fragiles sur le plan respiratoire.<\/p>\n","protected":false},"featured_media":825932,"template":"","meta":[],"product_cat":[2744,2816,12563,12625,12626,12627,2727,12570],"product_tag":[],"class_list":{"0":"post-38015","1":"product","2":"type-product","3":"status-publish","4":"has-post-thumbnail","6":"product_cat-furet","7":"product_cat-habitat-du-lapin-et-du-rongeur","8":"product_cat-lapin","9":"product_cat-litiere-pour-furet","10":"product_cat-litiere-pour-lapin","11":"product_cat-litiere-pour-rongeur","12":"product_cat-nac","13":"product_cat-rongeur","14":"pa_marque-chambiose","16":"first","17":"instock","18":"taxable","19":"shipping-taxable","20":"purchasable","21":"product-type-variable"},"yoast_head":"<!-- This site is optimized with the Yoast SEO plugin v27.3 - https:\/\/yoast.com\/product\/yoast-seo-wordpress\/ -->\n<title>Liti\u00e8re en chanvre - Chambiose Chambiose - V\u00e9torino<\/title>\n<meta name=\"description\" content=\"Liti\u00e8re v\u00e9g\u00e9tale 100 % biod\u00e9gradable\u00a0(en chanvre bio) parfaite pour les rongeurs.  Absoption maxi, Chambiose est une liti\u00e8re issue du d\u00e9fibrage du chanvre industriel bio produit en France. C&#039;est une des liti\u00e8res les plus r\u00e9tentrices des odeurs des petits animaux et convient aux animaux les plus fragiles sur le plan respiratoire.\" \/>\n<meta name=\"robots\" content=\"noindex, nofollow\" \/>\n<meta property=\"og:locale\" content=\"fr_FR\" \/>\n<meta property=\"og:type\" content=\"article\" \/>\n<meta property=\"og:title\" content=\"Liti\u00e8re en chanvre - Chambiose Chambiose - V\u00e9torino\" \/>\n<meta property=\"og:description\" content=\"Liti\u00e8re v\u00e9g\u00e9tale 100 % biod\u00e9gradable\u00a0(en chanvre bio) parfaite pour les rongeurs.  Absoption maxi, Chambiose est une liti\u00e8re issue du d\u00e9fibrage du chanvre industriel bio produit en France. C&#039;est une des liti\u00e8res les plus r\u00e9tentrices des odeurs des petits animaux et convient aux animaux les plus fragiles sur le plan respiratoire.\" \/>\n<meta property=\"og:url\" content=\"https:\/\/www.vetorino.com\/veterinaire\/plouzevede-29440\/boutique\/product\/litiere-chambiose\/\" \/>\n<meta property=\"og:site_name\" content=\"V\u00e9torino\" \/>\n<meta property=\"article:publisher\" content=\"https:\/\/www.facebook.com\/Vetorino\/\" \/>\n<meta property=\"article:modified_time\" content=\"2025-09-29T14:03:48+00:00\" \/>\n<meta property=\"og:image\" content=\"https:\/\/www.vetorino.com\/boutique\/wp-content\/uploads\/2020\/03\/litiere-en-chanvre-chambiose.webp\" \/>\n\t<meta property=\"og:image:width\" content=\"540\" \/>\n\t<meta property=\"og:image:height\" content=\"540\" \/>\n\t<meta property=\"og:image:type\" content=\"image\/webp\" \/>\n<meta name=\"twitter:card\" content=\"summary_large_image\" \/>\n<meta name=\"twitter:label1\" content=\"Disponibilit\u00e9\" \/>\n\t<meta name=\"twitter:data1\" content=\"En stock\" \/>\n<script type=\"application\/ld+json\" class=\"yoast-schema-graph\">{\"@context\":\"https:\\\/\\\/schema.org\",\"@graph\":[{\"@type\":\"WebPage\",\"@id\":\"https:\\\/\\\/www.vetorino.com\\\/boutique\\\/product\\\/litiere-chambiose\\\/\",\"url\":\"https:\\\/\\\/www.vetorino.com\\\/boutique\\\/product\\\/litiere-chambiose\\\/\",\"name\":\"Liti\u00e8re en chanvre - Chambiose Chambiose - V\u00e9torino\",\"isPartOf\":{\"@id\":\"https:\\\/\\\/www.vetorino.com\\\/boutique\\\/#website\"},\"primaryImageOfPage\":{\"@id\":\"https:\\\/\\\/www.vetorino.com\\\/boutique\\\/product\\\/litiere-chambiose\\\/#primaryimage\"},\"image\":{\"@id\":\"https:\\\/\\\/www.vetorino.com\\\/boutique\\\/product\\\/litiere-chambiose\\\/#primaryimage\"},\"thumbnailUrl\":\"https:\\\/\\\/www.vetorino.com\\\/boutique\\\/wp-content\\\/uploads\\\/2020\\\/03\\\/litiere-en-chanvre-chambiose.webp\",\"datePublished\":\"2020-03-04T22:58:00+00:00\",\"dateModified\":\"2025-09-29T14:03:48+00:00\",\"description\":\"Liti\u00e8re v\u00e9g\u00e9tale 100 % biod\u00e9gradable\u00a0(en chanvre bio) parfaite pour les rongeurs. Absoption maxi, Chambiose est une liti\u00e8re issue du d\u00e9fibrage du chanvre industriel bio produit en France. C'est une des liti\u00e8res les plus r\u00e9tentrices des odeurs des petits animaux et convient aux animaux les plus fragiles sur le plan respiratoire.\",\"breadcrumb\":{\"@id\":\"https:\\\/\\\/www.vetorino.com\\\/boutique\\\/product\\\/litiere-chambiose\\\/#breadcrumb\"},\"inLanguage\":\"fr-FR\",\"potentialAction\":[{\"@type\":\"ReadAction\",\"target\":[\"https:\\\/\\\/www.vetorino.com\\\/boutique\\\/product\\\/litiere-chambiose\\\/\"]}]},{\"@type\":\"ImageObject\",\"inLanguage\":\"fr-FR\",\"@id\":\"https:\\\/\\\/www.vetorino.com\\\/boutique\\\/product\\\/litiere-chambiose\\\/#primaryimage\",\"url\":\"https:\\\/\\\/www.vetorino.com\\\/boutique\\\/wp-content\\\/uploads\\\/2020\\\/03\\\/litiere-en-chanvre-chambiose.webp\",\"contentUrl\":\"https:\\\/\\\/www.vetorino.com\\\/boutique\\\/wp-content\\\/uploads\\\/2020\\\/03\\\/litiere-en-chanvre-chambiose.webp\",\"width\":540,\"height\":540},{\"@type\":\"BreadcrumbList\",\"@id\":\"https:\\\/\\\/www.vetorino.com\\\/boutique\\\/product\\\/litiere-chambiose\\\/#breadcrumb\",\"itemListElement\":[{\"@type\":\"ListItem\",\"position\":1,\"name\":\"Accueil\",\"item\":\"https:\\\/\\\/www.vetorino.com\\\/boutique\\\/\"},{\"@type\":\"ListItem\",\"position\":2,\"name\":\"Produits\",\"item\":\"https:\\\/\\\/www.vetorino.com\\\/boutique\\\/\"},{\"@type\":\"ListItem\",\"position\":3,\"name\":\"Liti\u00e8re en chanvre &#8211; Chambiose\"}]},{\"@type\":\"WebSite\",\"@id\":\"https:\\\/\\\/www.vetorino.com\\\/boutique\\\/#website\",\"url\":\"https:\\\/\\\/www.vetorino.com\\\/boutique\\\/\",\"name\":\"V\u00e9torino\",\"description\":\"\",\"publisher\":{\"@id\":\"https:\\\/\\\/www.vetorino.com\\\/boutique\\\/#organization\"},\"potentialAction\":[{\"@type\":\"SearchAction\",\"target\":{\"@type\":\"EntryPoint\",\"urlTemplate\":\"https:\\\/\\\/www.vetorino.com\\\/boutique\\\/?s={search_term_string}\"},\"query-input\":{\"@type\":\"PropertyValueSpecification\",\"valueRequired\":true,\"valueName\":\"search_term_string\"}}],\"inLanguage\":\"fr-FR\"},{\"@type\":\"Organization\",\"@id\":\"https:\\\/\\\/www.vetorino.com\\\/boutique\\\/#organization\",\"name\":\"V\u00e9torino\",\"url\":\"https:\\\/\\\/www.vetorino.com\\\/boutique\\\/\",\"logo\":{\"@type\":\"ImageObject\",\"inLanguage\":\"fr-FR\",\"@id\":\"https:\\\/\\\/www.vetorino.com\\\/boutique\\\/#\\\/schema\\\/logo\\\/image\\\/\",\"url\":\"https:\\\/\\\/www.vetorino.com\\\/boutique\\\/wp-content\\\/uploads\\\/2024\\\/10\\\/logo.jpg\",\"contentUrl\":\"https:\\\/\\\/www.vetorino.com\\\/boutique\\\/wp-content\\\/uploads\\\/2024\\\/10\\\/logo.jpg\",\"width\":1200,\"height\":610,\"caption\":\"V\u00e9torino\"},\"image\":{\"@id\":\"https:\\\/\\\/www.vetorino.com\\\/boutique\\\/#\\\/schema\\\/logo\\\/image\\\/\"},\"sameAs\":[\"https:\\\/\\\/www.facebook.com\\\/Vetorino\\\/\",\"https:\\\/\\\/www.instagram.com\\\/vetorino_off\\\/\",\"https:\\\/\\\/www.linkedin.com\\\/company\\\/vtorino\\\/\"]}]}<\/script>\n<meta property=\"product:brand\" content=\"Chambiose\" \/>\n<meta property=\"og:availability\" content=\"instock\" \/>\n<meta property=\"product:availability\" content=\"instock\" \/>\n<meta property=\"product:condition\" content=\"new\" \/>\n<!-- \/ Yoast SEO plugin. -->","yoast_head_json":{"title":"Liti\u00e8re en chanvre - Chambiose Chambiose - V\u00e9torino","description":"Liti\u00e8re v\u00e9g\u00e9tale 100 % biod\u00e9gradable\u00a0(en chanvre bio) parfaite pour les rongeurs.  Absoption maxi, Chambiose est une liti\u00e8re issue du d\u00e9fibrage du chanvre industriel bio produit en France. C'est une des liti\u00e8res les plus r\u00e9tentrices des odeurs des petits animaux et convient aux animaux les plus fragiles sur le plan respiratoire.","robots":{"index":"noindex","follow":"nofollow"},"og_locale":"fr_FR","og_type":"article","og_title":"Liti\u00e8re en chanvre - Chambiose Chambiose - V\u00e9torino","og_description":"Liti\u00e8re v\u00e9g\u00e9tale 100 % biod\u00e9gradable\u00a0(en chanvre bio) parfaite pour les rongeurs.  Absoption maxi, Chambiose est une liti\u00e8re issue du d\u00e9fibrage du chanvre industriel bio produit en France. C'est une des liti\u00e8res les plus r\u00e9tentrices des odeurs des petits animaux et convient aux animaux les plus fragiles sur le plan respiratoire.","og_url":"https:\/\/www.vetorino.com\/veterinaire\/plouzevede-29440\/boutique\/product\/litiere-chambiose\/","og_site_name":"V\u00e9torino","article_publisher":"https:\/\/www.facebook.com\/Vetorino\/","article_modified_time":"2025-09-29T14:03:48+00:00","og_image":[{"width":540,"height":540,"url":"https:\/\/www.vetorino.com\/boutique\/wp-content\/uploads\/2020\/03\/litiere-en-chanvre-chambiose.webp","type":"image\/webp"}],"twitter_card":"summary_large_image","twitter_misc":{"Disponibilit\u00e9":"En stock"},"schema":{"@context":"https:\/\/schema.org","@graph":[{"@type":"WebPage","@id":"https:\/\/www.vetorino.com\/boutique\/product\/litiere-chambiose\/","url":"https:\/\/www.vetorino.com\/boutique\/product\/litiere-chambiose\/","name":"Liti\u00e8re en chanvre - Chambiose Chambiose - V\u00e9torino","isPartOf":{"@id":"https:\/\/www.vetorino.com\/boutique\/#website"},"primaryImageOfPage":{"@id":"https:\/\/www.vetorino.com\/boutique\/product\/litiere-chambiose\/#primaryimage"},"image":{"@id":"https:\/\/www.vetorino.com\/boutique\/product\/litiere-chambiose\/#primaryimage"},"thumbnailUrl":"https:\/\/www.vetorino.com\/boutique\/wp-content\/uploads\/2020\/03\/litiere-en-chanvre-chambiose.webp","datePublished":"2020-03-04T22:58:00+00:00","dateModified":"2025-09-29T14:03:48+00:00","description":"Liti\u00e8re v\u00e9g\u00e9tale 100 % biod\u00e9gradable\u00a0(en chanvre bio) parfaite pour les rongeurs. Absoption maxi, Chambiose est une liti\u00e8re issue du d\u00e9fibrage du chanvre industriel bio produit en France. C'est une des liti\u00e8res les plus r\u00e9tentrices des odeurs des petits animaux et convient aux animaux les plus fragiles sur le plan respiratoire.","breadcrumb":{"@id":"https:\/\/www.vetorino.com\/boutique\/product\/litiere-chambiose\/#breadcrumb"},"inLanguage":"fr-FR","potentialAction":[{"@type":"ReadAction","target":["https:\/\/www.vetorino.com\/boutique\/product\/litiere-chambiose\/"]}]},{"@type":"ImageObject","inLanguage":"fr-FR","@id":"https:\/\/www.vetorino.com\/boutique\/product\/litiere-chambiose\/#primaryimage","url":"https:\/\/www.vetorino.com\/boutique\/wp-content\/uploads\/2020\/03\/litiere-en-chanvre-chambiose.webp","contentUrl":"https:\/\/www.vetorino.com\/boutique\/wp-content\/uploads\/2020\/03\/litiere-en-chanvre-chambiose.webp","width":540,"height":540},{"@type":"BreadcrumbList","@id":"https:\/\/www.vetorino.com\/boutique\/product\/litiere-chambiose\/#breadcrumb","itemListElement":[{"@type":"ListItem","position":1,"name":"Accueil","item":"https:\/\/www.vetorino.com\/boutique\/"},{"@type":"ListItem","position":2,"name":"Produits","item":"https:\/\/www.vetorino.com\/boutique\/"},{"@type":"ListItem","position":3,"name":"Liti\u00e8re en chanvre &#8211; Chambiose"}]},{"@type":"WebSite","@id":"https:\/\/www.vetorino.com\/boutique\/#website","url":"https:\/\/www.vetorino.com\/boutique\/","name":"V\u00e9torino","description":"","publisher":{"@id":"https:\/\/www.vetorino.com\/boutique\/#organization"},"potentialAction":[{"@type":"SearchAction","target":{"@type":"EntryPoint","urlTemplate":"https:\/\/www.vetorino.com\/boutique\/?s={search_term_string}"},"query-input":{"@type":"PropertyValueSpecification","valueRequired":true,"valueName":"search_term_string"}}],"inLanguage":"fr-FR"},{"@type":"Organization","@id":"https:\/\/www.vetorino.com\/boutique\/#organization","name":"V\u00e9torino","url":"https:\/\/www.vetorino.com\/boutique\/","logo":{"@type":"ImageObject","inLanguage":"fr-FR","@id":"https:\/\/www.vetorino.com\/boutique\/#\/schema\/logo\/image\/","url":"https:\/\/www.vetorino.com\/boutique\/wp-content\/uploads\/2024\/10\/logo.jpg","contentUrl":"https:\/\/www.vetorino.com\/boutique\/wp-content\/uploads\/2024\/10\/logo.jpg","width":1200,"height":610,"caption":"V\u00e9torino"},"image":{"@id":"https:\/\/www.vetorino.com\/boutique\/#\/schema\/logo\/image\/"},"sameAs":["https:\/\/www.facebook.com\/Vetorino\/","https:\/\/www.instagram.com\/vetorino_off\/","https:\/\/www.linkedin.com\/company\/vtorino\/"]}]},"product_brand":"Chambiose","og_availability":"instock","product_availability":"instock","product_condition":"new"},"_links":{"self":[{"href":"https:\/\/www.vetorino.com\/veterinaire\/plouzevede-29440\/boutique\/wp-json\/wp\/v2\/product\/38015","targetHints":{"allow":["GET"]}}],"collection":[{"href":"https:\/\/www.vetorino.com\/veterinaire\/plouzevede-29440\/boutique\/wp-json\/wp\/v2\/product"}],"about":[{"href":"https:\/\/www.vetorino.com\/veterinaire\/plouzevede-29440\/boutique\/wp-json\/wp\/v2\/types\/product"}],"wp:featuredmedia":[{"embeddable":true,"href":"https:\/\/www.vetorino.com\/veterinaire\/plouzevede-29440\/boutique\/wp-json\/wp\/v2\/media\/825932"}],"wp:attachment":[{"href":"https:\/\/www.vetorino.com\/veterinaire\/plouzevede-29440\/boutique\/wp-json\/wp\/v2\/media?parent=38015"}],"wp:term":[{"taxonomy":"product_cat","embeddable":true,"href":"https:\/\/www.vetorino.com\/veterinaire\/plouzevede-29440\/boutique\/wp-json\/wp\/v2\/product_cat?post=38015"},{"taxonomy":"product_tag","embeddable":true,"href":"https:\/\/www.vetorino.com\/veterinaire\/plouzevede-29440\/boutique\/wp-json\/wp\/v2\/product_tag?post=38015"}],"curies":[{"name":"wp","href":"https:\/\/api.w.org\/{rel}","templated":true}]}}