{"id":38048,"date":"2020-03-04T23:58:11","date_gmt":"2020-03-04T22:58:11","guid":{"rendered":"https:\/\/www.vetorino.com\/boutique\/product\/vet-line-cobaye-respiratoire\/"},"modified":"2023-04-12T10:26:56","modified_gmt":"2023-04-12T08:26:56","slug":"vet-line-cobaye-respiratoire","status":"publish","type":"product","link":"https:\/\/www.vetorino.com\/veterinaire\/plouzevede-29440\/boutique\/product\/vet-line-cobaye-respiratoire\/","title":{"rendered":"Cobaye Respiratory"},"content":{"rendered":"<p>Aliment \u00e9quilibr\u00e9 contenant un foin de qualit\u00e9 et des plantes qui concourt \u00e0 la sant\u00e9 du syst\u00e8me respiratoire du Cobaye.<br \/>\n&#8211; Effets de soutien au traitement de la toux et des inflammations du syst\u00e8me respiratoire.<br \/>\n&#8211; Peut \u00eatre utilis\u00e9 sur le long terme sans aucun effet secondaire.<br \/>\n&#8211; La s\u00e9lection, la qualit\u00e9 et la fra\u00eecheur des plantes et composants participent \u00e0 l&#8217;app\u00e9tence.<\/p>\n<p>&nbsp;<\/p>\n<p>Foin, farine de tournesol, bl\u00e9 complet, guimauve, marrube blanc, tussilage, fleurs d&#8217;oranger, hysope, orge, pr\u00e9biotiques et probiotiques, luzerne, mol\u00e8ne, bouleau verruqueux.<\/p>\n","protected":false},"excerpt":{"rendered":"<p>Aliment \u00e9quilibr\u00e9 contenant un foin de qualit\u00e9 et des plantes qui concourt \u00e0 la sant\u00e9 du syst\u00e8me respiratoire du Cobaye.<br \/>\n&#8211; Effets de soutien au traitement de la toux et des inflammations du syst\u00e8me respiratoire.<br \/>\n&#8211; Peut \u00eatre utilis\u00e9 sur le long terme sans aucun effet secondaire.<br \/>\n&#8211; La s\u00e9lection, la qualit\u00e9 et la fra\u00eecheur des plantes et composants participent \u00e0 l&#8217;app\u00e9tence.<\/p>\n","protected":false},"featured_media":593545,"template":"","meta":[],"product_cat":[12580,12661,6891,2727,12570],"product_tag":[],"class_list":{"0":"post-38048","1":"product","2":"type-product","3":"status-publish","4":"has-post-thumbnail","6":"product_cat-alimentation-du-rongeur","7":"product_cat-alimentation-medicalisee-pour-rongeur","8":"product_cat-cobayes","9":"product_cat-nac","10":"product_cat-rongeur","11":"pa_marque-cunipic","13":"first","14":"outofstock","15":"taxable","16":"shipping-taxable","17":"purchasable","18":"product-type-simple"},"yoast_head":"<!-- This site is optimized with the Yoast SEO plugin v27.3 - https:\/\/yoast.com\/product\/yoast-seo-wordpress\/ -->\n<title>Cunipic Vetline Cobaye Respiratory Cunipic - V\u00e9torino<\/title>\n<meta name=\"description\" content=\"Aliment \u00e9quilibr\u00e9 contenant un foin de qualit\u00e9 et des plantes qui concourt \u00e0 la sant\u00e9 du syst\u00e8me respiratoire du Cobaye. - Effets de soutien au traitement de la toux et des inflammations du syst\u00e8me respiratoire. - Peut \u00eatre utilis\u00e9 sur le long terme sans aucun effet secondaire. - La s\u00e9lection, la qualit\u00e9 et la fra\u00eecheur des plantes et composants participent \u00e0 l&#039;app\u00e9tence.\" \/>\n<meta name=\"robots\" content=\"noindex, nofollow\" \/>\n<meta property=\"og:locale\" content=\"fr_FR\" \/>\n<meta property=\"og:type\" content=\"article\" \/>\n<meta property=\"og:title\" content=\"Cunipic Vetline Cobaye Respiratory Cunipic - V\u00e9torino\" \/>\n<meta property=\"og:description\" content=\"Aliment \u00e9quilibr\u00e9 contenant un foin de qualit\u00e9 et des plantes qui concourt \u00e0 la sant\u00e9 du syst\u00e8me respiratoire du Cobaye. - Effets de soutien au traitement de la toux et des inflammations du syst\u00e8me respiratoire. - Peut \u00eatre utilis\u00e9 sur le long terme sans aucun effet secondaire. - La s\u00e9lection, la qualit\u00e9 et la fra\u00eecheur des plantes et composants participent \u00e0 l&#039;app\u00e9tence.\" \/>\n<meta property=\"og:url\" content=\"https:\/\/www.vetorino.com\/veterinaire\/plouzevede-29440\/boutique\/product\/vet-line-cobaye-respiratoire\/\" \/>\n<meta property=\"og:site_name\" content=\"V\u00e9torino\" \/>\n<meta property=\"article:publisher\" content=\"https:\/\/www.facebook.com\/Vetorino\/\" \/>\n<meta property=\"article:modified_time\" content=\"2023-04-12T08:26:56+00:00\" \/>\n<meta property=\"og:image\" content=\"https:\/\/www.vetorino.com\/boutique\/wp-content\/uploads\/2020\/10\/cunipic-vetline-cobaye-respiratory.jpg\" \/>\n\t<meta property=\"og:image:width\" content=\"800\" \/>\n\t<meta property=\"og:image:height\" content=\"800\" \/>\n\t<meta property=\"og:image:type\" content=\"image\/jpeg\" \/>\n<meta name=\"twitter:card\" content=\"summary_large_image\" \/>\n<meta name=\"twitter:label1\" content=\"Prix\" \/>\n\t<meta name=\"twitter:data1\" content=\"15,15&euro;\" \/>\n\t<meta name=\"twitter:label2\" content=\"Disponibilit\u00e9\" \/>\n\t<meta name=\"twitter:data2\" content=\"Rupture de stock\" \/>\n<script type=\"application\/ld+json\" class=\"yoast-schema-graph\">{\"@context\":\"https:\\\/\\\/schema.org\",\"@graph\":[{\"@type\":\"WebPage\",\"@id\":\"https:\\\/\\\/www.vetorino.com\\\/boutique\\\/product\\\/vet-line-cobaye-respiratoire\\\/\",\"url\":\"https:\\\/\\\/www.vetorino.com\\\/boutique\\\/product\\\/vet-line-cobaye-respiratoire\\\/\",\"name\":\"Cunipic Vetline Cobaye Respiratory Cunipic - V\u00e9torino\",\"isPartOf\":{\"@id\":\"https:\\\/\\\/www.vetorino.com\\\/boutique\\\/#website\"},\"primaryImageOfPage\":{\"@id\":\"https:\\\/\\\/www.vetorino.com\\\/boutique\\\/product\\\/vet-line-cobaye-respiratoire\\\/#primaryimage\"},\"image\":{\"@id\":\"https:\\\/\\\/www.vetorino.com\\\/boutique\\\/product\\\/vet-line-cobaye-respiratoire\\\/#primaryimage\"},\"thumbnailUrl\":\"https:\\\/\\\/www.vetorino.com\\\/boutique\\\/wp-content\\\/uploads\\\/2020\\\/10\\\/cunipic-vetline-cobaye-respiratory.jpg\",\"datePublished\":\"2020-03-04T22:58:11+00:00\",\"dateModified\":\"2023-04-12T08:26:56+00:00\",\"description\":\"Aliment \u00e9quilibr\u00e9 contenant un foin de qualit\u00e9 et des plantes qui concourt \u00e0 la sant\u00e9 du syst\u00e8me respiratoire du Cobaye. - Effets de soutien au traitement de la toux et des inflammations du syst\u00e8me respiratoire. - Peut \u00eatre utilis\u00e9 sur le long terme sans aucun effet secondaire. - La s\u00e9lection, la qualit\u00e9 et la fra\u00eecheur des plantes et composants participent \u00e0 l'app\u00e9tence.\",\"breadcrumb\":{\"@id\":\"https:\\\/\\\/www.vetorino.com\\\/boutique\\\/product\\\/vet-line-cobaye-respiratoire\\\/#breadcrumb\"},\"inLanguage\":\"fr-FR\",\"potentialAction\":[{\"@type\":\"ReadAction\",\"target\":[\"https:\\\/\\\/www.vetorino.com\\\/boutique\\\/product\\\/vet-line-cobaye-respiratoire\\\/\"]}]},{\"@type\":\"ImageObject\",\"inLanguage\":\"fr-FR\",\"@id\":\"https:\\\/\\\/www.vetorino.com\\\/boutique\\\/product\\\/vet-line-cobaye-respiratoire\\\/#primaryimage\",\"url\":\"https:\\\/\\\/www.vetorino.com\\\/boutique\\\/wp-content\\\/uploads\\\/2020\\\/10\\\/cunipic-vetline-cobaye-respiratory.jpg\",\"contentUrl\":\"https:\\\/\\\/www.vetorino.com\\\/boutique\\\/wp-content\\\/uploads\\\/2020\\\/10\\\/cunipic-vetline-cobaye-respiratory.jpg\",\"width\":800,\"height\":800},{\"@type\":\"BreadcrumbList\",\"@id\":\"https:\\\/\\\/www.vetorino.com\\\/boutique\\\/product\\\/vet-line-cobaye-respiratoire\\\/#breadcrumb\",\"itemListElement\":[{\"@type\":\"ListItem\",\"position\":1,\"name\":\"Accueil\",\"item\":\"https:\\\/\\\/www.vetorino.com\\\/boutique\\\/\"},{\"@type\":\"ListItem\",\"position\":2,\"name\":\"Produits\",\"item\":\"https:\\\/\\\/www.vetorino.com\\\/boutique\\\/\"},{\"@type\":\"ListItem\",\"position\":3,\"name\":\"Cobaye Respiratory\"}]},{\"@type\":\"WebSite\",\"@id\":\"https:\\\/\\\/www.vetorino.com\\\/boutique\\\/#website\",\"url\":\"https:\\\/\\\/www.vetorino.com\\\/boutique\\\/\",\"name\":\"V\u00e9torino\",\"description\":\"\",\"publisher\":{\"@id\":\"https:\\\/\\\/www.vetorino.com\\\/boutique\\\/#organization\"},\"potentialAction\":[{\"@type\":\"SearchAction\",\"target\":{\"@type\":\"EntryPoint\",\"urlTemplate\":\"https:\\\/\\\/www.vetorino.com\\\/boutique\\\/?s={search_term_string}\"},\"query-input\":{\"@type\":\"PropertyValueSpecification\",\"valueRequired\":true,\"valueName\":\"search_term_string\"}}],\"inLanguage\":\"fr-FR\"},{\"@type\":\"Organization\",\"@id\":\"https:\\\/\\\/www.vetorino.com\\\/boutique\\\/#organization\",\"name\":\"V\u00e9torino\",\"url\":\"https:\\\/\\\/www.vetorino.com\\\/boutique\\\/\",\"logo\":{\"@type\":\"ImageObject\",\"inLanguage\":\"fr-FR\",\"@id\":\"https:\\\/\\\/www.vetorino.com\\\/boutique\\\/#\\\/schema\\\/logo\\\/image\\\/\",\"url\":\"https:\\\/\\\/www.vetorino.com\\\/boutique\\\/wp-content\\\/uploads\\\/2024\\\/10\\\/logo.jpg\",\"contentUrl\":\"https:\\\/\\\/www.vetorino.com\\\/boutique\\\/wp-content\\\/uploads\\\/2024\\\/10\\\/logo.jpg\",\"width\":1200,\"height\":610,\"caption\":\"V\u00e9torino\"},\"image\":{\"@id\":\"https:\\\/\\\/www.vetorino.com\\\/boutique\\\/#\\\/schema\\\/logo\\\/image\\\/\"},\"sameAs\":[\"https:\\\/\\\/www.facebook.com\\\/Vetorino\\\/\",\"https:\\\/\\\/www.instagram.com\\\/vetorino_off\\\/\",\"https:\\\/\\\/www.linkedin.com\\\/company\\\/vtorino\\\/\"]}]}<\/script>\n<meta property=\"product:brand\" content=\"Cunipic\" \/>\n<meta property=\"product:price:amount\" content=\"15.15\" \/>\n<meta property=\"product:price:currency\" content=\"EUR\" \/>\n<meta property=\"og:availability\" content=\"out of stock\" \/>\n<meta property=\"product:availability\" content=\"out of stock\" \/>\n<meta property=\"product:retailer_item_id\" content=\"A-8113123\" \/>\n<meta property=\"product:condition\" content=\"new\" \/>\n<!-- \/ Yoast SEO plugin. -->","yoast_head_json":{"title":"Cunipic Vetline Cobaye Respiratory Cunipic - V\u00e9torino","description":"Aliment \u00e9quilibr\u00e9 contenant un foin de qualit\u00e9 et des plantes qui concourt \u00e0 la sant\u00e9 du syst\u00e8me respiratoire du Cobaye. - Effets de soutien au traitement de la toux et des inflammations du syst\u00e8me respiratoire. - Peut \u00eatre utilis\u00e9 sur le long terme sans aucun effet secondaire. - La s\u00e9lection, la qualit\u00e9 et la fra\u00eecheur des plantes et composants participent \u00e0 l'app\u00e9tence.","robots":{"index":"noindex","follow":"nofollow"},"og_locale":"fr_FR","og_type":"article","og_title":"Cunipic Vetline Cobaye Respiratory Cunipic - V\u00e9torino","og_description":"Aliment \u00e9quilibr\u00e9 contenant un foin de qualit\u00e9 et des plantes qui concourt \u00e0 la sant\u00e9 du syst\u00e8me respiratoire du Cobaye. - Effets de soutien au traitement de la toux et des inflammations du syst\u00e8me respiratoire. - Peut \u00eatre utilis\u00e9 sur le long terme sans aucun effet secondaire. - La s\u00e9lection, la qualit\u00e9 et la fra\u00eecheur des plantes et composants participent \u00e0 l'app\u00e9tence.","og_url":"https:\/\/www.vetorino.com\/veterinaire\/plouzevede-29440\/boutique\/product\/vet-line-cobaye-respiratoire\/","og_site_name":"V\u00e9torino","article_publisher":"https:\/\/www.facebook.com\/Vetorino\/","article_modified_time":"2023-04-12T08:26:56+00:00","og_image":[{"width":800,"height":800,"url":"https:\/\/www.vetorino.com\/boutique\/wp-content\/uploads\/2020\/10\/cunipic-vetline-cobaye-respiratory.jpg","type":"image\/jpeg"}],"twitter_card":"summary_large_image","twitter_misc":{"Prix":"15,15&euro;","Disponibilit\u00e9":"Rupture de stock"},"schema":{"@context":"https:\/\/schema.org","@graph":[{"@type":"WebPage","@id":"https:\/\/www.vetorino.com\/boutique\/product\/vet-line-cobaye-respiratoire\/","url":"https:\/\/www.vetorino.com\/boutique\/product\/vet-line-cobaye-respiratoire\/","name":"Cunipic Vetline Cobaye Respiratory Cunipic - V\u00e9torino","isPartOf":{"@id":"https:\/\/www.vetorino.com\/boutique\/#website"},"primaryImageOfPage":{"@id":"https:\/\/www.vetorino.com\/boutique\/product\/vet-line-cobaye-respiratoire\/#primaryimage"},"image":{"@id":"https:\/\/www.vetorino.com\/boutique\/product\/vet-line-cobaye-respiratoire\/#primaryimage"},"thumbnailUrl":"https:\/\/www.vetorino.com\/boutique\/wp-content\/uploads\/2020\/10\/cunipic-vetline-cobaye-respiratory.jpg","datePublished":"2020-03-04T22:58:11+00:00","dateModified":"2023-04-12T08:26:56+00:00","description":"Aliment \u00e9quilibr\u00e9 contenant un foin de qualit\u00e9 et des plantes qui concourt \u00e0 la sant\u00e9 du syst\u00e8me respiratoire du Cobaye. - Effets de soutien au traitement de la toux et des inflammations du syst\u00e8me respiratoire. - Peut \u00eatre utilis\u00e9 sur le long terme sans aucun effet secondaire. - La s\u00e9lection, la qualit\u00e9 et la fra\u00eecheur des plantes et composants participent \u00e0 l'app\u00e9tence.","breadcrumb":{"@id":"https:\/\/www.vetorino.com\/boutique\/product\/vet-line-cobaye-respiratoire\/#breadcrumb"},"inLanguage":"fr-FR","potentialAction":[{"@type":"ReadAction","target":["https:\/\/www.vetorino.com\/boutique\/product\/vet-line-cobaye-respiratoire\/"]}]},{"@type":"ImageObject","inLanguage":"fr-FR","@id":"https:\/\/www.vetorino.com\/boutique\/product\/vet-line-cobaye-respiratoire\/#primaryimage","url":"https:\/\/www.vetorino.com\/boutique\/wp-content\/uploads\/2020\/10\/cunipic-vetline-cobaye-respiratory.jpg","contentUrl":"https:\/\/www.vetorino.com\/boutique\/wp-content\/uploads\/2020\/10\/cunipic-vetline-cobaye-respiratory.jpg","width":800,"height":800},{"@type":"BreadcrumbList","@id":"https:\/\/www.vetorino.com\/boutique\/product\/vet-line-cobaye-respiratoire\/#breadcrumb","itemListElement":[{"@type":"ListItem","position":1,"name":"Accueil","item":"https:\/\/www.vetorino.com\/boutique\/"},{"@type":"ListItem","position":2,"name":"Produits","item":"https:\/\/www.vetorino.com\/boutique\/"},{"@type":"ListItem","position":3,"name":"Cobaye Respiratory"}]},{"@type":"WebSite","@id":"https:\/\/www.vetorino.com\/boutique\/#website","url":"https:\/\/www.vetorino.com\/boutique\/","name":"V\u00e9torino","description":"","publisher":{"@id":"https:\/\/www.vetorino.com\/boutique\/#organization"},"potentialAction":[{"@type":"SearchAction","target":{"@type":"EntryPoint","urlTemplate":"https:\/\/www.vetorino.com\/boutique\/?s={search_term_string}"},"query-input":{"@type":"PropertyValueSpecification","valueRequired":true,"valueName":"search_term_string"}}],"inLanguage":"fr-FR"},{"@type":"Organization","@id":"https:\/\/www.vetorino.com\/boutique\/#organization","name":"V\u00e9torino","url":"https:\/\/www.vetorino.com\/boutique\/","logo":{"@type":"ImageObject","inLanguage":"fr-FR","@id":"https:\/\/www.vetorino.com\/boutique\/#\/schema\/logo\/image\/","url":"https:\/\/www.vetorino.com\/boutique\/wp-content\/uploads\/2024\/10\/logo.jpg","contentUrl":"https:\/\/www.vetorino.com\/boutique\/wp-content\/uploads\/2024\/10\/logo.jpg","width":1200,"height":610,"caption":"V\u00e9torino"},"image":{"@id":"https:\/\/www.vetorino.com\/boutique\/#\/schema\/logo\/image\/"},"sameAs":["https:\/\/www.facebook.com\/Vetorino\/","https:\/\/www.instagram.com\/vetorino_off\/","https:\/\/www.linkedin.com\/company\/vtorino\/"]}]},"product_brand":"Cunipic","product_price_amount":"15.15","product_price_currency":"EUR","og_availability":"out of stock","product_availability":"out of stock","product_retailer_item_id":"A-8113123","product_condition":"new"},"_links":{"self":[{"href":"https:\/\/www.vetorino.com\/veterinaire\/plouzevede-29440\/boutique\/wp-json\/wp\/v2\/product\/38048","targetHints":{"allow":["GET"]}}],"collection":[{"href":"https:\/\/www.vetorino.com\/veterinaire\/plouzevede-29440\/boutique\/wp-json\/wp\/v2\/product"}],"about":[{"href":"https:\/\/www.vetorino.com\/veterinaire\/plouzevede-29440\/boutique\/wp-json\/wp\/v2\/types\/product"}],"wp:featuredmedia":[{"embeddable":true,"href":"https:\/\/www.vetorino.com\/veterinaire\/plouzevede-29440\/boutique\/wp-json\/wp\/v2\/media\/593545"}],"wp:attachment":[{"href":"https:\/\/www.vetorino.com\/veterinaire\/plouzevede-29440\/boutique\/wp-json\/wp\/v2\/media?parent=38048"}],"wp:term":[{"taxonomy":"product_cat","embeddable":true,"href":"https:\/\/www.vetorino.com\/veterinaire\/plouzevede-29440\/boutique\/wp-json\/wp\/v2\/product_cat?post=38048"},{"taxonomy":"product_tag","embeddable":true,"href":"https:\/\/www.vetorino.com\/veterinaire\/plouzevede-29440\/boutique\/wp-json\/wp\/v2\/product_tag?post=38048"}],"curies":[{"name":"wp","href":"https:\/\/api.w.org\/{rel}","templated":true}]}}