{"id":38051,"date":"2020-03-04T23:58:13","date_gmt":"2020-03-04T22:58:13","guid":{"rendered":"https:\/\/www.vetorino.com\/boutique\/product\/selective-junior-lapin\/"},"modified":"2024-06-28T15:41:03","modified_gmt":"2024-06-28T13:41:03","slug":"selective-junior-lapin","status":"publish","type":"product","link":"https:\/\/www.vetorino.com\/veterinaire\/plouzevede-29440\/boutique\/product\/selective-junior-lapin\/","title":{"rendered":"Selective Junior &#8220;Lapin&#8221;"},"content":{"rendered":"<p><strong>Granul\u00e9s riches en fibres et en prot\u00e9ines de qualit\u00e9 afin de favoriser la digestion et la sant\u00e9 dentaire. Riches en graines de lin pour garder la peau et le pelage sains.<\/strong><\/p>\n<p><strong>Utilisation :<\/strong><\/p>\n<ul>\n<li>Lapin \u00e2g\u00e9s de 4 \u00e0 20 semaines<\/li>\n<li>Lapine gestante ou allaitante<\/li>\n<\/ul>\n<p><strong>Bienfaits essentiels :<\/strong><\/p>\n<ul>\n<li><strong>Pr\u00e9vient l\u2019alimentation s\u00e9lective<\/strong> \u2013 un probl\u00e8me fr\u00e9quemment observ\u00e9 chez le lapin<\/li>\n<li>Aliment <strong>complet<\/strong> et <strong>\u00e9quilibr\u00e9<\/strong> sur le plan nutritionnel<\/li>\n<li>Pour les jeunes lapins et les lapines gestantes ou qui allaitent<\/li>\n<li><strong>Riche en fibres<\/strong> \u2013 19%<\/li>\n<li>Teneurs \u00e9lev\u00e9es en prot\u00e9ines pour <strong>favoriser la croissance et le d\u00e9veloppement<\/strong><\/li>\n<li>Contient des <strong>\u00e9pinards<\/strong>, naturellement riches en lut\u00e9ine, en acide alpha-lipo\u00efque et en co-enzyme Q10<\/li>\n<li>Contient des <strong>graines de lin<\/strong> \u2013 une excellente source d\u2019acides gras om\u00e9ga 3 et 6, pour une peau et un pelage sains<\/li>\n<li>Sans sucres ajout\u00e9s ni colorants artificiels<\/li>\n<\/ul>\n","protected":false},"excerpt":{"rendered":"<p><strong>Granul\u00e9s riches en fibres et en prot\u00e9ines de qualit\u00e9 afin de favoriser la digestion et la sant\u00e9 dentaire. Riches en graines de lin pour garder la peau et le pelage sains.<\/strong><\/p>\n<p><strong>Utilisation :<\/strong><\/p>\n<ul>\n<li>Lapin \u00e2g\u00e9s de 4 \u00e0 20 semaines<\/li>\n<li>Lapine gestante ou allaitante<\/li>\n<\/ul>\n","protected":false},"featured_media":917999,"template":"","meta":[],"product_cat":[12578,12563,2727],"product_tag":[],"class_list":{"0":"post-38051","1":"product","2":"type-product","3":"status-publish","4":"has-post-thumbnail","6":"product_cat-alimentation-du-lapin","7":"product_cat-lapin","8":"product_cat-nac","9":"pa_marque-supreme-petfoods","11":"first","12":"instock","13":"taxable","14":"shipping-taxable","15":"purchasable","16":"product-type-variable"},"yoast_head":"<!-- This site is optimized with the Yoast SEO plugin v27.3 - https:\/\/yoast.com\/product\/yoast-seo-wordpress\/ -->\n<title>Selective Junior &quot;Lapin&quot; Supreme Petfoods - V\u00e9torino<\/title>\n<meta name=\"description\" content=\"Granul\u00e9s riches en fibres et en prot\u00e9ines de qualit\u00e9 afin de favoriser la digestion et la sant\u00e9 dentaire. Riches en graines de lin pour garder la peau et le pelage sains.  Utilisation :   Lapin \u00e2g\u00e9s de 4 \u00e0 20 semaines  Lapine gestante ou allaitante\" \/>\n<meta name=\"robots\" content=\"noindex, nofollow\" \/>\n<meta property=\"og:locale\" content=\"fr_FR\" \/>\n<meta property=\"og:type\" content=\"article\" \/>\n<meta property=\"og:title\" content=\"Selective Junior &quot;Lapin&quot; Supreme Petfoods - V\u00e9torino\" \/>\n<meta property=\"og:description\" content=\"Granul\u00e9s riches en fibres et en prot\u00e9ines de qualit\u00e9 afin de favoriser la digestion et la sant\u00e9 dentaire. Riches en graines de lin pour garder la peau et le pelage sains.  Utilisation :   Lapin \u00e2g\u00e9s de 4 \u00e0 20 semaines  Lapine gestante ou allaitante\" \/>\n<meta property=\"og:url\" content=\"https:\/\/www.vetorino.com\/veterinaire\/plouzevede-29440\/boutique\/product\/selective-junior-lapin\/\" \/>\n<meta property=\"og:site_name\" content=\"V\u00e9torino\" \/>\n<meta property=\"article:publisher\" content=\"https:\/\/www.facebook.com\/Vetorino\/\" \/>\n<meta property=\"article:modified_time\" content=\"2024-06-28T13:41:03+00:00\" \/>\n<meta property=\"og:image\" content=\"https:\/\/www.vetorino.com\/boutique\/wp-content\/uploads\/2020\/10\/selectiveejunior-lapin.webp\" \/>\n\t<meta property=\"og:image:width\" content=\"800\" \/>\n\t<meta property=\"og:image:height\" content=\"800\" \/>\n\t<meta property=\"og:image:type\" content=\"image\/webp\" \/>\n<meta name=\"twitter:card\" content=\"summary_large_image\" \/>\n<meta name=\"twitter:label1\" content=\"Disponibilit\u00e9\" \/>\n\t<meta name=\"twitter:data1\" content=\"En stock\" \/>\n<script type=\"application\/ld+json\" class=\"yoast-schema-graph\">{\"@context\":\"https:\\\/\\\/schema.org\",\"@graph\":[{\"@type\":\"WebPage\",\"@id\":\"https:\\\/\\\/www.vetorino.com\\\/boutique\\\/product\\\/selective-junior-lapin\\\/\",\"url\":\"https:\\\/\\\/www.vetorino.com\\\/boutique\\\/product\\\/selective-junior-lapin\\\/\",\"name\":\"Selective Junior \\\"Lapin\\\" Supreme Petfoods - V\u00e9torino\",\"isPartOf\":{\"@id\":\"https:\\\/\\\/www.vetorino.com\\\/boutique\\\/#website\"},\"primaryImageOfPage\":{\"@id\":\"https:\\\/\\\/www.vetorino.com\\\/boutique\\\/product\\\/selective-junior-lapin\\\/#primaryimage\"},\"image\":{\"@id\":\"https:\\\/\\\/www.vetorino.com\\\/boutique\\\/product\\\/selective-junior-lapin\\\/#primaryimage\"},\"thumbnailUrl\":\"https:\\\/\\\/www.vetorino.com\\\/boutique\\\/wp-content\\\/uploads\\\/2020\\\/10\\\/selectiveejunior-lapin.webp\",\"datePublished\":\"2020-03-04T22:58:13+00:00\",\"dateModified\":\"2024-06-28T13:41:03+00:00\",\"description\":\"Granul\u00e9s riches en fibres et en prot\u00e9ines de qualit\u00e9 afin de favoriser la digestion et la sant\u00e9 dentaire. Riches en graines de lin pour garder la peau et le pelage sains. Utilisation : Lapin \u00e2g\u00e9s de 4 \u00e0 20 semaines Lapine gestante ou allaitante\",\"breadcrumb\":{\"@id\":\"https:\\\/\\\/www.vetorino.com\\\/boutique\\\/product\\\/selective-junior-lapin\\\/#breadcrumb\"},\"inLanguage\":\"fr-FR\",\"potentialAction\":[{\"@type\":\"ReadAction\",\"target\":[\"https:\\\/\\\/www.vetorino.com\\\/boutique\\\/product\\\/selective-junior-lapin\\\/\"]}]},{\"@type\":\"ImageObject\",\"inLanguage\":\"fr-FR\",\"@id\":\"https:\\\/\\\/www.vetorino.com\\\/boutique\\\/product\\\/selective-junior-lapin\\\/#primaryimage\",\"url\":\"https:\\\/\\\/www.vetorino.com\\\/boutique\\\/wp-content\\\/uploads\\\/2020\\\/10\\\/selectiveejunior-lapin.webp\",\"contentUrl\":\"https:\\\/\\\/www.vetorino.com\\\/boutique\\\/wp-content\\\/uploads\\\/2020\\\/10\\\/selectiveejunior-lapin.webp\",\"width\":800,\"height\":800},{\"@type\":\"BreadcrumbList\",\"@id\":\"https:\\\/\\\/www.vetorino.com\\\/boutique\\\/product\\\/selective-junior-lapin\\\/#breadcrumb\",\"itemListElement\":[{\"@type\":\"ListItem\",\"position\":1,\"name\":\"Accueil\",\"item\":\"https:\\\/\\\/www.vetorino.com\\\/boutique\\\/\"},{\"@type\":\"ListItem\",\"position\":2,\"name\":\"Produits\",\"item\":\"https:\\\/\\\/www.vetorino.com\\\/boutique\\\/\"},{\"@type\":\"ListItem\",\"position\":3,\"name\":\"Selective Junior &#8220;Lapin&#8221;\"}]},{\"@type\":\"WebSite\",\"@id\":\"https:\\\/\\\/www.vetorino.com\\\/boutique\\\/#website\",\"url\":\"https:\\\/\\\/www.vetorino.com\\\/boutique\\\/\",\"name\":\"V\u00e9torino\",\"description\":\"\",\"publisher\":{\"@id\":\"https:\\\/\\\/www.vetorino.com\\\/boutique\\\/#organization\"},\"potentialAction\":[{\"@type\":\"SearchAction\",\"target\":{\"@type\":\"EntryPoint\",\"urlTemplate\":\"https:\\\/\\\/www.vetorino.com\\\/boutique\\\/?s={search_term_string}\"},\"query-input\":{\"@type\":\"PropertyValueSpecification\",\"valueRequired\":true,\"valueName\":\"search_term_string\"}}],\"inLanguage\":\"fr-FR\"},{\"@type\":\"Organization\",\"@id\":\"https:\\\/\\\/www.vetorino.com\\\/boutique\\\/#organization\",\"name\":\"V\u00e9torino\",\"url\":\"https:\\\/\\\/www.vetorino.com\\\/boutique\\\/\",\"logo\":{\"@type\":\"ImageObject\",\"inLanguage\":\"fr-FR\",\"@id\":\"https:\\\/\\\/www.vetorino.com\\\/boutique\\\/#\\\/schema\\\/logo\\\/image\\\/\",\"url\":\"https:\\\/\\\/www.vetorino.com\\\/boutique\\\/wp-content\\\/uploads\\\/2024\\\/10\\\/logo.jpg\",\"contentUrl\":\"https:\\\/\\\/www.vetorino.com\\\/boutique\\\/wp-content\\\/uploads\\\/2024\\\/10\\\/logo.jpg\",\"width\":1200,\"height\":610,\"caption\":\"V\u00e9torino\"},\"image\":{\"@id\":\"https:\\\/\\\/www.vetorino.com\\\/boutique\\\/#\\\/schema\\\/logo\\\/image\\\/\"},\"sameAs\":[\"https:\\\/\\\/www.facebook.com\\\/Vetorino\\\/\",\"https:\\\/\\\/www.instagram.com\\\/vetorino_off\\\/\",\"https:\\\/\\\/www.linkedin.com\\\/company\\\/vtorino\\\/\"]}]}<\/script>\n<meta property=\"product:brand\" content=\"Supreme Petfoods\" \/>\n<meta property=\"og:availability\" content=\"instock\" \/>\n<meta property=\"product:availability\" content=\"instock\" \/>\n<meta property=\"product:condition\" content=\"new\" \/>\n<!-- \/ Yoast SEO plugin. -->","yoast_head_json":{"title":"Selective Junior \"Lapin\" Supreme Petfoods - V\u00e9torino","description":"Granul\u00e9s riches en fibres et en prot\u00e9ines de qualit\u00e9 afin de favoriser la digestion et la sant\u00e9 dentaire. Riches en graines de lin pour garder la peau et le pelage sains.  Utilisation :   Lapin \u00e2g\u00e9s de 4 \u00e0 20 semaines  Lapine gestante ou allaitante","robots":{"index":"noindex","follow":"nofollow"},"og_locale":"fr_FR","og_type":"article","og_title":"Selective Junior \"Lapin\" Supreme Petfoods - V\u00e9torino","og_description":"Granul\u00e9s riches en fibres et en prot\u00e9ines de qualit\u00e9 afin de favoriser la digestion et la sant\u00e9 dentaire. Riches en graines de lin pour garder la peau et le pelage sains.  Utilisation :   Lapin \u00e2g\u00e9s de 4 \u00e0 20 semaines  Lapine gestante ou allaitante","og_url":"https:\/\/www.vetorino.com\/veterinaire\/plouzevede-29440\/boutique\/product\/selective-junior-lapin\/","og_site_name":"V\u00e9torino","article_publisher":"https:\/\/www.facebook.com\/Vetorino\/","article_modified_time":"2024-06-28T13:41:03+00:00","og_image":[{"width":800,"height":800,"url":"https:\/\/www.vetorino.com\/boutique\/wp-content\/uploads\/2020\/10\/selectiveejunior-lapin.webp","type":"image\/webp"}],"twitter_card":"summary_large_image","twitter_misc":{"Disponibilit\u00e9":"En stock"},"schema":{"@context":"https:\/\/schema.org","@graph":[{"@type":"WebPage","@id":"https:\/\/www.vetorino.com\/boutique\/product\/selective-junior-lapin\/","url":"https:\/\/www.vetorino.com\/boutique\/product\/selective-junior-lapin\/","name":"Selective Junior \"Lapin\" Supreme Petfoods - V\u00e9torino","isPartOf":{"@id":"https:\/\/www.vetorino.com\/boutique\/#website"},"primaryImageOfPage":{"@id":"https:\/\/www.vetorino.com\/boutique\/product\/selective-junior-lapin\/#primaryimage"},"image":{"@id":"https:\/\/www.vetorino.com\/boutique\/product\/selective-junior-lapin\/#primaryimage"},"thumbnailUrl":"https:\/\/www.vetorino.com\/boutique\/wp-content\/uploads\/2020\/10\/selectiveejunior-lapin.webp","datePublished":"2020-03-04T22:58:13+00:00","dateModified":"2024-06-28T13:41:03+00:00","description":"Granul\u00e9s riches en fibres et en prot\u00e9ines de qualit\u00e9 afin de favoriser la digestion et la sant\u00e9 dentaire. Riches en graines de lin pour garder la peau et le pelage sains. Utilisation : Lapin \u00e2g\u00e9s de 4 \u00e0 20 semaines Lapine gestante ou allaitante","breadcrumb":{"@id":"https:\/\/www.vetorino.com\/boutique\/product\/selective-junior-lapin\/#breadcrumb"},"inLanguage":"fr-FR","potentialAction":[{"@type":"ReadAction","target":["https:\/\/www.vetorino.com\/boutique\/product\/selective-junior-lapin\/"]}]},{"@type":"ImageObject","inLanguage":"fr-FR","@id":"https:\/\/www.vetorino.com\/boutique\/product\/selective-junior-lapin\/#primaryimage","url":"https:\/\/www.vetorino.com\/boutique\/wp-content\/uploads\/2020\/10\/selectiveejunior-lapin.webp","contentUrl":"https:\/\/www.vetorino.com\/boutique\/wp-content\/uploads\/2020\/10\/selectiveejunior-lapin.webp","width":800,"height":800},{"@type":"BreadcrumbList","@id":"https:\/\/www.vetorino.com\/boutique\/product\/selective-junior-lapin\/#breadcrumb","itemListElement":[{"@type":"ListItem","position":1,"name":"Accueil","item":"https:\/\/www.vetorino.com\/boutique\/"},{"@type":"ListItem","position":2,"name":"Produits","item":"https:\/\/www.vetorino.com\/boutique\/"},{"@type":"ListItem","position":3,"name":"Selective Junior &#8220;Lapin&#8221;"}]},{"@type":"WebSite","@id":"https:\/\/www.vetorino.com\/boutique\/#website","url":"https:\/\/www.vetorino.com\/boutique\/","name":"V\u00e9torino","description":"","publisher":{"@id":"https:\/\/www.vetorino.com\/boutique\/#organization"},"potentialAction":[{"@type":"SearchAction","target":{"@type":"EntryPoint","urlTemplate":"https:\/\/www.vetorino.com\/boutique\/?s={search_term_string}"},"query-input":{"@type":"PropertyValueSpecification","valueRequired":true,"valueName":"search_term_string"}}],"inLanguage":"fr-FR"},{"@type":"Organization","@id":"https:\/\/www.vetorino.com\/boutique\/#organization","name":"V\u00e9torino","url":"https:\/\/www.vetorino.com\/boutique\/","logo":{"@type":"ImageObject","inLanguage":"fr-FR","@id":"https:\/\/www.vetorino.com\/boutique\/#\/schema\/logo\/image\/","url":"https:\/\/www.vetorino.com\/boutique\/wp-content\/uploads\/2024\/10\/logo.jpg","contentUrl":"https:\/\/www.vetorino.com\/boutique\/wp-content\/uploads\/2024\/10\/logo.jpg","width":1200,"height":610,"caption":"V\u00e9torino"},"image":{"@id":"https:\/\/www.vetorino.com\/boutique\/#\/schema\/logo\/image\/"},"sameAs":["https:\/\/www.facebook.com\/Vetorino\/","https:\/\/www.instagram.com\/vetorino_off\/","https:\/\/www.linkedin.com\/company\/vtorino\/"]}]},"product_brand":"Supreme Petfoods","og_availability":"instock","product_availability":"instock","product_condition":"new"},"_links":{"self":[{"href":"https:\/\/www.vetorino.com\/veterinaire\/plouzevede-29440\/boutique\/wp-json\/wp\/v2\/product\/38051","targetHints":{"allow":["GET"]}}],"collection":[{"href":"https:\/\/www.vetorino.com\/veterinaire\/plouzevede-29440\/boutique\/wp-json\/wp\/v2\/product"}],"about":[{"href":"https:\/\/www.vetorino.com\/veterinaire\/plouzevede-29440\/boutique\/wp-json\/wp\/v2\/types\/product"}],"wp:featuredmedia":[{"embeddable":true,"href":"https:\/\/www.vetorino.com\/veterinaire\/plouzevede-29440\/boutique\/wp-json\/wp\/v2\/media\/917999"}],"wp:attachment":[{"href":"https:\/\/www.vetorino.com\/veterinaire\/plouzevede-29440\/boutique\/wp-json\/wp\/v2\/media?parent=38051"}],"wp:term":[{"taxonomy":"product_cat","embeddable":true,"href":"https:\/\/www.vetorino.com\/veterinaire\/plouzevede-29440\/boutique\/wp-json\/wp\/v2\/product_cat?post=38051"},{"taxonomy":"product_tag","embeddable":true,"href":"https:\/\/www.vetorino.com\/veterinaire\/plouzevede-29440\/boutique\/wp-json\/wp\/v2\/product_tag?post=38051"}],"curies":[{"name":"wp","href":"https:\/\/api.w.org\/{rel}","templated":true}]}}