{"id":38074,"date":"2020-03-04T23:58:20","date_gmt":"2020-03-04T22:58:20","guid":{"rendered":"https:\/\/www.vetorino.com\/boutique\/product\/cochon-dinde-cobaye-extrudes-rongis\/"},"modified":"2022-01-04T15:46:57","modified_gmt":"2022-01-04T14:46:57","slug":"cochon-dinde-cobaye-extrudes-rongis","status":"publish","type":"product","link":"https:\/\/www.vetorino.com\/veterinaire\/plouzevede-29440\/boutique\/product\/cochon-dinde-cobaye-extrudes-rongis\/","title":{"rendered":"Cochon d&#8217;Inde\/cobaye Extrudes Rongis"},"content":{"rendered":"<div class='hidden'> Rongis <\/div>\n<p>&#8220;Repas complet sous forme de granul\u00e9s. La gamme Rongis est compos\u00e9e d?aliments extrud\u00e9s de qualit\u00e9, respectant les besoins nutritionnels de chaque esp\u00e8ce. La nourriture pr\u00e9sent\u00e9e sous forme de granul\u00e9s \u00e9vite aux rongeurs de trier les graines qu?ils pr\u00e9f\u00e8rent et cela leur permet d?avoir une alimentation parfaitement adapt\u00e9e, sans exc\u00e8s ni carence. Enrichis en vitamine C pour les cochons d?Inde et les hamsters. &#8220;<\/p>\n","protected":false},"excerpt":{"rendered":"<p>Repas complet sous forme de granul\u00e9s. La gamme Rongis est compos\u00e9e d?aliments extrud\u00e9s de qualit\u00e9, respectant les besoins nutritionnels de chaque esp\u00e8ce.<\/p>\n","protected":false},"featured_media":76268,"template":"","meta":[],"product_cat":[12580,2812,12672,12563,2727],"product_tag":[],"class_list":{"0":"post-38074","1":"product","2":"type-product","3":"status-publish","4":"has-post-thumbnail","6":"product_cat-alimentation-du-rongeur","7":"product_cat-alimentation-pour-lapin-rongeur","8":"product_cat-granule-et-melange-pour-rongeur","9":"product_cat-lapin","10":"product_cat-nac","11":"pa_marque-compagine-des-pet-foods","13":"first","14":"outofstock","15":"taxable","16":"shipping-taxable","17":"product-type-variable"},"yoast_head":"<!-- This site is optimized with the Yoast SEO plugin v27.3 - https:\/\/yoast.com\/product\/yoast-seo-wordpress\/ -->\n<title>Cochon d&#039;Inde\/cobaye Extrudes Rongis Compagnie des Pet Foods - V\u00e9torino<\/title>\n<meta name=\"description\" content=\"Repas complet sous forme de granul\u00e9s. La gamme Rongis est compos\u00e9e d?aliments extrud\u00e9s de qualit\u00e9, respectant les besoins nutritionnels de chaque esp\u00e8ce.\" \/>\n<meta name=\"robots\" content=\"noindex, nofollow\" \/>\n<meta property=\"og:locale\" content=\"fr_FR\" \/>\n<meta property=\"og:type\" content=\"article\" \/>\n<meta property=\"og:title\" content=\"Cochon d&#039;Inde\/cobaye Extrudes Rongis Compagnie des Pet Foods - V\u00e9torino\" \/>\n<meta property=\"og:description\" content=\"Repas complet sous forme de granul\u00e9s. La gamme Rongis est compos\u00e9e d?aliments extrud\u00e9s de qualit\u00e9, respectant les besoins nutritionnels de chaque esp\u00e8ce.\" \/>\n<meta property=\"og:url\" content=\"https:\/\/www.vetorino.com\/veterinaire\/plouzevede-29440\/boutique\/product\/cochon-dinde-cobaye-extrudes-rongis\/\" \/>\n<meta property=\"og:site_name\" content=\"V\u00e9torino\" \/>\n<meta property=\"article:publisher\" content=\"https:\/\/www.facebook.com\/Vetorino\/\" \/>\n<meta property=\"article:modified_time\" content=\"2022-01-04T14:46:57+00:00\" \/>\n<meta property=\"og:image\" content=\"https:\/\/www.vetorino.com\/boutique\/wp-content\/uploads\/2020\/03\/cochon-d-inde-extrude-rongis-bt-1-kg-12.jpg\" \/>\n\t<meta property=\"og:image:width\" content=\"800\" \/>\n\t<meta property=\"og:image:height\" content=\"800\" \/>\n\t<meta property=\"og:image:type\" content=\"image\/jpeg\" \/>\n<meta name=\"twitter:card\" content=\"summary_large_image\" \/>\n<meta name=\"twitter:label1\" content=\"Disponibilit\u00e9\" \/>\n\t<meta name=\"twitter:data1\" content=\"Rupture de stock\" \/>\n<script type=\"application\/ld+json\" class=\"yoast-schema-graph\">{\"@context\":\"https:\\\/\\\/schema.org\",\"@graph\":[{\"@type\":\"WebPage\",\"@id\":\"https:\\\/\\\/www.vetorino.com\\\/boutique\\\/product\\\/cochon-dinde-cobaye-extrudes-rongis\\\/\",\"url\":\"https:\\\/\\\/www.vetorino.com\\\/boutique\\\/product\\\/cochon-dinde-cobaye-extrudes-rongis\\\/\",\"name\":\"Cochon d'Inde\\\/cobaye Extrudes Rongis Compagnie des Pet Foods - V\u00e9torino\",\"isPartOf\":{\"@id\":\"https:\\\/\\\/www.vetorino.com\\\/boutique\\\/#website\"},\"primaryImageOfPage\":{\"@id\":\"https:\\\/\\\/www.vetorino.com\\\/boutique\\\/product\\\/cochon-dinde-cobaye-extrudes-rongis\\\/#primaryimage\"},\"image\":{\"@id\":\"https:\\\/\\\/www.vetorino.com\\\/boutique\\\/product\\\/cochon-dinde-cobaye-extrudes-rongis\\\/#primaryimage\"},\"thumbnailUrl\":\"https:\\\/\\\/www.vetorino.com\\\/boutique\\\/wp-content\\\/uploads\\\/2020\\\/03\\\/cochon-d-inde-extrude-rongis-bt-1-kg-12.jpg\",\"datePublished\":\"2020-03-04T22:58:20+00:00\",\"dateModified\":\"2022-01-04T14:46:57+00:00\",\"description\":\"Repas complet sous forme de granul\u00e9s. La gamme Rongis est compos\u00e9e d?aliments extrud\u00e9s de qualit\u00e9, respectant les besoins nutritionnels de chaque esp\u00e8ce.\",\"breadcrumb\":{\"@id\":\"https:\\\/\\\/www.vetorino.com\\\/boutique\\\/product\\\/cochon-dinde-cobaye-extrudes-rongis\\\/#breadcrumb\"},\"inLanguage\":\"fr-FR\",\"potentialAction\":[{\"@type\":\"ReadAction\",\"target\":[\"https:\\\/\\\/www.vetorino.com\\\/boutique\\\/product\\\/cochon-dinde-cobaye-extrudes-rongis\\\/\"]}]},{\"@type\":\"ImageObject\",\"inLanguage\":\"fr-FR\",\"@id\":\"https:\\\/\\\/www.vetorino.com\\\/boutique\\\/product\\\/cochon-dinde-cobaye-extrudes-rongis\\\/#primaryimage\",\"url\":\"https:\\\/\\\/www.vetorino.com\\\/boutique\\\/wp-content\\\/uploads\\\/2020\\\/03\\\/cochon-d-inde-extrude-rongis-bt-1-kg-12.jpg\",\"contentUrl\":\"https:\\\/\\\/www.vetorino.com\\\/boutique\\\/wp-content\\\/uploads\\\/2020\\\/03\\\/cochon-d-inde-extrude-rongis-bt-1-kg-12.jpg\",\"width\":800,\"height\":800},{\"@type\":\"BreadcrumbList\",\"@id\":\"https:\\\/\\\/www.vetorino.com\\\/boutique\\\/product\\\/cochon-dinde-cobaye-extrudes-rongis\\\/#breadcrumb\",\"itemListElement\":[{\"@type\":\"ListItem\",\"position\":1,\"name\":\"Accueil\",\"item\":\"https:\\\/\\\/www.vetorino.com\\\/boutique\\\/\"},{\"@type\":\"ListItem\",\"position\":2,\"name\":\"Produits\",\"item\":\"https:\\\/\\\/www.vetorino.com\\\/boutique\\\/\"},{\"@type\":\"ListItem\",\"position\":3,\"name\":\"Cochon d&#8217;Inde\\\/cobaye Extrudes Rongis\"}]},{\"@type\":\"WebSite\",\"@id\":\"https:\\\/\\\/www.vetorino.com\\\/boutique\\\/#website\",\"url\":\"https:\\\/\\\/www.vetorino.com\\\/boutique\\\/\",\"name\":\"V\u00e9torino\",\"description\":\"\",\"publisher\":{\"@id\":\"https:\\\/\\\/www.vetorino.com\\\/boutique\\\/#organization\"},\"potentialAction\":[{\"@type\":\"SearchAction\",\"target\":{\"@type\":\"EntryPoint\",\"urlTemplate\":\"https:\\\/\\\/www.vetorino.com\\\/boutique\\\/?s={search_term_string}\"},\"query-input\":{\"@type\":\"PropertyValueSpecification\",\"valueRequired\":true,\"valueName\":\"search_term_string\"}}],\"inLanguage\":\"fr-FR\"},{\"@type\":\"Organization\",\"@id\":\"https:\\\/\\\/www.vetorino.com\\\/boutique\\\/#organization\",\"name\":\"V\u00e9torino\",\"url\":\"https:\\\/\\\/www.vetorino.com\\\/boutique\\\/\",\"logo\":{\"@type\":\"ImageObject\",\"inLanguage\":\"fr-FR\",\"@id\":\"https:\\\/\\\/www.vetorino.com\\\/boutique\\\/#\\\/schema\\\/logo\\\/image\\\/\",\"url\":\"https:\\\/\\\/www.vetorino.com\\\/boutique\\\/wp-content\\\/uploads\\\/2024\\\/10\\\/logo.jpg\",\"contentUrl\":\"https:\\\/\\\/www.vetorino.com\\\/boutique\\\/wp-content\\\/uploads\\\/2024\\\/10\\\/logo.jpg\",\"width\":1200,\"height\":610,\"caption\":\"V\u00e9torino\"},\"image\":{\"@id\":\"https:\\\/\\\/www.vetorino.com\\\/boutique\\\/#\\\/schema\\\/logo\\\/image\\\/\"},\"sameAs\":[\"https:\\\/\\\/www.facebook.com\\\/Vetorino\\\/\",\"https:\\\/\\\/www.instagram.com\\\/vetorino_off\\\/\",\"https:\\\/\\\/www.linkedin.com\\\/company\\\/vtorino\\\/\"]}]}<\/script>\n<meta property=\"product:brand\" content=\"Compagnie des Pet Foods\" \/>\n<meta property=\"og:availability\" content=\"out of stock\" \/>\n<meta property=\"product:availability\" content=\"out of stock\" \/>\n<meta property=\"product:condition\" content=\"new\" \/>\n<!-- \/ Yoast SEO plugin. -->","yoast_head_json":{"title":"Cochon d'Inde\/cobaye Extrudes Rongis Compagnie des Pet Foods - V\u00e9torino","description":"Repas complet sous forme de granul\u00e9s. La gamme Rongis est compos\u00e9e d?aliments extrud\u00e9s de qualit\u00e9, respectant les besoins nutritionnels de chaque esp\u00e8ce.","robots":{"index":"noindex","follow":"nofollow"},"og_locale":"fr_FR","og_type":"article","og_title":"Cochon d'Inde\/cobaye Extrudes Rongis Compagnie des Pet Foods - V\u00e9torino","og_description":"Repas complet sous forme de granul\u00e9s. La gamme Rongis est compos\u00e9e d?aliments extrud\u00e9s de qualit\u00e9, respectant les besoins nutritionnels de chaque esp\u00e8ce.","og_url":"https:\/\/www.vetorino.com\/veterinaire\/plouzevede-29440\/boutique\/product\/cochon-dinde-cobaye-extrudes-rongis\/","og_site_name":"V\u00e9torino","article_publisher":"https:\/\/www.facebook.com\/Vetorino\/","article_modified_time":"2022-01-04T14:46:57+00:00","og_image":[{"width":800,"height":800,"url":"https:\/\/www.vetorino.com\/boutique\/wp-content\/uploads\/2020\/03\/cochon-d-inde-extrude-rongis-bt-1-kg-12.jpg","type":"image\/jpeg"}],"twitter_card":"summary_large_image","twitter_misc":{"Disponibilit\u00e9":"Rupture de stock"},"schema":{"@context":"https:\/\/schema.org","@graph":[{"@type":"WebPage","@id":"https:\/\/www.vetorino.com\/boutique\/product\/cochon-dinde-cobaye-extrudes-rongis\/","url":"https:\/\/www.vetorino.com\/boutique\/product\/cochon-dinde-cobaye-extrudes-rongis\/","name":"Cochon d'Inde\/cobaye Extrudes Rongis Compagnie des Pet Foods - V\u00e9torino","isPartOf":{"@id":"https:\/\/www.vetorino.com\/boutique\/#website"},"primaryImageOfPage":{"@id":"https:\/\/www.vetorino.com\/boutique\/product\/cochon-dinde-cobaye-extrudes-rongis\/#primaryimage"},"image":{"@id":"https:\/\/www.vetorino.com\/boutique\/product\/cochon-dinde-cobaye-extrudes-rongis\/#primaryimage"},"thumbnailUrl":"https:\/\/www.vetorino.com\/boutique\/wp-content\/uploads\/2020\/03\/cochon-d-inde-extrude-rongis-bt-1-kg-12.jpg","datePublished":"2020-03-04T22:58:20+00:00","dateModified":"2022-01-04T14:46:57+00:00","description":"Repas complet sous forme de granul\u00e9s. La gamme Rongis est compos\u00e9e d?aliments extrud\u00e9s de qualit\u00e9, respectant les besoins nutritionnels de chaque esp\u00e8ce.","breadcrumb":{"@id":"https:\/\/www.vetorino.com\/boutique\/product\/cochon-dinde-cobaye-extrudes-rongis\/#breadcrumb"},"inLanguage":"fr-FR","potentialAction":[{"@type":"ReadAction","target":["https:\/\/www.vetorino.com\/boutique\/product\/cochon-dinde-cobaye-extrudes-rongis\/"]}]},{"@type":"ImageObject","inLanguage":"fr-FR","@id":"https:\/\/www.vetorino.com\/boutique\/product\/cochon-dinde-cobaye-extrudes-rongis\/#primaryimage","url":"https:\/\/www.vetorino.com\/boutique\/wp-content\/uploads\/2020\/03\/cochon-d-inde-extrude-rongis-bt-1-kg-12.jpg","contentUrl":"https:\/\/www.vetorino.com\/boutique\/wp-content\/uploads\/2020\/03\/cochon-d-inde-extrude-rongis-bt-1-kg-12.jpg","width":800,"height":800},{"@type":"BreadcrumbList","@id":"https:\/\/www.vetorino.com\/boutique\/product\/cochon-dinde-cobaye-extrudes-rongis\/#breadcrumb","itemListElement":[{"@type":"ListItem","position":1,"name":"Accueil","item":"https:\/\/www.vetorino.com\/boutique\/"},{"@type":"ListItem","position":2,"name":"Produits","item":"https:\/\/www.vetorino.com\/boutique\/"},{"@type":"ListItem","position":3,"name":"Cochon d&#8217;Inde\/cobaye Extrudes Rongis"}]},{"@type":"WebSite","@id":"https:\/\/www.vetorino.com\/boutique\/#website","url":"https:\/\/www.vetorino.com\/boutique\/","name":"V\u00e9torino","description":"","publisher":{"@id":"https:\/\/www.vetorino.com\/boutique\/#organization"},"potentialAction":[{"@type":"SearchAction","target":{"@type":"EntryPoint","urlTemplate":"https:\/\/www.vetorino.com\/boutique\/?s={search_term_string}"},"query-input":{"@type":"PropertyValueSpecification","valueRequired":true,"valueName":"search_term_string"}}],"inLanguage":"fr-FR"},{"@type":"Organization","@id":"https:\/\/www.vetorino.com\/boutique\/#organization","name":"V\u00e9torino","url":"https:\/\/www.vetorino.com\/boutique\/","logo":{"@type":"ImageObject","inLanguage":"fr-FR","@id":"https:\/\/www.vetorino.com\/boutique\/#\/schema\/logo\/image\/","url":"https:\/\/www.vetorino.com\/boutique\/wp-content\/uploads\/2024\/10\/logo.jpg","contentUrl":"https:\/\/www.vetorino.com\/boutique\/wp-content\/uploads\/2024\/10\/logo.jpg","width":1200,"height":610,"caption":"V\u00e9torino"},"image":{"@id":"https:\/\/www.vetorino.com\/boutique\/#\/schema\/logo\/image\/"},"sameAs":["https:\/\/www.facebook.com\/Vetorino\/","https:\/\/www.instagram.com\/vetorino_off\/","https:\/\/www.linkedin.com\/company\/vtorino\/"]}]},"product_brand":"Compagnie des Pet Foods","og_availability":"out of stock","product_availability":"out of stock","product_condition":"new"},"_links":{"self":[{"href":"https:\/\/www.vetorino.com\/veterinaire\/plouzevede-29440\/boutique\/wp-json\/wp\/v2\/product\/38074","targetHints":{"allow":["GET"]}}],"collection":[{"href":"https:\/\/www.vetorino.com\/veterinaire\/plouzevede-29440\/boutique\/wp-json\/wp\/v2\/product"}],"about":[{"href":"https:\/\/www.vetorino.com\/veterinaire\/plouzevede-29440\/boutique\/wp-json\/wp\/v2\/types\/product"}],"wp:featuredmedia":[{"embeddable":true,"href":"https:\/\/www.vetorino.com\/veterinaire\/plouzevede-29440\/boutique\/wp-json\/wp\/v2\/media\/76268"}],"wp:attachment":[{"href":"https:\/\/www.vetorino.com\/veterinaire\/plouzevede-29440\/boutique\/wp-json\/wp\/v2\/media?parent=38074"}],"wp:term":[{"taxonomy":"product_cat","embeddable":true,"href":"https:\/\/www.vetorino.com\/veterinaire\/plouzevede-29440\/boutique\/wp-json\/wp\/v2\/product_cat?post=38074"},{"taxonomy":"product_tag","embeddable":true,"href":"https:\/\/www.vetorino.com\/veterinaire\/plouzevede-29440\/boutique\/wp-json\/wp\/v2\/product_tag?post=38074"}],"curies":[{"name":"wp","href":"https:\/\/api.w.org\/{rel}","templated":true}]}}