{"id":476393,"date":"2022-09-20T16:21:24","date_gmt":"2022-09-20T14:21:24","guid":{"rendered":"https:\/\/www.vetorino.com\/boutique\/product\/distributeur-de-nourriture-connecte\/"},"modified":"2022-12-05T14:09:45","modified_gmt":"2022-12-05T13:09:45","slug":"distributeur-de-nourriture-connecte","status":"publish","type":"product","link":"https:\/\/www.vetorino.com\/veterinaire\/plouzevede-29440\/boutique\/product\/distributeur-de-nourriture-connecte\/","title":{"rendered":"Distributeur de nourriture connecte"},"content":{"rendered":"<p>Votre chat ou petit chien est en surpoids, doit suivre un r\u00e9gime tr\u00e8s particulier ou sur ordonnance ? Le distributeur \u00e9lectronique Connect permet de contr\u00f4ler son alimentation, de surveiller ses habitudes alimentaires gr\u00e2ce \u00e0 une application mobile et d&#8217;\u00e9viter que les autres animaux de la maison lui volent sa nourriture.<\/p>\n<p>L&#8217;acc\u00e8s se fait par identification de la puce \u00e9lectronique de votre animal ou d&#8217;un m\u00e9daillon d&#8217;identification par radiofr\u00e9quence (inclus). Seul l&#8217;animal enregistr\u00e9 peut donc l&#8217;utiliser.<\/p>\n<p>Des balances sont int\u00e9gr\u00e9es pour programmer et lui donner la juste ration de nourriture, et son bol herm\u00e9tique pr\u00e9server la fra\u00eecheur de la nourriture et la prot\u00e8ge des insectes.<\/p>\n<p>Gr\u00e2ce \u00e0 son application gratuite Sure PetCare et son hub connect\u00e9 (vendu s\u00e9par\u00e9ment), vous pouvez suivre en temps r\u00e9el les heures des repas, l&#8217;ajout de nourriture, la quantit\u00e9 mang\u00e9 et la quantit\u00e9 restante dans le bol, et recevoir des notifications.<\/p>\n<ul>\n<li>T\u00e9moins LED pour indiquer quand la bonne quantit\u00e9 de nourriture est servie<\/li>\n<li>Accessoires inclus : deux demi-bols, un bol simple, un tapis de propret\u00e9 (coloris gris), m\u00e9daillon<\/li>\n<li>Contenance : 400 ml<\/li>\n<li>Alimentation : 4 piles R14 (non incluses)<\/li>\n<li>Autonomie : jusqu&#8217;\u00e0 6 mois<\/li>\n<li>Entretien : nettoyer avec un chiffon humide. Ne pas le passer sous l&#8217;eau ou dans le lave-vaisselle<\/li>\n<li>Garantie : 3 ans<\/li>\n<\/ul>\n","protected":false},"excerpt":{"rendered":"<p>Distributeur de nourriture connect\u00e9 pour mieux contr\u00f4ler l&#8217;alimentation de votre chat ou petit chien et \u00e9viter le vol de nourriture.<\/p>\n<p><strong>Utilisation :<\/strong><\/p>\n<ul>\n<li>Chien<\/li>\n<li>Chat<\/li>\n<\/ul>\n","protected":false},"featured_media":476394,"template":"","meta":[],"product_cat":[2697,2698,12606,12607],"product_tag":[],"class_list":{"0":"post-476393","1":"product","2":"type-product","3":"status-publish","4":"has-post-thumbnail","6":"product_cat-chat","7":"product_cat-chien","8":"product_cat-gamelles-pour-chat","9":"product_cat-gamelles-pour-chien","10":"pa_marque-surefeed","12":"first","13":"outofstock","14":"taxable","15":"shipping-taxable","16":"purchasable","17":"product-type-simple"},"yoast_head":"<!-- This site is optimized with the Yoast SEO plugin v27.3 - https:\/\/yoast.com\/product\/yoast-seo-wordpress\/ -->\n<title>Distributeur de nourriture connecte SureFeed - V\u00e9torino<\/title>\n<meta name=\"description\" content=\"Distributeur de nourriture connect\u00e9 pour mieux contr\u00f4ler l&#039;alimentation de votre chat ou petit chien et \u00e9viter le vol de nourriture.  Utilisation :   Chien  Chat\" \/>\n<meta name=\"robots\" content=\"noindex, nofollow\" \/>\n<meta property=\"og:locale\" content=\"fr_FR\" \/>\n<meta property=\"og:type\" content=\"article\" \/>\n<meta property=\"og:title\" content=\"Distributeur de nourriture connecte SureFeed - V\u00e9torino\" \/>\n<meta property=\"og:description\" content=\"Distributeur de nourriture connect\u00e9 pour mieux contr\u00f4ler l&#039;alimentation de votre chat ou petit chien et \u00e9viter le vol de nourriture.  Utilisation :   Chien  Chat\" \/>\n<meta property=\"og:url\" content=\"https:\/\/www.vetorino.com\/veterinaire\/plouzevede-29440\/boutique\/product\/distributeur-de-nourriture-connecte\/\" \/>\n<meta property=\"og:site_name\" content=\"V\u00e9torino\" \/>\n<meta property=\"article:publisher\" content=\"https:\/\/www.facebook.com\/Vetorino\/\" \/>\n<meta property=\"article:modified_time\" content=\"2022-12-05T13:09:45+00:00\" \/>\n<meta property=\"og:image\" content=\"https:\/\/www.vetorino.com\/boutique\/wp-content\/uploads\/2022\/09\/distributeur-electronique-connect-surefeed.jpg\" \/>\n\t<meta property=\"og:image:width\" content=\"1900\" \/>\n\t<meta property=\"og:image:height\" content=\"1900\" \/>\n\t<meta property=\"og:image:type\" content=\"image\/jpeg\" \/>\n<meta name=\"twitter:card\" content=\"summary_large_image\" \/>\n<meta name=\"twitter:label1\" content=\"Prix\" \/>\n\t<meta name=\"twitter:data1\" content=\"203,40&euro;\" \/>\n\t<meta name=\"twitter:label2\" content=\"Disponibilit\u00e9\" \/>\n\t<meta name=\"twitter:data2\" content=\"Rupture de stock\" \/>\n<script type=\"application\/ld+json\" class=\"yoast-schema-graph\">{\"@context\":\"https:\\\/\\\/schema.org\",\"@graph\":[{\"@type\":\"WebPage\",\"@id\":\"https:\\\/\\\/www.vetorino.com\\\/boutique\\\/product\\\/distributeur-de-nourriture-connecte\\\/\",\"url\":\"https:\\\/\\\/www.vetorino.com\\\/boutique\\\/product\\\/distributeur-de-nourriture-connecte\\\/\",\"name\":\"Distributeur de nourriture connecte SureFeed - V\u00e9torino\",\"isPartOf\":{\"@id\":\"https:\\\/\\\/www.vetorino.com\\\/boutique\\\/#website\"},\"primaryImageOfPage\":{\"@id\":\"https:\\\/\\\/www.vetorino.com\\\/boutique\\\/product\\\/distributeur-de-nourriture-connecte\\\/#primaryimage\"},\"image\":{\"@id\":\"https:\\\/\\\/www.vetorino.com\\\/boutique\\\/product\\\/distributeur-de-nourriture-connecte\\\/#primaryimage\"},\"thumbnailUrl\":\"https:\\\/\\\/www.vetorino.com\\\/boutique\\\/wp-content\\\/uploads\\\/2022\\\/09\\\/distributeur-electronique-connect-surefeed.jpg\",\"datePublished\":\"2022-09-20T14:21:24+00:00\",\"dateModified\":\"2022-12-05T13:09:45+00:00\",\"description\":\"Distributeur de nourriture connect\u00e9 pour mieux contr\u00f4ler l'alimentation de votre chat ou petit chien et \u00e9viter le vol de nourriture. Utilisation : Chien Chat\",\"breadcrumb\":{\"@id\":\"https:\\\/\\\/www.vetorino.com\\\/boutique\\\/product\\\/distributeur-de-nourriture-connecte\\\/#breadcrumb\"},\"inLanguage\":\"fr-FR\",\"potentialAction\":[{\"@type\":\"ReadAction\",\"target\":[\"https:\\\/\\\/www.vetorino.com\\\/boutique\\\/product\\\/distributeur-de-nourriture-connecte\\\/\"]}]},{\"@type\":\"ImageObject\",\"inLanguage\":\"fr-FR\",\"@id\":\"https:\\\/\\\/www.vetorino.com\\\/boutique\\\/product\\\/distributeur-de-nourriture-connecte\\\/#primaryimage\",\"url\":\"https:\\\/\\\/www.vetorino.com\\\/boutique\\\/wp-content\\\/uploads\\\/2022\\\/09\\\/distributeur-electronique-connect-surefeed.jpg\",\"contentUrl\":\"https:\\\/\\\/www.vetorino.com\\\/boutique\\\/wp-content\\\/uploads\\\/2022\\\/09\\\/distributeur-electronique-connect-surefeed.jpg\",\"width\":1900,\"height\":1900,\"caption\":\"distributeur surefeed\"},{\"@type\":\"BreadcrumbList\",\"@id\":\"https:\\\/\\\/www.vetorino.com\\\/boutique\\\/product\\\/distributeur-de-nourriture-connecte\\\/#breadcrumb\",\"itemListElement\":[{\"@type\":\"ListItem\",\"position\":1,\"name\":\"Accueil\",\"item\":\"https:\\\/\\\/www.vetorino.com\\\/boutique\\\/\"},{\"@type\":\"ListItem\",\"position\":2,\"name\":\"Produits\",\"item\":\"https:\\\/\\\/www.vetorino.com\\\/boutique\\\/\"},{\"@type\":\"ListItem\",\"position\":3,\"name\":\"Distributeur de nourriture connecte\"}]},{\"@type\":\"WebSite\",\"@id\":\"https:\\\/\\\/www.vetorino.com\\\/boutique\\\/#website\",\"url\":\"https:\\\/\\\/www.vetorino.com\\\/boutique\\\/\",\"name\":\"V\u00e9torino\",\"description\":\"\",\"publisher\":{\"@id\":\"https:\\\/\\\/www.vetorino.com\\\/boutique\\\/#organization\"},\"potentialAction\":[{\"@type\":\"SearchAction\",\"target\":{\"@type\":\"EntryPoint\",\"urlTemplate\":\"https:\\\/\\\/www.vetorino.com\\\/boutique\\\/?s={search_term_string}\"},\"query-input\":{\"@type\":\"PropertyValueSpecification\",\"valueRequired\":true,\"valueName\":\"search_term_string\"}}],\"inLanguage\":\"fr-FR\"},{\"@type\":\"Organization\",\"@id\":\"https:\\\/\\\/www.vetorino.com\\\/boutique\\\/#organization\",\"name\":\"V\u00e9torino\",\"url\":\"https:\\\/\\\/www.vetorino.com\\\/boutique\\\/\",\"logo\":{\"@type\":\"ImageObject\",\"inLanguage\":\"fr-FR\",\"@id\":\"https:\\\/\\\/www.vetorino.com\\\/boutique\\\/#\\\/schema\\\/logo\\\/image\\\/\",\"url\":\"https:\\\/\\\/www.vetorino.com\\\/boutique\\\/wp-content\\\/uploads\\\/2024\\\/10\\\/logo.jpg\",\"contentUrl\":\"https:\\\/\\\/www.vetorino.com\\\/boutique\\\/wp-content\\\/uploads\\\/2024\\\/10\\\/logo.jpg\",\"width\":1200,\"height\":610,\"caption\":\"V\u00e9torino\"},\"image\":{\"@id\":\"https:\\\/\\\/www.vetorino.com\\\/boutique\\\/#\\\/schema\\\/logo\\\/image\\\/\"},\"sameAs\":[\"https:\\\/\\\/www.facebook.com\\\/Vetorino\\\/\",\"https:\\\/\\\/www.instagram.com\\\/vetorino_off\\\/\",\"https:\\\/\\\/www.linkedin.com\\\/company\\\/vtorino\\\/\"]}]}<\/script>\n<meta property=\"product:brand\" content=\"SureFeed\" \/>\n<meta property=\"product:price:amount\" content=\"203.40\" \/>\n<meta property=\"product:price:currency\" content=\"EUR\" \/>\n<meta property=\"og:availability\" content=\"out of stock\" \/>\n<meta property=\"product:availability\" content=\"out of stock\" \/>\n<meta property=\"product:retailer_item_id\" content=\"A-1098190\" \/>\n<meta property=\"product:condition\" content=\"new\" \/>\n<!-- \/ Yoast SEO plugin. -->","yoast_head_json":{"title":"Distributeur de nourriture connecte SureFeed - V\u00e9torino","description":"Distributeur de nourriture connect\u00e9 pour mieux contr\u00f4ler l'alimentation de votre chat ou petit chien et \u00e9viter le vol de nourriture.  Utilisation :   Chien  Chat","robots":{"index":"noindex","follow":"nofollow"},"og_locale":"fr_FR","og_type":"article","og_title":"Distributeur de nourriture connecte SureFeed - V\u00e9torino","og_description":"Distributeur de nourriture connect\u00e9 pour mieux contr\u00f4ler l'alimentation de votre chat ou petit chien et \u00e9viter le vol de nourriture.  Utilisation :   Chien  Chat","og_url":"https:\/\/www.vetorino.com\/veterinaire\/plouzevede-29440\/boutique\/product\/distributeur-de-nourriture-connecte\/","og_site_name":"V\u00e9torino","article_publisher":"https:\/\/www.facebook.com\/Vetorino\/","article_modified_time":"2022-12-05T13:09:45+00:00","og_image":[{"width":1900,"height":1900,"url":"https:\/\/www.vetorino.com\/boutique\/wp-content\/uploads\/2022\/09\/distributeur-electronique-connect-surefeed.jpg","type":"image\/jpeg"}],"twitter_card":"summary_large_image","twitter_misc":{"Prix":"203,40&euro;","Disponibilit\u00e9":"Rupture de stock"},"schema":{"@context":"https:\/\/schema.org","@graph":[{"@type":"WebPage","@id":"https:\/\/www.vetorino.com\/boutique\/product\/distributeur-de-nourriture-connecte\/","url":"https:\/\/www.vetorino.com\/boutique\/product\/distributeur-de-nourriture-connecte\/","name":"Distributeur de nourriture connecte SureFeed - V\u00e9torino","isPartOf":{"@id":"https:\/\/www.vetorino.com\/boutique\/#website"},"primaryImageOfPage":{"@id":"https:\/\/www.vetorino.com\/boutique\/product\/distributeur-de-nourriture-connecte\/#primaryimage"},"image":{"@id":"https:\/\/www.vetorino.com\/boutique\/product\/distributeur-de-nourriture-connecte\/#primaryimage"},"thumbnailUrl":"https:\/\/www.vetorino.com\/boutique\/wp-content\/uploads\/2022\/09\/distributeur-electronique-connect-surefeed.jpg","datePublished":"2022-09-20T14:21:24+00:00","dateModified":"2022-12-05T13:09:45+00:00","description":"Distributeur de nourriture connect\u00e9 pour mieux contr\u00f4ler l'alimentation de votre chat ou petit chien et \u00e9viter le vol de nourriture. Utilisation : Chien Chat","breadcrumb":{"@id":"https:\/\/www.vetorino.com\/boutique\/product\/distributeur-de-nourriture-connecte\/#breadcrumb"},"inLanguage":"fr-FR","potentialAction":[{"@type":"ReadAction","target":["https:\/\/www.vetorino.com\/boutique\/product\/distributeur-de-nourriture-connecte\/"]}]},{"@type":"ImageObject","inLanguage":"fr-FR","@id":"https:\/\/www.vetorino.com\/boutique\/product\/distributeur-de-nourriture-connecte\/#primaryimage","url":"https:\/\/www.vetorino.com\/boutique\/wp-content\/uploads\/2022\/09\/distributeur-electronique-connect-surefeed.jpg","contentUrl":"https:\/\/www.vetorino.com\/boutique\/wp-content\/uploads\/2022\/09\/distributeur-electronique-connect-surefeed.jpg","width":1900,"height":1900,"caption":"distributeur surefeed"},{"@type":"BreadcrumbList","@id":"https:\/\/www.vetorino.com\/boutique\/product\/distributeur-de-nourriture-connecte\/#breadcrumb","itemListElement":[{"@type":"ListItem","position":1,"name":"Accueil","item":"https:\/\/www.vetorino.com\/boutique\/"},{"@type":"ListItem","position":2,"name":"Produits","item":"https:\/\/www.vetorino.com\/boutique\/"},{"@type":"ListItem","position":3,"name":"Distributeur de nourriture connecte"}]},{"@type":"WebSite","@id":"https:\/\/www.vetorino.com\/boutique\/#website","url":"https:\/\/www.vetorino.com\/boutique\/","name":"V\u00e9torino","description":"","publisher":{"@id":"https:\/\/www.vetorino.com\/boutique\/#organization"},"potentialAction":[{"@type":"SearchAction","target":{"@type":"EntryPoint","urlTemplate":"https:\/\/www.vetorino.com\/boutique\/?s={search_term_string}"},"query-input":{"@type":"PropertyValueSpecification","valueRequired":true,"valueName":"search_term_string"}}],"inLanguage":"fr-FR"},{"@type":"Organization","@id":"https:\/\/www.vetorino.com\/boutique\/#organization","name":"V\u00e9torino","url":"https:\/\/www.vetorino.com\/boutique\/","logo":{"@type":"ImageObject","inLanguage":"fr-FR","@id":"https:\/\/www.vetorino.com\/boutique\/#\/schema\/logo\/image\/","url":"https:\/\/www.vetorino.com\/boutique\/wp-content\/uploads\/2024\/10\/logo.jpg","contentUrl":"https:\/\/www.vetorino.com\/boutique\/wp-content\/uploads\/2024\/10\/logo.jpg","width":1200,"height":610,"caption":"V\u00e9torino"},"image":{"@id":"https:\/\/www.vetorino.com\/boutique\/#\/schema\/logo\/image\/"},"sameAs":["https:\/\/www.facebook.com\/Vetorino\/","https:\/\/www.instagram.com\/vetorino_off\/","https:\/\/www.linkedin.com\/company\/vtorino\/"]}]},"product_brand":"SureFeed","product_price_amount":"203.40","product_price_currency":"EUR","og_availability":"out of stock","product_availability":"out of stock","product_retailer_item_id":"A-1098190","product_condition":"new"},"_links":{"self":[{"href":"https:\/\/www.vetorino.com\/veterinaire\/plouzevede-29440\/boutique\/wp-json\/wp\/v2\/product\/476393","targetHints":{"allow":["GET"]}}],"collection":[{"href":"https:\/\/www.vetorino.com\/veterinaire\/plouzevede-29440\/boutique\/wp-json\/wp\/v2\/product"}],"about":[{"href":"https:\/\/www.vetorino.com\/veterinaire\/plouzevede-29440\/boutique\/wp-json\/wp\/v2\/types\/product"}],"wp:featuredmedia":[{"embeddable":true,"href":"https:\/\/www.vetorino.com\/veterinaire\/plouzevede-29440\/boutique\/wp-json\/wp\/v2\/media\/476394"}],"wp:attachment":[{"href":"https:\/\/www.vetorino.com\/veterinaire\/plouzevede-29440\/boutique\/wp-json\/wp\/v2\/media?parent=476393"}],"wp:term":[{"taxonomy":"product_cat","embeddable":true,"href":"https:\/\/www.vetorino.com\/veterinaire\/plouzevede-29440\/boutique\/wp-json\/wp\/v2\/product_cat?post=476393"},{"taxonomy":"product_tag","embeddable":true,"href":"https:\/\/www.vetorino.com\/veterinaire\/plouzevede-29440\/boutique\/wp-json\/wp\/v2\/product_tag?post=476393"}],"curies":[{"name":"wp","href":"https:\/\/api.w.org\/{rel}","templated":true}]}}