{"id":497589,"date":"2022-10-27T13:13:01","date_gmt":"2022-10-27T11:13:01","guid":{"rendered":"https:\/\/www.vetorino.com\/boutique\/product\/perroquet-nutribird-p15-extrudes-original-3\/"},"modified":"2023-05-11T15:21:26","modified_gmt":"2023-05-11T13:21:26","slug":"perroquet-nutribird-p15-extrudes-original-3","status":"publish","type":"product","link":"https:\/\/www.vetorino.com\/veterinaire\/plouzevede-29440\/boutique\/product\/perroquet-nutribird-p15-extrudes-original-3\/","title":{"rendered":"Perroquet Nutribird P15 Extrudes Original"},"content":{"rendered":"<p>NutriBird P 15 Tropical est un aliment complet et \u00e9quilibr\u00e9 pour perroquets, pr\u00e9sent\u00e9 sous forme de granul\u00e9s. En proposant cet aliment \u00e0 votre oiseau, vous l&#8217;emp\u00eachez de s\u00e9lectionner sa nourriture et pr\u00e9venez ainsi les carences alimentaires qui pourraient r\u00e9sulter d&#8217;une alimentation s\u00e9lective. En effet, chacun des granul\u00e9s renferme tous les nutriments essentiels et contient des c\u00e9r\u00e9ales s\u00e9lectionn\u00e9es, des fruits frais ainsi que des cacahu\u00e8tes d\u00e9cortiqu\u00e9es, enti\u00e8rement assimilables. Il ne reste aucune \u00e9pluchure ni coque. En outre, le florastimul renforce la flore intestinale et pr\u00e9vient les probl\u00e8mes d&#8217;estomac.<\/p>\n<p><b>Important :<\/b>\u00a0si votre oiseau n&#8217;est pas habitu\u00e9 \u00e0 la nourriture en granul\u00e9s, il est n\u00e9cessaire que le passage \u00e0 cette nouvelle alimentation se fasse progressivement.<\/p>\n","protected":false},"excerpt":{"rendered":"<p>Aliment complet pour perroquet de Versele Laga sous forme de granul\u00e9s, contient des c\u00e9r\u00e9ales, des graines, des fruits ainsi que du florastimul pour une digestion optimale<\/p>\n","protected":false},"featured_media":612741,"template":"","meta":[],"product_cat":[12576,2746],"product_tag":[],"class_list":{"0":"post-497589","1":"product","2":"type-product","3":"status-publish","4":"has-post-thumbnail","6":"product_cat-alimentation-de-loiseau","7":"product_cat-oiseau","8":"pa_marque-versele-lage","10":"first","11":"instock","12":"taxable","13":"shipping-taxable","14":"purchasable","15":"product-type-variable"},"yoast_head":"<!-- This site is optimized with the Yoast SEO plugin v27.3 - https:\/\/yoast.com\/product\/yoast-seo-wordpress\/ -->\n<title>Perroquet Nutribird P15 Extrudes Original Versele-lage - V\u00e9torino<\/title>\n<meta name=\"description\" content=\"Aliment complet pour perroquet de Versele Laga sous forme de granul\u00e9s, contient des c\u00e9r\u00e9ales, des graines, des fruits ainsi que du florastimul pour une digestion optimale\" \/>\n<meta name=\"robots\" content=\"noindex, nofollow\" \/>\n<meta property=\"og:locale\" content=\"fr_FR\" \/>\n<meta property=\"og:type\" content=\"article\" \/>\n<meta property=\"og:title\" content=\"Perroquet Nutribird P15 Extrudes Original Versele-lage - V\u00e9torino\" \/>\n<meta property=\"og:description\" content=\"Aliment complet pour perroquet de Versele Laga sous forme de granul\u00e9s, contient des c\u00e9r\u00e9ales, des graines, des fruits ainsi que du florastimul pour une digestion optimale\" \/>\n<meta property=\"og:url\" content=\"https:\/\/www.vetorino.com\/veterinaire\/plouzevede-29440\/boutique\/product\/perroquet-nutribird-p15-extrudes-original-3\/\" \/>\n<meta property=\"og:site_name\" content=\"V\u00e9torino\" \/>\n<meta property=\"article:publisher\" content=\"https:\/\/www.facebook.com\/Vetorino\/\" \/>\n<meta property=\"article:modified_time\" content=\"2023-05-11T13:21:26+00:00\" \/>\n<meta property=\"og:image\" content=\"https:\/\/www.vetorino.com\/boutique\/wp-content\/uploads\/2022\/10\/p15-original-granules-extrudes-aliment-dentretien-pour-perroquets-1kg-nutribird-422125-nutribird-granules-extrudes-aliment-dentr.png\" \/>\n\t<meta property=\"og:image:width\" content=\"800\" \/>\n\t<meta property=\"og:image:height\" content=\"800\" \/>\n\t<meta property=\"og:image:type\" content=\"image\/png\" \/>\n<meta name=\"twitter:card\" content=\"summary_large_image\" \/>\n<meta name=\"twitter:label1\" content=\"Disponibilit\u00e9\" \/>\n\t<meta name=\"twitter:data1\" content=\"En stock\" \/>\n<script type=\"application\/ld+json\" class=\"yoast-schema-graph\">{\"@context\":\"https:\\\/\\\/schema.org\",\"@graph\":[{\"@type\":\"WebPage\",\"@id\":\"https:\\\/\\\/www.vetorino.com\\\/boutique\\\/product\\\/perroquet-nutribird-p15-extrudes-original-3\\\/\",\"url\":\"https:\\\/\\\/www.vetorino.com\\\/boutique\\\/product\\\/perroquet-nutribird-p15-extrudes-original-3\\\/\",\"name\":\"Perroquet Nutribird P15 Extrudes Original Versele-lage - V\u00e9torino\",\"isPartOf\":{\"@id\":\"https:\\\/\\\/www.vetorino.com\\\/boutique\\\/#website\"},\"primaryImageOfPage\":{\"@id\":\"https:\\\/\\\/www.vetorino.com\\\/boutique\\\/product\\\/perroquet-nutribird-p15-extrudes-original-3\\\/#primaryimage\"},\"image\":{\"@id\":\"https:\\\/\\\/www.vetorino.com\\\/boutique\\\/product\\\/perroquet-nutribird-p15-extrudes-original-3\\\/#primaryimage\"},\"thumbnailUrl\":\"https:\\\/\\\/www.vetorino.com\\\/boutique\\\/wp-content\\\/uploads\\\/2022\\\/10\\\/p15-original-granules-extrudes-aliment-dentretien-pour-perroquets-1kg-nutribird-422125-nutribird-granules-extrudes-aliment-dentr.png\",\"datePublished\":\"2022-10-27T11:13:01+00:00\",\"dateModified\":\"2023-05-11T13:21:26+00:00\",\"description\":\"Aliment complet pour perroquet de Versele Laga sous forme de granul\u00e9s, contient des c\u00e9r\u00e9ales, des graines, des fruits ainsi que du florastimul pour une digestion optimale\",\"breadcrumb\":{\"@id\":\"https:\\\/\\\/www.vetorino.com\\\/boutique\\\/product\\\/perroquet-nutribird-p15-extrudes-original-3\\\/#breadcrumb\"},\"inLanguage\":\"fr-FR\",\"potentialAction\":[{\"@type\":\"ReadAction\",\"target\":[\"https:\\\/\\\/www.vetorino.com\\\/boutique\\\/product\\\/perroquet-nutribird-p15-extrudes-original-3\\\/\"]}]},{\"@type\":\"ImageObject\",\"inLanguage\":\"fr-FR\",\"@id\":\"https:\\\/\\\/www.vetorino.com\\\/boutique\\\/product\\\/perroquet-nutribird-p15-extrudes-original-3\\\/#primaryimage\",\"url\":\"https:\\\/\\\/www.vetorino.com\\\/boutique\\\/wp-content\\\/uploads\\\/2022\\\/10\\\/p15-original-granules-extrudes-aliment-dentretien-pour-perroquets-1kg-nutribird-422125-nutribird-granules-extrudes-aliment-dentr.png\",\"contentUrl\":\"https:\\\/\\\/www.vetorino.com\\\/boutique\\\/wp-content\\\/uploads\\\/2022\\\/10\\\/p15-original-granules-extrudes-aliment-dentretien-pour-perroquets-1kg-nutribird-422125-nutribird-granules-extrudes-aliment-dentr.png\",\"width\":800,\"height\":800},{\"@type\":\"BreadcrumbList\",\"@id\":\"https:\\\/\\\/www.vetorino.com\\\/boutique\\\/product\\\/perroquet-nutribird-p15-extrudes-original-3\\\/#breadcrumb\",\"itemListElement\":[{\"@type\":\"ListItem\",\"position\":1,\"name\":\"Accueil\",\"item\":\"https:\\\/\\\/www.vetorino.com\\\/boutique\\\/\"},{\"@type\":\"ListItem\",\"position\":2,\"name\":\"Produits\",\"item\":\"https:\\\/\\\/www.vetorino.com\\\/boutique\\\/\"},{\"@type\":\"ListItem\",\"position\":3,\"name\":\"Perroquet Nutribird P15 Extrudes Original\"}]},{\"@type\":\"WebSite\",\"@id\":\"https:\\\/\\\/www.vetorino.com\\\/boutique\\\/#website\",\"url\":\"https:\\\/\\\/www.vetorino.com\\\/boutique\\\/\",\"name\":\"V\u00e9torino\",\"description\":\"\",\"publisher\":{\"@id\":\"https:\\\/\\\/www.vetorino.com\\\/boutique\\\/#organization\"},\"potentialAction\":[{\"@type\":\"SearchAction\",\"target\":{\"@type\":\"EntryPoint\",\"urlTemplate\":\"https:\\\/\\\/www.vetorino.com\\\/boutique\\\/?s={search_term_string}\"},\"query-input\":{\"@type\":\"PropertyValueSpecification\",\"valueRequired\":true,\"valueName\":\"search_term_string\"}}],\"inLanguage\":\"fr-FR\"},{\"@type\":\"Organization\",\"@id\":\"https:\\\/\\\/www.vetorino.com\\\/boutique\\\/#organization\",\"name\":\"V\u00e9torino\",\"url\":\"https:\\\/\\\/www.vetorino.com\\\/boutique\\\/\",\"logo\":{\"@type\":\"ImageObject\",\"inLanguage\":\"fr-FR\",\"@id\":\"https:\\\/\\\/www.vetorino.com\\\/boutique\\\/#\\\/schema\\\/logo\\\/image\\\/\",\"url\":\"https:\\\/\\\/www.vetorino.com\\\/boutique\\\/wp-content\\\/uploads\\\/2024\\\/10\\\/logo.jpg\",\"contentUrl\":\"https:\\\/\\\/www.vetorino.com\\\/boutique\\\/wp-content\\\/uploads\\\/2024\\\/10\\\/logo.jpg\",\"width\":1200,\"height\":610,\"caption\":\"V\u00e9torino\"},\"image\":{\"@id\":\"https:\\\/\\\/www.vetorino.com\\\/boutique\\\/#\\\/schema\\\/logo\\\/image\\\/\"},\"sameAs\":[\"https:\\\/\\\/www.facebook.com\\\/Vetorino\\\/\",\"https:\\\/\\\/www.instagram.com\\\/vetorino_off\\\/\",\"https:\\\/\\\/www.linkedin.com\\\/company\\\/vtorino\\\/\"]}]}<\/script>\n<meta property=\"product:brand\" content=\"Versele-lage\" \/>\n<meta property=\"og:availability\" content=\"instock\" \/>\n<meta property=\"product:availability\" content=\"instock\" \/>\n<meta property=\"product:condition\" content=\"new\" \/>\n<!-- \/ Yoast SEO plugin. -->","yoast_head_json":{"title":"Perroquet Nutribird P15 Extrudes Original Versele-lage - V\u00e9torino","description":"Aliment complet pour perroquet de Versele Laga sous forme de granul\u00e9s, contient des c\u00e9r\u00e9ales, des graines, des fruits ainsi que du florastimul pour une digestion optimale","robots":{"index":"noindex","follow":"nofollow"},"og_locale":"fr_FR","og_type":"article","og_title":"Perroquet Nutribird P15 Extrudes Original Versele-lage - V\u00e9torino","og_description":"Aliment complet pour perroquet de Versele Laga sous forme de granul\u00e9s, contient des c\u00e9r\u00e9ales, des graines, des fruits ainsi que du florastimul pour une digestion optimale","og_url":"https:\/\/www.vetorino.com\/veterinaire\/plouzevede-29440\/boutique\/product\/perroquet-nutribird-p15-extrudes-original-3\/","og_site_name":"V\u00e9torino","article_publisher":"https:\/\/www.facebook.com\/Vetorino\/","article_modified_time":"2023-05-11T13:21:26+00:00","og_image":[{"width":800,"height":800,"url":"https:\/\/www.vetorino.com\/boutique\/wp-content\/uploads\/2022\/10\/p15-original-granules-extrudes-aliment-dentretien-pour-perroquets-1kg-nutribird-422125-nutribird-granules-extrudes-aliment-dentr.png","type":"image\/png"}],"twitter_card":"summary_large_image","twitter_misc":{"Disponibilit\u00e9":"En stock"},"schema":{"@context":"https:\/\/schema.org","@graph":[{"@type":"WebPage","@id":"https:\/\/www.vetorino.com\/boutique\/product\/perroquet-nutribird-p15-extrudes-original-3\/","url":"https:\/\/www.vetorino.com\/boutique\/product\/perroquet-nutribird-p15-extrudes-original-3\/","name":"Perroquet Nutribird P15 Extrudes Original Versele-lage - V\u00e9torino","isPartOf":{"@id":"https:\/\/www.vetorino.com\/boutique\/#website"},"primaryImageOfPage":{"@id":"https:\/\/www.vetorino.com\/boutique\/product\/perroquet-nutribird-p15-extrudes-original-3\/#primaryimage"},"image":{"@id":"https:\/\/www.vetorino.com\/boutique\/product\/perroquet-nutribird-p15-extrudes-original-3\/#primaryimage"},"thumbnailUrl":"https:\/\/www.vetorino.com\/boutique\/wp-content\/uploads\/2022\/10\/p15-original-granules-extrudes-aliment-dentretien-pour-perroquets-1kg-nutribird-422125-nutribird-granules-extrudes-aliment-dentr.png","datePublished":"2022-10-27T11:13:01+00:00","dateModified":"2023-05-11T13:21:26+00:00","description":"Aliment complet pour perroquet de Versele Laga sous forme de granul\u00e9s, contient des c\u00e9r\u00e9ales, des graines, des fruits ainsi que du florastimul pour une digestion optimale","breadcrumb":{"@id":"https:\/\/www.vetorino.com\/boutique\/product\/perroquet-nutribird-p15-extrudes-original-3\/#breadcrumb"},"inLanguage":"fr-FR","potentialAction":[{"@type":"ReadAction","target":["https:\/\/www.vetorino.com\/boutique\/product\/perroquet-nutribird-p15-extrudes-original-3\/"]}]},{"@type":"ImageObject","inLanguage":"fr-FR","@id":"https:\/\/www.vetorino.com\/boutique\/product\/perroquet-nutribird-p15-extrudes-original-3\/#primaryimage","url":"https:\/\/www.vetorino.com\/boutique\/wp-content\/uploads\/2022\/10\/p15-original-granules-extrudes-aliment-dentretien-pour-perroquets-1kg-nutribird-422125-nutribird-granules-extrudes-aliment-dentr.png","contentUrl":"https:\/\/www.vetorino.com\/boutique\/wp-content\/uploads\/2022\/10\/p15-original-granules-extrudes-aliment-dentretien-pour-perroquets-1kg-nutribird-422125-nutribird-granules-extrudes-aliment-dentr.png","width":800,"height":800},{"@type":"BreadcrumbList","@id":"https:\/\/www.vetorino.com\/boutique\/product\/perroquet-nutribird-p15-extrudes-original-3\/#breadcrumb","itemListElement":[{"@type":"ListItem","position":1,"name":"Accueil","item":"https:\/\/www.vetorino.com\/boutique\/"},{"@type":"ListItem","position":2,"name":"Produits","item":"https:\/\/www.vetorino.com\/boutique\/"},{"@type":"ListItem","position":3,"name":"Perroquet Nutribird P15 Extrudes Original"}]},{"@type":"WebSite","@id":"https:\/\/www.vetorino.com\/boutique\/#website","url":"https:\/\/www.vetorino.com\/boutique\/","name":"V\u00e9torino","description":"","publisher":{"@id":"https:\/\/www.vetorino.com\/boutique\/#organization"},"potentialAction":[{"@type":"SearchAction","target":{"@type":"EntryPoint","urlTemplate":"https:\/\/www.vetorino.com\/boutique\/?s={search_term_string}"},"query-input":{"@type":"PropertyValueSpecification","valueRequired":true,"valueName":"search_term_string"}}],"inLanguage":"fr-FR"},{"@type":"Organization","@id":"https:\/\/www.vetorino.com\/boutique\/#organization","name":"V\u00e9torino","url":"https:\/\/www.vetorino.com\/boutique\/","logo":{"@type":"ImageObject","inLanguage":"fr-FR","@id":"https:\/\/www.vetorino.com\/boutique\/#\/schema\/logo\/image\/","url":"https:\/\/www.vetorino.com\/boutique\/wp-content\/uploads\/2024\/10\/logo.jpg","contentUrl":"https:\/\/www.vetorino.com\/boutique\/wp-content\/uploads\/2024\/10\/logo.jpg","width":1200,"height":610,"caption":"V\u00e9torino"},"image":{"@id":"https:\/\/www.vetorino.com\/boutique\/#\/schema\/logo\/image\/"},"sameAs":["https:\/\/www.facebook.com\/Vetorino\/","https:\/\/www.instagram.com\/vetorino_off\/","https:\/\/www.linkedin.com\/company\/vtorino\/"]}]},"product_brand":"Versele-lage","og_availability":"instock","product_availability":"instock","product_condition":"new"},"_links":{"self":[{"href":"https:\/\/www.vetorino.com\/veterinaire\/plouzevede-29440\/boutique\/wp-json\/wp\/v2\/product\/497589","targetHints":{"allow":["GET"]}}],"collection":[{"href":"https:\/\/www.vetorino.com\/veterinaire\/plouzevede-29440\/boutique\/wp-json\/wp\/v2\/product"}],"about":[{"href":"https:\/\/www.vetorino.com\/veterinaire\/plouzevede-29440\/boutique\/wp-json\/wp\/v2\/types\/product"}],"wp:featuredmedia":[{"embeddable":true,"href":"https:\/\/www.vetorino.com\/veterinaire\/plouzevede-29440\/boutique\/wp-json\/wp\/v2\/media\/612741"}],"wp:attachment":[{"href":"https:\/\/www.vetorino.com\/veterinaire\/plouzevede-29440\/boutique\/wp-json\/wp\/v2\/media?parent=497589"}],"wp:term":[{"taxonomy":"product_cat","embeddable":true,"href":"https:\/\/www.vetorino.com\/veterinaire\/plouzevede-29440\/boutique\/wp-json\/wp\/v2\/product_cat?post=497589"},{"taxonomy":"product_tag","embeddable":true,"href":"https:\/\/www.vetorino.com\/veterinaire\/plouzevede-29440\/boutique\/wp-json\/wp\/v2\/product_tag?post=497589"}],"curies":[{"name":"wp","href":"https:\/\/api.w.org\/{rel}","templated":true}]}}