{"id":507579,"date":"2022-11-17T20:30:04","date_gmt":"2022-11-17T19:30:04","guid":{"rendered":"https:\/\/www.vetorino.com\/boutique\/product\/hydraflo-3\/"},"modified":"2025-07-29T17:06:56","modified_gmt":"2025-07-29T15:06:56","slug":"hydraflo-3","status":"publish","type":"product","link":"https:\/\/www.vetorino.com\/veterinaire\/plouzevede-29440\/boutique\/product\/hydraflo-3\/","title":{"rendered":"Hydraflo"},"content":{"rendered":"<p>Hydraflo est un<strong> aliment compl\u00e9mentaire di\u00e9t\u00e9tique pour veaux<\/strong> ayant pour objectif la<strong> stabilisation du bilan des \u00e9lectrolytes et de l&#8217;eau.<\/strong><\/p>\n<p>Il est formul\u00e9 selon les derni\u00e8res recommandations en vigueur concernant la r\u00e9hydratation orale du veau.<\/p>\n<p>Hydraflo pr\u00e9sente les qualit\u00e9s suivantes:<\/p>\n<ul>\n<li>Compensation des d\u00e9ficits \u00e9lectrolytiques et hydrique gr\u00e2ce \u00e0 sa<strong> forte teneur en \u00e9lectrolytes<\/strong> (Na, K, Cl) et son osmolarit\u00e9 de 620 mosm\/L.<\/li>\n<\/ul>\n<p><strong>Mode d&#8217;emploi :\u00a0<\/strong><\/p>\n<p><em>En cas de risque de troubles digestifs (diarrh\u00e9e), pendant et apr\u00e8s ceux-ci, distribuer un sachet, 2 fois par jour, pendant 2 \u00e0 3 jours.<\/em><\/p>\n<p><em>Diluer un sachet dans 2 L d\u2019eau ti\u00e8de (35 \u00e0 40 \u00b0C), en substitution ou en compl\u00e9ment de l\u2019alimentation lact\u00e9e.<\/em><\/p>\n<p>&nbsp;<\/p>\n","protected":false},"excerpt":{"rendered":"<p>Hydraflo est un<strong> aliment compl\u00e9mentaire di\u00e9t\u00e9tique pour veaux<\/strong> ayant pour objectif la<strong> stabilisation du bilan des \u00e9lectrolytes et de l&#8217;eau.<\/strong><\/p>\n<p>Il est formul\u00e9 selon les derni\u00e8res recommandations en vigueur concernant la r\u00e9hydratation orale du veau.<\/p>\n<p>Hydraflo pr\u00e9sente les qualit\u00e9s suivantes:<\/p>\n<ul>\n<li>Compensation des d\u00e9ficits \u00e9lectrolytiques et hydrique gr\u00e2ce \u00e0 sa<strong> forte teneur en \u00e9lectrolytes<\/strong> (Na, K, Cl) et son osmolarit\u00e9 de 620 mosm\/L.<\/li>\n<\/ul>\n","protected":false},"featured_media":1432612,"template":"","meta":[],"product_cat":[6864,6870],"product_tag":[],"class_list":{"0":"post-507579","1":"product","2":"type-product","3":"status-publish","4":"has-post-thumbnail","6":"product_cat-animaux-delevage","7":"product_cat-bovins","8":"pa_marque-savetis","10":"first","11":"outofstock","12":"taxable","13":"shipping-taxable","14":"purchasable","15":"product-type-simple"},"yoast_head":"<!-- This site is optimized with the Yoast SEO plugin v27.3 - https:\/\/yoast.com\/product\/yoast-seo-wordpress\/ -->\n<title>Hydraflo Savetis - V\u00e9torino<\/title>\n<meta name=\"description\" content=\"Hydraflo est un aliment compl\u00e9mentaire di\u00e9t\u00e9tique pour veaux ayant pour objectif la stabilisation du bilan des \u00e9lectrolytes et de l&#039;eau.  Il est formul\u00e9 selon les derni\u00e8res recommandations en vigueur concernant la r\u00e9hydratation orale du veau.  Hydraflo pr\u00e9sente les qualit\u00e9s suivantes:   Compensation des d\u00e9ficits \u00e9lectrolytiques et hydrique gr\u00e2ce \u00e0 sa forte teneur en \u00e9lectrolytes (Na, K, Cl) et son osmolarit\u00e9 de 620 mosm\/L.\" \/>\n<meta name=\"robots\" content=\"noindex, nofollow\" \/>\n<meta property=\"og:locale\" content=\"fr_FR\" \/>\n<meta property=\"og:type\" content=\"article\" \/>\n<meta property=\"og:title\" content=\"Hydraflo Savetis - V\u00e9torino\" \/>\n<meta property=\"og:description\" content=\"Hydraflo est un aliment compl\u00e9mentaire di\u00e9t\u00e9tique pour veaux ayant pour objectif la stabilisation du bilan des \u00e9lectrolytes et de l&#039;eau.  Il est formul\u00e9 selon les derni\u00e8res recommandations en vigueur concernant la r\u00e9hydratation orale du veau.  Hydraflo pr\u00e9sente les qualit\u00e9s suivantes:   Compensation des d\u00e9ficits \u00e9lectrolytiques et hydrique gr\u00e2ce \u00e0 sa forte teneur en \u00e9lectrolytes (Na, K, Cl) et son osmolarit\u00e9 de 620 mosm\/L.\" \/>\n<meta property=\"og:url\" content=\"https:\/\/www.vetorino.com\/veterinaire\/plouzevede-29440\/boutique\/product\/hydraflo-3\/\" \/>\n<meta property=\"og:site_name\" content=\"V\u00e9torino\" \/>\n<meta property=\"article:publisher\" content=\"https:\/\/www.facebook.com\/Vetorino\/\" \/>\n<meta property=\"article:modified_time\" content=\"2025-07-29T15:06:56+00:00\" \/>\n<meta property=\"og:image\" content=\"https:\/\/www.vetorino.com\/boutique\/wp-content\/uploads\/2022\/11\/hydraflo.jpg\" \/>\n\t<meta property=\"og:image:width\" content=\"924\" \/>\n\t<meta property=\"og:image:height\" content=\"1000\" \/>\n\t<meta property=\"og:image:type\" content=\"image\/jpeg\" \/>\n<meta name=\"twitter:card\" content=\"summary_large_image\" \/>\n<meta name=\"twitter:label1\" content=\"Prix\" \/>\n\t<meta name=\"twitter:data1\" content=\"160,24&euro;\" \/>\n\t<meta name=\"twitter:label2\" content=\"Disponibilit\u00e9\" \/>\n\t<meta name=\"twitter:data2\" content=\"Rupture de stock\" \/>\n<script type=\"application\/ld+json\" class=\"yoast-schema-graph\">{\"@context\":\"https:\\\/\\\/schema.org\",\"@graph\":[{\"@type\":\"WebPage\",\"@id\":\"https:\\\/\\\/www.vetorino.com\\\/boutique\\\/product\\\/hydraflo-3\\\/\",\"url\":\"https:\\\/\\\/www.vetorino.com\\\/boutique\\\/product\\\/hydraflo-3\\\/\",\"name\":\"Hydraflo Savetis - V\u00e9torino\",\"isPartOf\":{\"@id\":\"https:\\\/\\\/www.vetorino.com\\\/boutique\\\/#website\"},\"primaryImageOfPage\":{\"@id\":\"https:\\\/\\\/www.vetorino.com\\\/boutique\\\/product\\\/hydraflo-3\\\/#primaryimage\"},\"image\":{\"@id\":\"https:\\\/\\\/www.vetorino.com\\\/boutique\\\/product\\\/hydraflo-3\\\/#primaryimage\"},\"thumbnailUrl\":\"https:\\\/\\\/www.vetorino.com\\\/boutique\\\/wp-content\\\/uploads\\\/2022\\\/11\\\/hydraflo.jpg\",\"datePublished\":\"2022-11-17T19:30:04+00:00\",\"dateModified\":\"2025-07-29T15:06:56+00:00\",\"description\":\"Hydraflo est un aliment compl\u00e9mentaire di\u00e9t\u00e9tique pour veaux ayant pour objectif la stabilisation du bilan des \u00e9lectrolytes et de l'eau. Il est formul\u00e9 selon les derni\u00e8res recommandations en vigueur concernant la r\u00e9hydratation orale du veau. Hydraflo pr\u00e9sente les qualit\u00e9s suivantes: Compensation des d\u00e9ficits \u00e9lectrolytiques et hydrique gr\u00e2ce \u00e0 sa forte teneur en \u00e9lectrolytes (Na, K, Cl) et son osmolarit\u00e9 de 620 mosm\\\/L.\",\"breadcrumb\":{\"@id\":\"https:\\\/\\\/www.vetorino.com\\\/boutique\\\/product\\\/hydraflo-3\\\/#breadcrumb\"},\"inLanguage\":\"fr-FR\",\"potentialAction\":[{\"@type\":\"ReadAction\",\"target\":[\"https:\\\/\\\/www.vetorino.com\\\/boutique\\\/product\\\/hydraflo-3\\\/\"]}]},{\"@type\":\"ImageObject\",\"inLanguage\":\"fr-FR\",\"@id\":\"https:\\\/\\\/www.vetorino.com\\\/boutique\\\/product\\\/hydraflo-3\\\/#primaryimage\",\"url\":\"https:\\\/\\\/www.vetorino.com\\\/boutique\\\/wp-content\\\/uploads\\\/2022\\\/11\\\/hydraflo.jpg\",\"contentUrl\":\"https:\\\/\\\/www.vetorino.com\\\/boutique\\\/wp-content\\\/uploads\\\/2022\\\/11\\\/hydraflo.jpg\",\"width\":924,\"height\":1000},{\"@type\":\"BreadcrumbList\",\"@id\":\"https:\\\/\\\/www.vetorino.com\\\/boutique\\\/product\\\/hydraflo-3\\\/#breadcrumb\",\"itemListElement\":[{\"@type\":\"ListItem\",\"position\":1,\"name\":\"Accueil\",\"item\":\"https:\\\/\\\/www.vetorino.com\\\/boutique\\\/\"},{\"@type\":\"ListItem\",\"position\":2,\"name\":\"Produits\",\"item\":\"https:\\\/\\\/www.vetorino.com\\\/boutique\\\/\"},{\"@type\":\"ListItem\",\"position\":3,\"name\":\"Hydraflo\"}]},{\"@type\":\"WebSite\",\"@id\":\"https:\\\/\\\/www.vetorino.com\\\/boutique\\\/#website\",\"url\":\"https:\\\/\\\/www.vetorino.com\\\/boutique\\\/\",\"name\":\"V\u00e9torino\",\"description\":\"\",\"publisher\":{\"@id\":\"https:\\\/\\\/www.vetorino.com\\\/boutique\\\/#organization\"},\"potentialAction\":[{\"@type\":\"SearchAction\",\"target\":{\"@type\":\"EntryPoint\",\"urlTemplate\":\"https:\\\/\\\/www.vetorino.com\\\/boutique\\\/?s={search_term_string}\"},\"query-input\":{\"@type\":\"PropertyValueSpecification\",\"valueRequired\":true,\"valueName\":\"search_term_string\"}}],\"inLanguage\":\"fr-FR\"},{\"@type\":\"Organization\",\"@id\":\"https:\\\/\\\/www.vetorino.com\\\/boutique\\\/#organization\",\"name\":\"V\u00e9torino\",\"url\":\"https:\\\/\\\/www.vetorino.com\\\/boutique\\\/\",\"logo\":{\"@type\":\"ImageObject\",\"inLanguage\":\"fr-FR\",\"@id\":\"https:\\\/\\\/www.vetorino.com\\\/boutique\\\/#\\\/schema\\\/logo\\\/image\\\/\",\"url\":\"https:\\\/\\\/www.vetorino.com\\\/boutique\\\/wp-content\\\/uploads\\\/2024\\\/10\\\/logo.jpg\",\"contentUrl\":\"https:\\\/\\\/www.vetorino.com\\\/boutique\\\/wp-content\\\/uploads\\\/2024\\\/10\\\/logo.jpg\",\"width\":1200,\"height\":610,\"caption\":\"V\u00e9torino\"},\"image\":{\"@id\":\"https:\\\/\\\/www.vetorino.com\\\/boutique\\\/#\\\/schema\\\/logo\\\/image\\\/\"},\"sameAs\":[\"https:\\\/\\\/www.facebook.com\\\/Vetorino\\\/\",\"https:\\\/\\\/www.instagram.com\\\/vetorino_off\\\/\",\"https:\\\/\\\/www.linkedin.com\\\/company\\\/vtorino\\\/\"]}]}<\/script>\n<meta property=\"product:brand\" content=\"Savetis\" \/>\n<meta property=\"product:price:amount\" content=\"160.24\" \/>\n<meta property=\"product:price:currency\" content=\"EUR\" \/>\n<meta property=\"og:availability\" content=\"out of stock\" \/>\n<meta property=\"product:availability\" content=\"out of stock\" \/>\n<meta property=\"product:retailer_item_id\" content=\"A-8120844\" \/>\n<meta property=\"product:condition\" content=\"new\" \/>\n<!-- \/ Yoast SEO plugin. -->","yoast_head_json":{"title":"Hydraflo Savetis - V\u00e9torino","description":"Hydraflo est un aliment compl\u00e9mentaire di\u00e9t\u00e9tique pour veaux ayant pour objectif la stabilisation du bilan des \u00e9lectrolytes et de l'eau.  Il est formul\u00e9 selon les derni\u00e8res recommandations en vigueur concernant la r\u00e9hydratation orale du veau.  Hydraflo pr\u00e9sente les qualit\u00e9s suivantes:   Compensation des d\u00e9ficits \u00e9lectrolytiques et hydrique gr\u00e2ce \u00e0 sa forte teneur en \u00e9lectrolytes (Na, K, Cl) et son osmolarit\u00e9 de 620 mosm\/L.","robots":{"index":"noindex","follow":"nofollow"},"og_locale":"fr_FR","og_type":"article","og_title":"Hydraflo Savetis - V\u00e9torino","og_description":"Hydraflo est un aliment compl\u00e9mentaire di\u00e9t\u00e9tique pour veaux ayant pour objectif la stabilisation du bilan des \u00e9lectrolytes et de l'eau.  Il est formul\u00e9 selon les derni\u00e8res recommandations en vigueur concernant la r\u00e9hydratation orale du veau.  Hydraflo pr\u00e9sente les qualit\u00e9s suivantes:   Compensation des d\u00e9ficits \u00e9lectrolytiques et hydrique gr\u00e2ce \u00e0 sa forte teneur en \u00e9lectrolytes (Na, K, Cl) et son osmolarit\u00e9 de 620 mosm\/L.","og_url":"https:\/\/www.vetorino.com\/veterinaire\/plouzevede-29440\/boutique\/product\/hydraflo-3\/","og_site_name":"V\u00e9torino","article_publisher":"https:\/\/www.facebook.com\/Vetorino\/","article_modified_time":"2025-07-29T15:06:56+00:00","og_image":[{"width":924,"height":1000,"url":"https:\/\/www.vetorino.com\/boutique\/wp-content\/uploads\/2022\/11\/hydraflo.jpg","type":"image\/jpeg"}],"twitter_card":"summary_large_image","twitter_misc":{"Prix":"160,24&euro;","Disponibilit\u00e9":"Rupture de stock"},"schema":{"@context":"https:\/\/schema.org","@graph":[{"@type":"WebPage","@id":"https:\/\/www.vetorino.com\/boutique\/product\/hydraflo-3\/","url":"https:\/\/www.vetorino.com\/boutique\/product\/hydraflo-3\/","name":"Hydraflo Savetis - V\u00e9torino","isPartOf":{"@id":"https:\/\/www.vetorino.com\/boutique\/#website"},"primaryImageOfPage":{"@id":"https:\/\/www.vetorino.com\/boutique\/product\/hydraflo-3\/#primaryimage"},"image":{"@id":"https:\/\/www.vetorino.com\/boutique\/product\/hydraflo-3\/#primaryimage"},"thumbnailUrl":"https:\/\/www.vetorino.com\/boutique\/wp-content\/uploads\/2022\/11\/hydraflo.jpg","datePublished":"2022-11-17T19:30:04+00:00","dateModified":"2025-07-29T15:06:56+00:00","description":"Hydraflo est un aliment compl\u00e9mentaire di\u00e9t\u00e9tique pour veaux ayant pour objectif la stabilisation du bilan des \u00e9lectrolytes et de l'eau. Il est formul\u00e9 selon les derni\u00e8res recommandations en vigueur concernant la r\u00e9hydratation orale du veau. Hydraflo pr\u00e9sente les qualit\u00e9s suivantes: Compensation des d\u00e9ficits \u00e9lectrolytiques et hydrique gr\u00e2ce \u00e0 sa forte teneur en \u00e9lectrolytes (Na, K, Cl) et son osmolarit\u00e9 de 620 mosm\/L.","breadcrumb":{"@id":"https:\/\/www.vetorino.com\/boutique\/product\/hydraflo-3\/#breadcrumb"},"inLanguage":"fr-FR","potentialAction":[{"@type":"ReadAction","target":["https:\/\/www.vetorino.com\/boutique\/product\/hydraflo-3\/"]}]},{"@type":"ImageObject","inLanguage":"fr-FR","@id":"https:\/\/www.vetorino.com\/boutique\/product\/hydraflo-3\/#primaryimage","url":"https:\/\/www.vetorino.com\/boutique\/wp-content\/uploads\/2022\/11\/hydraflo.jpg","contentUrl":"https:\/\/www.vetorino.com\/boutique\/wp-content\/uploads\/2022\/11\/hydraflo.jpg","width":924,"height":1000},{"@type":"BreadcrumbList","@id":"https:\/\/www.vetorino.com\/boutique\/product\/hydraflo-3\/#breadcrumb","itemListElement":[{"@type":"ListItem","position":1,"name":"Accueil","item":"https:\/\/www.vetorino.com\/boutique\/"},{"@type":"ListItem","position":2,"name":"Produits","item":"https:\/\/www.vetorino.com\/boutique\/"},{"@type":"ListItem","position":3,"name":"Hydraflo"}]},{"@type":"WebSite","@id":"https:\/\/www.vetorino.com\/boutique\/#website","url":"https:\/\/www.vetorino.com\/boutique\/","name":"V\u00e9torino","description":"","publisher":{"@id":"https:\/\/www.vetorino.com\/boutique\/#organization"},"potentialAction":[{"@type":"SearchAction","target":{"@type":"EntryPoint","urlTemplate":"https:\/\/www.vetorino.com\/boutique\/?s={search_term_string}"},"query-input":{"@type":"PropertyValueSpecification","valueRequired":true,"valueName":"search_term_string"}}],"inLanguage":"fr-FR"},{"@type":"Organization","@id":"https:\/\/www.vetorino.com\/boutique\/#organization","name":"V\u00e9torino","url":"https:\/\/www.vetorino.com\/boutique\/","logo":{"@type":"ImageObject","inLanguage":"fr-FR","@id":"https:\/\/www.vetorino.com\/boutique\/#\/schema\/logo\/image\/","url":"https:\/\/www.vetorino.com\/boutique\/wp-content\/uploads\/2024\/10\/logo.jpg","contentUrl":"https:\/\/www.vetorino.com\/boutique\/wp-content\/uploads\/2024\/10\/logo.jpg","width":1200,"height":610,"caption":"V\u00e9torino"},"image":{"@id":"https:\/\/www.vetorino.com\/boutique\/#\/schema\/logo\/image\/"},"sameAs":["https:\/\/www.facebook.com\/Vetorino\/","https:\/\/www.instagram.com\/vetorino_off\/","https:\/\/www.linkedin.com\/company\/vtorino\/"]}]},"product_brand":"Savetis","product_price_amount":"160.24","product_price_currency":"EUR","og_availability":"out of stock","product_availability":"out of stock","product_retailer_item_id":"A-8120844","product_condition":"new"},"_links":{"self":[{"href":"https:\/\/www.vetorino.com\/veterinaire\/plouzevede-29440\/boutique\/wp-json\/wp\/v2\/product\/507579","targetHints":{"allow":["GET"]}}],"collection":[{"href":"https:\/\/www.vetorino.com\/veterinaire\/plouzevede-29440\/boutique\/wp-json\/wp\/v2\/product"}],"about":[{"href":"https:\/\/www.vetorino.com\/veterinaire\/plouzevede-29440\/boutique\/wp-json\/wp\/v2\/types\/product"}],"wp:featuredmedia":[{"embeddable":true,"href":"https:\/\/www.vetorino.com\/veterinaire\/plouzevede-29440\/boutique\/wp-json\/wp\/v2\/media\/1432612"}],"wp:attachment":[{"href":"https:\/\/www.vetorino.com\/veterinaire\/plouzevede-29440\/boutique\/wp-json\/wp\/v2\/media?parent=507579"}],"wp:term":[{"taxonomy":"product_cat","embeddable":true,"href":"https:\/\/www.vetorino.com\/veterinaire\/plouzevede-29440\/boutique\/wp-json\/wp\/v2\/product_cat?post=507579"},{"taxonomy":"product_tag","embeddable":true,"href":"https:\/\/www.vetorino.com\/veterinaire\/plouzevede-29440\/boutique\/wp-json\/wp\/v2\/product_tag?post=507579"}],"curies":[{"name":"wp","href":"https:\/\/api.w.org\/{rel}","templated":true}]}}