{"id":508012,"date":"2022-11-17T20:46:17","date_gmt":"2022-11-17T19:46:17","guid":{"rendered":"https:\/\/www.vetorino.com\/boutique\/product\/phoscargil-flore-3\/"},"modified":"2025-08-08T11:30:23","modified_gmt":"2025-08-08T09:30:23","slug":"phoscargil-flore-3","status":"publish","type":"product","link":"https:\/\/www.vetorino.com\/veterinaire\/plouzevede-29440\/boutique\/product\/phoscargil-flore-3\/","title":{"rendered":"Phoscargil Flore"},"content":{"rendered":"<p>Phoscargil Flore est un compl\u00e9ment alimentaire sous forme de poudre qui permet de<strong> soutenir et r\u00e9ensemencer l\u2019intestin<\/strong> lors de diarrh\u00e9e aigue ou chronique chez le veau, l&#8217;agneau et le chevreau. En effet lors d&#8217;\u00e9pisode de diarh\u00e9e, les pertes en oligi \u00e9l\u00e9ments et en vitamines s&#8217;accentuent.<\/p>\n<p>Pour anticiper ces pertes pendant cette phase critique et lors de la convalescence, il convient \u00e0 la fois de<strong> compenser ces pertes mais aussi de prot\u00e9ger la muqueuse intestinale.<\/strong><\/p>\n<p>Phoscargil Flore contribue ainsi \u00e0<strong> lutter contre le stress oxydatif.<\/strong><\/p>\n<p><strong>Recommandations :<\/strong><\/p>\n<p><em>Administrer 25 g matin et soir pendant 3 \u00e0 5 jours en anticipation d&#8217;une p\u00e9riode critique ou en p\u00e9riode de convalescence.<\/em><\/p>\n","protected":false},"excerpt":{"rendered":"<p>Phoscargil Flore est un compl\u00e9ment alimentaire sous forme de poudre qui permet de<strong> soutenir et r\u00e9ensemencer l\u2019intestin<\/strong> lors de diarrh\u00e9e aigue ou chronique chez le veau, l&#8217;agneau et le\u00a0chevreau. En effet lors d&#8217;\u00e9pisode de diarh\u00e9e, les pertes en oligi \u00e9l\u00e9ments et en vitamines s&#8217;accentuent.<\/p>\n<p>Pour anticiper ces pertes pendant cette phase critique et lors de la convalescence, il convient \u00e0 la fois de<strong> compenser ces pertes mais aussi de prot\u00e9ger la muqueuse intestinale.<\/strong><\/p>\n<p>Phoscargil Flore contribue ainsi \u00e0<strong> lutter contre le stress oxydatif.<\/strong><\/p>\n<p>&nbsp;<\/p>\n","protected":false},"featured_media":1444767,"template":"","meta":[],"product_cat":[6864,6870,6871,6873],"product_tag":[],"class_list":{"0":"post-508012","1":"product","2":"type-product","3":"status-publish","4":"has-post-thumbnail","6":"product_cat-animaux-delevage","7":"product_cat-bovins","8":"product_cat-caprins","9":"product_cat-ovins","10":"pa_marque-vetalis","12":"first","13":"instock","14":"taxable","15":"shipping-taxable","16":"purchasable","17":"product-type-variable"},"yoast_head":"<!-- This site is optimized with the Yoast SEO plugin v27.3 - https:\/\/yoast.com\/product\/yoast-seo-wordpress\/ -->\n<title>Phoscargil Flore Vetalis - V\u00e9torino<\/title>\n<meta name=\"description\" content=\"Phoscargil Flore est un compl\u00e9ment alimentaire sous forme de poudre qui permet de soutenir et r\u00e9ensemencer l\u2019intestin lors de diarrh\u00e9e aigue ou chronique chez le veau, l&#039;agneau et le\u00a0chevreau. En effet lors d&#039;\u00e9pisode de diarh\u00e9e, les pertes en oligi \u00e9l\u00e9ments et en vitamines s&#039;accentuent.  Pour anticiper ces pertes pendant cette phase critique et lors de la convalescence, il convient \u00e0 la fois de compenser ces pertes mais aussi de prot\u00e9ger la muqueuse intestinale.  Phoscargil Flore contribue ainsi \u00e0 lutter contre le stress oxydatif.  &nbsp;\" \/>\n<meta name=\"robots\" content=\"noindex, nofollow\" \/>\n<meta property=\"og:locale\" content=\"fr_FR\" \/>\n<meta property=\"og:type\" content=\"article\" \/>\n<meta property=\"og:title\" content=\"Phoscargil Flore Vetalis - V\u00e9torino\" \/>\n<meta property=\"og:description\" content=\"Phoscargil Flore est un compl\u00e9ment alimentaire sous forme de poudre qui permet de soutenir et r\u00e9ensemencer l\u2019intestin lors de diarrh\u00e9e aigue ou chronique chez le veau, l&#039;agneau et le\u00a0chevreau. En effet lors d&#039;\u00e9pisode de diarh\u00e9e, les pertes en oligi \u00e9l\u00e9ments et en vitamines s&#039;accentuent.  Pour anticiper ces pertes pendant cette phase critique et lors de la convalescence, il convient \u00e0 la fois de compenser ces pertes mais aussi de prot\u00e9ger la muqueuse intestinale.  Phoscargil Flore contribue ainsi \u00e0 lutter contre le stress oxydatif.  &nbsp;\" \/>\n<meta property=\"og:url\" content=\"https:\/\/www.vetorino.com\/veterinaire\/plouzevede-29440\/boutique\/product\/phoscargil-flore-3\/\" \/>\n<meta property=\"og:site_name\" content=\"V\u00e9torino\" \/>\n<meta property=\"article:publisher\" content=\"https:\/\/www.facebook.com\/Vetorino\/\" \/>\n<meta property=\"article:modified_time\" content=\"2025-08-08T09:30:23+00:00\" \/>\n<meta property=\"og:image\" content=\"https:\/\/www.vetorino.com\/boutique\/wp-content\/uploads\/2022\/11\/VETALIS-phoscargil-flore.png\" \/>\n\t<meta property=\"og:image:width\" content=\"800\" \/>\n\t<meta property=\"og:image:height\" content=\"800\" \/>\n\t<meta property=\"og:image:type\" content=\"image\/png\" \/>\n<meta name=\"twitter:card\" content=\"summary_large_image\" \/>\n<meta name=\"twitter:label1\" content=\"Disponibilit\u00e9\" \/>\n\t<meta name=\"twitter:data1\" content=\"En stock\" \/>\n<script type=\"application\/ld+json\" class=\"yoast-schema-graph\">{\"@context\":\"https:\\\/\\\/schema.org\",\"@graph\":[{\"@type\":\"WebPage\",\"@id\":\"https:\\\/\\\/www.vetorino.com\\\/boutique\\\/product\\\/phoscargil-flore-3\\\/\",\"url\":\"https:\\\/\\\/www.vetorino.com\\\/boutique\\\/product\\\/phoscargil-flore-3\\\/\",\"name\":\"Phoscargil Flore Vetalis - V\u00e9torino\",\"isPartOf\":{\"@id\":\"https:\\\/\\\/www.vetorino.com\\\/boutique\\\/#website\"},\"primaryImageOfPage\":{\"@id\":\"https:\\\/\\\/www.vetorino.com\\\/boutique\\\/product\\\/phoscargil-flore-3\\\/#primaryimage\"},\"image\":{\"@id\":\"https:\\\/\\\/www.vetorino.com\\\/boutique\\\/product\\\/phoscargil-flore-3\\\/#primaryimage\"},\"thumbnailUrl\":\"https:\\\/\\\/www.vetorino.com\\\/boutique\\\/wp-content\\\/uploads\\\/2022\\\/11\\\/VETALIS-phoscargil-flore.png\",\"datePublished\":\"2022-11-17T19:46:17+00:00\",\"dateModified\":\"2025-08-08T09:30:23+00:00\",\"description\":\"Phoscargil Flore est un compl\u00e9ment alimentaire sous forme de poudre qui permet de soutenir et r\u00e9ensemencer l\u2019intestin lors de diarrh\u00e9e aigue ou chronique chez le veau, l'agneau et le\u00a0chevreau. En effet lors d'\u00e9pisode de diarh\u00e9e, les pertes en oligi \u00e9l\u00e9ments et en vitamines s'accentuent. Pour anticiper ces pertes pendant cette phase critique et lors de la convalescence, il convient \u00e0 la fois de compenser ces pertes mais aussi de prot\u00e9ger la muqueuse intestinale. Phoscargil Flore contribue ainsi \u00e0 lutter contre le stress oxydatif. &nbsp;\",\"breadcrumb\":{\"@id\":\"https:\\\/\\\/www.vetorino.com\\\/boutique\\\/product\\\/phoscargil-flore-3\\\/#breadcrumb\"},\"inLanguage\":\"fr-FR\",\"potentialAction\":[{\"@type\":\"ReadAction\",\"target\":[\"https:\\\/\\\/www.vetorino.com\\\/boutique\\\/product\\\/phoscargil-flore-3\\\/\"]}]},{\"@type\":\"ImageObject\",\"inLanguage\":\"fr-FR\",\"@id\":\"https:\\\/\\\/www.vetorino.com\\\/boutique\\\/product\\\/phoscargil-flore-3\\\/#primaryimage\",\"url\":\"https:\\\/\\\/www.vetorino.com\\\/boutique\\\/wp-content\\\/uploads\\\/2022\\\/11\\\/VETALIS-phoscargil-flore.png\",\"contentUrl\":\"https:\\\/\\\/www.vetorino.com\\\/boutique\\\/wp-content\\\/uploads\\\/2022\\\/11\\\/VETALIS-phoscargil-flore.png\",\"width\":800,\"height\":800},{\"@type\":\"BreadcrumbList\",\"@id\":\"https:\\\/\\\/www.vetorino.com\\\/boutique\\\/product\\\/phoscargil-flore-3\\\/#breadcrumb\",\"itemListElement\":[{\"@type\":\"ListItem\",\"position\":1,\"name\":\"Accueil\",\"item\":\"https:\\\/\\\/www.vetorino.com\\\/boutique\\\/\"},{\"@type\":\"ListItem\",\"position\":2,\"name\":\"Produits\",\"item\":\"https:\\\/\\\/www.vetorino.com\\\/boutique\\\/\"},{\"@type\":\"ListItem\",\"position\":3,\"name\":\"Phoscargil Flore\"}]},{\"@type\":\"WebSite\",\"@id\":\"https:\\\/\\\/www.vetorino.com\\\/boutique\\\/#website\",\"url\":\"https:\\\/\\\/www.vetorino.com\\\/boutique\\\/\",\"name\":\"V\u00e9torino\",\"description\":\"\",\"publisher\":{\"@id\":\"https:\\\/\\\/www.vetorino.com\\\/boutique\\\/#organization\"},\"potentialAction\":[{\"@type\":\"SearchAction\",\"target\":{\"@type\":\"EntryPoint\",\"urlTemplate\":\"https:\\\/\\\/www.vetorino.com\\\/boutique\\\/?s={search_term_string}\"},\"query-input\":{\"@type\":\"PropertyValueSpecification\",\"valueRequired\":true,\"valueName\":\"search_term_string\"}}],\"inLanguage\":\"fr-FR\"},{\"@type\":\"Organization\",\"@id\":\"https:\\\/\\\/www.vetorino.com\\\/boutique\\\/#organization\",\"name\":\"V\u00e9torino\",\"url\":\"https:\\\/\\\/www.vetorino.com\\\/boutique\\\/\",\"logo\":{\"@type\":\"ImageObject\",\"inLanguage\":\"fr-FR\",\"@id\":\"https:\\\/\\\/www.vetorino.com\\\/boutique\\\/#\\\/schema\\\/logo\\\/image\\\/\",\"url\":\"https:\\\/\\\/www.vetorino.com\\\/boutique\\\/wp-content\\\/uploads\\\/2024\\\/10\\\/logo.jpg\",\"contentUrl\":\"https:\\\/\\\/www.vetorino.com\\\/boutique\\\/wp-content\\\/uploads\\\/2024\\\/10\\\/logo.jpg\",\"width\":1200,\"height\":610,\"caption\":\"V\u00e9torino\"},\"image\":{\"@id\":\"https:\\\/\\\/www.vetorino.com\\\/boutique\\\/#\\\/schema\\\/logo\\\/image\\\/\"},\"sameAs\":[\"https:\\\/\\\/www.facebook.com\\\/Vetorino\\\/\",\"https:\\\/\\\/www.instagram.com\\\/vetorino_off\\\/\",\"https:\\\/\\\/www.linkedin.com\\\/company\\\/vtorino\\\/\"]}]}<\/script>\n<meta property=\"product:brand\" content=\"Vetalis\" \/>\n<meta property=\"og:availability\" content=\"instock\" \/>\n<meta property=\"product:availability\" content=\"instock\" \/>\n<meta property=\"product:condition\" content=\"new\" \/>\n<!-- \/ Yoast SEO plugin. -->","yoast_head_json":{"title":"Phoscargil Flore Vetalis - V\u00e9torino","description":"Phoscargil Flore est un compl\u00e9ment alimentaire sous forme de poudre qui permet de soutenir et r\u00e9ensemencer l\u2019intestin lors de diarrh\u00e9e aigue ou chronique chez le veau, l'agneau et le\u00a0chevreau. En effet lors d'\u00e9pisode de diarh\u00e9e, les pertes en oligi \u00e9l\u00e9ments et en vitamines s'accentuent.  Pour anticiper ces pertes pendant cette phase critique et lors de la convalescence, il convient \u00e0 la fois de compenser ces pertes mais aussi de prot\u00e9ger la muqueuse intestinale.  Phoscargil Flore contribue ainsi \u00e0 lutter contre le stress oxydatif.  &nbsp;","robots":{"index":"noindex","follow":"nofollow"},"og_locale":"fr_FR","og_type":"article","og_title":"Phoscargil Flore Vetalis - V\u00e9torino","og_description":"Phoscargil Flore est un compl\u00e9ment alimentaire sous forme de poudre qui permet de soutenir et r\u00e9ensemencer l\u2019intestin lors de diarrh\u00e9e aigue ou chronique chez le veau, l'agneau et le\u00a0chevreau. En effet lors d'\u00e9pisode de diarh\u00e9e, les pertes en oligi \u00e9l\u00e9ments et en vitamines s'accentuent.  Pour anticiper ces pertes pendant cette phase critique et lors de la convalescence, il convient \u00e0 la fois de compenser ces pertes mais aussi de prot\u00e9ger la muqueuse intestinale.  Phoscargil Flore contribue ainsi \u00e0 lutter contre le stress oxydatif.  &nbsp;","og_url":"https:\/\/www.vetorino.com\/veterinaire\/plouzevede-29440\/boutique\/product\/phoscargil-flore-3\/","og_site_name":"V\u00e9torino","article_publisher":"https:\/\/www.facebook.com\/Vetorino\/","article_modified_time":"2025-08-08T09:30:23+00:00","og_image":[{"width":800,"height":800,"url":"https:\/\/www.vetorino.com\/boutique\/wp-content\/uploads\/2022\/11\/VETALIS-phoscargil-flore.png","type":"image\/png"}],"twitter_card":"summary_large_image","twitter_misc":{"Disponibilit\u00e9":"En stock"},"schema":{"@context":"https:\/\/schema.org","@graph":[{"@type":"WebPage","@id":"https:\/\/www.vetorino.com\/boutique\/product\/phoscargil-flore-3\/","url":"https:\/\/www.vetorino.com\/boutique\/product\/phoscargil-flore-3\/","name":"Phoscargil Flore Vetalis - V\u00e9torino","isPartOf":{"@id":"https:\/\/www.vetorino.com\/boutique\/#website"},"primaryImageOfPage":{"@id":"https:\/\/www.vetorino.com\/boutique\/product\/phoscargil-flore-3\/#primaryimage"},"image":{"@id":"https:\/\/www.vetorino.com\/boutique\/product\/phoscargil-flore-3\/#primaryimage"},"thumbnailUrl":"https:\/\/www.vetorino.com\/boutique\/wp-content\/uploads\/2022\/11\/VETALIS-phoscargil-flore.png","datePublished":"2022-11-17T19:46:17+00:00","dateModified":"2025-08-08T09:30:23+00:00","description":"Phoscargil Flore est un compl\u00e9ment alimentaire sous forme de poudre qui permet de soutenir et r\u00e9ensemencer l\u2019intestin lors de diarrh\u00e9e aigue ou chronique chez le veau, l'agneau et le\u00a0chevreau. En effet lors d'\u00e9pisode de diarh\u00e9e, les pertes en oligi \u00e9l\u00e9ments et en vitamines s'accentuent. Pour anticiper ces pertes pendant cette phase critique et lors de la convalescence, il convient \u00e0 la fois de compenser ces pertes mais aussi de prot\u00e9ger la muqueuse intestinale. Phoscargil Flore contribue ainsi \u00e0 lutter contre le stress oxydatif. &nbsp;","breadcrumb":{"@id":"https:\/\/www.vetorino.com\/boutique\/product\/phoscargil-flore-3\/#breadcrumb"},"inLanguage":"fr-FR","potentialAction":[{"@type":"ReadAction","target":["https:\/\/www.vetorino.com\/boutique\/product\/phoscargil-flore-3\/"]}]},{"@type":"ImageObject","inLanguage":"fr-FR","@id":"https:\/\/www.vetorino.com\/boutique\/product\/phoscargil-flore-3\/#primaryimage","url":"https:\/\/www.vetorino.com\/boutique\/wp-content\/uploads\/2022\/11\/VETALIS-phoscargil-flore.png","contentUrl":"https:\/\/www.vetorino.com\/boutique\/wp-content\/uploads\/2022\/11\/VETALIS-phoscargil-flore.png","width":800,"height":800},{"@type":"BreadcrumbList","@id":"https:\/\/www.vetorino.com\/boutique\/product\/phoscargil-flore-3\/#breadcrumb","itemListElement":[{"@type":"ListItem","position":1,"name":"Accueil","item":"https:\/\/www.vetorino.com\/boutique\/"},{"@type":"ListItem","position":2,"name":"Produits","item":"https:\/\/www.vetorino.com\/boutique\/"},{"@type":"ListItem","position":3,"name":"Phoscargil Flore"}]},{"@type":"WebSite","@id":"https:\/\/www.vetorino.com\/boutique\/#website","url":"https:\/\/www.vetorino.com\/boutique\/","name":"V\u00e9torino","description":"","publisher":{"@id":"https:\/\/www.vetorino.com\/boutique\/#organization"},"potentialAction":[{"@type":"SearchAction","target":{"@type":"EntryPoint","urlTemplate":"https:\/\/www.vetorino.com\/boutique\/?s={search_term_string}"},"query-input":{"@type":"PropertyValueSpecification","valueRequired":true,"valueName":"search_term_string"}}],"inLanguage":"fr-FR"},{"@type":"Organization","@id":"https:\/\/www.vetorino.com\/boutique\/#organization","name":"V\u00e9torino","url":"https:\/\/www.vetorino.com\/boutique\/","logo":{"@type":"ImageObject","inLanguage":"fr-FR","@id":"https:\/\/www.vetorino.com\/boutique\/#\/schema\/logo\/image\/","url":"https:\/\/www.vetorino.com\/boutique\/wp-content\/uploads\/2024\/10\/logo.jpg","contentUrl":"https:\/\/www.vetorino.com\/boutique\/wp-content\/uploads\/2024\/10\/logo.jpg","width":1200,"height":610,"caption":"V\u00e9torino"},"image":{"@id":"https:\/\/www.vetorino.com\/boutique\/#\/schema\/logo\/image\/"},"sameAs":["https:\/\/www.facebook.com\/Vetorino\/","https:\/\/www.instagram.com\/vetorino_off\/","https:\/\/www.linkedin.com\/company\/vtorino\/"]}]},"product_brand":"Vetalis","og_availability":"instock","product_availability":"instock","product_condition":"new"},"_links":{"self":[{"href":"https:\/\/www.vetorino.com\/veterinaire\/plouzevede-29440\/boutique\/wp-json\/wp\/v2\/product\/508012","targetHints":{"allow":["GET"]}}],"collection":[{"href":"https:\/\/www.vetorino.com\/veterinaire\/plouzevede-29440\/boutique\/wp-json\/wp\/v2\/product"}],"about":[{"href":"https:\/\/www.vetorino.com\/veterinaire\/plouzevede-29440\/boutique\/wp-json\/wp\/v2\/types\/product"}],"wp:featuredmedia":[{"embeddable":true,"href":"https:\/\/www.vetorino.com\/veterinaire\/plouzevede-29440\/boutique\/wp-json\/wp\/v2\/media\/1444767"}],"wp:attachment":[{"href":"https:\/\/www.vetorino.com\/veterinaire\/plouzevede-29440\/boutique\/wp-json\/wp\/v2\/media?parent=508012"}],"wp:term":[{"taxonomy":"product_cat","embeddable":true,"href":"https:\/\/www.vetorino.com\/veterinaire\/plouzevede-29440\/boutique\/wp-json\/wp\/v2\/product_cat?post=508012"},{"taxonomy":"product_tag","embeddable":true,"href":"https:\/\/www.vetorino.com\/veterinaire\/plouzevede-29440\/boutique\/wp-json\/wp\/v2\/product_tag?post=508012"}],"curies":[{"name":"wp","href":"https:\/\/api.w.org\/{rel}","templated":true}]}}