{"id":508108,"date":"2022-11-17T20:49:27","date_gmt":"2022-11-17T19:49:27","guid":{"rendered":"https:\/\/www.vetorino.com\/boutique\/product\/animalyte-2\/"},"modified":"2026-01-21T15:19:40","modified_gmt":"2026-01-21T14:19:40","slug":"animalyte-2","status":"publish","type":"product","link":"https:\/\/www.vetorino.com\/veterinaire\/plouzevede-29440\/boutique\/product\/animalyte-2\/","title":{"rendered":"Animalyte"},"content":{"rendered":"<p><strong>Compl\u00e9ment alimentaire<\/strong> qui <strong>r\u00e9duit le risque de malabsorption intestinale<\/strong> aigu\u00eb chez les <strong>chiens, chats furets et oiseaux.<\/strong><\/p>\n<p><strong>Utilisation :\u00a0<\/strong><\/p>\n<ul>\n<li>En cas de diarrh\u00e9e aigu\u00eb et pendant la p\u00e9riode de r\u00e9tablissement qui s&#8217;ensuit<\/li>\n<li>Lors de la pr\u00e9sence de selles molles ou liquides<\/li>\n<li>Lors de vomissement<\/li>\n<li>Lors de p\u00e9riodes \u00e0 risque : changement d&#8217;alimentation, sevrage, concours&#8230;<\/li>\n<li>Lorsque l&#8217;animal est sous traitement pouvant cr\u00e9er un d\u00e9s\u00e9quilibre de la flore intestinale : chimioth\u00e9rapie, antibiotiques etc.<\/li>\n<\/ul>\n<p><strong>Mode d&#8217;emploi :\u00a0<\/strong><\/p>\n<p>Chien et Chat :<br \/>\n<em>2 fois par jour pendant 2 jours.<\/em><br \/>\n<em>\u00c0 renouveler si n\u00e9cessaire.<\/em><br \/>\n<em>0,4 ml\/kg de poids vif<\/em><\/p>\n<p>Furet (troubles digestifs) : <em>0,5 ml\/kg toutes les 12h<\/em><\/p>\n<p>Oiseau (troubles digestifs) : <em>0,5 ml\/kg toutes les 12h<\/em><\/p>\n<p><strong>Demander conseil \u00e0 un v\u00e9t\u00e9rinaire avant utilisation.<\/strong><\/p>\n","protected":false},"excerpt":{"rendered":"<p><strong>Compl\u00e9ment alimentaire<\/strong> qui <strong>r\u00e9duit le risque de malabsorption intestinale<\/strong> aigu\u00eb chez les <strong>chiens, chats furets et oiseaux.<\/strong><\/p>\n<p><strong>Utilisation :\u00a0<\/strong><\/p>\n<ul>\n<li>En cas de diarrh\u00e9e aigu\u00eb et pendant la p\u00e9riode de r\u00e9tablissement qui s&#8217;ensuit<\/li>\n<li>Lors de la pr\u00e9sence de selles molles ou liquides<\/li>\n<li>Lors de vomissement<\/li>\n<li>Lors de p\u00e9riodes \u00e0 risque : changement d&#8217;alimentation, sevrage, concours&#8230;<\/li>\n<li>Lorsque l&#8217;animal est sous traitement pouvant cr\u00e9er un d\u00e9s\u00e9quilibre de la flore intestinale : chimioth\u00e9rapie, antibiotiques etc.<\/li>\n<\/ul>\n<p><strong>Demander conseil \u00e0 un v\u00e9t\u00e9rinaire avant utilisation.<\/strong><\/p>\n","protected":false},"featured_media":1666378,"template":"","meta":[],"product_cat":[2730,2738,2697,2698,2744,15841,2727,2746,15840,12570,15842,12635,12636],"product_tag":[],"class_list":{"0":"post-508108","1":"product","2":"type-product","3":"status-publish","4":"has-post-thumbnail","6":"product_cat-aliments-complementaires-pour-chat","7":"product_cat-aliments-complementaires-pour-chien","8":"product_cat-chat","9":"product_cat-chien","10":"product_cat-furet","11":"product_cat-lapins","12":"product_cat-nac","13":"product_cat-oiseau","14":"product_cat-oiseaux","15":"product_cat-rongeur","16":"product_cat-rongeurs","17":"product_cat-systeme-digestif-du-chat","18":"product_cat-systeme-digestif-du-chien","19":"pa_marque-labbea","21":"first","22":"instock","23":"taxable","24":"shipping-taxable","25":"purchasable","26":"product-type-variable"},"yoast_head":"<!-- This site is optimized with the Yoast SEO plugin v27.3 - https:\/\/yoast.com\/product\/yoast-seo-wordpress\/ -->\n<title>Animalyte Labbea - V\u00e9torino<\/title>\n<meta name=\"description\" content=\"Compl\u00e9ment alimentaire qui r\u00e9duit le risque de malabsorption intestinale aigu\u00eb chez les chiens, chats furets et oiseaux.  Utilisation :\u00a0   En cas de diarrh\u00e9e aigu\u00eb et pendant la p\u00e9riode de r\u00e9tablissement qui s&#039;ensuit  Lors de la pr\u00e9sence de selles molles ou liquides  Lors de vomissement  Lors de p\u00e9riodes \u00e0 risque : changement d&#039;alimentation, sevrage, concours...  Lorsque l&#039;animal est sous traitement pouvant cr\u00e9er un d\u00e9s\u00e9quilibre de la flore intestinale : chimioth\u00e9rapie, antibiotiques etc.  Demander conseil \u00e0 un v\u00e9t\u00e9rinaire avant utilisation.\" \/>\n<meta name=\"robots\" content=\"noindex, nofollow\" \/>\n<meta property=\"og:locale\" content=\"fr_FR\" \/>\n<meta property=\"og:type\" content=\"article\" \/>\n<meta property=\"og:title\" content=\"Animalyte Labbea - V\u00e9torino\" \/>\n<meta property=\"og:description\" content=\"Compl\u00e9ment alimentaire qui r\u00e9duit le risque de malabsorption intestinale aigu\u00eb chez les chiens, chats furets et oiseaux.  Utilisation :\u00a0   En cas de diarrh\u00e9e aigu\u00eb et pendant la p\u00e9riode de r\u00e9tablissement qui s&#039;ensuit  Lors de la pr\u00e9sence de selles molles ou liquides  Lors de vomissement  Lors de p\u00e9riodes \u00e0 risque : changement d&#039;alimentation, sevrage, concours...  Lorsque l&#039;animal est sous traitement pouvant cr\u00e9er un d\u00e9s\u00e9quilibre de la flore intestinale : chimioth\u00e9rapie, antibiotiques etc.  Demander conseil \u00e0 un v\u00e9t\u00e9rinaire avant utilisation.\" \/>\n<meta property=\"og:url\" content=\"https:\/\/www.vetorino.com\/veterinaire\/plouzevede-29440\/boutique\/product\/animalyte-2\/\" \/>\n<meta property=\"og:site_name\" content=\"V\u00e9torino\" \/>\n<meta property=\"article:publisher\" content=\"https:\/\/www.facebook.com\/Vetorino\/\" \/>\n<meta property=\"article:modified_time\" content=\"2026-01-21T14:19:40+00:00\" \/>\n<meta property=\"og:image\" content=\"https:\/\/www.vetorino.com\/boutique\/wp-content\/uploads\/2022\/11\/LABBEA-1812570-1.png\" \/>\n\t<meta property=\"og:image:width\" content=\"1305\" \/>\n\t<meta property=\"og:image:height\" content=\"898\" \/>\n\t<meta property=\"og:image:type\" content=\"image\/png\" \/>\n<meta name=\"twitter:card\" content=\"summary_large_image\" \/>\n<meta name=\"twitter:label1\" content=\"Disponibilit\u00e9\" \/>\n\t<meta name=\"twitter:data1\" content=\"En stock\" \/>\n<script type=\"application\/ld+json\" class=\"yoast-schema-graph\">{\"@context\":\"https:\\\/\\\/schema.org\",\"@graph\":[{\"@type\":\"WebPage\",\"@id\":\"https:\\\/\\\/www.vetorino.com\\\/boutique\\\/product\\\/animalyte-2\\\/\",\"url\":\"https:\\\/\\\/www.vetorino.com\\\/boutique\\\/product\\\/animalyte-2\\\/\",\"name\":\"Animalyte Labbea - V\u00e9torino\",\"isPartOf\":{\"@id\":\"https:\\\/\\\/www.vetorino.com\\\/boutique\\\/#website\"},\"primaryImageOfPage\":{\"@id\":\"https:\\\/\\\/www.vetorino.com\\\/boutique\\\/product\\\/animalyte-2\\\/#primaryimage\"},\"image\":{\"@id\":\"https:\\\/\\\/www.vetorino.com\\\/boutique\\\/product\\\/animalyte-2\\\/#primaryimage\"},\"thumbnailUrl\":\"https:\\\/\\\/www.vetorino.com\\\/boutique\\\/wp-content\\\/uploads\\\/2022\\\/11\\\/LABBEA-1812570-1.png\",\"datePublished\":\"2022-11-17T19:49:27+00:00\",\"dateModified\":\"2026-01-21T14:19:40+00:00\",\"description\":\"Compl\u00e9ment alimentaire qui r\u00e9duit le risque de malabsorption intestinale aigu\u00eb chez les chiens, chats furets et oiseaux. Utilisation :\u00a0 En cas de diarrh\u00e9e aigu\u00eb et pendant la p\u00e9riode de r\u00e9tablissement qui s'ensuit Lors de la pr\u00e9sence de selles molles ou liquides Lors de vomissement Lors de p\u00e9riodes \u00e0 risque : changement d'alimentation, sevrage, concours... Lorsque l'animal est sous traitement pouvant cr\u00e9er un d\u00e9s\u00e9quilibre de la flore intestinale : chimioth\u00e9rapie, antibiotiques etc. Demander conseil \u00e0 un v\u00e9t\u00e9rinaire avant utilisation.\",\"breadcrumb\":{\"@id\":\"https:\\\/\\\/www.vetorino.com\\\/boutique\\\/product\\\/animalyte-2\\\/#breadcrumb\"},\"inLanguage\":\"fr-FR\",\"potentialAction\":[{\"@type\":\"ReadAction\",\"target\":[\"https:\\\/\\\/www.vetorino.com\\\/boutique\\\/product\\\/animalyte-2\\\/\"]}]},{\"@type\":\"ImageObject\",\"inLanguage\":\"fr-FR\",\"@id\":\"https:\\\/\\\/www.vetorino.com\\\/boutique\\\/product\\\/animalyte-2\\\/#primaryimage\",\"url\":\"https:\\\/\\\/www.vetorino.com\\\/boutique\\\/wp-content\\\/uploads\\\/2022\\\/11\\\/LABBEA-1812570-1.png\",\"contentUrl\":\"https:\\\/\\\/www.vetorino.com\\\/boutique\\\/wp-content\\\/uploads\\\/2022\\\/11\\\/LABBEA-1812570-1.png\",\"width\":1305,\"height\":898},{\"@type\":\"BreadcrumbList\",\"@id\":\"https:\\\/\\\/www.vetorino.com\\\/boutique\\\/product\\\/animalyte-2\\\/#breadcrumb\",\"itemListElement\":[{\"@type\":\"ListItem\",\"position\":1,\"name\":\"Accueil\",\"item\":\"https:\\\/\\\/www.vetorino.com\\\/boutique\\\/\"},{\"@type\":\"ListItem\",\"position\":2,\"name\":\"Produits\",\"item\":\"https:\\\/\\\/www.vetorino.com\\\/boutique\\\/\"},{\"@type\":\"ListItem\",\"position\":3,\"name\":\"Animalyte\"}]},{\"@type\":\"WebSite\",\"@id\":\"https:\\\/\\\/www.vetorino.com\\\/boutique\\\/#website\",\"url\":\"https:\\\/\\\/www.vetorino.com\\\/boutique\\\/\",\"name\":\"V\u00e9torino\",\"description\":\"\",\"publisher\":{\"@id\":\"https:\\\/\\\/www.vetorino.com\\\/boutique\\\/#organization\"},\"potentialAction\":[{\"@type\":\"SearchAction\",\"target\":{\"@type\":\"EntryPoint\",\"urlTemplate\":\"https:\\\/\\\/www.vetorino.com\\\/boutique\\\/?s={search_term_string}\"},\"query-input\":{\"@type\":\"PropertyValueSpecification\",\"valueRequired\":true,\"valueName\":\"search_term_string\"}}],\"inLanguage\":\"fr-FR\"},{\"@type\":\"Organization\",\"@id\":\"https:\\\/\\\/www.vetorino.com\\\/boutique\\\/#organization\",\"name\":\"V\u00e9torino\",\"url\":\"https:\\\/\\\/www.vetorino.com\\\/boutique\\\/\",\"logo\":{\"@type\":\"ImageObject\",\"inLanguage\":\"fr-FR\",\"@id\":\"https:\\\/\\\/www.vetorino.com\\\/boutique\\\/#\\\/schema\\\/logo\\\/image\\\/\",\"url\":\"https:\\\/\\\/www.vetorino.com\\\/boutique\\\/wp-content\\\/uploads\\\/2024\\\/10\\\/logo.jpg\",\"contentUrl\":\"https:\\\/\\\/www.vetorino.com\\\/boutique\\\/wp-content\\\/uploads\\\/2024\\\/10\\\/logo.jpg\",\"width\":1200,\"height\":610,\"caption\":\"V\u00e9torino\"},\"image\":{\"@id\":\"https:\\\/\\\/www.vetorino.com\\\/boutique\\\/#\\\/schema\\\/logo\\\/image\\\/\"},\"sameAs\":[\"https:\\\/\\\/www.facebook.com\\\/Vetorino\\\/\",\"https:\\\/\\\/www.instagram.com\\\/vetorino_off\\\/\",\"https:\\\/\\\/www.linkedin.com\\\/company\\\/vtorino\\\/\"]}]}<\/script>\n<meta property=\"product:brand\" content=\"Labbea\" \/>\n<meta property=\"og:availability\" content=\"instock\" \/>\n<meta property=\"product:availability\" content=\"instock\" \/>\n<meta property=\"product:condition\" content=\"new\" \/>\n<!-- \/ Yoast SEO plugin. -->","yoast_head_json":{"title":"Animalyte Labbea - V\u00e9torino","description":"Compl\u00e9ment alimentaire qui r\u00e9duit le risque de malabsorption intestinale aigu\u00eb chez les chiens, chats furets et oiseaux.  Utilisation :\u00a0   En cas de diarrh\u00e9e aigu\u00eb et pendant la p\u00e9riode de r\u00e9tablissement qui s'ensuit  Lors de la pr\u00e9sence de selles molles ou liquides  Lors de vomissement  Lors de p\u00e9riodes \u00e0 risque : changement d'alimentation, sevrage, concours...  Lorsque l'animal est sous traitement pouvant cr\u00e9er un d\u00e9s\u00e9quilibre de la flore intestinale : chimioth\u00e9rapie, antibiotiques etc.  Demander conseil \u00e0 un v\u00e9t\u00e9rinaire avant utilisation.","robots":{"index":"noindex","follow":"nofollow"},"og_locale":"fr_FR","og_type":"article","og_title":"Animalyte Labbea - V\u00e9torino","og_description":"Compl\u00e9ment alimentaire qui r\u00e9duit le risque de malabsorption intestinale aigu\u00eb chez les chiens, chats furets et oiseaux.  Utilisation :\u00a0   En cas de diarrh\u00e9e aigu\u00eb et pendant la p\u00e9riode de r\u00e9tablissement qui s'ensuit  Lors de la pr\u00e9sence de selles molles ou liquides  Lors de vomissement  Lors de p\u00e9riodes \u00e0 risque : changement d'alimentation, sevrage, concours...  Lorsque l'animal est sous traitement pouvant cr\u00e9er un d\u00e9s\u00e9quilibre de la flore intestinale : chimioth\u00e9rapie, antibiotiques etc.  Demander conseil \u00e0 un v\u00e9t\u00e9rinaire avant utilisation.","og_url":"https:\/\/www.vetorino.com\/veterinaire\/plouzevede-29440\/boutique\/product\/animalyte-2\/","og_site_name":"V\u00e9torino","article_publisher":"https:\/\/www.facebook.com\/Vetorino\/","article_modified_time":"2026-01-21T14:19:40+00:00","og_image":[{"width":1305,"height":898,"url":"https:\/\/www.vetorino.com\/boutique\/wp-content\/uploads\/2022\/11\/LABBEA-1812570-1.png","type":"image\/png"}],"twitter_card":"summary_large_image","twitter_misc":{"Disponibilit\u00e9":"En stock"},"schema":{"@context":"https:\/\/schema.org","@graph":[{"@type":"WebPage","@id":"https:\/\/www.vetorino.com\/boutique\/product\/animalyte-2\/","url":"https:\/\/www.vetorino.com\/boutique\/product\/animalyte-2\/","name":"Animalyte Labbea - V\u00e9torino","isPartOf":{"@id":"https:\/\/www.vetorino.com\/boutique\/#website"},"primaryImageOfPage":{"@id":"https:\/\/www.vetorino.com\/boutique\/product\/animalyte-2\/#primaryimage"},"image":{"@id":"https:\/\/www.vetorino.com\/boutique\/product\/animalyte-2\/#primaryimage"},"thumbnailUrl":"https:\/\/www.vetorino.com\/boutique\/wp-content\/uploads\/2022\/11\/LABBEA-1812570-1.png","datePublished":"2022-11-17T19:49:27+00:00","dateModified":"2026-01-21T14:19:40+00:00","description":"Compl\u00e9ment alimentaire qui r\u00e9duit le risque de malabsorption intestinale aigu\u00eb chez les chiens, chats furets et oiseaux. Utilisation :\u00a0 En cas de diarrh\u00e9e aigu\u00eb et pendant la p\u00e9riode de r\u00e9tablissement qui s'ensuit Lors de la pr\u00e9sence de selles molles ou liquides Lors de vomissement Lors de p\u00e9riodes \u00e0 risque : changement d'alimentation, sevrage, concours... Lorsque l'animal est sous traitement pouvant cr\u00e9er un d\u00e9s\u00e9quilibre de la flore intestinale : chimioth\u00e9rapie, antibiotiques etc. Demander conseil \u00e0 un v\u00e9t\u00e9rinaire avant utilisation.","breadcrumb":{"@id":"https:\/\/www.vetorino.com\/boutique\/product\/animalyte-2\/#breadcrumb"},"inLanguage":"fr-FR","potentialAction":[{"@type":"ReadAction","target":["https:\/\/www.vetorino.com\/boutique\/product\/animalyte-2\/"]}]},{"@type":"ImageObject","inLanguage":"fr-FR","@id":"https:\/\/www.vetorino.com\/boutique\/product\/animalyte-2\/#primaryimage","url":"https:\/\/www.vetorino.com\/boutique\/wp-content\/uploads\/2022\/11\/LABBEA-1812570-1.png","contentUrl":"https:\/\/www.vetorino.com\/boutique\/wp-content\/uploads\/2022\/11\/LABBEA-1812570-1.png","width":1305,"height":898},{"@type":"BreadcrumbList","@id":"https:\/\/www.vetorino.com\/boutique\/product\/animalyte-2\/#breadcrumb","itemListElement":[{"@type":"ListItem","position":1,"name":"Accueil","item":"https:\/\/www.vetorino.com\/boutique\/"},{"@type":"ListItem","position":2,"name":"Produits","item":"https:\/\/www.vetorino.com\/boutique\/"},{"@type":"ListItem","position":3,"name":"Animalyte"}]},{"@type":"WebSite","@id":"https:\/\/www.vetorino.com\/boutique\/#website","url":"https:\/\/www.vetorino.com\/boutique\/","name":"V\u00e9torino","description":"","publisher":{"@id":"https:\/\/www.vetorino.com\/boutique\/#organization"},"potentialAction":[{"@type":"SearchAction","target":{"@type":"EntryPoint","urlTemplate":"https:\/\/www.vetorino.com\/boutique\/?s={search_term_string}"},"query-input":{"@type":"PropertyValueSpecification","valueRequired":true,"valueName":"search_term_string"}}],"inLanguage":"fr-FR"},{"@type":"Organization","@id":"https:\/\/www.vetorino.com\/boutique\/#organization","name":"V\u00e9torino","url":"https:\/\/www.vetorino.com\/boutique\/","logo":{"@type":"ImageObject","inLanguage":"fr-FR","@id":"https:\/\/www.vetorino.com\/boutique\/#\/schema\/logo\/image\/","url":"https:\/\/www.vetorino.com\/boutique\/wp-content\/uploads\/2024\/10\/logo.jpg","contentUrl":"https:\/\/www.vetorino.com\/boutique\/wp-content\/uploads\/2024\/10\/logo.jpg","width":1200,"height":610,"caption":"V\u00e9torino"},"image":{"@id":"https:\/\/www.vetorino.com\/boutique\/#\/schema\/logo\/image\/"},"sameAs":["https:\/\/www.facebook.com\/Vetorino\/","https:\/\/www.instagram.com\/vetorino_off\/","https:\/\/www.linkedin.com\/company\/vtorino\/"]}]},"product_brand":"Labbea","og_availability":"instock","product_availability":"instock","product_condition":"new"},"_links":{"self":[{"href":"https:\/\/www.vetorino.com\/veterinaire\/plouzevede-29440\/boutique\/wp-json\/wp\/v2\/product\/508108","targetHints":{"allow":["GET"]}}],"collection":[{"href":"https:\/\/www.vetorino.com\/veterinaire\/plouzevede-29440\/boutique\/wp-json\/wp\/v2\/product"}],"about":[{"href":"https:\/\/www.vetorino.com\/veterinaire\/plouzevede-29440\/boutique\/wp-json\/wp\/v2\/types\/product"}],"wp:featuredmedia":[{"embeddable":true,"href":"https:\/\/www.vetorino.com\/veterinaire\/plouzevede-29440\/boutique\/wp-json\/wp\/v2\/media\/1666378"}],"wp:attachment":[{"href":"https:\/\/www.vetorino.com\/veterinaire\/plouzevede-29440\/boutique\/wp-json\/wp\/v2\/media?parent=508108"}],"wp:term":[{"taxonomy":"product_cat","embeddable":true,"href":"https:\/\/www.vetorino.com\/veterinaire\/plouzevede-29440\/boutique\/wp-json\/wp\/v2\/product_cat?post=508108"},{"taxonomy":"product_tag","embeddable":true,"href":"https:\/\/www.vetorino.com\/veterinaire\/plouzevede-29440\/boutique\/wp-json\/wp\/v2\/product_tag?post=508108"}],"curies":[{"name":"wp","href":"https:\/\/api.w.org\/{rel}","templated":true}]}}