{"id":601100,"date":"2023-04-24T13:17:32","date_gmt":"2023-04-24T11:17:32","guid":{"rendered":"https:\/\/www.vetorino.com\/boutique\/product\/pop-ball\/"},"modified":"2025-08-18T14:48:20","modified_gmt":"2025-08-18T12:48:20","slug":"pop-ball","status":"publish","type":"product","link":"https:\/\/www.vetorino.com\/veterinaire\/plouzevede-29440\/boutique\/product\/pop-ball\/","title":{"rendered":"Balle Rebondissante Pop Ball &#8211; chien, chat"},"content":{"rendered":"<p><strong>Balle rebondissante avec cachette \u00e0 friandises pour chien et chat, pour stimuler leur activit\u00e9 physique en les amusant.<\/strong><\/p>\n<p><strong>2 mod\u00e8les :<\/strong><\/p>\n<ul>\n<li>Orange : 9 cm de diam\u00e8tre, id\u00e9al pour <strong>moyen et grand chien.<\/strong><\/li>\n<li>Rouge : \u00a06 cm de diam\u00e8tre, id\u00e9al pour<strong> petit chien et chat.<\/strong><\/li>\n<\/ul>\n<p><strong>Id\u00e9ale pour amuser votre animal des heures durant. Aide \u00e0 lutter contre l\u2019ennui, stimule l\u2019activit\u00e9 physique, vous pouvez y glisser des friandises.<\/strong><\/p>\n","protected":false},"excerpt":{"rendered":"<p><strong>Balle rebondissante avec cachette \u00e0 friandises pour chien et chat, pour stimuler leur activit\u00e9 physique en les amusant.<\/strong><\/p>\n<p><strong>2 mod\u00e8les :<\/strong><\/p>\n<ul>\n<li>Orange : 9 cm de diam\u00e8tre, id\u00e9al pour <strong>moyen et grand chien.<\/strong><\/li>\n<li>Rouge : \u00a06 cm de diam\u00e8tre, id\u00e9al pour<strong> petit chien et chat.<\/strong><\/li>\n<\/ul>\n<p><strong>Id\u00e9ale pour amuser votre animal des heures durant. Aide \u00e0 lutter contre l\u2019ennui, stimule l\u2019activit\u00e9 physique, vous pouvez y glisser des friandises.<\/strong><\/p>\n","protected":false},"featured_media":1455873,"template":"","meta":[],"product_cat":[12548,12550,2697,2698,2804,12620,12621],"product_tag":[],"class_list":{"0":"post-601100","1":"product","2":"type-product","3":"status-publish","4":"has-post-thumbnail","6":"product_cat-accessoire-du-chat","7":"product_cat-accessoires-du-chien","8":"product_cat-chat","9":"product_cat-chien","10":"product_cat-jouets-distributeurs-pour-chien","11":"product_cat-jeux-educatifs-pour-chat","12":"product_cat-jeux-educatifs-pour-chien","13":"pa_marque-vetopop","15":"first","16":"instock","17":"taxable","18":"shipping-taxable","19":"purchasable","20":"product-type-variable"},"yoast_head":"<!-- This site is optimized with the Yoast SEO plugin v27.3 - https:\/\/yoast.com\/product\/yoast-seo-wordpress\/ -->\n<title>Balle Rebondissante Pop Ball - chien, chat V\u00e9topop - V\u00e9torino<\/title>\n<meta name=\"description\" content=\"Balle rebondissante avec cachette \u00e0 friandises pour chien et chat, pour stimuler leur activit\u00e9 physique en les amusant.  2 mod\u00e8les :   Orange : 9 cm de diam\u00e8tre, id\u00e9al pour moyen et grand chien.  Rouge : \u00a06 cm de diam\u00e8tre, id\u00e9al pour petit chien et chat.  Id\u00e9ale pour amuser votre animal des heures durant. Aide \u00e0 lutter contre l\u2019ennui, stimule l\u2019activit\u00e9 physique, vous pouvez y glisser des friandises.\" \/>\n<meta name=\"robots\" content=\"noindex, nofollow\" \/>\n<meta property=\"og:locale\" content=\"fr_FR\" \/>\n<meta property=\"og:type\" content=\"article\" \/>\n<meta property=\"og:title\" content=\"Balle Rebondissante Pop Ball - chien, chat V\u00e9topop - V\u00e9torino\" \/>\n<meta property=\"og:description\" content=\"Balle rebondissante avec cachette \u00e0 friandises pour chien et chat, pour stimuler leur activit\u00e9 physique en les amusant.  2 mod\u00e8les :   Orange : 9 cm de diam\u00e8tre, id\u00e9al pour moyen et grand chien.  Rouge : \u00a06 cm de diam\u00e8tre, id\u00e9al pour petit chien et chat.  Id\u00e9ale pour amuser votre animal des heures durant. Aide \u00e0 lutter contre l\u2019ennui, stimule l\u2019activit\u00e9 physique, vous pouvez y glisser des friandises.\" \/>\n<meta property=\"og:url\" content=\"https:\/\/www.vetorino.com\/veterinaire\/plouzevede-29440\/boutique\/product\/pop-ball\/\" \/>\n<meta property=\"og:site_name\" content=\"V\u00e9torino\" \/>\n<meta property=\"article:publisher\" content=\"https:\/\/www.facebook.com\/Vetorino\/\" \/>\n<meta property=\"article:modified_time\" content=\"2025-08-18T12:48:20+00:00\" \/>\n<meta property=\"og:image\" content=\"https:\/\/www.vetorino.com\/boutique\/wp-content\/uploads\/2023\/04\/jouet-chien-pop-ball.webp\" \/>\n\t<meta property=\"og:image:width\" content=\"800\" \/>\n\t<meta property=\"og:image:height\" content=\"800\" \/>\n\t<meta property=\"og:image:type\" content=\"image\/webp\" \/>\n<meta name=\"twitter:card\" content=\"summary_large_image\" \/>\n<meta name=\"twitter:label1\" content=\"Disponibilit\u00e9\" \/>\n\t<meta name=\"twitter:data1\" content=\"En stock\" \/>\n<script type=\"application\/ld+json\" class=\"yoast-schema-graph\">{\"@context\":\"https:\\\/\\\/schema.org\",\"@graph\":[{\"@type\":\"WebPage\",\"@id\":\"https:\\\/\\\/www.vetorino.com\\\/veterinaire\\\/pontarlier-25300\\\/boutique\\\/product\\\/pop-ball\\\/\",\"url\":\"https:\\\/\\\/www.vetorino.com\\\/veterinaire\\\/pontarlier-25300\\\/boutique\\\/product\\\/pop-ball\\\/\",\"name\":\"Balle Rebondissante Pop Ball - chien, chat V\u00e9topop - V\u00e9torino\",\"isPartOf\":{\"@id\":\"https:\\\/\\\/www.vetorino.com\\\/boutique\\\/#website\"},\"primaryImageOfPage\":{\"@id\":\"https:\\\/\\\/www.vetorino.com\\\/veterinaire\\\/pontarlier-25300\\\/boutique\\\/product\\\/pop-ball\\\/#primaryimage\"},\"image\":{\"@id\":\"https:\\\/\\\/www.vetorino.com\\\/veterinaire\\\/pontarlier-25300\\\/boutique\\\/product\\\/pop-ball\\\/#primaryimage\"},\"thumbnailUrl\":\"https:\\\/\\\/www.vetorino.com\\\/boutique\\\/wp-content\\\/uploads\\\/2023\\\/04\\\/jouet-chien-pop-ball.webp\",\"datePublished\":\"2023-04-24T11:17:32+00:00\",\"dateModified\":\"2025-08-18T12:48:20+00:00\",\"description\":\"Balle rebondissante avec cachette \u00e0 friandises pour chien et chat, pour stimuler leur activit\u00e9 physique en les amusant. 2 mod\u00e8les : Orange : 9 cm de diam\u00e8tre, id\u00e9al pour moyen et grand chien. Rouge : \u00a06 cm de diam\u00e8tre, id\u00e9al pour petit chien et chat. Id\u00e9ale pour amuser votre animal des heures durant. Aide \u00e0 lutter contre l\u2019ennui, stimule l\u2019activit\u00e9 physique, vous pouvez y glisser des friandises.\",\"breadcrumb\":{\"@id\":\"https:\\\/\\\/www.vetorino.com\\\/veterinaire\\\/pontarlier-25300\\\/boutique\\\/product\\\/pop-ball\\\/#breadcrumb\"},\"inLanguage\":\"fr-FR\",\"potentialAction\":[{\"@type\":\"ReadAction\",\"target\":[\"https:\\\/\\\/www.vetorino.com\\\/veterinaire\\\/pontarlier-25300\\\/boutique\\\/product\\\/pop-ball\\\/\"]}]},{\"@type\":\"ImageObject\",\"inLanguage\":\"fr-FR\",\"@id\":\"https:\\\/\\\/www.vetorino.com\\\/veterinaire\\\/pontarlier-25300\\\/boutique\\\/product\\\/pop-ball\\\/#primaryimage\",\"url\":\"https:\\\/\\\/www.vetorino.com\\\/boutique\\\/wp-content\\\/uploads\\\/2023\\\/04\\\/jouet-chien-pop-ball.webp\",\"contentUrl\":\"https:\\\/\\\/www.vetorino.com\\\/boutique\\\/wp-content\\\/uploads\\\/2023\\\/04\\\/jouet-chien-pop-ball.webp\",\"width\":800,\"height\":800},{\"@type\":\"BreadcrumbList\",\"@id\":\"https:\\\/\\\/www.vetorino.com\\\/veterinaire\\\/pontarlier-25300\\\/boutique\\\/product\\\/pop-ball\\\/#breadcrumb\",\"itemListElement\":[{\"@type\":\"ListItem\",\"position\":1,\"name\":\"Accueil\",\"item\":\"https:\\\/\\\/www.vetorino.com\\\/boutique\\\/\"},{\"@type\":\"ListItem\",\"position\":2,\"name\":\"Produits\",\"item\":\"https:\\\/\\\/www.vetorino.com\\\/boutique\\\/\"},{\"@type\":\"ListItem\",\"position\":3,\"name\":\"Balle Rebondissante Pop Ball &#8211; chien, chat\"}]},{\"@type\":\"WebSite\",\"@id\":\"https:\\\/\\\/www.vetorino.com\\\/boutique\\\/#website\",\"url\":\"https:\\\/\\\/www.vetorino.com\\\/boutique\\\/\",\"name\":\"V\u00e9torino\",\"description\":\"\",\"publisher\":{\"@id\":\"https:\\\/\\\/www.vetorino.com\\\/boutique\\\/#organization\"},\"potentialAction\":[{\"@type\":\"SearchAction\",\"target\":{\"@type\":\"EntryPoint\",\"urlTemplate\":\"https:\\\/\\\/www.vetorino.com\\\/boutique\\\/?s={search_term_string}\"},\"query-input\":{\"@type\":\"PropertyValueSpecification\",\"valueRequired\":true,\"valueName\":\"search_term_string\"}}],\"inLanguage\":\"fr-FR\"},{\"@type\":\"Organization\",\"@id\":\"https:\\\/\\\/www.vetorino.com\\\/boutique\\\/#organization\",\"name\":\"V\u00e9torino\",\"url\":\"https:\\\/\\\/www.vetorino.com\\\/boutique\\\/\",\"logo\":{\"@type\":\"ImageObject\",\"inLanguage\":\"fr-FR\",\"@id\":\"https:\\\/\\\/www.vetorino.com\\\/boutique\\\/#\\\/schema\\\/logo\\\/image\\\/\",\"url\":\"https:\\\/\\\/www.vetorino.com\\\/boutique\\\/wp-content\\\/uploads\\\/2024\\\/10\\\/logo.jpg\",\"contentUrl\":\"https:\\\/\\\/www.vetorino.com\\\/boutique\\\/wp-content\\\/uploads\\\/2024\\\/10\\\/logo.jpg\",\"width\":1200,\"height\":610,\"caption\":\"V\u00e9torino\"},\"image\":{\"@id\":\"https:\\\/\\\/www.vetorino.com\\\/boutique\\\/#\\\/schema\\\/logo\\\/image\\\/\"},\"sameAs\":[\"https:\\\/\\\/www.facebook.com\\\/Vetorino\\\/\",\"https:\\\/\\\/www.instagram.com\\\/vetorino_off\\\/\",\"https:\\\/\\\/www.linkedin.com\\\/company\\\/vtorino\\\/\"]}]}<\/script>\n<meta property=\"product:brand\" content=\"V\u00e9topop\" \/>\n<meta property=\"og:availability\" content=\"instock\" \/>\n<meta property=\"product:availability\" content=\"instock\" \/>\n<meta property=\"product:condition\" content=\"new\" \/>\n<!-- \/ Yoast SEO plugin. -->","yoast_head_json":{"title":"Balle Rebondissante Pop Ball - chien, chat V\u00e9topop - V\u00e9torino","description":"Balle rebondissante avec cachette \u00e0 friandises pour chien et chat, pour stimuler leur activit\u00e9 physique en les amusant.  2 mod\u00e8les :   Orange : 9 cm de diam\u00e8tre, id\u00e9al pour moyen et grand chien.  Rouge : \u00a06 cm de diam\u00e8tre, id\u00e9al pour petit chien et chat.  Id\u00e9ale pour amuser votre animal des heures durant. Aide \u00e0 lutter contre l\u2019ennui, stimule l\u2019activit\u00e9 physique, vous pouvez y glisser des friandises.","robots":{"index":"noindex","follow":"nofollow"},"og_locale":"fr_FR","og_type":"article","og_title":"Balle Rebondissante Pop Ball - chien, chat V\u00e9topop - V\u00e9torino","og_description":"Balle rebondissante avec cachette \u00e0 friandises pour chien et chat, pour stimuler leur activit\u00e9 physique en les amusant.  2 mod\u00e8les :   Orange : 9 cm de diam\u00e8tre, id\u00e9al pour moyen et grand chien.  Rouge : \u00a06 cm de diam\u00e8tre, id\u00e9al pour petit chien et chat.  Id\u00e9ale pour amuser votre animal des heures durant. Aide \u00e0 lutter contre l\u2019ennui, stimule l\u2019activit\u00e9 physique, vous pouvez y glisser des friandises.","og_url":"https:\/\/www.vetorino.com\/veterinaire\/plouzevede-29440\/boutique\/product\/pop-ball\/","og_site_name":"V\u00e9torino","article_publisher":"https:\/\/www.facebook.com\/Vetorino\/","article_modified_time":"2025-08-18T12:48:20+00:00","og_image":[{"width":800,"height":800,"url":"https:\/\/www.vetorino.com\/boutique\/wp-content\/uploads\/2023\/04\/jouet-chien-pop-ball.webp","type":"image\/webp"}],"twitter_card":"summary_large_image","twitter_misc":{"Disponibilit\u00e9":"En stock"},"schema":{"@context":"https:\/\/schema.org","@graph":[{"@type":"WebPage","@id":"https:\/\/www.vetorino.com\/veterinaire\/pontarlier-25300\/boutique\/product\/pop-ball\/","url":"https:\/\/www.vetorino.com\/veterinaire\/pontarlier-25300\/boutique\/product\/pop-ball\/","name":"Balle Rebondissante Pop Ball - chien, chat V\u00e9topop - V\u00e9torino","isPartOf":{"@id":"https:\/\/www.vetorino.com\/boutique\/#website"},"primaryImageOfPage":{"@id":"https:\/\/www.vetorino.com\/veterinaire\/pontarlier-25300\/boutique\/product\/pop-ball\/#primaryimage"},"image":{"@id":"https:\/\/www.vetorino.com\/veterinaire\/pontarlier-25300\/boutique\/product\/pop-ball\/#primaryimage"},"thumbnailUrl":"https:\/\/www.vetorino.com\/boutique\/wp-content\/uploads\/2023\/04\/jouet-chien-pop-ball.webp","datePublished":"2023-04-24T11:17:32+00:00","dateModified":"2025-08-18T12:48:20+00:00","description":"Balle rebondissante avec cachette \u00e0 friandises pour chien et chat, pour stimuler leur activit\u00e9 physique en les amusant. 2 mod\u00e8les : Orange : 9 cm de diam\u00e8tre, id\u00e9al pour moyen et grand chien. Rouge : \u00a06 cm de diam\u00e8tre, id\u00e9al pour petit chien et chat. Id\u00e9ale pour amuser votre animal des heures durant. Aide \u00e0 lutter contre l\u2019ennui, stimule l\u2019activit\u00e9 physique, vous pouvez y glisser des friandises.","breadcrumb":{"@id":"https:\/\/www.vetorino.com\/veterinaire\/pontarlier-25300\/boutique\/product\/pop-ball\/#breadcrumb"},"inLanguage":"fr-FR","potentialAction":[{"@type":"ReadAction","target":["https:\/\/www.vetorino.com\/veterinaire\/pontarlier-25300\/boutique\/product\/pop-ball\/"]}]},{"@type":"ImageObject","inLanguage":"fr-FR","@id":"https:\/\/www.vetorino.com\/veterinaire\/pontarlier-25300\/boutique\/product\/pop-ball\/#primaryimage","url":"https:\/\/www.vetorino.com\/boutique\/wp-content\/uploads\/2023\/04\/jouet-chien-pop-ball.webp","contentUrl":"https:\/\/www.vetorino.com\/boutique\/wp-content\/uploads\/2023\/04\/jouet-chien-pop-ball.webp","width":800,"height":800},{"@type":"BreadcrumbList","@id":"https:\/\/www.vetorino.com\/veterinaire\/pontarlier-25300\/boutique\/product\/pop-ball\/#breadcrumb","itemListElement":[{"@type":"ListItem","position":1,"name":"Accueil","item":"https:\/\/www.vetorino.com\/boutique\/"},{"@type":"ListItem","position":2,"name":"Produits","item":"https:\/\/www.vetorino.com\/boutique\/"},{"@type":"ListItem","position":3,"name":"Balle Rebondissante Pop Ball &#8211; chien, chat"}]},{"@type":"WebSite","@id":"https:\/\/www.vetorino.com\/boutique\/#website","url":"https:\/\/www.vetorino.com\/boutique\/","name":"V\u00e9torino","description":"","publisher":{"@id":"https:\/\/www.vetorino.com\/boutique\/#organization"},"potentialAction":[{"@type":"SearchAction","target":{"@type":"EntryPoint","urlTemplate":"https:\/\/www.vetorino.com\/boutique\/?s={search_term_string}"},"query-input":{"@type":"PropertyValueSpecification","valueRequired":true,"valueName":"search_term_string"}}],"inLanguage":"fr-FR"},{"@type":"Organization","@id":"https:\/\/www.vetorino.com\/boutique\/#organization","name":"V\u00e9torino","url":"https:\/\/www.vetorino.com\/boutique\/","logo":{"@type":"ImageObject","inLanguage":"fr-FR","@id":"https:\/\/www.vetorino.com\/boutique\/#\/schema\/logo\/image\/","url":"https:\/\/www.vetorino.com\/boutique\/wp-content\/uploads\/2024\/10\/logo.jpg","contentUrl":"https:\/\/www.vetorino.com\/boutique\/wp-content\/uploads\/2024\/10\/logo.jpg","width":1200,"height":610,"caption":"V\u00e9torino"},"image":{"@id":"https:\/\/www.vetorino.com\/boutique\/#\/schema\/logo\/image\/"},"sameAs":["https:\/\/www.facebook.com\/Vetorino\/","https:\/\/www.instagram.com\/vetorino_off\/","https:\/\/www.linkedin.com\/company\/vtorino\/"]}]},"product_brand":"V\u00e9topop","og_availability":"instock","product_availability":"instock","product_condition":"new"},"_links":{"self":[{"href":"https:\/\/www.vetorino.com\/veterinaire\/plouzevede-29440\/boutique\/wp-json\/wp\/v2\/product\/601100","targetHints":{"allow":["GET"]}}],"collection":[{"href":"https:\/\/www.vetorino.com\/veterinaire\/plouzevede-29440\/boutique\/wp-json\/wp\/v2\/product"}],"about":[{"href":"https:\/\/www.vetorino.com\/veterinaire\/plouzevede-29440\/boutique\/wp-json\/wp\/v2\/types\/product"}],"wp:featuredmedia":[{"embeddable":true,"href":"https:\/\/www.vetorino.com\/veterinaire\/plouzevede-29440\/boutique\/wp-json\/wp\/v2\/media\/1455873"}],"wp:attachment":[{"href":"https:\/\/www.vetorino.com\/veterinaire\/plouzevede-29440\/boutique\/wp-json\/wp\/v2\/media?parent=601100"}],"wp:term":[{"taxonomy":"product_cat","embeddable":true,"href":"https:\/\/www.vetorino.com\/veterinaire\/plouzevede-29440\/boutique\/wp-json\/wp\/v2\/product_cat?post=601100"},{"taxonomy":"product_tag","embeddable":true,"href":"https:\/\/www.vetorino.com\/veterinaire\/plouzevede-29440\/boutique\/wp-json\/wp\/v2\/product_tag?post=601100"}],"curies":[{"name":"wp","href":"https:\/\/api.w.org\/{rel}","templated":true}]}}