{"id":739022,"date":"2023-11-09T10:37:41","date_gmt":"2023-11-09T09:37:41","guid":{"rendered":"https:\/\/www.vetorino.com\/boutique\/product\/specific-chat-fkw-kidney-barquettes\/"},"modified":"2025-08-20T15:51:28","modified_gmt":"2025-08-20T13:51:28","slug":"specific-chat-fkw-kidney-barquettes","status":"publish","type":"product","link":"https:\/\/www.vetorino.com\/veterinaire\/plouzevede-29440\/boutique\/product\/specific-chat-fkw-kidney-barquettes\/","title":{"rendered":"FKW Kidney Support \u2013 chat"},"content":{"rendered":"<p><strong>Aliment di\u00e9t\u00e9tique complet pour le chat adulte\u00a0<\/strong><strong>et senior atteint d&#8217;insuffisance r\u00e9nale, cardiaque et\/ou h\u00e9patique chronique.<\/strong><\/p>\n<p><strong>Utilisation :<\/strong><\/p>\n<ul>\n<li>Insuffisance r\u00e9nale chronique<\/li>\n<li>Insuffisance h\u00e9patique (sauf en cas de cholestase)<\/li>\n<li>Insuffisance cardiaque congestive, hypertension, \u0153d\u00e8me<\/li>\n<li>Urolithiases \u00e0 urate, oxalate ou cystine<\/li>\n<\/ul>\n<p><strong>Contre indications :<\/strong><\/p>\n<ul>\n<li>Chaton et chatte gestante ou allaitante<\/li>\n<li>Cholestase : privil\u00e9gier un aliment \u00e0 teneur limit\u00e9e en mati\u00e8res grasses comme SPECIFIC\u00ae FRD\/FRW Weight Reduction ou SPECIFIC\u00ae FXD\/FXW Adult<\/li>\n<li>Urolithiases \u00e0 struvite<\/li>\n<\/ul>\n<p><strong>Bienfaits essentiels :<\/strong><\/p>\n<ul>\n<li>L\u2019aliment pr\u00e9sente une teneur limit\u00e9e en phosphore, essentielle pour <strong>pr\u00e9venir l\u2019hyperphosphat\u00e9mie et ralentir la progression de l\u2019insuffisance r\u00e9nale.<\/strong><\/li>\n<li>Les acides gras Om\u00e9ga-3 EPA et DHA (issus du poisson) aident \u00e0 <strong>ralentir la progression de l\u2019insuffisance r\u00e9nale<\/strong>. Chez les chats atteints d\u2019affections cardiaques, l\u2019EPA et le DHA contribuent au <strong>maintien de la masse musculaire et de l\u2019app\u00e9tit, et \u00e0 la normalisation de la tension art\u00e9rielle et de l\u2019agr\u00e9gation plaquettaire<\/strong>. SPECIFIC\u2122 FKW Kidney Support a une teneur tr\u00e8s \u00e9lev\u00e9e en huile de poisson, riche en EPA et DHA pr\u00e9form\u00e9s, directement actifs.<\/li>\n<li>L\u2019association de la teneur r\u00e9duite en prot\u00e9ines et de l\u2019utilisation de prot\u00e9ines de valeur biologique \u00e9lev\u00e9e r\u00e9duit l\u2019azot\u00e9mie chez les chats insuffisants r\u00e9naux. En pr\u00e9sence d\u2019insuffisance h\u00e9patique, cela<strong> r\u00e9duit le risque d\u2019hyperammoni\u00e9mie et d\u2019enc\u00e9phalopathie h\u00e9patiqu<\/strong>e. La valeur biologique \u00e9lev\u00e9e des prot\u00e9ines assure un apport suffisant d\u2019acides amin\u00e9s essentiels.<\/li>\n<li>Dans l\u2019insuffisance cardiaque congestive, la mise en place de m\u00e9canismes compensateurs s\u2019opposant \u00e0 la diminution du d\u00e9bit cardiaque conduit \u00e0 une r\u00e9tention d\u2019eau et de sodium. La teneur r\u00e9duite en sodium contribue \u00e0 briser le cercle vicieux de la r\u00e9tention hydrique, ce qui est essentiel pour les chats souffrant d\u2019insuffisance r\u00e9nale, h\u00e9patique et\/ou cardiaque.<\/li>\n<li>La teneur r\u00e9duite en prot\u00e9ines permet de baisser les concentrations urinaires d\u2019oxalate, de cystine et d\u2019urate. Combin\u00e9e au pH urinaire alcalin, cela <strong>pr\u00e9vient la formation de cristaux d\u2019oxalate de calcium, de cystine et d\u2019urate et favorise la bonne sant\u00e9 du syst\u00e8me urinaire<\/strong>. L\u2019ajout de citrate de potassium aide \u00e0 maintenir le calcium en solution.<\/li>\n<\/ul>\n<p><strong>Cet aliment est destin\u00e9 \u00e0 la prise en charge nutritionnelle d\u2019une maladie. Pour la sant\u00e9 de votre chat, il est recommand\u00e9 de consulter votre v\u00e9t\u00e9rinaire et de respecter scrupuleusement ses recommandations nutritionnelles.<\/strong><\/p>\n","protected":false},"excerpt":{"rendered":"<p><strong>Aliment di\u00e9t\u00e9tique complet pour le chat adulte et senior atteint d&#8217;insuffisance r\u00e9nale, cardiaque et\/ou h\u00e9patique chronique.<\/strong><\/p>\n<p><strong>Utilisation :<\/strong><\/p>\n<ul>\n<li>Insuffisance r\u00e9nale chronique<\/li>\n<li>Insuffisance h\u00e9patique (sauf en cas de cholestase)<\/li>\n<li>Insuffisance cardiaque congestive, hypertension, \u0153d\u00e8me<\/li>\n<\/ul>\n<p><strong>Cet aliment est destin\u00e9 \u00e0 la prise en charge nutritionnelle d\u2019une maladie. Il est recommand\u00e9 de consulter votre v\u00e9t\u00e9rinaire.<\/strong><\/p>\n","protected":false},"featured_media":663488,"template":"","meta":[],"product_cat":[12551,12581,2697],"product_tag":[],"class_list":{"0":"post-739022","1":"product","2":"type-product","3":"status-publish","4":"has-post-thumbnail","6":"product_cat-alimentation-du-chat","7":"product_cat-alimentation-medicalisee-pour-chat","8":"product_cat-chat","9":"pa_marque-specific","11":"first","12":"instock","13":"taxable","14":"shipping-taxable","15":"purchasable","16":"product-type-simple"},"yoast_head":"<!-- This site is optimized with the Yoast SEO plugin v27.3 - https:\/\/yoast.com\/product\/yoast-seo-wordpress\/ -->\n<title>FKW Kidney Support \u2013 chat Specific - V\u00e9torino<\/title>\n<meta name=\"description\" content=\"Aliment di\u00e9t\u00e9tique complet pour le chat adulte et senior atteint d&#039;insuffisance r\u00e9nale, cardiaque et\/ou h\u00e9patique chronique.  Utilisation :   Insuffisance r\u00e9nale chronique  Insuffisance h\u00e9patique (sauf en cas de cholestase)  Insuffisance cardiaque congestive, hypertension, \u0153d\u00e8me  Cet aliment est destin\u00e9 \u00e0 la prise en charge nutritionnelle d\u2019une maladie. Il est recommand\u00e9 de consulter votre v\u00e9t\u00e9rinaire.\" \/>\n<meta name=\"robots\" content=\"noindex, nofollow\" \/>\n<meta property=\"og:locale\" content=\"fr_FR\" \/>\n<meta property=\"og:type\" content=\"article\" \/>\n<meta property=\"og:title\" content=\"FKW Kidney Support \u2013 chat Specific - V\u00e9torino\" \/>\n<meta property=\"og:description\" content=\"Aliment di\u00e9t\u00e9tique complet pour le chat adulte et senior atteint d&#039;insuffisance r\u00e9nale, cardiaque et\/ou h\u00e9patique chronique.  Utilisation :   Insuffisance r\u00e9nale chronique  Insuffisance h\u00e9patique (sauf en cas de cholestase)  Insuffisance cardiaque congestive, hypertension, \u0153d\u00e8me  Cet aliment est destin\u00e9 \u00e0 la prise en charge nutritionnelle d\u2019une maladie. Il est recommand\u00e9 de consulter votre v\u00e9t\u00e9rinaire.\" \/>\n<meta property=\"og:url\" content=\"https:\/\/www.vetorino.com\/veterinaire\/plouzevede-29440\/boutique\/product\/specific-chat-fkw-kidney-barquettes\/\" \/>\n<meta property=\"og:site_name\" content=\"V\u00e9torino\" \/>\n<meta property=\"article:publisher\" content=\"https:\/\/www.facebook.com\/Vetorino\/\" \/>\n<meta property=\"article:modified_time\" content=\"2025-08-20T13:51:28+00:00\" \/>\n<meta property=\"og:image\" content=\"https:\/\/www.vetorino.com\/boutique\/wp-content\/uploads\/2020\/10\/specific-chat-fkw-kidney-support-7-x-100-grs_1.jpg\" \/>\n\t<meta property=\"og:image:width\" content=\"700\" \/>\n\t<meta property=\"og:image:height\" content=\"700\" \/>\n\t<meta property=\"og:image:type\" content=\"image\/jpeg\" \/>\n<meta name=\"twitter:card\" content=\"summary_large_image\" \/>\n<meta name=\"twitter:label1\" content=\"Prix\" \/>\n\t<meta name=\"twitter:data1\" content=\"10,71&euro;\" \/>\n\t<meta name=\"twitter:label2\" content=\"Disponibilit\u00e9\" \/>\n\t<meta name=\"twitter:data2\" content=\"En stock\" \/>\n<script type=\"application\/ld+json\" class=\"yoast-schema-graph\">{\"@context\":\"https:\\\/\\\/schema.org\",\"@graph\":[{\"@type\":\"WebPage\",\"@id\":\"https:\\\/\\\/www.vetorino.com\\\/boutique\\\/product\\\/specific-chat-fkw-kidney-barquettes\\\/\",\"url\":\"https:\\\/\\\/www.vetorino.com\\\/boutique\\\/product\\\/specific-chat-fkw-kidney-barquettes\\\/\",\"name\":\"FKW Kidney Support \u2013 chat Specific - V\u00e9torino\",\"isPartOf\":{\"@id\":\"https:\\\/\\\/www.vetorino.com\\\/boutique\\\/#website\"},\"primaryImageOfPage\":{\"@id\":\"https:\\\/\\\/www.vetorino.com\\\/boutique\\\/product\\\/specific-chat-fkw-kidney-barquettes\\\/#primaryimage\"},\"image\":{\"@id\":\"https:\\\/\\\/www.vetorino.com\\\/boutique\\\/product\\\/specific-chat-fkw-kidney-barquettes\\\/#primaryimage\"},\"thumbnailUrl\":\"https:\\\/\\\/www.vetorino.com\\\/boutique\\\/wp-content\\\/uploads\\\/2020\\\/10\\\/specific-chat-fkw-kidney-support-7-x-100-grs_1.jpg\",\"datePublished\":\"2023-11-09T09:37:41+00:00\",\"dateModified\":\"2025-08-20T13:51:28+00:00\",\"description\":\"Aliment di\u00e9t\u00e9tique complet pour le chat adulte et senior atteint d'insuffisance r\u00e9nale, cardiaque et\\\/ou h\u00e9patique chronique. Utilisation : Insuffisance r\u00e9nale chronique Insuffisance h\u00e9patique (sauf en cas de cholestase) Insuffisance cardiaque congestive, hypertension, \u0153d\u00e8me Cet aliment est destin\u00e9 \u00e0 la prise en charge nutritionnelle d\u2019une maladie. Il est recommand\u00e9 de consulter votre v\u00e9t\u00e9rinaire.\",\"breadcrumb\":{\"@id\":\"https:\\\/\\\/www.vetorino.com\\\/boutique\\\/product\\\/specific-chat-fkw-kidney-barquettes\\\/#breadcrumb\"},\"inLanguage\":\"fr-FR\",\"potentialAction\":[{\"@type\":\"ReadAction\",\"target\":[\"https:\\\/\\\/www.vetorino.com\\\/boutique\\\/product\\\/specific-chat-fkw-kidney-barquettes\\\/\"]}]},{\"@type\":\"ImageObject\",\"inLanguage\":\"fr-FR\",\"@id\":\"https:\\\/\\\/www.vetorino.com\\\/boutique\\\/product\\\/specific-chat-fkw-kidney-barquettes\\\/#primaryimage\",\"url\":\"https:\\\/\\\/www.vetorino.com\\\/boutique\\\/wp-content\\\/uploads\\\/2020\\\/10\\\/specific-chat-fkw-kidney-support-7-x-100-grs_1.jpg\",\"contentUrl\":\"https:\\\/\\\/www.vetorino.com\\\/boutique\\\/wp-content\\\/uploads\\\/2020\\\/10\\\/specific-chat-fkw-kidney-support-7-x-100-grs_1.jpg\",\"width\":700,\"height\":700},{\"@type\":\"BreadcrumbList\",\"@id\":\"https:\\\/\\\/www.vetorino.com\\\/boutique\\\/product\\\/specific-chat-fkw-kidney-barquettes\\\/#breadcrumb\",\"itemListElement\":[{\"@type\":\"ListItem\",\"position\":1,\"name\":\"Accueil\",\"item\":\"https:\\\/\\\/www.vetorino.com\\\/boutique\\\/\"},{\"@type\":\"ListItem\",\"position\":2,\"name\":\"Produits\",\"item\":\"https:\\\/\\\/www.vetorino.com\\\/boutique\\\/\"},{\"@type\":\"ListItem\",\"position\":3,\"name\":\"FKW Kidney Support \u2013 chat\"}]},{\"@type\":\"WebSite\",\"@id\":\"https:\\\/\\\/www.vetorino.com\\\/boutique\\\/#website\",\"url\":\"https:\\\/\\\/www.vetorino.com\\\/boutique\\\/\",\"name\":\"V\u00e9torino\",\"description\":\"\",\"publisher\":{\"@id\":\"https:\\\/\\\/www.vetorino.com\\\/boutique\\\/#organization\"},\"potentialAction\":[{\"@type\":\"SearchAction\",\"target\":{\"@type\":\"EntryPoint\",\"urlTemplate\":\"https:\\\/\\\/www.vetorino.com\\\/boutique\\\/?s={search_term_string}\"},\"query-input\":{\"@type\":\"PropertyValueSpecification\",\"valueRequired\":true,\"valueName\":\"search_term_string\"}}],\"inLanguage\":\"fr-FR\"},{\"@type\":\"Organization\",\"@id\":\"https:\\\/\\\/www.vetorino.com\\\/boutique\\\/#organization\",\"name\":\"V\u00e9torino\",\"url\":\"https:\\\/\\\/www.vetorino.com\\\/boutique\\\/\",\"logo\":{\"@type\":\"ImageObject\",\"inLanguage\":\"fr-FR\",\"@id\":\"https:\\\/\\\/www.vetorino.com\\\/boutique\\\/#\\\/schema\\\/logo\\\/image\\\/\",\"url\":\"https:\\\/\\\/www.vetorino.com\\\/boutique\\\/wp-content\\\/uploads\\\/2024\\\/10\\\/logo.jpg\",\"contentUrl\":\"https:\\\/\\\/www.vetorino.com\\\/boutique\\\/wp-content\\\/uploads\\\/2024\\\/10\\\/logo.jpg\",\"width\":1200,\"height\":610,\"caption\":\"V\u00e9torino\"},\"image\":{\"@id\":\"https:\\\/\\\/www.vetorino.com\\\/boutique\\\/#\\\/schema\\\/logo\\\/image\\\/\"},\"sameAs\":[\"https:\\\/\\\/www.facebook.com\\\/Vetorino\\\/\",\"https:\\\/\\\/www.instagram.com\\\/vetorino_off\\\/\",\"https:\\\/\\\/www.linkedin.com\\\/company\\\/vtorino\\\/\"]}]}<\/script>\n<meta property=\"product:brand\" content=\"Specific\" \/>\n<meta property=\"product:price:amount\" content=\"10.71\" \/>\n<meta property=\"product:price:currency\" content=\"EUR\" \/>\n<meta property=\"og:availability\" content=\"instock\" \/>\n<meta property=\"product:availability\" content=\"instock\" \/>\n<meta property=\"product:retailer_item_id\" content=\"A-1828820\" \/>\n<meta property=\"product:condition\" content=\"new\" \/>\n<!-- \/ Yoast SEO plugin. -->","yoast_head_json":{"title":"FKW Kidney Support \u2013 chat Specific - V\u00e9torino","description":"Aliment di\u00e9t\u00e9tique complet pour le chat adulte et senior atteint d'insuffisance r\u00e9nale, cardiaque et\/ou h\u00e9patique chronique.  Utilisation :   Insuffisance r\u00e9nale chronique  Insuffisance h\u00e9patique (sauf en cas de cholestase)  Insuffisance cardiaque congestive, hypertension, \u0153d\u00e8me  Cet aliment est destin\u00e9 \u00e0 la prise en charge nutritionnelle d\u2019une maladie. Il est recommand\u00e9 de consulter votre v\u00e9t\u00e9rinaire.","robots":{"index":"noindex","follow":"nofollow"},"og_locale":"fr_FR","og_type":"article","og_title":"FKW Kidney Support \u2013 chat Specific - V\u00e9torino","og_description":"Aliment di\u00e9t\u00e9tique complet pour le chat adulte et senior atteint d'insuffisance r\u00e9nale, cardiaque et\/ou h\u00e9patique chronique.  Utilisation :   Insuffisance r\u00e9nale chronique  Insuffisance h\u00e9patique (sauf en cas de cholestase)  Insuffisance cardiaque congestive, hypertension, \u0153d\u00e8me  Cet aliment est destin\u00e9 \u00e0 la prise en charge nutritionnelle d\u2019une maladie. Il est recommand\u00e9 de consulter votre v\u00e9t\u00e9rinaire.","og_url":"https:\/\/www.vetorino.com\/veterinaire\/plouzevede-29440\/boutique\/product\/specific-chat-fkw-kidney-barquettes\/","og_site_name":"V\u00e9torino","article_publisher":"https:\/\/www.facebook.com\/Vetorino\/","article_modified_time":"2025-08-20T13:51:28+00:00","og_image":[{"width":700,"height":700,"url":"https:\/\/www.vetorino.com\/boutique\/wp-content\/uploads\/2020\/10\/specific-chat-fkw-kidney-support-7-x-100-grs_1.jpg","type":"image\/jpeg"}],"twitter_card":"summary_large_image","twitter_misc":{"Prix":"10,71&euro;","Disponibilit\u00e9":"En stock"},"schema":{"@context":"https:\/\/schema.org","@graph":[{"@type":"WebPage","@id":"https:\/\/www.vetorino.com\/boutique\/product\/specific-chat-fkw-kidney-barquettes\/","url":"https:\/\/www.vetorino.com\/boutique\/product\/specific-chat-fkw-kidney-barquettes\/","name":"FKW Kidney Support \u2013 chat Specific - V\u00e9torino","isPartOf":{"@id":"https:\/\/www.vetorino.com\/boutique\/#website"},"primaryImageOfPage":{"@id":"https:\/\/www.vetorino.com\/boutique\/product\/specific-chat-fkw-kidney-barquettes\/#primaryimage"},"image":{"@id":"https:\/\/www.vetorino.com\/boutique\/product\/specific-chat-fkw-kidney-barquettes\/#primaryimage"},"thumbnailUrl":"https:\/\/www.vetorino.com\/boutique\/wp-content\/uploads\/2020\/10\/specific-chat-fkw-kidney-support-7-x-100-grs_1.jpg","datePublished":"2023-11-09T09:37:41+00:00","dateModified":"2025-08-20T13:51:28+00:00","description":"Aliment di\u00e9t\u00e9tique complet pour le chat adulte et senior atteint d'insuffisance r\u00e9nale, cardiaque et\/ou h\u00e9patique chronique. Utilisation : Insuffisance r\u00e9nale chronique Insuffisance h\u00e9patique (sauf en cas de cholestase) Insuffisance cardiaque congestive, hypertension, \u0153d\u00e8me Cet aliment est destin\u00e9 \u00e0 la prise en charge nutritionnelle d\u2019une maladie. Il est recommand\u00e9 de consulter votre v\u00e9t\u00e9rinaire.","breadcrumb":{"@id":"https:\/\/www.vetorino.com\/boutique\/product\/specific-chat-fkw-kidney-barquettes\/#breadcrumb"},"inLanguage":"fr-FR","potentialAction":[{"@type":"ReadAction","target":["https:\/\/www.vetorino.com\/boutique\/product\/specific-chat-fkw-kidney-barquettes\/"]}]},{"@type":"ImageObject","inLanguage":"fr-FR","@id":"https:\/\/www.vetorino.com\/boutique\/product\/specific-chat-fkw-kidney-barquettes\/#primaryimage","url":"https:\/\/www.vetorino.com\/boutique\/wp-content\/uploads\/2020\/10\/specific-chat-fkw-kidney-support-7-x-100-grs_1.jpg","contentUrl":"https:\/\/www.vetorino.com\/boutique\/wp-content\/uploads\/2020\/10\/specific-chat-fkw-kidney-support-7-x-100-grs_1.jpg","width":700,"height":700},{"@type":"BreadcrumbList","@id":"https:\/\/www.vetorino.com\/boutique\/product\/specific-chat-fkw-kidney-barquettes\/#breadcrumb","itemListElement":[{"@type":"ListItem","position":1,"name":"Accueil","item":"https:\/\/www.vetorino.com\/boutique\/"},{"@type":"ListItem","position":2,"name":"Produits","item":"https:\/\/www.vetorino.com\/boutique\/"},{"@type":"ListItem","position":3,"name":"FKW Kidney Support \u2013 chat"}]},{"@type":"WebSite","@id":"https:\/\/www.vetorino.com\/boutique\/#website","url":"https:\/\/www.vetorino.com\/boutique\/","name":"V\u00e9torino","description":"","publisher":{"@id":"https:\/\/www.vetorino.com\/boutique\/#organization"},"potentialAction":[{"@type":"SearchAction","target":{"@type":"EntryPoint","urlTemplate":"https:\/\/www.vetorino.com\/boutique\/?s={search_term_string}"},"query-input":{"@type":"PropertyValueSpecification","valueRequired":true,"valueName":"search_term_string"}}],"inLanguage":"fr-FR"},{"@type":"Organization","@id":"https:\/\/www.vetorino.com\/boutique\/#organization","name":"V\u00e9torino","url":"https:\/\/www.vetorino.com\/boutique\/","logo":{"@type":"ImageObject","inLanguage":"fr-FR","@id":"https:\/\/www.vetorino.com\/boutique\/#\/schema\/logo\/image\/","url":"https:\/\/www.vetorino.com\/boutique\/wp-content\/uploads\/2024\/10\/logo.jpg","contentUrl":"https:\/\/www.vetorino.com\/boutique\/wp-content\/uploads\/2024\/10\/logo.jpg","width":1200,"height":610,"caption":"V\u00e9torino"},"image":{"@id":"https:\/\/www.vetorino.com\/boutique\/#\/schema\/logo\/image\/"},"sameAs":["https:\/\/www.facebook.com\/Vetorino\/","https:\/\/www.instagram.com\/vetorino_off\/","https:\/\/www.linkedin.com\/company\/vtorino\/"]}]},"product_brand":"Specific","product_price_amount":"10.71","product_price_currency":"EUR","og_availability":"instock","product_availability":"instock","product_retailer_item_id":"A-1828820","product_condition":"new"},"_links":{"self":[{"href":"https:\/\/www.vetorino.com\/veterinaire\/plouzevede-29440\/boutique\/wp-json\/wp\/v2\/product\/739022","targetHints":{"allow":["GET"]}}],"collection":[{"href":"https:\/\/www.vetorino.com\/veterinaire\/plouzevede-29440\/boutique\/wp-json\/wp\/v2\/product"}],"about":[{"href":"https:\/\/www.vetorino.com\/veterinaire\/plouzevede-29440\/boutique\/wp-json\/wp\/v2\/types\/product"}],"wp:featuredmedia":[{"embeddable":true,"href":"https:\/\/www.vetorino.com\/veterinaire\/plouzevede-29440\/boutique\/wp-json\/wp\/v2\/media\/663488"}],"wp:attachment":[{"href":"https:\/\/www.vetorino.com\/veterinaire\/plouzevede-29440\/boutique\/wp-json\/wp\/v2\/media?parent=739022"}],"wp:term":[{"taxonomy":"product_cat","embeddable":true,"href":"https:\/\/www.vetorino.com\/veterinaire\/plouzevede-29440\/boutique\/wp-json\/wp\/v2\/product_cat?post=739022"},{"taxonomy":"product_tag","embeddable":true,"href":"https:\/\/www.vetorino.com\/veterinaire\/plouzevede-29440\/boutique\/wp-json\/wp\/v2\/product_tag?post=739022"}],"curies":[{"name":"wp","href":"https:\/\/api.w.org\/{rel}","templated":true}]}}