{"id":1810706,"date":"2026-04-27T14:32:02","date_gmt":"2026-04-27T12:32:02","guid":{"rendered":"https:\/\/www.vetorino.com\/boutique\/product\/lingettes-biodegradables-croci-eco-yeux-oreilles\/"},"modified":"2026-04-27T17:12:05","modified_gmt":"2026-04-27T15:12:05","slug":"lingettes-biodegradables-croci-eco-yeux-oreilles","status":"publish","type":"product","link":"https:\/\/www.vetorino.com\/veterinaire\/preenpailsaintsamson-53140\/boutique\/product\/lingettes-biodegradables-croci-eco-yeux-oreilles\/","title":{"rendered":"Lingettes biod\u00e9gradables Croci Eco"},"content":{"rendered":"<p>Les <strong>lingettes humides<\/strong> pour animaux domestiques vous permettront de <strong>nettoyer rapidement les yeux et les oreilles<\/strong> de votre animal tout en <strong>respectant son pelage<\/strong>.<\/p>\n<p>Son <strong>sachet refermable<\/strong> vous permettra une tr\u00e8s bonne conservation des lingettes pour une efficacit\u00e9 prolong\u00e9e.<\/p>\n<ul>\n<li>100% biod\u00e9gradable.<\/li>\n<li>Jetable dans les toilettes.<\/li>\n<li>Sans paraben.<\/li>\n<li>Son odeur.<\/li>\n<\/ul>\n","protected":false},"excerpt":{"rendered":"<p>Les <strong>lingettes humides<\/strong> pour animaux domestiques vous permettront de <strong>nettoyer rapidement les yeux et les oreilles<\/strong> de votre animal tout en <strong>respectant son pelage<\/strong>.<\/p>\n<p>Son <strong>sachet refermable<\/strong> vous permettra une tr\u00e8s bonne conservation des lingettes pour une efficacit\u00e9 prolong\u00e9e.<\/p>\n<ul>\n<li>100% biod\u00e9gradable.<\/li>\n<li>Jetable dans les toilettes.<\/li>\n<li>Sans paraben.<\/li>\n<li>Son odeur.<\/li>\n<\/ul>\n","protected":false},"featured_media":1810841,"template":"","meta":[],"product_cat":[2698],"product_tag":[],"class_list":{"0":"post-1810706","1":"product","2":"type-product","3":"status-publish","4":"has-post-thumbnail","6":"product_cat-chien","7":"pa_marque-croci","9":"first","10":"instock","11":"taxable","12":"shipping-taxable","13":"purchasable","14":"product-type-simple"},"yoast_head":"<!-- This site is optimized with the Yoast SEO plugin v27.5 - https:\/\/yoast.com\/product\/yoast-seo-wordpress\/ -->\n<title>Lingettes biod\u00e9gradables Croci Eco Croci - V\u00e9torino<\/title>\n<meta name=\"description\" content=\"Les lingettes humides pour animaux domestiques vous permettront de nettoyer rapidement les yeux et les oreilles de votre animal tout en respectant son pelage.  Son sachet refermable vous permettra une tr\u00e8s bonne conservation des lingettes pour une efficacit\u00e9 prolong\u00e9e.   100% biod\u00e9gradable.  Jetable dans les toilettes.  Sans paraben.  Son odeur.\" \/>\n<meta name=\"robots\" content=\"noindex, nofollow\" \/>\n<meta property=\"og:locale\" content=\"fr_FR\" \/>\n<meta property=\"og:type\" content=\"article\" \/>\n<meta property=\"og:title\" content=\"Lingettes biod\u00e9gradables Croci Eco Croci - V\u00e9torino\" \/>\n<meta property=\"og:description\" content=\"Les lingettes humides pour animaux domestiques vous permettront de nettoyer rapidement les yeux et les oreilles de votre animal tout en respectant son pelage.  Son sachet refermable vous permettra une tr\u00e8s bonne conservation des lingettes pour une efficacit\u00e9 prolong\u00e9e.   100% biod\u00e9gradable.  Jetable dans les toilettes.  Sans paraben.  Son odeur.\" \/>\n<meta property=\"og:url\" content=\"https:\/\/www.vetorino.com\/veterinaire\/preenpailsaintsamson-53140\/boutique\/product\/lingettes-biodegradables-croci-eco-yeux-oreilles\/\" \/>\n<meta property=\"og:site_name\" content=\"V\u00e9torino\" \/>\n<meta property=\"article:publisher\" content=\"https:\/\/www.facebook.com\/Vetorino\/\" \/>\n<meta property=\"article:modified_time\" content=\"2026-04-27T15:12:05+00:00\" \/>\n<meta property=\"og:image\" content=\"https:\/\/www.vetorino.com\/boutique\/wp-content\/uploads\/2026\/04\/lingettes-croci.png\" \/>\n\t<meta property=\"og:image:width\" content=\"500\" \/>\n\t<meta property=\"og:image:height\" content=\"425\" \/>\n\t<meta property=\"og:image:type\" content=\"image\/png\" \/>\n<meta name=\"twitter:card\" content=\"summary_large_image\" \/>\n<meta name=\"twitter:label1\" content=\"Prix\" \/>\n\t<meta name=\"twitter:data1\" content=\"2,26&euro;\" \/>\n\t<meta name=\"twitter:label2\" content=\"Disponibilit\u00e9\" \/>\n\t<meta name=\"twitter:data2\" content=\"En stock\" \/>\n<script type=\"application\/ld+json\" class=\"yoast-schema-graph\">{\"@context\":\"https:\\\/\\\/schema.org\",\"@graph\":[{\"@type\":\"WebPage\",\"@id\":\"https:\\\/\\\/www.vetorino.com\\\/boutique\\\/product\\\/lingettes-biodegradables-croci-eco-yeux-oreilles\\\/\",\"url\":\"https:\\\/\\\/www.vetorino.com\\\/boutique\\\/product\\\/lingettes-biodegradables-croci-eco-yeux-oreilles\\\/\",\"name\":\"Lingettes biod\u00e9gradables Croci Eco Croci - V\u00e9torino\",\"isPartOf\":{\"@id\":\"https:\\\/\\\/www.vetorino.com\\\/boutique\\\/#website\"},\"primaryImageOfPage\":{\"@id\":\"https:\\\/\\\/www.vetorino.com\\\/boutique\\\/product\\\/lingettes-biodegradables-croci-eco-yeux-oreilles\\\/#primaryimage\"},\"image\":{\"@id\":\"https:\\\/\\\/www.vetorino.com\\\/boutique\\\/product\\\/lingettes-biodegradables-croci-eco-yeux-oreilles\\\/#primaryimage\"},\"thumbnailUrl\":\"https:\\\/\\\/www.vetorino.com\\\/boutique\\\/wp-content\\\/uploads\\\/2026\\\/04\\\/lingettes-croci.png\",\"datePublished\":\"2026-04-27T12:32:02+00:00\",\"dateModified\":\"2026-04-27T15:12:05+00:00\",\"description\":\"Les lingettes humides pour animaux domestiques vous permettront de nettoyer rapidement les yeux et les oreilles de votre animal tout en respectant son pelage. Son sachet refermable vous permettra une tr\u00e8s bonne conservation des lingettes pour une efficacit\u00e9 prolong\u00e9e. 100% biod\u00e9gradable. Jetable dans les toilettes. Sans paraben. Son odeur.\",\"breadcrumb\":{\"@id\":\"https:\\\/\\\/www.vetorino.com\\\/boutique\\\/product\\\/lingettes-biodegradables-croci-eco-yeux-oreilles\\\/#breadcrumb\"},\"inLanguage\":\"fr-FR\",\"potentialAction\":[{\"@type\":\"ReadAction\",\"target\":[\"https:\\\/\\\/www.vetorino.com\\\/boutique\\\/product\\\/lingettes-biodegradables-croci-eco-yeux-oreilles\\\/\"]}]},{\"@type\":\"ImageObject\",\"inLanguage\":\"fr-FR\",\"@id\":\"https:\\\/\\\/www.vetorino.com\\\/boutique\\\/product\\\/lingettes-biodegradables-croci-eco-yeux-oreilles\\\/#primaryimage\",\"url\":\"https:\\\/\\\/www.vetorino.com\\\/boutique\\\/wp-content\\\/uploads\\\/2026\\\/04\\\/lingettes-croci.png\",\"contentUrl\":\"https:\\\/\\\/www.vetorino.com\\\/boutique\\\/wp-content\\\/uploads\\\/2026\\\/04\\\/lingettes-croci.png\",\"width\":500,\"height\":425},{\"@type\":\"BreadcrumbList\",\"@id\":\"https:\\\/\\\/www.vetorino.com\\\/boutique\\\/product\\\/lingettes-biodegradables-croci-eco-yeux-oreilles\\\/#breadcrumb\",\"itemListElement\":[{\"@type\":\"ListItem\",\"position\":1,\"name\":\"Accueil\",\"item\":\"https:\\\/\\\/www.vetorino.com\\\/boutique\\\/\"},{\"@type\":\"ListItem\",\"position\":2,\"name\":\"Produits\",\"item\":\"https:\\\/\\\/www.vetorino.com\\\/boutique\\\/\"},{\"@type\":\"ListItem\",\"position\":3,\"name\":\"Lingettes biod\u00e9gradables Croci Eco\"}]},{\"@type\":\"WebSite\",\"@id\":\"https:\\\/\\\/www.vetorino.com\\\/boutique\\\/#website\",\"url\":\"https:\\\/\\\/www.vetorino.com\\\/boutique\\\/\",\"name\":\"V\u00e9torino\",\"description\":\"\",\"publisher\":{\"@id\":\"https:\\\/\\\/www.vetorino.com\\\/boutique\\\/#organization\"},\"potentialAction\":[{\"@type\":\"SearchAction\",\"target\":{\"@type\":\"EntryPoint\",\"urlTemplate\":\"https:\\\/\\\/www.vetorino.com\\\/boutique\\\/?s={search_term_string}\"},\"query-input\":{\"@type\":\"PropertyValueSpecification\",\"valueRequired\":true,\"valueName\":\"search_term_string\"}}],\"inLanguage\":\"fr-FR\"},{\"@type\":\"Organization\",\"@id\":\"https:\\\/\\\/www.vetorino.com\\\/boutique\\\/#organization\",\"name\":\"V\u00e9torino\",\"url\":\"https:\\\/\\\/www.vetorino.com\\\/boutique\\\/\",\"logo\":{\"@type\":\"ImageObject\",\"inLanguage\":\"fr-FR\",\"@id\":\"https:\\\/\\\/www.vetorino.com\\\/boutique\\\/#\\\/schema\\\/logo\\\/image\\\/\",\"url\":\"https:\\\/\\\/www.vetorino.com\\\/boutique\\\/wp-content\\\/uploads\\\/2024\\\/10\\\/logo.jpg\",\"contentUrl\":\"https:\\\/\\\/www.vetorino.com\\\/boutique\\\/wp-content\\\/uploads\\\/2024\\\/10\\\/logo.jpg\",\"width\":1200,\"height\":610,\"caption\":\"V\u00e9torino\"},\"image\":{\"@id\":\"https:\\\/\\\/www.vetorino.com\\\/boutique\\\/#\\\/schema\\\/logo\\\/image\\\/\"},\"sameAs\":[\"https:\\\/\\\/www.facebook.com\\\/Vetorino\\\/\",\"https:\\\/\\\/www.instagram.com\\\/vetorino_off\\\/\",\"https:\\\/\\\/www.linkedin.com\\\/company\\\/vtorino\\\/\"]}]}<\/script>\n<meta property=\"product:brand\" content=\"Croci\" \/>\n<meta property=\"product:price:amount\" content=\"2.26\" \/>\n<meta property=\"product:price:currency\" content=\"EUR\" \/>\n<meta property=\"og:availability\" content=\"instock\" \/>\n<meta property=\"product:availability\" content=\"instock\" \/>\n<meta property=\"product:retailer_item_id\" content=\"C-LIN026\" \/>\n<meta property=\"product:condition\" content=\"new\" \/>\n<!-- \/ Yoast SEO plugin. -->","yoast_head_json":{"title":"Lingettes biod\u00e9gradables Croci Eco Croci - V\u00e9torino","description":"Les lingettes humides pour animaux domestiques vous permettront de nettoyer rapidement les yeux et les oreilles de votre animal tout en respectant son pelage.  Son sachet refermable vous permettra une tr\u00e8s bonne conservation des lingettes pour une efficacit\u00e9 prolong\u00e9e.   100% biod\u00e9gradable.  Jetable dans les toilettes.  Sans paraben.  Son odeur.","robots":{"index":"noindex","follow":"nofollow"},"og_locale":"fr_FR","og_type":"article","og_title":"Lingettes biod\u00e9gradables Croci Eco Croci - V\u00e9torino","og_description":"Les lingettes humides pour animaux domestiques vous permettront de nettoyer rapidement les yeux et les oreilles de votre animal tout en respectant son pelage.  Son sachet refermable vous permettra une tr\u00e8s bonne conservation des lingettes pour une efficacit\u00e9 prolong\u00e9e.   100% biod\u00e9gradable.  Jetable dans les toilettes.  Sans paraben.  Son odeur.","og_url":"https:\/\/www.vetorino.com\/veterinaire\/preenpailsaintsamson-53140\/boutique\/product\/lingettes-biodegradables-croci-eco-yeux-oreilles\/","og_site_name":"V\u00e9torino","article_publisher":"https:\/\/www.facebook.com\/Vetorino\/","article_modified_time":"2026-04-27T15:12:05+00:00","og_image":[{"width":500,"height":425,"url":"https:\/\/www.vetorino.com\/boutique\/wp-content\/uploads\/2026\/04\/lingettes-croci.png","type":"image\/png"}],"twitter_card":"summary_large_image","twitter_misc":{"Prix":"2,26&euro;","Disponibilit\u00e9":"En stock"},"schema":{"@context":"https:\/\/schema.org","@graph":[{"@type":"WebPage","@id":"https:\/\/www.vetorino.com\/boutique\/product\/lingettes-biodegradables-croci-eco-yeux-oreilles\/","url":"https:\/\/www.vetorino.com\/boutique\/product\/lingettes-biodegradables-croci-eco-yeux-oreilles\/","name":"Lingettes biod\u00e9gradables Croci Eco Croci - V\u00e9torino","isPartOf":{"@id":"https:\/\/www.vetorino.com\/boutique\/#website"},"primaryImageOfPage":{"@id":"https:\/\/www.vetorino.com\/boutique\/product\/lingettes-biodegradables-croci-eco-yeux-oreilles\/#primaryimage"},"image":{"@id":"https:\/\/www.vetorino.com\/boutique\/product\/lingettes-biodegradables-croci-eco-yeux-oreilles\/#primaryimage"},"thumbnailUrl":"https:\/\/www.vetorino.com\/boutique\/wp-content\/uploads\/2026\/04\/lingettes-croci.png","datePublished":"2026-04-27T12:32:02+00:00","dateModified":"2026-04-27T15:12:05+00:00","description":"Les lingettes humides pour animaux domestiques vous permettront de nettoyer rapidement les yeux et les oreilles de votre animal tout en respectant son pelage. Son sachet refermable vous permettra une tr\u00e8s bonne conservation des lingettes pour une efficacit\u00e9 prolong\u00e9e. 100% biod\u00e9gradable. Jetable dans les toilettes. Sans paraben. Son odeur.","breadcrumb":{"@id":"https:\/\/www.vetorino.com\/boutique\/product\/lingettes-biodegradables-croci-eco-yeux-oreilles\/#breadcrumb"},"inLanguage":"fr-FR","potentialAction":[{"@type":"ReadAction","target":["https:\/\/www.vetorino.com\/boutique\/product\/lingettes-biodegradables-croci-eco-yeux-oreilles\/"]}]},{"@type":"ImageObject","inLanguage":"fr-FR","@id":"https:\/\/www.vetorino.com\/boutique\/product\/lingettes-biodegradables-croci-eco-yeux-oreilles\/#primaryimage","url":"https:\/\/www.vetorino.com\/boutique\/wp-content\/uploads\/2026\/04\/lingettes-croci.png","contentUrl":"https:\/\/www.vetorino.com\/boutique\/wp-content\/uploads\/2026\/04\/lingettes-croci.png","width":500,"height":425},{"@type":"BreadcrumbList","@id":"https:\/\/www.vetorino.com\/boutique\/product\/lingettes-biodegradables-croci-eco-yeux-oreilles\/#breadcrumb","itemListElement":[{"@type":"ListItem","position":1,"name":"Accueil","item":"https:\/\/www.vetorino.com\/boutique\/"},{"@type":"ListItem","position":2,"name":"Produits","item":"https:\/\/www.vetorino.com\/boutique\/"},{"@type":"ListItem","position":3,"name":"Lingettes biod\u00e9gradables Croci Eco"}]},{"@type":"WebSite","@id":"https:\/\/www.vetorino.com\/boutique\/#website","url":"https:\/\/www.vetorino.com\/boutique\/","name":"V\u00e9torino","description":"","publisher":{"@id":"https:\/\/www.vetorino.com\/boutique\/#organization"},"potentialAction":[{"@type":"SearchAction","target":{"@type":"EntryPoint","urlTemplate":"https:\/\/www.vetorino.com\/boutique\/?s={search_term_string}"},"query-input":{"@type":"PropertyValueSpecification","valueRequired":true,"valueName":"search_term_string"}}],"inLanguage":"fr-FR"},{"@type":"Organization","@id":"https:\/\/www.vetorino.com\/boutique\/#organization","name":"V\u00e9torino","url":"https:\/\/www.vetorino.com\/boutique\/","logo":{"@type":"ImageObject","inLanguage":"fr-FR","@id":"https:\/\/www.vetorino.com\/boutique\/#\/schema\/logo\/image\/","url":"https:\/\/www.vetorino.com\/boutique\/wp-content\/uploads\/2024\/10\/logo.jpg","contentUrl":"https:\/\/www.vetorino.com\/boutique\/wp-content\/uploads\/2024\/10\/logo.jpg","width":1200,"height":610,"caption":"V\u00e9torino"},"image":{"@id":"https:\/\/www.vetorino.com\/boutique\/#\/schema\/logo\/image\/"},"sameAs":["https:\/\/www.facebook.com\/Vetorino\/","https:\/\/www.instagram.com\/vetorino_off\/","https:\/\/www.linkedin.com\/company\/vtorino\/"]}]},"product_brand":"Croci","product_price_amount":"2.26","product_price_currency":"EUR","og_availability":"instock","product_availability":"instock","product_retailer_item_id":"C-LIN026","product_condition":"new"},"_links":{"self":[{"href":"https:\/\/www.vetorino.com\/veterinaire\/preenpailsaintsamson-53140\/boutique\/wp-json\/wp\/v2\/product\/1810706","targetHints":{"allow":["GET"]}}],"collection":[{"href":"https:\/\/www.vetorino.com\/veterinaire\/preenpailsaintsamson-53140\/boutique\/wp-json\/wp\/v2\/product"}],"about":[{"href":"https:\/\/www.vetorino.com\/veterinaire\/preenpailsaintsamson-53140\/boutique\/wp-json\/wp\/v2\/types\/product"}],"wp:featuredmedia":[{"embeddable":true,"href":"https:\/\/www.vetorino.com\/veterinaire\/preenpailsaintsamson-53140\/boutique\/wp-json\/wp\/v2\/media\/1810841"}],"wp:attachment":[{"href":"https:\/\/www.vetorino.com\/veterinaire\/preenpailsaintsamson-53140\/boutique\/wp-json\/wp\/v2\/media?parent=1810706"}],"wp:term":[{"taxonomy":"product_cat","embeddable":true,"href":"https:\/\/www.vetorino.com\/veterinaire\/preenpailsaintsamson-53140\/boutique\/wp-json\/wp\/v2\/product_cat?post=1810706"},{"taxonomy":"product_tag","embeddable":true,"href":"https:\/\/www.vetorino.com\/veterinaire\/preenpailsaintsamson-53140\/boutique\/wp-json\/wp\/v2\/product_tag?post=1810706"}],"curies":[{"name":"wp","href":"https:\/\/api.w.org\/{rel}","templated":true}]}}