{"id":131204,"date":"2020-11-27T00:31:49","date_gmt":"2020-11-26T23:31:49","guid":{"rendered":"https:\/\/www.vetorino.com\/boutique\/product\/proplan-cat-liveclear-adulte-sterilise-saumon\/"},"modified":"2025-10-29T12:19:29","modified_gmt":"2025-10-29T11:19:29","slug":"proplan-cat-liveclear-adulte-sterilise-saumon","status":"publish","type":"product","link":"https:\/\/www.vetorino.com\/veterinaire\/prunelli-di-fiumorbo-20243\/boutique\/product\/proplan-cat-liveclear-adulte-sterilise-saumon\/","title":{"rendered":"Cat Liveclear Sterilised Adult Saumon"},"content":{"rendered":"<p><strong>Aliment qui neutralise une partie des allerg\u00e8nes pr\u00e9sents dans la salive des chats, r\u00e9duisant ainsi les r\u00e9actions allergiques des personnes en contact avec ce dernier.<\/strong><\/p>\n<p><strong>Utilisation :<\/strong><\/p>\n<ul>\n<li>R\u00e9duit en moyenne de 47 % allerg\u00e8nes sur les poils du chat apr\u00e8s trois semaines d&#8217;alimentation.<\/li>\n<li>Chat st\u00e9rilis\u00e9<\/li>\n<\/ul>\n<p><strong>Bienfaits essentiels :<\/strong><\/p>\n<ul>\n<li>Aide \u00e0 maintenir la <strong>bonne sant\u00e9 des voies urinaires<\/strong> des chats st\u00e9rilis\u00e9s, gr\u00e2ce \u00e0 des teneurs \u00e9quilibr\u00e9es en min\u00e9raux.<\/li>\n<li>Soutient la <strong>bonne sant\u00e9 de reins<\/strong> gr\u00e2ce \u00e0 une combinaison sp\u00e9cifique de nutriments, dont des antioxydants, de l&#8217;arginine et des acides gras Om\u00e9ga.<\/li>\n<li>Aide \u00e0 maintenir un <strong>poids id\u00e9al<\/strong> gr\u00e2ce \u00e0 une teneur \u00e9lev\u00e9e en prot\u00e9ines, des fibres et un faible niveau de glucides.<\/li>\n<\/ul>\n","protected":false},"excerpt":{"rendered":"<p><strong>Cat Liveclear Sterilised Adult Saumon <\/strong>est un aliment qui neutralise une partie des allerg\u00e8nes pr\u00e9sents dans la salive des chats, r\u00e9duisant ainsi les r\u00e9actions allergiques des personnes en contact avec ce dernier.<\/p>\n<p>R\u00e9duit en moyenne de 47 % allerg\u00e8nes sur les poils du chat apr\u00e8s trois semaines d&#8217;alimentation.<\/p>\n<p>&nbsp;<\/p>\n","protected":false},"featured_media":275070,"template":"","meta":[],"product_cat":[12551,12583,2697],"product_tag":[],"class_list":{"0":"post-131204","1":"product","2":"type-product","3":"status-publish","4":"has-post-thumbnail","6":"product_cat-alimentation-du-chat","7":"product_cat-alimentation-premium-pour-chat","8":"product_cat-chat","9":"pa_marque-purina","11":"first","12":"instock","13":"taxable","14":"shipping-taxable","15":"purchasable","16":"product-type-variable"},"yoast_head":"<!-- This site is optimized with the Yoast SEO plugin v27.3 - https:\/\/yoast.com\/product\/yoast-seo-wordpress\/ -->\n<title>Proplan Cat Liveclear Sterilised Adult Saumon Purina Pro Plan - V\u00e9torino<\/title>\n<meta name=\"description\" content=\"Cat Liveclear Sterilised Adult Saumon est un aliment qui neutralise une partie des allerg\u00e8nes pr\u00e9sents dans la salive des chats, r\u00e9duisant ainsi les r\u00e9actions allergiques des personnes en contact avec ce dernier.  R\u00e9duit en moyenne de 47 % allerg\u00e8nes sur les poils du chat apr\u00e8s trois semaines d&#039;alimentation.  &nbsp;\" \/>\n<meta name=\"robots\" content=\"noindex, nofollow\" \/>\n<meta property=\"og:locale\" content=\"fr_FR\" \/>\n<meta property=\"og:type\" content=\"article\" \/>\n<meta property=\"og:title\" content=\"Proplan Cat Liveclear Sterilised Adult Saumon Purina Pro Plan - V\u00e9torino\" \/>\n<meta property=\"og:description\" content=\"Cat Liveclear Sterilised Adult Saumon est un aliment qui neutralise une partie des allerg\u00e8nes pr\u00e9sents dans la salive des chats, r\u00e9duisant ainsi les r\u00e9actions allergiques des personnes en contact avec ce dernier.  R\u00e9duit en moyenne de 47 % allerg\u00e8nes sur les poils du chat apr\u00e8s trois semaines d&#039;alimentation.  &nbsp;\" \/>\n<meta property=\"og:url\" content=\"https:\/\/www.vetorino.com\/veterinaire\/prunelli-di-fiumorbo-20243\/boutique\/product\/proplan-cat-liveclear-adulte-sterilise-saumon\/\" \/>\n<meta property=\"og:site_name\" content=\"V\u00e9torino\" \/>\n<meta property=\"article:publisher\" content=\"https:\/\/www.facebook.com\/Vetorino\/\" \/>\n<meta property=\"article:modified_time\" content=\"2025-10-29T11:19:29+00:00\" \/>\n<meta property=\"og:image\" content=\"https:\/\/www.vetorino.com\/boutique\/wp-content\/uploads\/2020\/11\/cat-liveclear-sterilised-adult-saumon.jpg.png\" \/>\n\t<meta property=\"og:image:width\" content=\"458\" \/>\n\t<meta property=\"og:image:height\" content=\"458\" \/>\n\t<meta property=\"og:image:type\" content=\"image\/png\" \/>\n<meta name=\"twitter:card\" content=\"summary_large_image\" \/>\n<meta name=\"twitter:label1\" content=\"Disponibilit\u00e9\" \/>\n\t<meta name=\"twitter:data1\" content=\"En stock\" \/>\n<script type=\"application\/ld+json\" class=\"yoast-schema-graph\">{\"@context\":\"https:\\\/\\\/schema.org\",\"@graph\":[{\"@type\":\"WebPage\",\"@id\":\"https:\\\/\\\/www.vetorino.com\\\/veterinaire\\\/briancon-05100\\\/boutique\\\/product\\\/proplan-cat-liveclear-adulte-sterilise-saumon\\\/\",\"url\":\"https:\\\/\\\/www.vetorino.com\\\/veterinaire\\\/briancon-05100\\\/boutique\\\/product\\\/proplan-cat-liveclear-adulte-sterilise-saumon\\\/\",\"name\":\"Proplan Cat Liveclear Sterilised Adult Saumon Purina Pro Plan - V\u00e9torino\",\"isPartOf\":{\"@id\":\"https:\\\/\\\/www.vetorino.com\\\/boutique\\\/#website\"},\"primaryImageOfPage\":{\"@id\":\"https:\\\/\\\/www.vetorino.com\\\/veterinaire\\\/briancon-05100\\\/boutique\\\/product\\\/proplan-cat-liveclear-adulte-sterilise-saumon\\\/#primaryimage\"},\"image\":{\"@id\":\"https:\\\/\\\/www.vetorino.com\\\/veterinaire\\\/briancon-05100\\\/boutique\\\/product\\\/proplan-cat-liveclear-adulte-sterilise-saumon\\\/#primaryimage\"},\"thumbnailUrl\":\"https:\\\/\\\/www.vetorino.com\\\/boutique\\\/wp-content\\\/uploads\\\/2020\\\/11\\\/cat-liveclear-sterilised-adult-saumon.jpg.png\",\"datePublished\":\"2020-11-26T23:31:49+00:00\",\"dateModified\":\"2025-10-29T11:19:29+00:00\",\"description\":\"Cat Liveclear Sterilised Adult Saumon est un aliment qui neutralise une partie des allerg\u00e8nes pr\u00e9sents dans la salive des chats, r\u00e9duisant ainsi les r\u00e9actions allergiques des personnes en contact avec ce dernier. R\u00e9duit en moyenne de 47 % allerg\u00e8nes sur les poils du chat apr\u00e8s trois semaines d'alimentation. &nbsp;\",\"breadcrumb\":{\"@id\":\"https:\\\/\\\/www.vetorino.com\\\/veterinaire\\\/briancon-05100\\\/boutique\\\/product\\\/proplan-cat-liveclear-adulte-sterilise-saumon\\\/#breadcrumb\"},\"inLanguage\":\"fr-FR\",\"potentialAction\":[{\"@type\":\"ReadAction\",\"target\":[\"https:\\\/\\\/www.vetorino.com\\\/veterinaire\\\/briancon-05100\\\/boutique\\\/product\\\/proplan-cat-liveclear-adulte-sterilise-saumon\\\/\"]}]},{\"@type\":\"ImageObject\",\"inLanguage\":\"fr-FR\",\"@id\":\"https:\\\/\\\/www.vetorino.com\\\/veterinaire\\\/briancon-05100\\\/boutique\\\/product\\\/proplan-cat-liveclear-adulte-sterilise-saumon\\\/#primaryimage\",\"url\":\"https:\\\/\\\/www.vetorino.com\\\/boutique\\\/wp-content\\\/uploads\\\/2020\\\/11\\\/cat-liveclear-sterilised-adult-saumon.jpg.png\",\"contentUrl\":\"https:\\\/\\\/www.vetorino.com\\\/boutique\\\/wp-content\\\/uploads\\\/2020\\\/11\\\/cat-liveclear-sterilised-adult-saumon.jpg.png\",\"width\":458,\"height\":458,\"caption\":\"PROPLAN PURINA Cat Liveclear Sterilised Adult Saumon\"},{\"@type\":\"BreadcrumbList\",\"@id\":\"https:\\\/\\\/www.vetorino.com\\\/veterinaire\\\/briancon-05100\\\/boutique\\\/product\\\/proplan-cat-liveclear-adulte-sterilise-saumon\\\/#breadcrumb\",\"itemListElement\":[{\"@type\":\"ListItem\",\"position\":1,\"name\":\"Accueil\",\"item\":\"https:\\\/\\\/www.vetorino.com\\\/boutique\\\/\"},{\"@type\":\"ListItem\",\"position\":2,\"name\":\"Produits\",\"item\":\"https:\\\/\\\/www.vetorino.com\\\/boutique\\\/\"},{\"@type\":\"ListItem\",\"position\":3,\"name\":\"Cat Liveclear Sterilised Adult Saumon\"}]},{\"@type\":\"WebSite\",\"@id\":\"https:\\\/\\\/www.vetorino.com\\\/boutique\\\/#website\",\"url\":\"https:\\\/\\\/www.vetorino.com\\\/boutique\\\/\",\"name\":\"V\u00e9torino\",\"description\":\"\",\"publisher\":{\"@id\":\"https:\\\/\\\/www.vetorino.com\\\/boutique\\\/#organization\"},\"potentialAction\":[{\"@type\":\"SearchAction\",\"target\":{\"@type\":\"EntryPoint\",\"urlTemplate\":\"https:\\\/\\\/www.vetorino.com\\\/boutique\\\/?s={search_term_string}\"},\"query-input\":{\"@type\":\"PropertyValueSpecification\",\"valueRequired\":true,\"valueName\":\"search_term_string\"}}],\"inLanguage\":\"fr-FR\"},{\"@type\":\"Organization\",\"@id\":\"https:\\\/\\\/www.vetorino.com\\\/boutique\\\/#organization\",\"name\":\"V\u00e9torino\",\"url\":\"https:\\\/\\\/www.vetorino.com\\\/boutique\\\/\",\"logo\":{\"@type\":\"ImageObject\",\"inLanguage\":\"fr-FR\",\"@id\":\"https:\\\/\\\/www.vetorino.com\\\/boutique\\\/#\\\/schema\\\/logo\\\/image\\\/\",\"url\":\"https:\\\/\\\/www.vetorino.com\\\/boutique\\\/wp-content\\\/uploads\\\/2024\\\/10\\\/logo.jpg\",\"contentUrl\":\"https:\\\/\\\/www.vetorino.com\\\/boutique\\\/wp-content\\\/uploads\\\/2024\\\/10\\\/logo.jpg\",\"width\":1200,\"height\":610,\"caption\":\"V\u00e9torino\"},\"image\":{\"@id\":\"https:\\\/\\\/www.vetorino.com\\\/boutique\\\/#\\\/schema\\\/logo\\\/image\\\/\"},\"sameAs\":[\"https:\\\/\\\/www.facebook.com\\\/Vetorino\\\/\",\"https:\\\/\\\/www.instagram.com\\\/vetorino_off\\\/\",\"https:\\\/\\\/www.linkedin.com\\\/company\\\/vtorino\\\/\"]}]}<\/script>\n<meta property=\"product:brand\" content=\"Purina Pro Plan\" \/>\n<meta property=\"og:availability\" content=\"instock\" \/>\n<meta property=\"product:availability\" content=\"instock\" \/>\n<meta property=\"product:condition\" content=\"new\" \/>\n<!-- \/ Yoast SEO plugin. -->","yoast_head_json":{"title":"Proplan Cat Liveclear Sterilised Adult Saumon Purina Pro Plan - V\u00e9torino","description":"Cat Liveclear Sterilised Adult Saumon est un aliment qui neutralise une partie des allerg\u00e8nes pr\u00e9sents dans la salive des chats, r\u00e9duisant ainsi les r\u00e9actions allergiques des personnes en contact avec ce dernier.  R\u00e9duit en moyenne de 47 % allerg\u00e8nes sur les poils du chat apr\u00e8s trois semaines d'alimentation.  &nbsp;","robots":{"index":"noindex","follow":"nofollow"},"og_locale":"fr_FR","og_type":"article","og_title":"Proplan Cat Liveclear Sterilised Adult Saumon Purina Pro Plan - V\u00e9torino","og_description":"Cat Liveclear Sterilised Adult Saumon est un aliment qui neutralise une partie des allerg\u00e8nes pr\u00e9sents dans la salive des chats, r\u00e9duisant ainsi les r\u00e9actions allergiques des personnes en contact avec ce dernier.  R\u00e9duit en moyenne de 47 % allerg\u00e8nes sur les poils du chat apr\u00e8s trois semaines d'alimentation.  &nbsp;","og_url":"https:\/\/www.vetorino.com\/veterinaire\/prunelli-di-fiumorbo-20243\/boutique\/product\/proplan-cat-liveclear-adulte-sterilise-saumon\/","og_site_name":"V\u00e9torino","article_publisher":"https:\/\/www.facebook.com\/Vetorino\/","article_modified_time":"2025-10-29T11:19:29+00:00","og_image":[{"width":458,"height":458,"url":"https:\/\/www.vetorino.com\/boutique\/wp-content\/uploads\/2020\/11\/cat-liveclear-sterilised-adult-saumon.jpg.png","type":"image\/png"}],"twitter_card":"summary_large_image","twitter_misc":{"Disponibilit\u00e9":"En stock"},"schema":{"@context":"https:\/\/schema.org","@graph":[{"@type":"WebPage","@id":"https:\/\/www.vetorino.com\/veterinaire\/briancon-05100\/boutique\/product\/proplan-cat-liveclear-adulte-sterilise-saumon\/","url":"https:\/\/www.vetorino.com\/veterinaire\/briancon-05100\/boutique\/product\/proplan-cat-liveclear-adulte-sterilise-saumon\/","name":"Proplan Cat Liveclear Sterilised Adult Saumon Purina Pro Plan - V\u00e9torino","isPartOf":{"@id":"https:\/\/www.vetorino.com\/boutique\/#website"},"primaryImageOfPage":{"@id":"https:\/\/www.vetorino.com\/veterinaire\/briancon-05100\/boutique\/product\/proplan-cat-liveclear-adulte-sterilise-saumon\/#primaryimage"},"image":{"@id":"https:\/\/www.vetorino.com\/veterinaire\/briancon-05100\/boutique\/product\/proplan-cat-liveclear-adulte-sterilise-saumon\/#primaryimage"},"thumbnailUrl":"https:\/\/www.vetorino.com\/boutique\/wp-content\/uploads\/2020\/11\/cat-liveclear-sterilised-adult-saumon.jpg.png","datePublished":"2020-11-26T23:31:49+00:00","dateModified":"2025-10-29T11:19:29+00:00","description":"Cat Liveclear Sterilised Adult Saumon est un aliment qui neutralise une partie des allerg\u00e8nes pr\u00e9sents dans la salive des chats, r\u00e9duisant ainsi les r\u00e9actions allergiques des personnes en contact avec ce dernier. R\u00e9duit en moyenne de 47 % allerg\u00e8nes sur les poils du chat apr\u00e8s trois semaines d'alimentation. &nbsp;","breadcrumb":{"@id":"https:\/\/www.vetorino.com\/veterinaire\/briancon-05100\/boutique\/product\/proplan-cat-liveclear-adulte-sterilise-saumon\/#breadcrumb"},"inLanguage":"fr-FR","potentialAction":[{"@type":"ReadAction","target":["https:\/\/www.vetorino.com\/veterinaire\/briancon-05100\/boutique\/product\/proplan-cat-liveclear-adulte-sterilise-saumon\/"]}]},{"@type":"ImageObject","inLanguage":"fr-FR","@id":"https:\/\/www.vetorino.com\/veterinaire\/briancon-05100\/boutique\/product\/proplan-cat-liveclear-adulte-sterilise-saumon\/#primaryimage","url":"https:\/\/www.vetorino.com\/boutique\/wp-content\/uploads\/2020\/11\/cat-liveclear-sterilised-adult-saumon.jpg.png","contentUrl":"https:\/\/www.vetorino.com\/boutique\/wp-content\/uploads\/2020\/11\/cat-liveclear-sterilised-adult-saumon.jpg.png","width":458,"height":458,"caption":"PROPLAN PURINA Cat Liveclear Sterilised Adult Saumon"},{"@type":"BreadcrumbList","@id":"https:\/\/www.vetorino.com\/veterinaire\/briancon-05100\/boutique\/product\/proplan-cat-liveclear-adulte-sterilise-saumon\/#breadcrumb","itemListElement":[{"@type":"ListItem","position":1,"name":"Accueil","item":"https:\/\/www.vetorino.com\/boutique\/"},{"@type":"ListItem","position":2,"name":"Produits","item":"https:\/\/www.vetorino.com\/boutique\/"},{"@type":"ListItem","position":3,"name":"Cat Liveclear Sterilised Adult Saumon"}]},{"@type":"WebSite","@id":"https:\/\/www.vetorino.com\/boutique\/#website","url":"https:\/\/www.vetorino.com\/boutique\/","name":"V\u00e9torino","description":"","publisher":{"@id":"https:\/\/www.vetorino.com\/boutique\/#organization"},"potentialAction":[{"@type":"SearchAction","target":{"@type":"EntryPoint","urlTemplate":"https:\/\/www.vetorino.com\/boutique\/?s={search_term_string}"},"query-input":{"@type":"PropertyValueSpecification","valueRequired":true,"valueName":"search_term_string"}}],"inLanguage":"fr-FR"},{"@type":"Organization","@id":"https:\/\/www.vetorino.com\/boutique\/#organization","name":"V\u00e9torino","url":"https:\/\/www.vetorino.com\/boutique\/","logo":{"@type":"ImageObject","inLanguage":"fr-FR","@id":"https:\/\/www.vetorino.com\/boutique\/#\/schema\/logo\/image\/","url":"https:\/\/www.vetorino.com\/boutique\/wp-content\/uploads\/2024\/10\/logo.jpg","contentUrl":"https:\/\/www.vetorino.com\/boutique\/wp-content\/uploads\/2024\/10\/logo.jpg","width":1200,"height":610,"caption":"V\u00e9torino"},"image":{"@id":"https:\/\/www.vetorino.com\/boutique\/#\/schema\/logo\/image\/"},"sameAs":["https:\/\/www.facebook.com\/Vetorino\/","https:\/\/www.instagram.com\/vetorino_off\/","https:\/\/www.linkedin.com\/company\/vtorino\/"]}]},"product_brand":"Purina Pro Plan","og_availability":"instock","product_availability":"instock","product_condition":"new"},"_links":{"self":[{"href":"https:\/\/www.vetorino.com\/veterinaire\/prunelli-di-fiumorbo-20243\/boutique\/wp-json\/wp\/v2\/product\/131204","targetHints":{"allow":["GET"]}}],"collection":[{"href":"https:\/\/www.vetorino.com\/veterinaire\/prunelli-di-fiumorbo-20243\/boutique\/wp-json\/wp\/v2\/product"}],"about":[{"href":"https:\/\/www.vetorino.com\/veterinaire\/prunelli-di-fiumorbo-20243\/boutique\/wp-json\/wp\/v2\/types\/product"}],"wp:featuredmedia":[{"embeddable":true,"href":"https:\/\/www.vetorino.com\/veterinaire\/prunelli-di-fiumorbo-20243\/boutique\/wp-json\/wp\/v2\/media\/275070"}],"wp:attachment":[{"href":"https:\/\/www.vetorino.com\/veterinaire\/prunelli-di-fiumorbo-20243\/boutique\/wp-json\/wp\/v2\/media?parent=131204"}],"wp:term":[{"taxonomy":"product_cat","embeddable":true,"href":"https:\/\/www.vetorino.com\/veterinaire\/prunelli-di-fiumorbo-20243\/boutique\/wp-json\/wp\/v2\/product_cat?post=131204"},{"taxonomy":"product_tag","embeddable":true,"href":"https:\/\/www.vetorino.com\/veterinaire\/prunelli-di-fiumorbo-20243\/boutique\/wp-json\/wp\/v2\/product_tag?post=131204"}],"curies":[{"name":"wp","href":"https:\/\/api.w.org\/{rel}","templated":true}]}}