{"id":1369757,"date":"2025-06-12T05:35:16","date_gmt":"2025-06-12T03:35:16","guid":{"rendered":"https:\/\/www.vetorino.com\/boutique\/product\/advance-veterinary-diets-chien-gastroenteric-mini\/"},"modified":"2025-07-01T12:05:48","modified_gmt":"2025-07-01T10:05:48","slug":"advance-veterinary-diets-chien-gastroenteric-mini","status":"publish","type":"product","link":"https:\/\/www.vetorino.com\/veterinaire\/prunelli-di-fiumorbo-20243\/boutique\/product\/advance-veterinary-diets-chien-gastroenteric-mini\/","title":{"rendered":"Chien Gastroenteric Mini Sachet"},"content":{"rendered":"<p>ADVANCE VETERINARY DIETS GASTROENTERIC est un<strong> aliment di\u00e9t\u00e9tique complet et \u00e9quilibr\u00e9<\/strong> pour chiots de plus de 14 semaines et chiens adultes, \u00e9labor\u00e9 \u00e0 base d\u2019ingr\u00e9dients tr\u00e8s digestes.<\/p>\n<p>Pauvre en fibres et avec une teneur plus \u00e9lev\u00e9e en sodium et en potassium, il <strong>aide \u00e0 r\u00e9duire certains troubles gastro-intestinaux<\/strong> ainsi que les <strong>cas d\u2019insuffisance pancr\u00e9atique exocrine.<\/strong><\/p>\n<p>Formule tr\u00e8s digeste pour faciliter l\u2019absorption des nutriments essentiels.<\/p>\n<p><strong>Utilisation<\/strong> :<\/p>\n<p>\u2022 Ent\u00e9rite<br \/>\n\u2022 Gastrite<br \/>\n\u2022 Diarrh\u00e9e<br \/>\n\u2022 Pancr\u00e9atite<br \/>\n\u2022 Insuffisance pancr\u00e9atique exocrine<br \/>\n\u2022 Hyperlipid\u00e9mie<br \/>\n\u2022 Maladie inflammatoire de l\u2019intestin (non li\u00e9e \u00e0 une allergie<br \/>\nalimentaire)<br \/>\n\u2022 Mauvaise digestion\/mauvaise assimilation<br \/>\n\u2022 Lymphangiectasie intestinale<\/p>\n","protected":false},"excerpt":{"rendered":"<p>ADVANCE VETERINARY DIETS GASTROENTERIC est un<strong> aliment di\u00e9t\u00e9tique complet et \u00e9quilibr\u00e9<\/strong> pour chiots de plus de 14 semaines et chiens adultes, \u00e9labor\u00e9 \u00e0 base d\u2019ingr\u00e9dients tr\u00e8s digestes.<\/p>\n<p>Pauvre en fibres et avec une teneur plus \u00e9lev\u00e9e en sodium et en potassium, il <strong>aide \u00e0 r\u00e9duire certains troubles gastro-intestinaux<\/strong> ainsi que les <strong>cas d\u2019insuffisance pancr\u00e9atique exocrine.<\/strong><\/p>\n<p><strong>Utilisation<\/strong> :<\/p>\n<p>\u2022 Ent\u00e9rite<br \/>\n\u2022 Gastrite<br \/>\n\u2022 Diarrh\u00e9e<br \/>\n\u2022 Pancr\u00e9atite<br \/>\n\u2022 Insuffisance pancr\u00e9atique exocrine<br \/>\n\u2022 Hyperlipid\u00e9mie<br \/>\n\u2022 Maladie inflammatoire de l\u2019intestin (non li\u00e9e \u00e0 une allergie<br \/>\nalimentaire)<br \/>\n\u2022 Mauvaise digestion\/mauvaise assimilation<br \/>\n\u2022 Lymphangiectasie intestinale<\/p>\n","protected":false},"featured_media":1395560,"template":"","meta":[],"product_cat":[12552,12582,2698],"product_tag":[],"class_list":{"0":"post-1369757","1":"product","2":"type-product","3":"status-publish","4":"has-post-thumbnail","6":"product_cat-alimentation-du-chien","7":"product_cat-alimentation-medicalisee-pour-chien","8":"product_cat-chien","9":"pa_marque-advance","11":"first","12":"instock","13":"taxable","14":"shipping-taxable","15":"purchasable","16":"product-type-simple"},"yoast_head":"<!-- This site is optimized with the Yoast SEO plugin v27.3 - https:\/\/yoast.com\/product\/yoast-seo-wordpress\/ -->\n<title>Veterinary Diets (Advance) Chien Gastroenteric Mini Sachet Advance - V\u00e9torino<\/title>\n<meta name=\"description\" content=\"ADVANCE VETERINARY DIETS GASTROENTERIC est un aliment di\u00e9t\u00e9tique complet et \u00e9quilibr\u00e9 pour chiots de plus de 14 semaines et chiens adultes, \u00e9labor\u00e9 \u00e0 base d\u2019ingr\u00e9dients tr\u00e8s digestes.  Pauvre en fibres et avec une teneur plus \u00e9lev\u00e9e en sodium et en potassium, il aide \u00e0 r\u00e9duire certains troubles gastro-intestinaux ainsi que les cas d\u2019insuffisance pancr\u00e9atique exocrine.  Utilisation :  \u2022 Ent\u00e9rite \u2022 Gastrite \u2022 Diarrh\u00e9e \u2022 Pancr\u00e9atite \u2022 Insuffisance pancr\u00e9atique exocrine \u2022 Hyperlipid\u00e9mie \u2022 Maladie inflammatoire de l\u2019intestin (non li\u00e9e \u00e0 une allergie alimentaire) \u2022 Mauvaise digestion\/mauvaise assimilation \u2022 Lymphangiectasie intestinale\" \/>\n<meta name=\"robots\" content=\"noindex, nofollow\" \/>\n<meta property=\"og:locale\" content=\"fr_FR\" \/>\n<meta property=\"og:type\" content=\"article\" \/>\n<meta property=\"og:title\" content=\"Veterinary Diets (Advance) Chien Gastroenteric Mini Sachet Advance - V\u00e9torino\" \/>\n<meta property=\"og:description\" content=\"ADVANCE VETERINARY DIETS GASTROENTERIC est un aliment di\u00e9t\u00e9tique complet et \u00e9quilibr\u00e9 pour chiots de plus de 14 semaines et chiens adultes, \u00e9labor\u00e9 \u00e0 base d\u2019ingr\u00e9dients tr\u00e8s digestes.  Pauvre en fibres et avec une teneur plus \u00e9lev\u00e9e en sodium et en potassium, il aide \u00e0 r\u00e9duire certains troubles gastro-intestinaux ainsi que les cas d\u2019insuffisance pancr\u00e9atique exocrine.  Utilisation :  \u2022 Ent\u00e9rite \u2022 Gastrite \u2022 Diarrh\u00e9e \u2022 Pancr\u00e9atite \u2022 Insuffisance pancr\u00e9atique exocrine \u2022 Hyperlipid\u00e9mie \u2022 Maladie inflammatoire de l\u2019intestin (non li\u00e9e \u00e0 une allergie alimentaire) \u2022 Mauvaise digestion\/mauvaise assimilation \u2022 Lymphangiectasie intestinale\" \/>\n<meta property=\"og:url\" content=\"https:\/\/www.vetorino.com\/veterinaire\/prunelli-di-fiumorbo-20243\/boutique\/product\/advance-veterinary-diets-chien-gastroenteric-mini\/\" \/>\n<meta property=\"og:site_name\" content=\"V\u00e9torino\" \/>\n<meta property=\"article:publisher\" content=\"https:\/\/www.facebook.com\/Vetorino\/\" \/>\n<meta property=\"article:modified_time\" content=\"2025-07-01T10:05:48+00:00\" \/>\n<meta property=\"og:image\" content=\"https:\/\/www.vetorino.com\/boutique\/wp-content\/uploads\/2025\/06\/advance-mini-humide-chien-gastroenteric-sachet2.jpg\" \/>\n\t<meta property=\"og:image:width\" content=\"1024\" \/>\n\t<meta property=\"og:image:height\" content=\"1024\" \/>\n\t<meta property=\"og:image:type\" content=\"image\/jpeg\" \/>\n<meta name=\"twitter:card\" content=\"summary_large_image\" \/>\n<meta name=\"twitter:label1\" content=\"Prix\" \/>\n\t<meta name=\"twitter:data1\" content=\"20,54&euro;\" \/>\n\t<meta name=\"twitter:label2\" content=\"Disponibilit\u00e9\" \/>\n\t<meta name=\"twitter:data2\" content=\"En stock\" \/>\n<script type=\"application\/ld+json\" class=\"yoast-schema-graph\">{\"@context\":\"https:\\\/\\\/schema.org\",\"@graph\":[{\"@type\":\"WebPage\",\"@id\":\"https:\\\/\\\/www.vetorino.com\\\/veterinaire\\\/briancon-05100\\\/boutique\\\/product\\\/advance-veterinary-diets-chien-gastroenteric-mini\\\/\",\"url\":\"https:\\\/\\\/www.vetorino.com\\\/veterinaire\\\/briancon-05100\\\/boutique\\\/product\\\/advance-veterinary-diets-chien-gastroenteric-mini\\\/\",\"name\":\"Veterinary Diets (Advance) Chien Gastroenteric Mini Sachet Advance - V\u00e9torino\",\"isPartOf\":{\"@id\":\"https:\\\/\\\/www.vetorino.com\\\/boutique\\\/#website\"},\"primaryImageOfPage\":{\"@id\":\"https:\\\/\\\/www.vetorino.com\\\/veterinaire\\\/briancon-05100\\\/boutique\\\/product\\\/advance-veterinary-diets-chien-gastroenteric-mini\\\/#primaryimage\"},\"image\":{\"@id\":\"https:\\\/\\\/www.vetorino.com\\\/veterinaire\\\/briancon-05100\\\/boutique\\\/product\\\/advance-veterinary-diets-chien-gastroenteric-mini\\\/#primaryimage\"},\"thumbnailUrl\":\"https:\\\/\\\/www.vetorino.com\\\/boutique\\\/wp-content\\\/uploads\\\/2025\\\/06\\\/advance-mini-humide-chien-gastroenteric-sachet2.jpg\",\"datePublished\":\"2025-06-12T03:35:16+00:00\",\"dateModified\":\"2025-07-01T10:05:48+00:00\",\"description\":\"ADVANCE VETERINARY DIETS GASTROENTERIC est un aliment di\u00e9t\u00e9tique complet et \u00e9quilibr\u00e9 pour chiots de plus de 14 semaines et chiens adultes, \u00e9labor\u00e9 \u00e0 base d\u2019ingr\u00e9dients tr\u00e8s digestes. Pauvre en fibres et avec une teneur plus \u00e9lev\u00e9e en sodium et en potassium, il aide \u00e0 r\u00e9duire certains troubles gastro-intestinaux ainsi que les cas d\u2019insuffisance pancr\u00e9atique exocrine. Utilisation : \u2022 Ent\u00e9rite \u2022 Gastrite \u2022 Diarrh\u00e9e \u2022 Pancr\u00e9atite \u2022 Insuffisance pancr\u00e9atique exocrine \u2022 Hyperlipid\u00e9mie \u2022 Maladie inflammatoire de l\u2019intestin (non li\u00e9e \u00e0 une allergie alimentaire) \u2022 Mauvaise digestion\\\/mauvaise assimilation \u2022 Lymphangiectasie intestinale\",\"breadcrumb\":{\"@id\":\"https:\\\/\\\/www.vetorino.com\\\/veterinaire\\\/briancon-05100\\\/boutique\\\/product\\\/advance-veterinary-diets-chien-gastroenteric-mini\\\/#breadcrumb\"},\"inLanguage\":\"fr-FR\",\"potentialAction\":[{\"@type\":\"ReadAction\",\"target\":[\"https:\\\/\\\/www.vetorino.com\\\/veterinaire\\\/briancon-05100\\\/boutique\\\/product\\\/advance-veterinary-diets-chien-gastroenteric-mini\\\/\"]}]},{\"@type\":\"ImageObject\",\"inLanguage\":\"fr-FR\",\"@id\":\"https:\\\/\\\/www.vetorino.com\\\/veterinaire\\\/briancon-05100\\\/boutique\\\/product\\\/advance-veterinary-diets-chien-gastroenteric-mini\\\/#primaryimage\",\"url\":\"https:\\\/\\\/www.vetorino.com\\\/boutique\\\/wp-content\\\/uploads\\\/2025\\\/06\\\/advance-mini-humide-chien-gastroenteric-sachet2.jpg\",\"contentUrl\":\"https:\\\/\\\/www.vetorino.com\\\/boutique\\\/wp-content\\\/uploads\\\/2025\\\/06\\\/advance-mini-humide-chien-gastroenteric-sachet2.jpg\",\"width\":1024,\"height\":1024},{\"@type\":\"BreadcrumbList\",\"@id\":\"https:\\\/\\\/www.vetorino.com\\\/veterinaire\\\/briancon-05100\\\/boutique\\\/product\\\/advance-veterinary-diets-chien-gastroenteric-mini\\\/#breadcrumb\",\"itemListElement\":[{\"@type\":\"ListItem\",\"position\":1,\"name\":\"Accueil\",\"item\":\"https:\\\/\\\/www.vetorino.com\\\/boutique\\\/\"},{\"@type\":\"ListItem\",\"position\":2,\"name\":\"Produits\",\"item\":\"https:\\\/\\\/www.vetorino.com\\\/boutique\\\/\"},{\"@type\":\"ListItem\",\"position\":3,\"name\":\"Chien Gastroenteric Mini Sachet\"}]},{\"@type\":\"WebSite\",\"@id\":\"https:\\\/\\\/www.vetorino.com\\\/boutique\\\/#website\",\"url\":\"https:\\\/\\\/www.vetorino.com\\\/boutique\\\/\",\"name\":\"V\u00e9torino\",\"description\":\"\",\"publisher\":{\"@id\":\"https:\\\/\\\/www.vetorino.com\\\/boutique\\\/#organization\"},\"potentialAction\":[{\"@type\":\"SearchAction\",\"target\":{\"@type\":\"EntryPoint\",\"urlTemplate\":\"https:\\\/\\\/www.vetorino.com\\\/boutique\\\/?s={search_term_string}\"},\"query-input\":{\"@type\":\"PropertyValueSpecification\",\"valueRequired\":true,\"valueName\":\"search_term_string\"}}],\"inLanguage\":\"fr-FR\"},{\"@type\":\"Organization\",\"@id\":\"https:\\\/\\\/www.vetorino.com\\\/boutique\\\/#organization\",\"name\":\"V\u00e9torino\",\"url\":\"https:\\\/\\\/www.vetorino.com\\\/boutique\\\/\",\"logo\":{\"@type\":\"ImageObject\",\"inLanguage\":\"fr-FR\",\"@id\":\"https:\\\/\\\/www.vetorino.com\\\/boutique\\\/#\\\/schema\\\/logo\\\/image\\\/\",\"url\":\"https:\\\/\\\/www.vetorino.com\\\/boutique\\\/wp-content\\\/uploads\\\/2024\\\/10\\\/logo.jpg\",\"contentUrl\":\"https:\\\/\\\/www.vetorino.com\\\/boutique\\\/wp-content\\\/uploads\\\/2024\\\/10\\\/logo.jpg\",\"width\":1200,\"height\":610,\"caption\":\"V\u00e9torino\"},\"image\":{\"@id\":\"https:\\\/\\\/www.vetorino.com\\\/boutique\\\/#\\\/schema\\\/logo\\\/image\\\/\"},\"sameAs\":[\"https:\\\/\\\/www.facebook.com\\\/Vetorino\\\/\",\"https:\\\/\\\/www.instagram.com\\\/vetorino_off\\\/\",\"https:\\\/\\\/www.linkedin.com\\\/company\\\/vtorino\\\/\"]}]}<\/script>\n<meta property=\"product:brand\" content=\"Advance\" \/>\n<meta property=\"product:price:amount\" content=\"20.54\" \/>\n<meta property=\"product:price:currency\" content=\"EUR\" \/>\n<meta property=\"og:availability\" content=\"instock\" \/>\n<meta property=\"product:availability\" content=\"instock\" \/>\n<meta property=\"product:retailer_item_id\" content=\"A-1891540\" \/>\n<meta property=\"product:condition\" content=\"new\" \/>\n<!-- \/ Yoast SEO plugin. -->","yoast_head_json":{"title":"Veterinary Diets (Advance) Chien Gastroenteric Mini Sachet Advance - V\u00e9torino","description":"ADVANCE VETERINARY DIETS GASTROENTERIC est un aliment di\u00e9t\u00e9tique complet et \u00e9quilibr\u00e9 pour chiots de plus de 14 semaines et chiens adultes, \u00e9labor\u00e9 \u00e0 base d\u2019ingr\u00e9dients tr\u00e8s digestes.  Pauvre en fibres et avec une teneur plus \u00e9lev\u00e9e en sodium et en potassium, il aide \u00e0 r\u00e9duire certains troubles gastro-intestinaux ainsi que les cas d\u2019insuffisance pancr\u00e9atique exocrine.  Utilisation :  \u2022 Ent\u00e9rite \u2022 Gastrite \u2022 Diarrh\u00e9e \u2022 Pancr\u00e9atite \u2022 Insuffisance pancr\u00e9atique exocrine \u2022 Hyperlipid\u00e9mie \u2022 Maladie inflammatoire de l\u2019intestin (non li\u00e9e \u00e0 une allergie alimentaire) \u2022 Mauvaise digestion\/mauvaise assimilation \u2022 Lymphangiectasie intestinale","robots":{"index":"noindex","follow":"nofollow"},"og_locale":"fr_FR","og_type":"article","og_title":"Veterinary Diets (Advance) Chien Gastroenteric Mini Sachet Advance - V\u00e9torino","og_description":"ADVANCE VETERINARY DIETS GASTROENTERIC est un aliment di\u00e9t\u00e9tique complet et \u00e9quilibr\u00e9 pour chiots de plus de 14 semaines et chiens adultes, \u00e9labor\u00e9 \u00e0 base d\u2019ingr\u00e9dients tr\u00e8s digestes.  Pauvre en fibres et avec une teneur plus \u00e9lev\u00e9e en sodium et en potassium, il aide \u00e0 r\u00e9duire certains troubles gastro-intestinaux ainsi que les cas d\u2019insuffisance pancr\u00e9atique exocrine.  Utilisation :  \u2022 Ent\u00e9rite \u2022 Gastrite \u2022 Diarrh\u00e9e \u2022 Pancr\u00e9atite \u2022 Insuffisance pancr\u00e9atique exocrine \u2022 Hyperlipid\u00e9mie \u2022 Maladie inflammatoire de l\u2019intestin (non li\u00e9e \u00e0 une allergie alimentaire) \u2022 Mauvaise digestion\/mauvaise assimilation \u2022 Lymphangiectasie intestinale","og_url":"https:\/\/www.vetorino.com\/veterinaire\/prunelli-di-fiumorbo-20243\/boutique\/product\/advance-veterinary-diets-chien-gastroenteric-mini\/","og_site_name":"V\u00e9torino","article_publisher":"https:\/\/www.facebook.com\/Vetorino\/","article_modified_time":"2025-07-01T10:05:48+00:00","og_image":[{"width":1024,"height":1024,"url":"https:\/\/www.vetorino.com\/boutique\/wp-content\/uploads\/2025\/06\/advance-mini-humide-chien-gastroenteric-sachet2.jpg","type":"image\/jpeg"}],"twitter_card":"summary_large_image","twitter_misc":{"Prix":"20,54&euro;","Disponibilit\u00e9":"En stock"},"schema":{"@context":"https:\/\/schema.org","@graph":[{"@type":"WebPage","@id":"https:\/\/www.vetorino.com\/veterinaire\/briancon-05100\/boutique\/product\/advance-veterinary-diets-chien-gastroenteric-mini\/","url":"https:\/\/www.vetorino.com\/veterinaire\/briancon-05100\/boutique\/product\/advance-veterinary-diets-chien-gastroenteric-mini\/","name":"Veterinary Diets (Advance) Chien Gastroenteric Mini Sachet Advance - V\u00e9torino","isPartOf":{"@id":"https:\/\/www.vetorino.com\/boutique\/#website"},"primaryImageOfPage":{"@id":"https:\/\/www.vetorino.com\/veterinaire\/briancon-05100\/boutique\/product\/advance-veterinary-diets-chien-gastroenteric-mini\/#primaryimage"},"image":{"@id":"https:\/\/www.vetorino.com\/veterinaire\/briancon-05100\/boutique\/product\/advance-veterinary-diets-chien-gastroenteric-mini\/#primaryimage"},"thumbnailUrl":"https:\/\/www.vetorino.com\/boutique\/wp-content\/uploads\/2025\/06\/advance-mini-humide-chien-gastroenteric-sachet2.jpg","datePublished":"2025-06-12T03:35:16+00:00","dateModified":"2025-07-01T10:05:48+00:00","description":"ADVANCE VETERINARY DIETS GASTROENTERIC est un aliment di\u00e9t\u00e9tique complet et \u00e9quilibr\u00e9 pour chiots de plus de 14 semaines et chiens adultes, \u00e9labor\u00e9 \u00e0 base d\u2019ingr\u00e9dients tr\u00e8s digestes. Pauvre en fibres et avec une teneur plus \u00e9lev\u00e9e en sodium et en potassium, il aide \u00e0 r\u00e9duire certains troubles gastro-intestinaux ainsi que les cas d\u2019insuffisance pancr\u00e9atique exocrine. Utilisation : \u2022 Ent\u00e9rite \u2022 Gastrite \u2022 Diarrh\u00e9e \u2022 Pancr\u00e9atite \u2022 Insuffisance pancr\u00e9atique exocrine \u2022 Hyperlipid\u00e9mie \u2022 Maladie inflammatoire de l\u2019intestin (non li\u00e9e \u00e0 une allergie alimentaire) \u2022 Mauvaise digestion\/mauvaise assimilation \u2022 Lymphangiectasie intestinale","breadcrumb":{"@id":"https:\/\/www.vetorino.com\/veterinaire\/briancon-05100\/boutique\/product\/advance-veterinary-diets-chien-gastroenteric-mini\/#breadcrumb"},"inLanguage":"fr-FR","potentialAction":[{"@type":"ReadAction","target":["https:\/\/www.vetorino.com\/veterinaire\/briancon-05100\/boutique\/product\/advance-veterinary-diets-chien-gastroenteric-mini\/"]}]},{"@type":"ImageObject","inLanguage":"fr-FR","@id":"https:\/\/www.vetorino.com\/veterinaire\/briancon-05100\/boutique\/product\/advance-veterinary-diets-chien-gastroenteric-mini\/#primaryimage","url":"https:\/\/www.vetorino.com\/boutique\/wp-content\/uploads\/2025\/06\/advance-mini-humide-chien-gastroenteric-sachet2.jpg","contentUrl":"https:\/\/www.vetorino.com\/boutique\/wp-content\/uploads\/2025\/06\/advance-mini-humide-chien-gastroenteric-sachet2.jpg","width":1024,"height":1024},{"@type":"BreadcrumbList","@id":"https:\/\/www.vetorino.com\/veterinaire\/briancon-05100\/boutique\/product\/advance-veterinary-diets-chien-gastroenteric-mini\/#breadcrumb","itemListElement":[{"@type":"ListItem","position":1,"name":"Accueil","item":"https:\/\/www.vetorino.com\/boutique\/"},{"@type":"ListItem","position":2,"name":"Produits","item":"https:\/\/www.vetorino.com\/boutique\/"},{"@type":"ListItem","position":3,"name":"Chien Gastroenteric Mini Sachet"}]},{"@type":"WebSite","@id":"https:\/\/www.vetorino.com\/boutique\/#website","url":"https:\/\/www.vetorino.com\/boutique\/","name":"V\u00e9torino","description":"","publisher":{"@id":"https:\/\/www.vetorino.com\/boutique\/#organization"},"potentialAction":[{"@type":"SearchAction","target":{"@type":"EntryPoint","urlTemplate":"https:\/\/www.vetorino.com\/boutique\/?s={search_term_string}"},"query-input":{"@type":"PropertyValueSpecification","valueRequired":true,"valueName":"search_term_string"}}],"inLanguage":"fr-FR"},{"@type":"Organization","@id":"https:\/\/www.vetorino.com\/boutique\/#organization","name":"V\u00e9torino","url":"https:\/\/www.vetorino.com\/boutique\/","logo":{"@type":"ImageObject","inLanguage":"fr-FR","@id":"https:\/\/www.vetorino.com\/boutique\/#\/schema\/logo\/image\/","url":"https:\/\/www.vetorino.com\/boutique\/wp-content\/uploads\/2024\/10\/logo.jpg","contentUrl":"https:\/\/www.vetorino.com\/boutique\/wp-content\/uploads\/2024\/10\/logo.jpg","width":1200,"height":610,"caption":"V\u00e9torino"},"image":{"@id":"https:\/\/www.vetorino.com\/boutique\/#\/schema\/logo\/image\/"},"sameAs":["https:\/\/www.facebook.com\/Vetorino\/","https:\/\/www.instagram.com\/vetorino_off\/","https:\/\/www.linkedin.com\/company\/vtorino\/"]}]},"product_brand":"Advance","product_price_amount":"20.54","product_price_currency":"EUR","og_availability":"instock","product_availability":"instock","product_retailer_item_id":"A-1891540","product_condition":"new"},"_links":{"self":[{"href":"https:\/\/www.vetorino.com\/veterinaire\/prunelli-di-fiumorbo-20243\/boutique\/wp-json\/wp\/v2\/product\/1369757","targetHints":{"allow":["GET"]}}],"collection":[{"href":"https:\/\/www.vetorino.com\/veterinaire\/prunelli-di-fiumorbo-20243\/boutique\/wp-json\/wp\/v2\/product"}],"about":[{"href":"https:\/\/www.vetorino.com\/veterinaire\/prunelli-di-fiumorbo-20243\/boutique\/wp-json\/wp\/v2\/types\/product"}],"wp:featuredmedia":[{"embeddable":true,"href":"https:\/\/www.vetorino.com\/veterinaire\/prunelli-di-fiumorbo-20243\/boutique\/wp-json\/wp\/v2\/media\/1395560"}],"wp:attachment":[{"href":"https:\/\/www.vetorino.com\/veterinaire\/prunelli-di-fiumorbo-20243\/boutique\/wp-json\/wp\/v2\/media?parent=1369757"}],"wp:term":[{"taxonomy":"product_cat","embeddable":true,"href":"https:\/\/www.vetorino.com\/veterinaire\/prunelli-di-fiumorbo-20243\/boutique\/wp-json\/wp\/v2\/product_cat?post=1369757"},{"taxonomy":"product_tag","embeddable":true,"href":"https:\/\/www.vetorino.com\/veterinaire\/prunelli-di-fiumorbo-20243\/boutique\/wp-json\/wp\/v2\/product_tag?post=1369757"}],"curies":[{"name":"wp","href":"https:\/\/api.w.org\/{rel}","templated":true}]}}