{"id":1393844,"date":"2025-06-29T05:35:09","date_gmt":"2025-06-29T03:35:09","guid":{"rendered":"https:\/\/www.vetorino.com\/boutique\/product\/vet-hpm-wet-cat-kj2-kidney-joint-sachets\/"},"modified":"2025-09-16T09:24:52","modified_gmt":"2025-09-16T07:24:52","slug":"vet-hpm-wet-cat-kj2-kidney-joint-sachets","status":"publish","type":"product","link":"https:\/\/www.vetorino.com\/veterinaire\/prunelli-di-fiumorbo-20243\/boutique\/product\/vet-hpm-wet-cat-kj2-kidney-joint-sachets\/","title":{"rendered":"KJ2 Kidney &amp; Joint Cat en Mousse"},"content":{"rendered":"<p><strong>Nourriture humide sous forme de mousse formul\u00e9e pour le soutien de la fonction r\u00e9nale en cas d&#8217;insuffisance r\u00e9nale et pour le soutien du m\u00e9tabolisme des articulations en cas d&#8217;arthrose.<\/strong><\/p>\n<p><strong>Utilisation :<\/strong><\/p>\n<ul>\n<li>Chat sujet \u00e0 l&#8217;arthrose<\/li>\n<li>Soutien de la fonction r\u00e9nale en cas d&#8217;insuffisance r\u00e9nale chronique ou temporaire<\/li>\n<\/ul>\n<p><strong>Bienfaits essentiels :<\/strong><\/p>\n<ul>\n<li>Soutien de la fonction r\u00e9nale en cas de maladie r\u00e9nale chronique au stade interm\u00e9diaire : faible taux de phosphore, teneur mod\u00e9r\u00e9e en prot\u00e9ines adapt\u00e9e au stade interm\u00e9diaire de la maladie r\u00e9nale.<\/li>\n<li>Soutien des articulations et de la mobilit\u00e9, aide \u00e0 la gestion de l&#8217;ost\u00e9oarthrose : prot\u00e9ines de haute qualit\u00e9 principalement d&#8217;origine animale.<\/li>\n<li>Haute teneur en om\u00e9ga 3 dont DHA.<\/li>\n<li>Compensation de la baisse d&#8217;app\u00e9tit (haute app\u00e9tence, aliment riche en \u00e9nergie et nutriments pour \u00e9viter la d\u00e9nutrition).<\/li>\n<\/ul>\n<p><strong>Cet aliment est destin\u00e9 \u00e0 la prise en charge nutritionnelle d\u2019une maladie. Pour la sant\u00e9 de votre chat, il est recommand\u00e9 de consulter votre v\u00e9t\u00e9rinaire et de respecter scrupuleusement ses recommandations nutritionnelles.<\/strong><\/p>\n","protected":false},"excerpt":{"rendered":"<p><strong>Nourriture humide sous forme de mousse formul\u00e9e pour le soutien de la fonction r\u00e9nale en cas d&#8217;insuffisance r\u00e9nale et pour le soutien du m\u00e9tabolisme des articulations en cas d&#8217;arthrose.<\/strong><\/p>\n<p><strong>Utilisation :<\/strong><\/p>\n<ul>\n<li>Chat sujet \u00e0 l&#8217;arthrose<\/li>\n<li>Soutien de la fonction r\u00e9nale en cas d&#8217;insuffisance r\u00e9nale chronique ou temporaire<\/li>\n<\/ul>\n<p><strong>Demandez conseil \u00e0 votre v\u00e9t\u00e9rinaire.<\/strong><\/p>\n","protected":false},"featured_media":1397224,"template":"","meta":[],"product_cat":[12551,12581,2697],"product_tag":[],"class_list":{"0":"post-1393844","1":"product","2":"type-product","3":"status-publish","4":"has-post-thumbnail","6":"product_cat-alimentation-du-chat","7":"product_cat-alimentation-medicalisee-pour-chat","8":"product_cat-chat","9":"pa_marque-virbac","11":"first","12":"instock","13":"taxable","14":"shipping-taxable","15":"purchasable","16":"product-type-variable"},"yoast_head":"<!-- This site is optimized with the Yoast SEO plugin v27.3 - https:\/\/yoast.com\/product\/yoast-seo-wordpress\/ -->\n<title>Veterinary HPM (Virbac) KJ2 Kidney &amp; Joint Cat en Mousse Virbac - V\u00e9torino<\/title>\n<meta name=\"description\" content=\"Nourriture humide sous forme de mousse formul\u00e9e pour le soutien de la fonction r\u00e9nale en cas d&#039;insuffisance r\u00e9nale et pour le soutien du m\u00e9tabolisme des articulations en cas d&#039;arthrose.  Utilisation :   Chat sujet \u00e0 l&#039;arthrose  Soutien de la fonction r\u00e9nale en cas d&#039;insuffisance r\u00e9nale chronique ou temporaire  Demandez conseil \u00e0 votre v\u00e9t\u00e9rinaire.\" \/>\n<meta name=\"robots\" content=\"noindex, nofollow\" \/>\n<meta property=\"og:locale\" content=\"fr_FR\" \/>\n<meta property=\"og:type\" content=\"article\" \/>\n<meta property=\"og:title\" content=\"Veterinary HPM (Virbac) KJ2 Kidney &amp; Joint Cat en Mousse Virbac - V\u00e9torino\" \/>\n<meta property=\"og:description\" content=\"Nourriture humide sous forme de mousse formul\u00e9e pour le soutien de la fonction r\u00e9nale en cas d&#039;insuffisance r\u00e9nale et pour le soutien du m\u00e9tabolisme des articulations en cas d&#039;arthrose.  Utilisation :   Chat sujet \u00e0 l&#039;arthrose  Soutien de la fonction r\u00e9nale en cas d&#039;insuffisance r\u00e9nale chronique ou temporaire  Demandez conseil \u00e0 votre v\u00e9t\u00e9rinaire.\" \/>\n<meta property=\"og:url\" content=\"https:\/\/www.vetorino.com\/veterinaire\/prunelli-di-fiumorbo-20243\/boutique\/product\/vet-hpm-wet-cat-kj2-kidney-joint-sachets\/\" \/>\n<meta property=\"og:site_name\" content=\"V\u00e9torino\" \/>\n<meta property=\"article:publisher\" content=\"https:\/\/www.facebook.com\/Vetorino\/\" \/>\n<meta property=\"article:modified_time\" content=\"2025-09-16T07:24:52+00:00\" \/>\n<meta property=\"og:image\" content=\"https:\/\/www.vetorino.com\/boutique\/wp-content\/uploads\/2025\/06\/virbac-sachet-kj2-chat-mousse-kidney-joint.png\" \/>\n\t<meta property=\"og:image:width\" content=\"500\" \/>\n\t<meta property=\"og:image:height\" content=\"500\" \/>\n\t<meta property=\"og:image:type\" content=\"image\/png\" \/>\n<meta name=\"twitter:card\" content=\"summary_large_image\" \/>\n<meta name=\"twitter:label1\" content=\"Disponibilit\u00e9\" \/>\n\t<meta name=\"twitter:data1\" content=\"En stock\" \/>\n<script type=\"application\/ld+json\" class=\"yoast-schema-graph\">{\"@context\":\"https:\\\/\\\/schema.org\",\"@graph\":[{\"@type\":\"WebPage\",\"@id\":\"https:\\\/\\\/www.vetorino.com\\\/boutique\\\/product\\\/vet-hpm-wet-cat-kj2-kidney-joint-sachets\\\/\",\"url\":\"https:\\\/\\\/www.vetorino.com\\\/boutique\\\/product\\\/vet-hpm-wet-cat-kj2-kidney-joint-sachets\\\/\",\"name\":\"Veterinary HPM (Virbac) KJ2 Kidney &amp; Joint Cat en Mousse Virbac - V\u00e9torino\",\"isPartOf\":{\"@id\":\"https:\\\/\\\/www.vetorino.com\\\/boutique\\\/#website\"},\"primaryImageOfPage\":{\"@id\":\"https:\\\/\\\/www.vetorino.com\\\/boutique\\\/product\\\/vet-hpm-wet-cat-kj2-kidney-joint-sachets\\\/#primaryimage\"},\"image\":{\"@id\":\"https:\\\/\\\/www.vetorino.com\\\/boutique\\\/product\\\/vet-hpm-wet-cat-kj2-kidney-joint-sachets\\\/#primaryimage\"},\"thumbnailUrl\":\"https:\\\/\\\/www.vetorino.com\\\/boutique\\\/wp-content\\\/uploads\\\/2025\\\/06\\\/virbac-sachet-kj2-chat-mousse-kidney-joint.png\",\"datePublished\":\"2025-06-29T03:35:09+00:00\",\"dateModified\":\"2025-09-16T07:24:52+00:00\",\"description\":\"Nourriture humide sous forme de mousse formul\u00e9e pour le soutien de la fonction r\u00e9nale en cas d'insuffisance r\u00e9nale et pour le soutien du m\u00e9tabolisme des articulations en cas d'arthrose. Utilisation : Chat sujet \u00e0 l'arthrose Soutien de la fonction r\u00e9nale en cas d'insuffisance r\u00e9nale chronique ou temporaire Demandez conseil \u00e0 votre v\u00e9t\u00e9rinaire.\",\"breadcrumb\":{\"@id\":\"https:\\\/\\\/www.vetorino.com\\\/boutique\\\/product\\\/vet-hpm-wet-cat-kj2-kidney-joint-sachets\\\/#breadcrumb\"},\"inLanguage\":\"fr-FR\",\"potentialAction\":[{\"@type\":\"ReadAction\",\"target\":[\"https:\\\/\\\/www.vetorino.com\\\/boutique\\\/product\\\/vet-hpm-wet-cat-kj2-kidney-joint-sachets\\\/\"]}]},{\"@type\":\"ImageObject\",\"inLanguage\":\"fr-FR\",\"@id\":\"https:\\\/\\\/www.vetorino.com\\\/boutique\\\/product\\\/vet-hpm-wet-cat-kj2-kidney-joint-sachets\\\/#primaryimage\",\"url\":\"https:\\\/\\\/www.vetorino.com\\\/boutique\\\/wp-content\\\/uploads\\\/2025\\\/06\\\/virbac-sachet-kj2-chat-mousse-kidney-joint.png\",\"contentUrl\":\"https:\\\/\\\/www.vetorino.com\\\/boutique\\\/wp-content\\\/uploads\\\/2025\\\/06\\\/virbac-sachet-kj2-chat-mousse-kidney-joint.png\",\"width\":500,\"height\":500},{\"@type\":\"BreadcrumbList\",\"@id\":\"https:\\\/\\\/www.vetorino.com\\\/boutique\\\/product\\\/vet-hpm-wet-cat-kj2-kidney-joint-sachets\\\/#breadcrumb\",\"itemListElement\":[{\"@type\":\"ListItem\",\"position\":1,\"name\":\"Accueil\",\"item\":\"https:\\\/\\\/www.vetorino.com\\\/boutique\\\/\"},{\"@type\":\"ListItem\",\"position\":2,\"name\":\"Produits\",\"item\":\"https:\\\/\\\/www.vetorino.com\\\/boutique\\\/\"},{\"@type\":\"ListItem\",\"position\":3,\"name\":\"KJ2 Kidney &amp; Joint Cat en Mousse\"}]},{\"@type\":\"WebSite\",\"@id\":\"https:\\\/\\\/www.vetorino.com\\\/boutique\\\/#website\",\"url\":\"https:\\\/\\\/www.vetorino.com\\\/boutique\\\/\",\"name\":\"V\u00e9torino\",\"description\":\"\",\"publisher\":{\"@id\":\"https:\\\/\\\/www.vetorino.com\\\/boutique\\\/#organization\"},\"potentialAction\":[{\"@type\":\"SearchAction\",\"target\":{\"@type\":\"EntryPoint\",\"urlTemplate\":\"https:\\\/\\\/www.vetorino.com\\\/boutique\\\/?s={search_term_string}\"},\"query-input\":{\"@type\":\"PropertyValueSpecification\",\"valueRequired\":true,\"valueName\":\"search_term_string\"}}],\"inLanguage\":\"fr-FR\"},{\"@type\":\"Organization\",\"@id\":\"https:\\\/\\\/www.vetorino.com\\\/boutique\\\/#organization\",\"name\":\"V\u00e9torino\",\"url\":\"https:\\\/\\\/www.vetorino.com\\\/boutique\\\/\",\"logo\":{\"@type\":\"ImageObject\",\"inLanguage\":\"fr-FR\",\"@id\":\"https:\\\/\\\/www.vetorino.com\\\/boutique\\\/#\\\/schema\\\/logo\\\/image\\\/\",\"url\":\"https:\\\/\\\/www.vetorino.com\\\/boutique\\\/wp-content\\\/uploads\\\/2024\\\/10\\\/logo.jpg\",\"contentUrl\":\"https:\\\/\\\/www.vetorino.com\\\/boutique\\\/wp-content\\\/uploads\\\/2024\\\/10\\\/logo.jpg\",\"width\":1200,\"height\":610,\"caption\":\"V\u00e9torino\"},\"image\":{\"@id\":\"https:\\\/\\\/www.vetorino.com\\\/boutique\\\/#\\\/schema\\\/logo\\\/image\\\/\"},\"sameAs\":[\"https:\\\/\\\/www.facebook.com\\\/Vetorino\\\/\",\"https:\\\/\\\/www.instagram.com\\\/vetorino_off\\\/\",\"https:\\\/\\\/www.linkedin.com\\\/company\\\/vtorino\\\/\"]}]}<\/script>\n<meta property=\"product:brand\" content=\"Virbac\" \/>\n<meta property=\"og:availability\" content=\"instock\" \/>\n<meta property=\"product:availability\" content=\"instock\" \/>\n<meta property=\"product:condition\" content=\"new\" \/>\n<!-- \/ Yoast SEO plugin. -->","yoast_head_json":{"title":"Veterinary HPM (Virbac) KJ2 Kidney &amp; Joint Cat en Mousse Virbac - V\u00e9torino","description":"Nourriture humide sous forme de mousse formul\u00e9e pour le soutien de la fonction r\u00e9nale en cas d'insuffisance r\u00e9nale et pour le soutien du m\u00e9tabolisme des articulations en cas d'arthrose.  Utilisation :   Chat sujet \u00e0 l'arthrose  Soutien de la fonction r\u00e9nale en cas d'insuffisance r\u00e9nale chronique ou temporaire  Demandez conseil \u00e0 votre v\u00e9t\u00e9rinaire.","robots":{"index":"noindex","follow":"nofollow"},"og_locale":"fr_FR","og_type":"article","og_title":"Veterinary HPM (Virbac) KJ2 Kidney &amp; Joint Cat en Mousse Virbac - V\u00e9torino","og_description":"Nourriture humide sous forme de mousse formul\u00e9e pour le soutien de la fonction r\u00e9nale en cas d'insuffisance r\u00e9nale et pour le soutien du m\u00e9tabolisme des articulations en cas d'arthrose.  Utilisation :   Chat sujet \u00e0 l'arthrose  Soutien de la fonction r\u00e9nale en cas d'insuffisance r\u00e9nale chronique ou temporaire  Demandez conseil \u00e0 votre v\u00e9t\u00e9rinaire.","og_url":"https:\/\/www.vetorino.com\/veterinaire\/prunelli-di-fiumorbo-20243\/boutique\/product\/vet-hpm-wet-cat-kj2-kidney-joint-sachets\/","og_site_name":"V\u00e9torino","article_publisher":"https:\/\/www.facebook.com\/Vetorino\/","article_modified_time":"2025-09-16T07:24:52+00:00","og_image":[{"width":500,"height":500,"url":"https:\/\/www.vetorino.com\/boutique\/wp-content\/uploads\/2025\/06\/virbac-sachet-kj2-chat-mousse-kidney-joint.png","type":"image\/png"}],"twitter_card":"summary_large_image","twitter_misc":{"Disponibilit\u00e9":"En stock"},"schema":{"@context":"https:\/\/schema.org","@graph":[{"@type":"WebPage","@id":"https:\/\/www.vetorino.com\/boutique\/product\/vet-hpm-wet-cat-kj2-kidney-joint-sachets\/","url":"https:\/\/www.vetorino.com\/boutique\/product\/vet-hpm-wet-cat-kj2-kidney-joint-sachets\/","name":"Veterinary HPM (Virbac) KJ2 Kidney &amp; Joint Cat en Mousse Virbac - V\u00e9torino","isPartOf":{"@id":"https:\/\/www.vetorino.com\/boutique\/#website"},"primaryImageOfPage":{"@id":"https:\/\/www.vetorino.com\/boutique\/product\/vet-hpm-wet-cat-kj2-kidney-joint-sachets\/#primaryimage"},"image":{"@id":"https:\/\/www.vetorino.com\/boutique\/product\/vet-hpm-wet-cat-kj2-kidney-joint-sachets\/#primaryimage"},"thumbnailUrl":"https:\/\/www.vetorino.com\/boutique\/wp-content\/uploads\/2025\/06\/virbac-sachet-kj2-chat-mousse-kidney-joint.png","datePublished":"2025-06-29T03:35:09+00:00","dateModified":"2025-09-16T07:24:52+00:00","description":"Nourriture humide sous forme de mousse formul\u00e9e pour le soutien de la fonction r\u00e9nale en cas d'insuffisance r\u00e9nale et pour le soutien du m\u00e9tabolisme des articulations en cas d'arthrose. Utilisation : Chat sujet \u00e0 l'arthrose Soutien de la fonction r\u00e9nale en cas d'insuffisance r\u00e9nale chronique ou temporaire Demandez conseil \u00e0 votre v\u00e9t\u00e9rinaire.","breadcrumb":{"@id":"https:\/\/www.vetorino.com\/boutique\/product\/vet-hpm-wet-cat-kj2-kidney-joint-sachets\/#breadcrumb"},"inLanguage":"fr-FR","potentialAction":[{"@type":"ReadAction","target":["https:\/\/www.vetorino.com\/boutique\/product\/vet-hpm-wet-cat-kj2-kidney-joint-sachets\/"]}]},{"@type":"ImageObject","inLanguage":"fr-FR","@id":"https:\/\/www.vetorino.com\/boutique\/product\/vet-hpm-wet-cat-kj2-kidney-joint-sachets\/#primaryimage","url":"https:\/\/www.vetorino.com\/boutique\/wp-content\/uploads\/2025\/06\/virbac-sachet-kj2-chat-mousse-kidney-joint.png","contentUrl":"https:\/\/www.vetorino.com\/boutique\/wp-content\/uploads\/2025\/06\/virbac-sachet-kj2-chat-mousse-kidney-joint.png","width":500,"height":500},{"@type":"BreadcrumbList","@id":"https:\/\/www.vetorino.com\/boutique\/product\/vet-hpm-wet-cat-kj2-kidney-joint-sachets\/#breadcrumb","itemListElement":[{"@type":"ListItem","position":1,"name":"Accueil","item":"https:\/\/www.vetorino.com\/boutique\/"},{"@type":"ListItem","position":2,"name":"Produits","item":"https:\/\/www.vetorino.com\/boutique\/"},{"@type":"ListItem","position":3,"name":"KJ2 Kidney &amp; Joint Cat en Mousse"}]},{"@type":"WebSite","@id":"https:\/\/www.vetorino.com\/boutique\/#website","url":"https:\/\/www.vetorino.com\/boutique\/","name":"V\u00e9torino","description":"","publisher":{"@id":"https:\/\/www.vetorino.com\/boutique\/#organization"},"potentialAction":[{"@type":"SearchAction","target":{"@type":"EntryPoint","urlTemplate":"https:\/\/www.vetorino.com\/boutique\/?s={search_term_string}"},"query-input":{"@type":"PropertyValueSpecification","valueRequired":true,"valueName":"search_term_string"}}],"inLanguage":"fr-FR"},{"@type":"Organization","@id":"https:\/\/www.vetorino.com\/boutique\/#organization","name":"V\u00e9torino","url":"https:\/\/www.vetorino.com\/boutique\/","logo":{"@type":"ImageObject","inLanguage":"fr-FR","@id":"https:\/\/www.vetorino.com\/boutique\/#\/schema\/logo\/image\/","url":"https:\/\/www.vetorino.com\/boutique\/wp-content\/uploads\/2024\/10\/logo.jpg","contentUrl":"https:\/\/www.vetorino.com\/boutique\/wp-content\/uploads\/2024\/10\/logo.jpg","width":1200,"height":610,"caption":"V\u00e9torino"},"image":{"@id":"https:\/\/www.vetorino.com\/boutique\/#\/schema\/logo\/image\/"},"sameAs":["https:\/\/www.facebook.com\/Vetorino\/","https:\/\/www.instagram.com\/vetorino_off\/","https:\/\/www.linkedin.com\/company\/vtorino\/"]}]},"product_brand":"Virbac","og_availability":"instock","product_availability":"instock","product_condition":"new"},"_links":{"self":[{"href":"https:\/\/www.vetorino.com\/veterinaire\/prunelli-di-fiumorbo-20243\/boutique\/wp-json\/wp\/v2\/product\/1393844","targetHints":{"allow":["GET"]}}],"collection":[{"href":"https:\/\/www.vetorino.com\/veterinaire\/prunelli-di-fiumorbo-20243\/boutique\/wp-json\/wp\/v2\/product"}],"about":[{"href":"https:\/\/www.vetorino.com\/veterinaire\/prunelli-di-fiumorbo-20243\/boutique\/wp-json\/wp\/v2\/types\/product"}],"wp:featuredmedia":[{"embeddable":true,"href":"https:\/\/www.vetorino.com\/veterinaire\/prunelli-di-fiumorbo-20243\/boutique\/wp-json\/wp\/v2\/media\/1397224"}],"wp:attachment":[{"href":"https:\/\/www.vetorino.com\/veterinaire\/prunelli-di-fiumorbo-20243\/boutique\/wp-json\/wp\/v2\/media?parent=1393844"}],"wp:term":[{"taxonomy":"product_cat","embeddable":true,"href":"https:\/\/www.vetorino.com\/veterinaire\/prunelli-di-fiumorbo-20243\/boutique\/wp-json\/wp\/v2\/product_cat?post=1393844"},{"taxonomy":"product_tag","embeddable":true,"href":"https:\/\/www.vetorino.com\/veterinaire\/prunelli-di-fiumorbo-20243\/boutique\/wp-json\/wp\/v2\/product_tag?post=1393844"}],"curies":[{"name":"wp","href":"https:\/\/api.w.org\/{rel}","templated":true}]}}