{"id":1529407,"date":"2025-10-15T12:31:54","date_gmt":"2025-10-15T10:31:54","guid":{"rendered":"https:\/\/www.vetorino.com\/boutique\/product\/ppvd-canine-en-gastrointestinal-small-mini\/"},"modified":"2025-10-22T15:23:33","modified_gmt":"2025-10-22T13:23:33","slug":"ppvd-canine-en-gastrointestinal-small-mini","status":"publish","type":"product","link":"https:\/\/www.vetorino.com\/veterinaire\/prunelli-di-fiumorbo-20243\/boutique\/product\/ppvd-canine-en-gastrointestinal-small-mini\/","title":{"rendered":"EN Gastrointestinal Small\/Mini &#8211; chien"},"content":{"rendered":"<p>Aliment di\u00e9t\u00e9tique sec complet <strong>pour la r\u00e9duction du risque de malabsorption intestinale<\/strong>, <strong>la compensation de la maldigestion<\/strong> et de<strong> l&#8217;insuffisance pancr\u00e9atique exocrine<\/strong> chez les chiens de<strong> petite et tr\u00e8s petite taille.<\/strong><\/p>\n<p><strong>Caract\u00e9ristiques :\u00a0<\/strong><\/p>\n<ul>\n<li>Teneur r\u00e9duite en mati\u00e8res grasses pour aider \u00e0 minimiser la maldigestion des graisses.<\/li>\n<li>Avec une source sp\u00e9ciale de mati\u00e8res grasses (huile de noix de coco), riche en AGCM pour une absorption intestinale facilit\u00e9e.<\/li>\n<li>Ingr\u00e9dients faciles \u00e0 dig\u00e9rer pour aider \u00e0 soulager l&#8217;intestin.<\/li>\n<li>D\u00e9velopp\u00e9 par les v\u00e9t\u00e9rinaires et les nutritionnistes.<\/li>\n<li>Aide \u00e0 maintenir un pelage sain et brillant.<\/li>\n<li>Aide \u00e0 soutenir un syst\u00e8me urinaire sain.<\/li>\n<li>Soutient le m\u00e9tabolisme rapide des petits chiens.<\/li>\n<li>Aide \u00e0 soutenir la sant\u00e9 dentaire.<\/li>\n<li>Tr\u00e8s savoureux.<\/li>\n<\/ul>\n<p><strong>Demander conseil \u00e0 un v\u00e9t\u00e9rinaire avant utilisation.<\/strong><\/p>\n<p>&nbsp;<\/p>\n","protected":false},"excerpt":{"rendered":"<p>Aliment di\u00e9t\u00e9tique sec complet <strong>pour la r\u00e9duction du risque de malabsorption intestinale<\/strong>, <strong>la compensation de la maldigestion<\/strong> et de<strong> l&#8217;insuffisance pancr\u00e9atique exocrine<\/strong> chez les chiens de<strong> petite et tr\u00e8s petite taille.<\/strong><\/p>\n<p><strong>Caract\u00e9ristiques :\u00a0<\/strong><\/p>\n<ul>\n<li>Teneur r\u00e9duite en mati\u00e8res grasses pour aider \u00e0 minimiser la maldigestion des graisses.<\/li>\n<li>Avec une source sp\u00e9ciale de mati\u00e8res grasses (huile de noix de coco), riche en AGCM pour une absorption intestinale facilit\u00e9e.<\/li>\n<li>Ingr\u00e9dients faciles \u00e0 dig\u00e9rer pour aider \u00e0 soulager l&#8217;intestin.<\/li>\n<li>D\u00e9velopp\u00e9 par les v\u00e9t\u00e9rinaires et les nutritionnistes.<\/li>\n<\/ul>\n<p><strong>Demander conseil \u00e0 un v\u00e9t\u00e9rinaire avant utilisation.<\/strong><\/p>\n","protected":false},"featured_media":1538612,"template":"","meta":[],"product_cat":[12552,12582,2698],"product_tag":[],"class_list":{"0":"post-1529407","1":"product","2":"type-product","3":"status-publish","4":"has-post-thumbnail","6":"product_cat-alimentation-du-chien","7":"product_cat-alimentation-medicalisee-pour-chien","8":"product_cat-chien","9":"pa_marque-purina","11":"first","12":"instock","13":"taxable","14":"shipping-taxable","15":"purchasable","16":"product-type-variable"},"yoast_head":"<!-- This site is optimized with the Yoast SEO plugin v27.3 - https:\/\/yoast.com\/product\/yoast-seo-wordpress\/ -->\n<title>Proplan EN Gastrointestinal Small\/Mini - chien Purina Pro Plan - V\u00e9torino<\/title>\n<meta name=\"description\" content=\"Aliment di\u00e9t\u00e9tique sec complet pour la r\u00e9duction du risque de malabsorption intestinale, la compensation de la maldigestion et de l&#039;insuffisance pancr\u00e9atique exocrine chez les chiens de petite et tr\u00e8s petite taille.  Caract\u00e9ristiques :\u00a0   Teneur r\u00e9duite en mati\u00e8res grasses pour aider \u00e0 minimiser la maldigestion des graisses.  Avec une source sp\u00e9ciale de mati\u00e8res grasses (huile de noix de coco), riche en AGCM pour une absorption intestinale facilit\u00e9e.  Ingr\u00e9dients faciles \u00e0 dig\u00e9rer pour aider \u00e0 soulager l&#039;intestin.  D\u00e9velopp\u00e9 par les v\u00e9t\u00e9rinaires et les nutritionnistes.  Demander conseil \u00e0 un v\u00e9t\u00e9rinaire avant utilisation.\" \/>\n<meta name=\"robots\" content=\"noindex, nofollow\" \/>\n<meta property=\"og:locale\" content=\"fr_FR\" \/>\n<meta property=\"og:type\" content=\"article\" \/>\n<meta property=\"og:title\" content=\"Proplan EN Gastrointestinal Small\/Mini - chien Purina Pro Plan - V\u00e9torino\" \/>\n<meta property=\"og:description\" content=\"Aliment di\u00e9t\u00e9tique sec complet pour la r\u00e9duction du risque de malabsorption intestinale, la compensation de la maldigestion et de l&#039;insuffisance pancr\u00e9atique exocrine chez les chiens de petite et tr\u00e8s petite taille.  Caract\u00e9ristiques :\u00a0   Teneur r\u00e9duite en mati\u00e8res grasses pour aider \u00e0 minimiser la maldigestion des graisses.  Avec une source sp\u00e9ciale de mati\u00e8res grasses (huile de noix de coco), riche en AGCM pour une absorption intestinale facilit\u00e9e.  Ingr\u00e9dients faciles \u00e0 dig\u00e9rer pour aider \u00e0 soulager l&#039;intestin.  D\u00e9velopp\u00e9 par les v\u00e9t\u00e9rinaires et les nutritionnistes.  Demander conseil \u00e0 un v\u00e9t\u00e9rinaire avant utilisation.\" \/>\n<meta property=\"og:url\" content=\"https:\/\/www.vetorino.com\/veterinaire\/prunelli-di-fiumorbo-20243\/boutique\/product\/ppvd-canine-en-gastrointestinal-small-mini\/\" \/>\n<meta property=\"og:site_name\" content=\"V\u00e9torino\" \/>\n<meta property=\"article:publisher\" content=\"https:\/\/www.facebook.com\/Vetorino\/\" \/>\n<meta property=\"article:modified_time\" content=\"2025-10-22T13:23:33+00:00\" \/>\n<meta property=\"og:image\" content=\"https:\/\/www.vetorino.com\/boutique\/wp-content\/uploads\/2025\/10\/20250401_121350_558_DABZ8SKBAZ.jpg\" \/>\n\t<meta property=\"og:image:width\" content=\"400\" \/>\n\t<meta property=\"og:image:height\" content=\"400\" \/>\n\t<meta property=\"og:image:type\" content=\"image\/jpeg\" \/>\n<meta name=\"twitter:card\" content=\"summary_large_image\" \/>\n<meta name=\"twitter:label1\" content=\"Disponibilit\u00e9\" \/>\n\t<meta name=\"twitter:data1\" content=\"En stock\" \/>\n<script type=\"application\/ld+json\" class=\"yoast-schema-graph\">{\"@context\":\"https:\\\/\\\/schema.org\",\"@graph\":[{\"@type\":\"WebPage\",\"@id\":\"https:\\\/\\\/www.vetorino.com\\\/veterinaire\\\/briancon-05100\\\/boutique\\\/product\\\/ppvd-canine-en-gastrointestinal-small-mini\\\/\",\"url\":\"https:\\\/\\\/www.vetorino.com\\\/veterinaire\\\/briancon-05100\\\/boutique\\\/product\\\/ppvd-canine-en-gastrointestinal-small-mini\\\/\",\"name\":\"Proplan EN Gastrointestinal Small\\\/Mini - chien Purina Pro Plan - V\u00e9torino\",\"isPartOf\":{\"@id\":\"https:\\\/\\\/www.vetorino.com\\\/boutique\\\/#website\"},\"primaryImageOfPage\":{\"@id\":\"https:\\\/\\\/www.vetorino.com\\\/veterinaire\\\/briancon-05100\\\/boutique\\\/product\\\/ppvd-canine-en-gastrointestinal-small-mini\\\/#primaryimage\"},\"image\":{\"@id\":\"https:\\\/\\\/www.vetorino.com\\\/veterinaire\\\/briancon-05100\\\/boutique\\\/product\\\/ppvd-canine-en-gastrointestinal-small-mini\\\/#primaryimage\"},\"thumbnailUrl\":\"https:\\\/\\\/www.vetorino.com\\\/boutique\\\/wp-content\\\/uploads\\\/2025\\\/10\\\/20250401_121350_558_DABZ8SKBAZ.jpg\",\"datePublished\":\"2025-10-15T10:31:54+00:00\",\"dateModified\":\"2025-10-22T13:23:33+00:00\",\"description\":\"Aliment di\u00e9t\u00e9tique sec complet pour la r\u00e9duction du risque de malabsorption intestinale, la compensation de la maldigestion et de l'insuffisance pancr\u00e9atique exocrine chez les chiens de petite et tr\u00e8s petite taille. Caract\u00e9ristiques :\u00a0 Teneur r\u00e9duite en mati\u00e8res grasses pour aider \u00e0 minimiser la maldigestion des graisses. Avec une source sp\u00e9ciale de mati\u00e8res grasses (huile de noix de coco), riche en AGCM pour une absorption intestinale facilit\u00e9e. Ingr\u00e9dients faciles \u00e0 dig\u00e9rer pour aider \u00e0 soulager l'intestin. D\u00e9velopp\u00e9 par les v\u00e9t\u00e9rinaires et les nutritionnistes. Demander conseil \u00e0 un v\u00e9t\u00e9rinaire avant utilisation.\",\"breadcrumb\":{\"@id\":\"https:\\\/\\\/www.vetorino.com\\\/veterinaire\\\/briancon-05100\\\/boutique\\\/product\\\/ppvd-canine-en-gastrointestinal-small-mini\\\/#breadcrumb\"},\"inLanguage\":\"fr-FR\",\"potentialAction\":[{\"@type\":\"ReadAction\",\"target\":[\"https:\\\/\\\/www.vetorino.com\\\/veterinaire\\\/briancon-05100\\\/boutique\\\/product\\\/ppvd-canine-en-gastrointestinal-small-mini\\\/\"]}]},{\"@type\":\"ImageObject\",\"inLanguage\":\"fr-FR\",\"@id\":\"https:\\\/\\\/www.vetorino.com\\\/veterinaire\\\/briancon-05100\\\/boutique\\\/product\\\/ppvd-canine-en-gastrointestinal-small-mini\\\/#primaryimage\",\"url\":\"https:\\\/\\\/www.vetorino.com\\\/boutique\\\/wp-content\\\/uploads\\\/2025\\\/10\\\/20250401_121350_558_DABZ8SKBAZ.jpg\",\"contentUrl\":\"https:\\\/\\\/www.vetorino.com\\\/boutique\\\/wp-content\\\/uploads\\\/2025\\\/10\\\/20250401_121350_558_DABZ8SKBAZ.jpg\",\"width\":400,\"height\":400},{\"@type\":\"BreadcrumbList\",\"@id\":\"https:\\\/\\\/www.vetorino.com\\\/veterinaire\\\/briancon-05100\\\/boutique\\\/product\\\/ppvd-canine-en-gastrointestinal-small-mini\\\/#breadcrumb\",\"itemListElement\":[{\"@type\":\"ListItem\",\"position\":1,\"name\":\"Accueil\",\"item\":\"https:\\\/\\\/www.vetorino.com\\\/boutique\\\/\"},{\"@type\":\"ListItem\",\"position\":2,\"name\":\"Produits\",\"item\":\"https:\\\/\\\/www.vetorino.com\\\/boutique\\\/\"},{\"@type\":\"ListItem\",\"position\":3,\"name\":\"EN Gastrointestinal Small\\\/Mini &#8211; chien\"}]},{\"@type\":\"WebSite\",\"@id\":\"https:\\\/\\\/www.vetorino.com\\\/boutique\\\/#website\",\"url\":\"https:\\\/\\\/www.vetorino.com\\\/boutique\\\/\",\"name\":\"V\u00e9torino\",\"description\":\"\",\"publisher\":{\"@id\":\"https:\\\/\\\/www.vetorino.com\\\/boutique\\\/#organization\"},\"potentialAction\":[{\"@type\":\"SearchAction\",\"target\":{\"@type\":\"EntryPoint\",\"urlTemplate\":\"https:\\\/\\\/www.vetorino.com\\\/boutique\\\/?s={search_term_string}\"},\"query-input\":{\"@type\":\"PropertyValueSpecification\",\"valueRequired\":true,\"valueName\":\"search_term_string\"}}],\"inLanguage\":\"fr-FR\"},{\"@type\":\"Organization\",\"@id\":\"https:\\\/\\\/www.vetorino.com\\\/boutique\\\/#organization\",\"name\":\"V\u00e9torino\",\"url\":\"https:\\\/\\\/www.vetorino.com\\\/boutique\\\/\",\"logo\":{\"@type\":\"ImageObject\",\"inLanguage\":\"fr-FR\",\"@id\":\"https:\\\/\\\/www.vetorino.com\\\/boutique\\\/#\\\/schema\\\/logo\\\/image\\\/\",\"url\":\"https:\\\/\\\/www.vetorino.com\\\/boutique\\\/wp-content\\\/uploads\\\/2024\\\/10\\\/logo.jpg\",\"contentUrl\":\"https:\\\/\\\/www.vetorino.com\\\/boutique\\\/wp-content\\\/uploads\\\/2024\\\/10\\\/logo.jpg\",\"width\":1200,\"height\":610,\"caption\":\"V\u00e9torino\"},\"image\":{\"@id\":\"https:\\\/\\\/www.vetorino.com\\\/boutique\\\/#\\\/schema\\\/logo\\\/image\\\/\"},\"sameAs\":[\"https:\\\/\\\/www.facebook.com\\\/Vetorino\\\/\",\"https:\\\/\\\/www.instagram.com\\\/vetorino_off\\\/\",\"https:\\\/\\\/www.linkedin.com\\\/company\\\/vtorino\\\/\"]}]}<\/script>\n<meta property=\"product:brand\" content=\"Purina Pro Plan\" \/>\n<meta property=\"og:availability\" content=\"instock\" \/>\n<meta property=\"product:availability\" content=\"instock\" \/>\n<meta property=\"product:condition\" content=\"new\" \/>\n<!-- \/ Yoast SEO plugin. -->","yoast_head_json":{"title":"Proplan EN Gastrointestinal Small\/Mini - chien Purina Pro Plan - V\u00e9torino","description":"Aliment di\u00e9t\u00e9tique sec complet pour la r\u00e9duction du risque de malabsorption intestinale, la compensation de la maldigestion et de l'insuffisance pancr\u00e9atique exocrine chez les chiens de petite et tr\u00e8s petite taille.  Caract\u00e9ristiques :\u00a0   Teneur r\u00e9duite en mati\u00e8res grasses pour aider \u00e0 minimiser la maldigestion des graisses.  Avec une source sp\u00e9ciale de mati\u00e8res grasses (huile de noix de coco), riche en AGCM pour une absorption intestinale facilit\u00e9e.  Ingr\u00e9dients faciles \u00e0 dig\u00e9rer pour aider \u00e0 soulager l'intestin.  D\u00e9velopp\u00e9 par les v\u00e9t\u00e9rinaires et les nutritionnistes.  Demander conseil \u00e0 un v\u00e9t\u00e9rinaire avant utilisation.","robots":{"index":"noindex","follow":"nofollow"},"og_locale":"fr_FR","og_type":"article","og_title":"Proplan EN Gastrointestinal Small\/Mini - chien Purina Pro Plan - V\u00e9torino","og_description":"Aliment di\u00e9t\u00e9tique sec complet pour la r\u00e9duction du risque de malabsorption intestinale, la compensation de la maldigestion et de l'insuffisance pancr\u00e9atique exocrine chez les chiens de petite et tr\u00e8s petite taille.  Caract\u00e9ristiques :\u00a0   Teneur r\u00e9duite en mati\u00e8res grasses pour aider \u00e0 minimiser la maldigestion des graisses.  Avec une source sp\u00e9ciale de mati\u00e8res grasses (huile de noix de coco), riche en AGCM pour une absorption intestinale facilit\u00e9e.  Ingr\u00e9dients faciles \u00e0 dig\u00e9rer pour aider \u00e0 soulager l'intestin.  D\u00e9velopp\u00e9 par les v\u00e9t\u00e9rinaires et les nutritionnistes.  Demander conseil \u00e0 un v\u00e9t\u00e9rinaire avant utilisation.","og_url":"https:\/\/www.vetorino.com\/veterinaire\/prunelli-di-fiumorbo-20243\/boutique\/product\/ppvd-canine-en-gastrointestinal-small-mini\/","og_site_name":"V\u00e9torino","article_publisher":"https:\/\/www.facebook.com\/Vetorino\/","article_modified_time":"2025-10-22T13:23:33+00:00","og_image":[{"width":400,"height":400,"url":"https:\/\/www.vetorino.com\/boutique\/wp-content\/uploads\/2025\/10\/20250401_121350_558_DABZ8SKBAZ.jpg","type":"image\/jpeg"}],"twitter_card":"summary_large_image","twitter_misc":{"Disponibilit\u00e9":"En stock"},"schema":{"@context":"https:\/\/schema.org","@graph":[{"@type":"WebPage","@id":"https:\/\/www.vetorino.com\/veterinaire\/briancon-05100\/boutique\/product\/ppvd-canine-en-gastrointestinal-small-mini\/","url":"https:\/\/www.vetorino.com\/veterinaire\/briancon-05100\/boutique\/product\/ppvd-canine-en-gastrointestinal-small-mini\/","name":"Proplan EN Gastrointestinal Small\/Mini - chien Purina Pro Plan - V\u00e9torino","isPartOf":{"@id":"https:\/\/www.vetorino.com\/boutique\/#website"},"primaryImageOfPage":{"@id":"https:\/\/www.vetorino.com\/veterinaire\/briancon-05100\/boutique\/product\/ppvd-canine-en-gastrointestinal-small-mini\/#primaryimage"},"image":{"@id":"https:\/\/www.vetorino.com\/veterinaire\/briancon-05100\/boutique\/product\/ppvd-canine-en-gastrointestinal-small-mini\/#primaryimage"},"thumbnailUrl":"https:\/\/www.vetorino.com\/boutique\/wp-content\/uploads\/2025\/10\/20250401_121350_558_DABZ8SKBAZ.jpg","datePublished":"2025-10-15T10:31:54+00:00","dateModified":"2025-10-22T13:23:33+00:00","description":"Aliment di\u00e9t\u00e9tique sec complet pour la r\u00e9duction du risque de malabsorption intestinale, la compensation de la maldigestion et de l'insuffisance pancr\u00e9atique exocrine chez les chiens de petite et tr\u00e8s petite taille. Caract\u00e9ristiques :\u00a0 Teneur r\u00e9duite en mati\u00e8res grasses pour aider \u00e0 minimiser la maldigestion des graisses. Avec une source sp\u00e9ciale de mati\u00e8res grasses (huile de noix de coco), riche en AGCM pour une absorption intestinale facilit\u00e9e. Ingr\u00e9dients faciles \u00e0 dig\u00e9rer pour aider \u00e0 soulager l'intestin. D\u00e9velopp\u00e9 par les v\u00e9t\u00e9rinaires et les nutritionnistes. Demander conseil \u00e0 un v\u00e9t\u00e9rinaire avant utilisation.","breadcrumb":{"@id":"https:\/\/www.vetorino.com\/veterinaire\/briancon-05100\/boutique\/product\/ppvd-canine-en-gastrointestinal-small-mini\/#breadcrumb"},"inLanguage":"fr-FR","potentialAction":[{"@type":"ReadAction","target":["https:\/\/www.vetorino.com\/veterinaire\/briancon-05100\/boutique\/product\/ppvd-canine-en-gastrointestinal-small-mini\/"]}]},{"@type":"ImageObject","inLanguage":"fr-FR","@id":"https:\/\/www.vetorino.com\/veterinaire\/briancon-05100\/boutique\/product\/ppvd-canine-en-gastrointestinal-small-mini\/#primaryimage","url":"https:\/\/www.vetorino.com\/boutique\/wp-content\/uploads\/2025\/10\/20250401_121350_558_DABZ8SKBAZ.jpg","contentUrl":"https:\/\/www.vetorino.com\/boutique\/wp-content\/uploads\/2025\/10\/20250401_121350_558_DABZ8SKBAZ.jpg","width":400,"height":400},{"@type":"BreadcrumbList","@id":"https:\/\/www.vetorino.com\/veterinaire\/briancon-05100\/boutique\/product\/ppvd-canine-en-gastrointestinal-small-mini\/#breadcrumb","itemListElement":[{"@type":"ListItem","position":1,"name":"Accueil","item":"https:\/\/www.vetorino.com\/boutique\/"},{"@type":"ListItem","position":2,"name":"Produits","item":"https:\/\/www.vetorino.com\/boutique\/"},{"@type":"ListItem","position":3,"name":"EN Gastrointestinal Small\/Mini &#8211; chien"}]},{"@type":"WebSite","@id":"https:\/\/www.vetorino.com\/boutique\/#website","url":"https:\/\/www.vetorino.com\/boutique\/","name":"V\u00e9torino","description":"","publisher":{"@id":"https:\/\/www.vetorino.com\/boutique\/#organization"},"potentialAction":[{"@type":"SearchAction","target":{"@type":"EntryPoint","urlTemplate":"https:\/\/www.vetorino.com\/boutique\/?s={search_term_string}"},"query-input":{"@type":"PropertyValueSpecification","valueRequired":true,"valueName":"search_term_string"}}],"inLanguage":"fr-FR"},{"@type":"Organization","@id":"https:\/\/www.vetorino.com\/boutique\/#organization","name":"V\u00e9torino","url":"https:\/\/www.vetorino.com\/boutique\/","logo":{"@type":"ImageObject","inLanguage":"fr-FR","@id":"https:\/\/www.vetorino.com\/boutique\/#\/schema\/logo\/image\/","url":"https:\/\/www.vetorino.com\/boutique\/wp-content\/uploads\/2024\/10\/logo.jpg","contentUrl":"https:\/\/www.vetorino.com\/boutique\/wp-content\/uploads\/2024\/10\/logo.jpg","width":1200,"height":610,"caption":"V\u00e9torino"},"image":{"@id":"https:\/\/www.vetorino.com\/boutique\/#\/schema\/logo\/image\/"},"sameAs":["https:\/\/www.facebook.com\/Vetorino\/","https:\/\/www.instagram.com\/vetorino_off\/","https:\/\/www.linkedin.com\/company\/vtorino\/"]}]},"product_brand":"Purina Pro Plan","og_availability":"instock","product_availability":"instock","product_condition":"new"},"_links":{"self":[{"href":"https:\/\/www.vetorino.com\/veterinaire\/prunelli-di-fiumorbo-20243\/boutique\/wp-json\/wp\/v2\/product\/1529407","targetHints":{"allow":["GET"]}}],"collection":[{"href":"https:\/\/www.vetorino.com\/veterinaire\/prunelli-di-fiumorbo-20243\/boutique\/wp-json\/wp\/v2\/product"}],"about":[{"href":"https:\/\/www.vetorino.com\/veterinaire\/prunelli-di-fiumorbo-20243\/boutique\/wp-json\/wp\/v2\/types\/product"}],"wp:featuredmedia":[{"embeddable":true,"href":"https:\/\/www.vetorino.com\/veterinaire\/prunelli-di-fiumorbo-20243\/boutique\/wp-json\/wp\/v2\/media\/1538612"}],"wp:attachment":[{"href":"https:\/\/www.vetorino.com\/veterinaire\/prunelli-di-fiumorbo-20243\/boutique\/wp-json\/wp\/v2\/media?parent=1529407"}],"wp:term":[{"taxonomy":"product_cat","embeddable":true,"href":"https:\/\/www.vetorino.com\/veterinaire\/prunelli-di-fiumorbo-20243\/boutique\/wp-json\/wp\/v2\/product_cat?post=1529407"},{"taxonomy":"product_tag","embeddable":true,"href":"https:\/\/www.vetorino.com\/veterinaire\/prunelli-di-fiumorbo-20243\/boutique\/wp-json\/wp\/v2\/product_tag?post=1529407"}],"curies":[{"name":"wp","href":"https:\/\/api.w.org\/{rel}","templated":true}]}}