{"id":174610,"date":"2021-04-29T20:22:55","date_gmt":"2021-04-29T18:22:55","guid":{"rendered":"https:\/\/www.vetorino.com\/boutique\/product\/lait-maternise-optima\/"},"modified":"2024-10-10T10:42:24","modified_gmt":"2024-10-10T08:42:24","slug":"lait-maternise-optima","status":"publish","type":"product","link":"https:\/\/www.vetorino.com\/veterinaire\/prunelli-di-fiumorbo-20243\/boutique\/product\/lait-maternise-optima\/","title":{"rendered":"Lait maternis\u00e9 Optima"},"content":{"rendered":"<p><strong>Le lait maternis\u00e9 TVM Optima est un aliment d&#8217;allaitement complet pour les chiots, les chatons et les autres mammif\u00e8res domestiques (rongeurs, lapins, etc&#8230;)<\/strong><\/p>\n<p>Kit d&#8217;allaitement pr\u00eat \u00e0 l&#8217;emploi fourni. Il est compos\u00e9 d&#8217;un biberon gradu\u00e9 de 80 ml, 3 t\u00e9tines en caoutchouc naturel pr\u00e9-perc\u00e9es \u00e0 vitesses variables (2 t\u00e9tines chaton + 1 t\u00e9tine chiot) + 1 dosette de 5 g.<\/p>\n<p><strong>Utilisation :<\/strong><\/p>\n<ul>\n<li>Elevage d&#8217;orphelin, compl\u00e9ment de la ration de sevrage<\/li>\n<li>Compl\u00e9ment de la lactation maternelle (lactation insuffisante, port\u00e9e nombreuse)<\/li>\n<\/ul>\n<p><strong>Avantages :<\/strong><\/p>\n<ul>\n<li>Sa formulation,\u00a0<strong>au plus proche de la composition du lait maternel<\/strong>, permet\u00a0 une digestion optimale et une croissance harmonieuse : &#8211; un apport prot\u00e9ique et lipidique au plus proche de celui du lait maternel.<\/li>\n<li>Sans amidon et avec une teneur en\u00a0 lactose optimis\u00e9e pour \u00eatre\u00a0<strong>facilement digestible<\/strong>.<\/li>\n<li>Avec un apport enrichi en DHA (acide docosahexa\u00e9no\u00efque), acide gras de la famille des om\u00e9ga 3, et en taurine qui permettent un<strong>\u00a0bon d\u00e9veloppement du cerveau et de la vision<\/strong>.<\/li>\n<li>Un conditionnement en sachet de 200g\u00a0<strong>refermable<\/strong>\u00a0pour une meilleure conservation<\/li>\n<\/ul>\n","protected":false},"excerpt":{"rendered":"<div id=\"product-description-short-4670\">\n<p><strong>Le lait maternis\u00e9 TVM Optima est un aliment d&#8217;allaitement complet pour les chiots, les chatons et les autres mammif\u00e8res domestiques (rongeurs, lapins, etc&#8230;)<\/strong><\/p>\n<p>Kit d&#8217;allaitement pr\u00eat \u00e0 l&#8217;emploi\u00a0fourni. Il est compos\u00e9 d&#8217;un biberon gradu\u00e9 de 80 ml, 3 t\u00e9tines en caoutchouc naturel pr\u00e9-perc\u00e9es \u00e0 vitesses variables (2 t\u00e9tines chaton + 1 t\u00e9tine chiot) + 1 dosette de 5 g.<\/p>\n<p><strong>Utilisation :<\/strong><\/p>\n<ul>\n<li>Elevage d&#8217;orphelin, compl\u00e9ment de la ration de sevrage<\/li>\n<li>Compl\u00e9ment de la lactation maternelle (lactation insuffisante, port\u00e9e nombreuse)<\/li>\n<\/ul>\n<\/div>\n<div class=\"product-actions\"><\/div>\n","protected":false},"featured_media":1054370,"template":"","meta":[],"product_cat":[2697,2698,12623,12624],"product_tag":[],"class_list":{"0":"post-174610","1":"product","2":"type-product","3":"status-publish","4":"has-post-thumbnail","6":"product_cat-chat","7":"product_cat-chien","8":"product_cat-lait-maternise-pour-chat","9":"product_cat-lait-maternise-pour-chien","10":"pa_marque-tvm","12":"first","13":"instock","14":"taxable","15":"shipping-taxable","16":"purchasable","17":"product-type-variable"},"yoast_head":"<!-- This site is optimized with the Yoast SEO plugin v27.3 - https:\/\/yoast.com\/product\/yoast-seo-wordpress\/ -->\n<title>Lait maternis\u00e9 Optima D\u00f4mes Pharma TVM - V\u00e9torino<\/title>\n<meta name=\"description\" content=\"Le lait maternis\u00e9 TVM Optima est un aliment d&#039;allaitement complet pour les chiots, les chatons et les autres mammif\u00e8res domestiques (rongeurs, lapins, etc...)  Kit d&#039;allaitement pr\u00eat \u00e0 l&#039;emploi\u00a0fourni. Il est compos\u00e9 d&#039;un biberon gradu\u00e9 de 80 ml, 3 t\u00e9tines en caoutchouc naturel pr\u00e9-perc\u00e9es \u00e0 vitesses variables (2 t\u00e9tines chaton + 1 t\u00e9tine chiot) + 1 dosette de 5 g.  Utilisation :   Elevage d&#039;orphelin, compl\u00e9ment de la ration de sevrage  Compl\u00e9ment de la lactation maternelle (lactation insuffisante, port\u00e9e nombreuse)\" \/>\n<meta name=\"robots\" content=\"noindex, nofollow\" \/>\n<meta property=\"og:locale\" content=\"fr_FR\" \/>\n<meta property=\"og:type\" content=\"article\" \/>\n<meta property=\"og:title\" content=\"Lait maternis\u00e9 Optima D\u00f4mes Pharma TVM - V\u00e9torino\" \/>\n<meta property=\"og:description\" content=\"Le lait maternis\u00e9 TVM Optima est un aliment d&#039;allaitement complet pour les chiots, les chatons et les autres mammif\u00e8res domestiques (rongeurs, lapins, etc...)  Kit d&#039;allaitement pr\u00eat \u00e0 l&#039;emploi\u00a0fourni. Il est compos\u00e9 d&#039;un biberon gradu\u00e9 de 80 ml, 3 t\u00e9tines en caoutchouc naturel pr\u00e9-perc\u00e9es \u00e0 vitesses variables (2 t\u00e9tines chaton + 1 t\u00e9tine chiot) + 1 dosette de 5 g.  Utilisation :   Elevage d&#039;orphelin, compl\u00e9ment de la ration de sevrage  Compl\u00e9ment de la lactation maternelle (lactation insuffisante, port\u00e9e nombreuse)\" \/>\n<meta property=\"og:url\" content=\"https:\/\/www.vetorino.com\/veterinaire\/prunelli-di-fiumorbo-20243\/boutique\/product\/lait-maternise-optima\/\" \/>\n<meta property=\"og:site_name\" content=\"V\u00e9torino\" \/>\n<meta property=\"article:publisher\" content=\"https:\/\/www.facebook.com\/Vetorino\/\" \/>\n<meta property=\"article:modified_time\" content=\"2024-10-10T08:42:24+00:00\" \/>\n<meta property=\"og:image\" content=\"https:\/\/www.vetorino.com\/boutique\/wp-content\/uploads\/2021\/04\/lait-maternise-optima.jpg\" \/>\n\t<meta property=\"og:image:width\" content=\"458\" \/>\n\t<meta property=\"og:image:height\" content=\"458\" \/>\n\t<meta property=\"og:image:type\" content=\"image\/jpeg\" \/>\n<meta name=\"twitter:card\" content=\"summary_large_image\" \/>\n<meta name=\"twitter:label1\" content=\"Disponibilit\u00e9\" \/>\n\t<meta name=\"twitter:data1\" content=\"En stock\" \/>\n<script type=\"application\/ld+json\" class=\"yoast-schema-graph\">{\"@context\":\"https:\\\/\\\/schema.org\",\"@graph\":[{\"@type\":\"WebPage\",\"@id\":\"https:\\\/\\\/www.vetorino.com\\\/boutique\\\/product\\\/lait-maternise-optima\\\/\",\"url\":\"https:\\\/\\\/www.vetorino.com\\\/boutique\\\/product\\\/lait-maternise-optima\\\/\",\"name\":\"Lait maternis\u00e9 Optima D\u00f4mes Pharma TVM - V\u00e9torino\",\"isPartOf\":{\"@id\":\"https:\\\/\\\/www.vetorino.com\\\/boutique\\\/#website\"},\"primaryImageOfPage\":{\"@id\":\"https:\\\/\\\/www.vetorino.com\\\/boutique\\\/product\\\/lait-maternise-optima\\\/#primaryimage\"},\"image\":{\"@id\":\"https:\\\/\\\/www.vetorino.com\\\/boutique\\\/product\\\/lait-maternise-optima\\\/#primaryimage\"},\"thumbnailUrl\":\"https:\\\/\\\/www.vetorino.com\\\/boutique\\\/wp-content\\\/uploads\\\/2020\\\/11\\\/lait-maternise-optima.webp\",\"datePublished\":\"2021-04-29T18:22:55+00:00\",\"dateModified\":\"2024-10-10T08:42:24+00:00\",\"description\":\"Le lait maternis\u00e9 TVM Optima est un aliment d'allaitement complet pour les chiots, les chatons et les autres mammif\u00e8res domestiques (rongeurs, lapins, etc...) Kit d'allaitement pr\u00eat \u00e0 l'emploi\u00a0fourni. Il est compos\u00e9 d'un biberon gradu\u00e9 de 80 ml, 3 t\u00e9tines en caoutchouc naturel pr\u00e9-perc\u00e9es \u00e0 vitesses variables (2 t\u00e9tines chaton + 1 t\u00e9tine chiot) + 1 dosette de 5 g. Utilisation : Elevage d'orphelin, compl\u00e9ment de la ration de sevrage Compl\u00e9ment de la lactation maternelle (lactation insuffisante, port\u00e9e nombreuse)\",\"breadcrumb\":{\"@id\":\"https:\\\/\\\/www.vetorino.com\\\/boutique\\\/product\\\/lait-maternise-optima\\\/#breadcrumb\"},\"inLanguage\":\"fr-FR\",\"potentialAction\":[{\"@type\":\"ReadAction\",\"target\":[\"https:\\\/\\\/www.vetorino.com\\\/boutique\\\/product\\\/lait-maternise-optima\\\/\"]}]},{\"@type\":\"ImageObject\",\"inLanguage\":\"fr-FR\",\"@id\":\"https:\\\/\\\/www.vetorino.com\\\/boutique\\\/product\\\/lait-maternise-optima\\\/#primaryimage\",\"url\":\"https:\\\/\\\/www.vetorino.com\\\/boutique\\\/wp-content\\\/uploads\\\/2020\\\/11\\\/lait-maternise-optima.webp\",\"contentUrl\":\"https:\\\/\\\/www.vetorino.com\\\/boutique\\\/wp-content\\\/uploads\\\/2020\\\/11\\\/lait-maternise-optima.webp\",\"width\":458,\"height\":458},{\"@type\":\"BreadcrumbList\",\"@id\":\"https:\\\/\\\/www.vetorino.com\\\/boutique\\\/product\\\/lait-maternise-optima\\\/#breadcrumb\",\"itemListElement\":[{\"@type\":\"ListItem\",\"position\":1,\"name\":\"Accueil\",\"item\":\"https:\\\/\\\/www.vetorino.com\\\/boutique\\\/\"},{\"@type\":\"ListItem\",\"position\":2,\"name\":\"Produits\",\"item\":\"https:\\\/\\\/www.vetorino.com\\\/boutique\\\/\"},{\"@type\":\"ListItem\",\"position\":3,\"name\":\"Lait maternis\u00e9 Optima\"}]},{\"@type\":\"WebSite\",\"@id\":\"https:\\\/\\\/www.vetorino.com\\\/boutique\\\/#website\",\"url\":\"https:\\\/\\\/www.vetorino.com\\\/boutique\\\/\",\"name\":\"V\u00e9torino\",\"description\":\"\",\"publisher\":{\"@id\":\"https:\\\/\\\/www.vetorino.com\\\/boutique\\\/#organization\"},\"potentialAction\":[{\"@type\":\"SearchAction\",\"target\":{\"@type\":\"EntryPoint\",\"urlTemplate\":\"https:\\\/\\\/www.vetorino.com\\\/boutique\\\/?s={search_term_string}\"},\"query-input\":{\"@type\":\"PropertyValueSpecification\",\"valueRequired\":true,\"valueName\":\"search_term_string\"}}],\"inLanguage\":\"fr-FR\"},{\"@type\":\"Organization\",\"@id\":\"https:\\\/\\\/www.vetorino.com\\\/boutique\\\/#organization\",\"name\":\"V\u00e9torino\",\"url\":\"https:\\\/\\\/www.vetorino.com\\\/boutique\\\/\",\"logo\":{\"@type\":\"ImageObject\",\"inLanguage\":\"fr-FR\",\"@id\":\"https:\\\/\\\/www.vetorino.com\\\/boutique\\\/#\\\/schema\\\/logo\\\/image\\\/\",\"url\":\"https:\\\/\\\/www.vetorino.com\\\/boutique\\\/wp-content\\\/uploads\\\/2024\\\/10\\\/logo.jpg\",\"contentUrl\":\"https:\\\/\\\/www.vetorino.com\\\/boutique\\\/wp-content\\\/uploads\\\/2024\\\/10\\\/logo.jpg\",\"width\":1200,\"height\":610,\"caption\":\"V\u00e9torino\"},\"image\":{\"@id\":\"https:\\\/\\\/www.vetorino.com\\\/boutique\\\/#\\\/schema\\\/logo\\\/image\\\/\"},\"sameAs\":[\"https:\\\/\\\/www.facebook.com\\\/Vetorino\\\/\",\"https:\\\/\\\/www.instagram.com\\\/vetorino_off\\\/\",\"https:\\\/\\\/www.linkedin.com\\\/company\\\/vtorino\\\/\"]}]}<\/script>\n<meta property=\"product:brand\" content=\"D\u00f4mes Pharma TVM\" \/>\n<meta property=\"og:availability\" content=\"instock\" \/>\n<meta property=\"product:availability\" content=\"instock\" \/>\n<meta property=\"product:condition\" content=\"new\" \/>\n<!-- \/ Yoast SEO plugin. -->","yoast_head_json":{"title":"Lait maternis\u00e9 Optima D\u00f4mes Pharma TVM - V\u00e9torino","description":"Le lait maternis\u00e9 TVM Optima est un aliment d'allaitement complet pour les chiots, les chatons et les autres mammif\u00e8res domestiques (rongeurs, lapins, etc...)  Kit d'allaitement pr\u00eat \u00e0 l'emploi\u00a0fourni. Il est compos\u00e9 d'un biberon gradu\u00e9 de 80 ml, 3 t\u00e9tines en caoutchouc naturel pr\u00e9-perc\u00e9es \u00e0 vitesses variables (2 t\u00e9tines chaton + 1 t\u00e9tine chiot) + 1 dosette de 5 g.  Utilisation :   Elevage d'orphelin, compl\u00e9ment de la ration de sevrage  Compl\u00e9ment de la lactation maternelle (lactation insuffisante, port\u00e9e nombreuse)","robots":{"index":"noindex","follow":"nofollow"},"og_locale":"fr_FR","og_type":"article","og_title":"Lait maternis\u00e9 Optima D\u00f4mes Pharma TVM - V\u00e9torino","og_description":"Le lait maternis\u00e9 TVM Optima est un aliment d'allaitement complet pour les chiots, les chatons et les autres mammif\u00e8res domestiques (rongeurs, lapins, etc...)  Kit d'allaitement pr\u00eat \u00e0 l'emploi\u00a0fourni. Il est compos\u00e9 d'un biberon gradu\u00e9 de 80 ml, 3 t\u00e9tines en caoutchouc naturel pr\u00e9-perc\u00e9es \u00e0 vitesses variables (2 t\u00e9tines chaton + 1 t\u00e9tine chiot) + 1 dosette de 5 g.  Utilisation :   Elevage d'orphelin, compl\u00e9ment de la ration de sevrage  Compl\u00e9ment de la lactation maternelle (lactation insuffisante, port\u00e9e nombreuse)","og_url":"https:\/\/www.vetorino.com\/veterinaire\/prunelli-di-fiumorbo-20243\/boutique\/product\/lait-maternise-optima\/","og_site_name":"V\u00e9torino","article_publisher":"https:\/\/www.facebook.com\/Vetorino\/","article_modified_time":"2024-10-10T08:42:24+00:00","og_image":[{"width":458,"height":458,"url":"https:\/\/www.vetorino.com\/boutique\/wp-content\/uploads\/2021\/04\/lait-maternise-optima.jpg","type":"image\/jpeg"}],"twitter_card":"summary_large_image","twitter_misc":{"Disponibilit\u00e9":"En stock"},"schema":{"@context":"https:\/\/schema.org","@graph":[{"@type":"WebPage","@id":"https:\/\/www.vetorino.com\/boutique\/product\/lait-maternise-optima\/","url":"https:\/\/www.vetorino.com\/boutique\/product\/lait-maternise-optima\/","name":"Lait maternis\u00e9 Optima D\u00f4mes Pharma TVM - V\u00e9torino","isPartOf":{"@id":"https:\/\/www.vetorino.com\/boutique\/#website"},"primaryImageOfPage":{"@id":"https:\/\/www.vetorino.com\/boutique\/product\/lait-maternise-optima\/#primaryimage"},"image":{"@id":"https:\/\/www.vetorino.com\/boutique\/product\/lait-maternise-optima\/#primaryimage"},"thumbnailUrl":"https:\/\/www.vetorino.com\/boutique\/wp-content\/uploads\/2020\/11\/lait-maternise-optima.webp","datePublished":"2021-04-29T18:22:55+00:00","dateModified":"2024-10-10T08:42:24+00:00","description":"Le lait maternis\u00e9 TVM Optima est un aliment d'allaitement complet pour les chiots, les chatons et les autres mammif\u00e8res domestiques (rongeurs, lapins, etc...) Kit d'allaitement pr\u00eat \u00e0 l'emploi\u00a0fourni. Il est compos\u00e9 d'un biberon gradu\u00e9 de 80 ml, 3 t\u00e9tines en caoutchouc naturel pr\u00e9-perc\u00e9es \u00e0 vitesses variables (2 t\u00e9tines chaton + 1 t\u00e9tine chiot) + 1 dosette de 5 g. Utilisation : Elevage d'orphelin, compl\u00e9ment de la ration de sevrage Compl\u00e9ment de la lactation maternelle (lactation insuffisante, port\u00e9e nombreuse)","breadcrumb":{"@id":"https:\/\/www.vetorino.com\/boutique\/product\/lait-maternise-optima\/#breadcrumb"},"inLanguage":"fr-FR","potentialAction":[{"@type":"ReadAction","target":["https:\/\/www.vetorino.com\/boutique\/product\/lait-maternise-optima\/"]}]},{"@type":"ImageObject","inLanguage":"fr-FR","@id":"https:\/\/www.vetorino.com\/boutique\/product\/lait-maternise-optima\/#primaryimage","url":"https:\/\/www.vetorino.com\/boutique\/wp-content\/uploads\/2020\/11\/lait-maternise-optima.webp","contentUrl":"https:\/\/www.vetorino.com\/boutique\/wp-content\/uploads\/2020\/11\/lait-maternise-optima.webp","width":458,"height":458},{"@type":"BreadcrumbList","@id":"https:\/\/www.vetorino.com\/boutique\/product\/lait-maternise-optima\/#breadcrumb","itemListElement":[{"@type":"ListItem","position":1,"name":"Accueil","item":"https:\/\/www.vetorino.com\/boutique\/"},{"@type":"ListItem","position":2,"name":"Produits","item":"https:\/\/www.vetorino.com\/boutique\/"},{"@type":"ListItem","position":3,"name":"Lait maternis\u00e9 Optima"}]},{"@type":"WebSite","@id":"https:\/\/www.vetorino.com\/boutique\/#website","url":"https:\/\/www.vetorino.com\/boutique\/","name":"V\u00e9torino","description":"","publisher":{"@id":"https:\/\/www.vetorino.com\/boutique\/#organization"},"potentialAction":[{"@type":"SearchAction","target":{"@type":"EntryPoint","urlTemplate":"https:\/\/www.vetorino.com\/boutique\/?s={search_term_string}"},"query-input":{"@type":"PropertyValueSpecification","valueRequired":true,"valueName":"search_term_string"}}],"inLanguage":"fr-FR"},{"@type":"Organization","@id":"https:\/\/www.vetorino.com\/boutique\/#organization","name":"V\u00e9torino","url":"https:\/\/www.vetorino.com\/boutique\/","logo":{"@type":"ImageObject","inLanguage":"fr-FR","@id":"https:\/\/www.vetorino.com\/boutique\/#\/schema\/logo\/image\/","url":"https:\/\/www.vetorino.com\/boutique\/wp-content\/uploads\/2024\/10\/logo.jpg","contentUrl":"https:\/\/www.vetorino.com\/boutique\/wp-content\/uploads\/2024\/10\/logo.jpg","width":1200,"height":610,"caption":"V\u00e9torino"},"image":{"@id":"https:\/\/www.vetorino.com\/boutique\/#\/schema\/logo\/image\/"},"sameAs":["https:\/\/www.facebook.com\/Vetorino\/","https:\/\/www.instagram.com\/vetorino_off\/","https:\/\/www.linkedin.com\/company\/vtorino\/"]}]},"product_brand":"D\u00f4mes Pharma TVM","og_availability":"instock","product_availability":"instock","product_condition":"new"},"_links":{"self":[{"href":"https:\/\/www.vetorino.com\/veterinaire\/prunelli-di-fiumorbo-20243\/boutique\/wp-json\/wp\/v2\/product\/174610","targetHints":{"allow":["GET"]}}],"collection":[{"href":"https:\/\/www.vetorino.com\/veterinaire\/prunelli-di-fiumorbo-20243\/boutique\/wp-json\/wp\/v2\/product"}],"about":[{"href":"https:\/\/www.vetorino.com\/veterinaire\/prunelli-di-fiumorbo-20243\/boutique\/wp-json\/wp\/v2\/types\/product"}],"wp:featuredmedia":[{"embeddable":true,"href":"https:\/\/www.vetorino.com\/veterinaire\/prunelli-di-fiumorbo-20243\/boutique\/wp-json\/wp\/v2\/media\/1054370"}],"wp:attachment":[{"href":"https:\/\/www.vetorino.com\/veterinaire\/prunelli-di-fiumorbo-20243\/boutique\/wp-json\/wp\/v2\/media?parent=174610"}],"wp:term":[{"taxonomy":"product_cat","embeddable":true,"href":"https:\/\/www.vetorino.com\/veterinaire\/prunelli-di-fiumorbo-20243\/boutique\/wp-json\/wp\/v2\/product_cat?post=174610"},{"taxonomy":"product_tag","embeddable":true,"href":"https:\/\/www.vetorino.com\/veterinaire\/prunelli-di-fiumorbo-20243\/boutique\/wp-json\/wp\/v2\/product_tag?post=174610"}],"curies":[{"name":"wp","href":"https:\/\/api.w.org\/{rel}","templated":true}]}}