{"id":177164,"date":"2021-05-04T18:41:37","date_gmt":"2021-05-04T16:41:37","guid":{"rendered":"https:\/\/www.vetorino.com\/boutique\/product\/hippiagreen-respiratoire\/"},"modified":"2024-08-28T11:01:58","modified_gmt":"2024-08-28T09:01:58","slug":"hippiagreen-respiratoire","status":"publish","type":"product","link":"https:\/\/www.vetorino.com\/veterinaire\/prunelli-di-fiumorbo-20243\/boutique\/product\/hippiagreen-respiratoire\/","title":{"rendered":"Hippiagreen Respiratoire"},"content":{"rendered":"<div id=\"tab-d11cc9b272e6ef9a0f3\" class=\"tab-pane fade fusion-clearfix in active\" role=\"tabpanel\" aria-labelledby=\"fusion-tab-propri\u00e9t\u00e9s\">\n<p>HIPPIAGREEN Respiratoire est un aliment compl\u00e9mentaire pour le <strong>bon fonctionnement des voies respiratoire<\/strong><\/p>\n<ul>\n<li>L\u2019<strong>Echinac\u00e9e<\/strong>, traditionnellement utilis\u00e9e pour ses propri\u00e9t\u00e9s stimulantes de l\u2019immunit\u00e9.<\/li>\n<li>L\u2019<strong>Ac\u00e9rola<\/strong>, connu pour sa richesse en vitamine C.<\/li>\n<li>La <strong>R\u00e9glisse<\/strong>, reconnue pour ses propri\u00e9t\u00e9s anti-inflammatoires et anti-infectieuses.<\/li>\n<li>Le <strong>Thym<\/strong>, traditionnellement utilis\u00e9 pour ses propri\u00e9t\u00e9s anti-infectieuses et expectorantes.<\/li>\n<li>Le <strong>Pin sylvestre<\/strong>, traditionnellement utilis\u00e9 pour ses propri\u00e9t\u00e9s antiseptiques des voies respiratoires, anti-inflammatoires et d\u00e9congestionnantes.<\/li>\n<li>La <strong>Guimauve<\/strong>, reconnue pour ses propri\u00e9t\u00e9s \u00e9mollientes et antitussives.<\/li>\n<li>Le <strong>Plantain<\/strong> <strong>lanc\u00e9ol\u00e9<\/strong>, reconnu pour ses propri\u00e9t\u00e9s antiallergiques, antitussives et mucolytiques.<\/li>\n<li>La <strong>Nigelle<\/strong>, reconnue pour ses propri\u00e9t\u00e9s bronchodilatatrices et antiallergiques.<\/li>\n<li>Le <strong>Marrube blanc<\/strong>, reconnu pour ses propri\u00e9t\u00e9s expectorantes, mucolytiques et spasmolytiques bronchiques.<\/li>\n<li>L\u2019<strong>Anis vert<\/strong>, reconnue pour ses propri\u00e9t\u00e9s anti-inflammatoires respiratoires, mucolytiques et expectorantes.<\/li>\n<\/ul>\n<\/div>\n","protected":false},"excerpt":{"rendered":"<div id=\"product-description-short-8029\" class=\"product-description-short\">\n<p>Ce produit contribue au confort respiratoire du cheval il peut \u00eatre utilis\u00e9 en cas de refroidissement, d&#8217;allergies, de sensibilit\u00e9 aux poussi\u00e8res, d&#8217;irritations des voies a\u00e9riennes (toux)&#8230;<\/p>\n<\/div>\n","protected":false},"featured_media":1006388,"template":"","meta":[],"product_cat":[12569,12547],"product_tag":[],"class_list":{"0":"post-177164","1":"product","2":"type-product","3":"status-publish","4":"has-post-thumbnail","6":"product_cat-respiration-du-cheval","7":"product_cat-cheval","8":"pa_marque-greenvet","10":"first","11":"instock","12":"taxable","13":"shipping-taxable","14":"purchasable","15":"product-type-simple"},"yoast_head":"<!-- This site is optimized with the Yoast SEO plugin v27.3 - https:\/\/yoast.com\/product\/yoast-seo-wordpress\/ -->\n<title>Hippiagreen Respiratoire Greenvet - V\u00e9torino<\/title>\n<meta name=\"description\" content=\"Ce produit contribue au confort respiratoire du cheval il peut \u00eatre utilis\u00e9 en cas de refroidissement, d&#039;allergies, de sensibilit\u00e9 aux poussi\u00e8res, d&#039;irritations des voies a\u00e9riennes (toux)...\" \/>\n<meta name=\"robots\" content=\"noindex, nofollow\" \/>\n<meta property=\"og:locale\" content=\"fr_FR\" \/>\n<meta property=\"og:type\" content=\"article\" \/>\n<meta property=\"og:title\" content=\"Hippiagreen Respiratoire Greenvet - V\u00e9torino\" \/>\n<meta property=\"og:description\" content=\"Ce produit contribue au confort respiratoire du cheval il peut \u00eatre utilis\u00e9 en cas de refroidissement, d&#039;allergies, de sensibilit\u00e9 aux poussi\u00e8res, d&#039;irritations des voies a\u00e9riennes (toux)...\" \/>\n<meta property=\"og:url\" content=\"https:\/\/www.vetorino.com\/veterinaire\/prunelli-di-fiumorbo-20243\/boutique\/product\/hippiagreen-respiratoire\/\" \/>\n<meta property=\"og:site_name\" content=\"V\u00e9torino\" \/>\n<meta property=\"article:publisher\" content=\"https:\/\/www.facebook.com\/Vetorino\/\" \/>\n<meta property=\"article:modified_time\" content=\"2024-08-28T09:01:58+00:00\" \/>\n<meta property=\"og:image\" content=\"https:\/\/www.vetorino.com\/boutique\/wp-content\/uploads\/2021\/05\/hippiagreen-respiratoire.png\" \/>\n\t<meta property=\"og:image:width\" content=\"555\" \/>\n\t<meta property=\"og:image:height\" content=\"555\" \/>\n\t<meta property=\"og:image:type\" content=\"image\/png\" \/>\n<meta name=\"twitter:card\" content=\"summary_large_image\" \/>\n<meta name=\"twitter:label1\" content=\"Prix\" \/>\n\t<meta name=\"twitter:data1\" content=\"41,30&euro;\" \/>\n\t<meta name=\"twitter:label2\" content=\"Disponibilit\u00e9\" \/>\n\t<meta name=\"twitter:data2\" content=\"En stock\" \/>\n<script type=\"application\/ld+json\" class=\"yoast-schema-graph\">{\"@context\":\"https:\\\/\\\/schema.org\",\"@graph\":[{\"@type\":\"WebPage\",\"@id\":\"https:\\\/\\\/www.vetorino.com\\\/boutique\\\/product\\\/hippiagreen-respiratoire\\\/\",\"url\":\"https:\\\/\\\/www.vetorino.com\\\/boutique\\\/product\\\/hippiagreen-respiratoire\\\/\",\"name\":\"Hippiagreen Respiratoire Greenvet - V\u00e9torino\",\"isPartOf\":{\"@id\":\"https:\\\/\\\/www.vetorino.com\\\/boutique\\\/#website\"},\"primaryImageOfPage\":{\"@id\":\"https:\\\/\\\/www.vetorino.com\\\/boutique\\\/product\\\/hippiagreen-respiratoire\\\/#primaryimage\"},\"image\":{\"@id\":\"https:\\\/\\\/www.vetorino.com\\\/boutique\\\/product\\\/hippiagreen-respiratoire\\\/#primaryimage\"},\"thumbnailUrl\":\"https:\\\/\\\/www.vetorino.com\\\/boutique\\\/wp-content\\\/uploads\\\/2021\\\/05\\\/hippiagreen-respiratoire.png\",\"datePublished\":\"2021-05-04T16:41:37+00:00\",\"dateModified\":\"2024-08-28T09:01:58+00:00\",\"description\":\"Ce produit contribue au confort respiratoire du cheval il peut \u00eatre utilis\u00e9 en cas de refroidissement, d'allergies, de sensibilit\u00e9 aux poussi\u00e8res, d'irritations des voies a\u00e9riennes (toux)...\",\"breadcrumb\":{\"@id\":\"https:\\\/\\\/www.vetorino.com\\\/boutique\\\/product\\\/hippiagreen-respiratoire\\\/#breadcrumb\"},\"inLanguage\":\"fr-FR\",\"potentialAction\":[{\"@type\":\"ReadAction\",\"target\":[\"https:\\\/\\\/www.vetorino.com\\\/boutique\\\/product\\\/hippiagreen-respiratoire\\\/\"]}]},{\"@type\":\"ImageObject\",\"inLanguage\":\"fr-FR\",\"@id\":\"https:\\\/\\\/www.vetorino.com\\\/boutique\\\/product\\\/hippiagreen-respiratoire\\\/#primaryimage\",\"url\":\"https:\\\/\\\/www.vetorino.com\\\/boutique\\\/wp-content\\\/uploads\\\/2021\\\/05\\\/hippiagreen-respiratoire.png\",\"contentUrl\":\"https:\\\/\\\/www.vetorino.com\\\/boutique\\\/wp-content\\\/uploads\\\/2021\\\/05\\\/hippiagreen-respiratoire.png\",\"width\":555,\"height\":555},{\"@type\":\"BreadcrumbList\",\"@id\":\"https:\\\/\\\/www.vetorino.com\\\/boutique\\\/product\\\/hippiagreen-respiratoire\\\/#breadcrumb\",\"itemListElement\":[{\"@type\":\"ListItem\",\"position\":1,\"name\":\"Accueil\",\"item\":\"https:\\\/\\\/www.vetorino.com\\\/boutique\\\/\"},{\"@type\":\"ListItem\",\"position\":2,\"name\":\"Produits\",\"item\":\"https:\\\/\\\/www.vetorino.com\\\/boutique\\\/\"},{\"@type\":\"ListItem\",\"position\":3,\"name\":\"Hippiagreen Respiratoire\"}]},{\"@type\":\"WebSite\",\"@id\":\"https:\\\/\\\/www.vetorino.com\\\/boutique\\\/#website\",\"url\":\"https:\\\/\\\/www.vetorino.com\\\/boutique\\\/\",\"name\":\"V\u00e9torino\",\"description\":\"\",\"publisher\":{\"@id\":\"https:\\\/\\\/www.vetorino.com\\\/boutique\\\/#organization\"},\"potentialAction\":[{\"@type\":\"SearchAction\",\"target\":{\"@type\":\"EntryPoint\",\"urlTemplate\":\"https:\\\/\\\/www.vetorino.com\\\/boutique\\\/?s={search_term_string}\"},\"query-input\":{\"@type\":\"PropertyValueSpecification\",\"valueRequired\":true,\"valueName\":\"search_term_string\"}}],\"inLanguage\":\"fr-FR\"},{\"@type\":\"Organization\",\"@id\":\"https:\\\/\\\/www.vetorino.com\\\/boutique\\\/#organization\",\"name\":\"V\u00e9torino\",\"url\":\"https:\\\/\\\/www.vetorino.com\\\/boutique\\\/\",\"logo\":{\"@type\":\"ImageObject\",\"inLanguage\":\"fr-FR\",\"@id\":\"https:\\\/\\\/www.vetorino.com\\\/boutique\\\/#\\\/schema\\\/logo\\\/image\\\/\",\"url\":\"https:\\\/\\\/www.vetorino.com\\\/boutique\\\/wp-content\\\/uploads\\\/2024\\\/10\\\/logo.jpg\",\"contentUrl\":\"https:\\\/\\\/www.vetorino.com\\\/boutique\\\/wp-content\\\/uploads\\\/2024\\\/10\\\/logo.jpg\",\"width\":1200,\"height\":610,\"caption\":\"V\u00e9torino\"},\"image\":{\"@id\":\"https:\\\/\\\/www.vetorino.com\\\/boutique\\\/#\\\/schema\\\/logo\\\/image\\\/\"},\"sameAs\":[\"https:\\\/\\\/www.facebook.com\\\/Vetorino\\\/\",\"https:\\\/\\\/www.instagram.com\\\/vetorino_off\\\/\",\"https:\\\/\\\/www.linkedin.com\\\/company\\\/vtorino\\\/\"]}]}<\/script>\n<meta property=\"product:brand\" content=\"Greenvet\" \/>\n<meta property=\"product:price:amount\" content=\"41.30\" \/>\n<meta property=\"product:price:currency\" content=\"EUR\" \/>\n<meta property=\"og:availability\" content=\"instock\" \/>\n<meta property=\"product:availability\" content=\"instock\" \/>\n<meta property=\"product:retailer_item_id\" content=\"A-1852080\" \/>\n<meta property=\"product:condition\" content=\"new\" \/>\n<!-- \/ Yoast SEO plugin. -->","yoast_head_json":{"title":"Hippiagreen Respiratoire Greenvet - V\u00e9torino","description":"Ce produit contribue au confort respiratoire du cheval il peut \u00eatre utilis\u00e9 en cas de refroidissement, d'allergies, de sensibilit\u00e9 aux poussi\u00e8res, d'irritations des voies a\u00e9riennes (toux)...","robots":{"index":"noindex","follow":"nofollow"},"og_locale":"fr_FR","og_type":"article","og_title":"Hippiagreen Respiratoire Greenvet - V\u00e9torino","og_description":"Ce produit contribue au confort respiratoire du cheval il peut \u00eatre utilis\u00e9 en cas de refroidissement, d'allergies, de sensibilit\u00e9 aux poussi\u00e8res, d'irritations des voies a\u00e9riennes (toux)...","og_url":"https:\/\/www.vetorino.com\/veterinaire\/prunelli-di-fiumorbo-20243\/boutique\/product\/hippiagreen-respiratoire\/","og_site_name":"V\u00e9torino","article_publisher":"https:\/\/www.facebook.com\/Vetorino\/","article_modified_time":"2024-08-28T09:01:58+00:00","og_image":[{"width":555,"height":555,"url":"https:\/\/www.vetorino.com\/boutique\/wp-content\/uploads\/2021\/05\/hippiagreen-respiratoire.png","type":"image\/png"}],"twitter_card":"summary_large_image","twitter_misc":{"Prix":"41,30&euro;","Disponibilit\u00e9":"En stock"},"schema":{"@context":"https:\/\/schema.org","@graph":[{"@type":"WebPage","@id":"https:\/\/www.vetorino.com\/boutique\/product\/hippiagreen-respiratoire\/","url":"https:\/\/www.vetorino.com\/boutique\/product\/hippiagreen-respiratoire\/","name":"Hippiagreen Respiratoire Greenvet - V\u00e9torino","isPartOf":{"@id":"https:\/\/www.vetorino.com\/boutique\/#website"},"primaryImageOfPage":{"@id":"https:\/\/www.vetorino.com\/boutique\/product\/hippiagreen-respiratoire\/#primaryimage"},"image":{"@id":"https:\/\/www.vetorino.com\/boutique\/product\/hippiagreen-respiratoire\/#primaryimage"},"thumbnailUrl":"https:\/\/www.vetorino.com\/boutique\/wp-content\/uploads\/2021\/05\/hippiagreen-respiratoire.png","datePublished":"2021-05-04T16:41:37+00:00","dateModified":"2024-08-28T09:01:58+00:00","description":"Ce produit contribue au confort respiratoire du cheval il peut \u00eatre utilis\u00e9 en cas de refroidissement, d'allergies, de sensibilit\u00e9 aux poussi\u00e8res, d'irritations des voies a\u00e9riennes (toux)...","breadcrumb":{"@id":"https:\/\/www.vetorino.com\/boutique\/product\/hippiagreen-respiratoire\/#breadcrumb"},"inLanguage":"fr-FR","potentialAction":[{"@type":"ReadAction","target":["https:\/\/www.vetorino.com\/boutique\/product\/hippiagreen-respiratoire\/"]}]},{"@type":"ImageObject","inLanguage":"fr-FR","@id":"https:\/\/www.vetorino.com\/boutique\/product\/hippiagreen-respiratoire\/#primaryimage","url":"https:\/\/www.vetorino.com\/boutique\/wp-content\/uploads\/2021\/05\/hippiagreen-respiratoire.png","contentUrl":"https:\/\/www.vetorino.com\/boutique\/wp-content\/uploads\/2021\/05\/hippiagreen-respiratoire.png","width":555,"height":555},{"@type":"BreadcrumbList","@id":"https:\/\/www.vetorino.com\/boutique\/product\/hippiagreen-respiratoire\/#breadcrumb","itemListElement":[{"@type":"ListItem","position":1,"name":"Accueil","item":"https:\/\/www.vetorino.com\/boutique\/"},{"@type":"ListItem","position":2,"name":"Produits","item":"https:\/\/www.vetorino.com\/boutique\/"},{"@type":"ListItem","position":3,"name":"Hippiagreen Respiratoire"}]},{"@type":"WebSite","@id":"https:\/\/www.vetorino.com\/boutique\/#website","url":"https:\/\/www.vetorino.com\/boutique\/","name":"V\u00e9torino","description":"","publisher":{"@id":"https:\/\/www.vetorino.com\/boutique\/#organization"},"potentialAction":[{"@type":"SearchAction","target":{"@type":"EntryPoint","urlTemplate":"https:\/\/www.vetorino.com\/boutique\/?s={search_term_string}"},"query-input":{"@type":"PropertyValueSpecification","valueRequired":true,"valueName":"search_term_string"}}],"inLanguage":"fr-FR"},{"@type":"Organization","@id":"https:\/\/www.vetorino.com\/boutique\/#organization","name":"V\u00e9torino","url":"https:\/\/www.vetorino.com\/boutique\/","logo":{"@type":"ImageObject","inLanguage":"fr-FR","@id":"https:\/\/www.vetorino.com\/boutique\/#\/schema\/logo\/image\/","url":"https:\/\/www.vetorino.com\/boutique\/wp-content\/uploads\/2024\/10\/logo.jpg","contentUrl":"https:\/\/www.vetorino.com\/boutique\/wp-content\/uploads\/2024\/10\/logo.jpg","width":1200,"height":610,"caption":"V\u00e9torino"},"image":{"@id":"https:\/\/www.vetorino.com\/boutique\/#\/schema\/logo\/image\/"},"sameAs":["https:\/\/www.facebook.com\/Vetorino\/","https:\/\/www.instagram.com\/vetorino_off\/","https:\/\/www.linkedin.com\/company\/vtorino\/"]}]},"product_brand":"Greenvet","product_price_amount":"41.30","product_price_currency":"EUR","og_availability":"instock","product_availability":"instock","product_retailer_item_id":"A-1852080","product_condition":"new"},"_links":{"self":[{"href":"https:\/\/www.vetorino.com\/veterinaire\/prunelli-di-fiumorbo-20243\/boutique\/wp-json\/wp\/v2\/product\/177164","targetHints":{"allow":["GET"]}}],"collection":[{"href":"https:\/\/www.vetorino.com\/veterinaire\/prunelli-di-fiumorbo-20243\/boutique\/wp-json\/wp\/v2\/product"}],"about":[{"href":"https:\/\/www.vetorino.com\/veterinaire\/prunelli-di-fiumorbo-20243\/boutique\/wp-json\/wp\/v2\/types\/product"}],"wp:featuredmedia":[{"embeddable":true,"href":"https:\/\/www.vetorino.com\/veterinaire\/prunelli-di-fiumorbo-20243\/boutique\/wp-json\/wp\/v2\/media\/1006388"}],"wp:attachment":[{"href":"https:\/\/www.vetorino.com\/veterinaire\/prunelli-di-fiumorbo-20243\/boutique\/wp-json\/wp\/v2\/media?parent=177164"}],"wp:term":[{"taxonomy":"product_cat","embeddable":true,"href":"https:\/\/www.vetorino.com\/veterinaire\/prunelli-di-fiumorbo-20243\/boutique\/wp-json\/wp\/v2\/product_cat?post=177164"},{"taxonomy":"product_tag","embeddable":true,"href":"https:\/\/www.vetorino.com\/veterinaire\/prunelli-di-fiumorbo-20243\/boutique\/wp-json\/wp\/v2\/product_tag?post=177164"}],"curies":[{"name":"wp","href":"https:\/\/api.w.org\/{rel}","templated":true}]}}