{"id":32912,"date":"2020-03-04T21:51:17","date_gmt":"2020-03-04T20:51:17","guid":{"rendered":"https:\/\/www.vetorino.com\/boutique\/product\/cobaye-cavia-nature\/"},"modified":"2024-05-13T10:02:31","modified_gmt":"2024-05-13T08:02:31","slug":"cobaye-cavia-nature","status":"publish","type":"product","link":"https:\/\/www.vetorino.com\/veterinaire\/prunelli-di-fiumorbo-20243\/boutique\/product\/cobaye-cavia-nature\/","title":{"rendered":"Cobaye Cavia Nature"},"content":{"rendered":"<p>La nourriture\u00a0<b>Versele Laga Cavia Nature pour cobayes<\/b>\u00a0est un aliment complet r\u00e9pondant aux besoins alimentaires de tous les cochons d&#8217;Inde adultes. Ce m\u00e9lange haut de gamme d&#8217;ingr\u00e9dients naturels contient tous les nutriments, vitamines, min\u00e9raux et acides amin\u00e9s n\u00e9cessaires \u00e0 votre animal domestique pour lui assurer une vie sans souci, en bonne sant\u00e9 et d\u00e9bordante de vitalit\u00e9.<br \/>\nSa formule\u00a0contient un suppl\u00e9ment de fibres, d&#8217;herbes, de l\u00e9gumes, de fruits et de compl\u00e9ments b\u00e9n\u00e9fiques pour la sant\u00e9 : assurer une excellente digestion, participer \u00e0 une bonne hygi\u00e8ne bucco-dentaire, un poil brillant et une sant\u00e9 pleine de vitalit\u00e9 !<\/p>\n<p>&#8211; aliment complet pour cochon d&#8217;Inde<br \/>\n&#8211; sans c\u00e9r\u00e9ales<br \/>\n&#8211; apport de vitamines et de min\u00e9raux gr\u00e2ce \u00e0 la pr\u00e9sence de l\u00e9gumes<br \/>\n&#8211; m\u00e9lange vari\u00e9 et riche en fibres<br \/>\n&#8211; avec de la vitamine C essentielle pour une r\u00e9sistance accrue et une condition optimale<br \/>\n&#8211; grande diversit\u00e9 des ingr\u00e9dients garantit un niveau \u00e9lev\u00e9 d&#8217;app\u00e9tence et de consommation<br \/>\n&#8211; favorise la bonne usure des dents<br \/>\n&#8211; participe au plein de vitalit\u00e9 pour votre animal<\/p>\n<p>Laisser de l&#8217;eau propre \u00e0 disposition et \u00e0 renouveler r\u00e9guli\u00e8rement.<br \/>\nToujours donner du foin pour une dose suppl\u00e9mentaire de fibres.<br \/>\nUn cochon d&#8217;Inde adulte moyen n\u00e9cessite entre 40 \u00e0 55g par jour.<\/p>\n","protected":false},"excerpt":{"rendered":"<p>La nourriture\u00a0<b>Versele Laga Cavia Nature pour cobayes<\/b>\u00a0est un aliment complet r\u00e9pondant aux besoins alimentaires de tous les cochons d&#8217;Inde adultes. Ce m\u00e9lange haut de gamme d&#8217;ingr\u00e9dients naturels contient tous les nutriments, vitamines, min\u00e9raux et acides amin\u00e9s n\u00e9cessaires \u00e0 votre animal domestique pour lui assurer une vie sans souci, en bonne sant\u00e9 et d\u00e9bordante de vitalit\u00e9.<\/p>\n","protected":false},"featured_media":917952,"template":"","meta":[],"product_cat":[12580,6891,2727,12570],"product_tag":[],"class_list":{"0":"post-32912","1":"product","2":"type-product","3":"status-publish","4":"has-post-thumbnail","6":"product_cat-alimentation-du-rongeur","7":"product_cat-cobayes","8":"product_cat-nac","9":"product_cat-rongeur","10":"pa_marque-versele-laga","12":"first","13":"instock","14":"taxable","15":"shipping-taxable","16":"purchasable","17":"product-type-variable"},"yoast_head":"<!-- This site is optimized with the Yoast SEO plugin v27.3 - https:\/\/yoast.com\/product\/yoast-seo-wordpress\/ -->\n<title>Cobaye Cavia Nature Versele Laga - V\u00e9torino<\/title>\n<meta name=\"description\" content=\"La nourriture\u00a0Versele Laga Cavia Nature pour cobayes\u00a0est un aliment complet r\u00e9pondant aux besoins alimentaires de tous les cochons d&#039;Inde adultes. Ce m\u00e9lange haut de gamme d&#039;ingr\u00e9dients naturels contient tous les nutriments, vitamines, min\u00e9raux et acides amin\u00e9s n\u00e9cessaires \u00e0 votre animal domestique pour lui assurer une vie sans souci, en bonne sant\u00e9 et d\u00e9bordante de vitalit\u00e9.\" \/>\n<meta name=\"robots\" content=\"noindex, nofollow\" \/>\n<meta property=\"og:locale\" content=\"fr_FR\" \/>\n<meta property=\"og:type\" content=\"article\" \/>\n<meta property=\"og:title\" content=\"Cobaye Cavia Nature Versele Laga - V\u00e9torino\" \/>\n<meta property=\"og:description\" content=\"La nourriture\u00a0Versele Laga Cavia Nature pour cobayes\u00a0est un aliment complet r\u00e9pondant aux besoins alimentaires de tous les cochons d&#039;Inde adultes. Ce m\u00e9lange haut de gamme d&#039;ingr\u00e9dients naturels contient tous les nutriments, vitamines, min\u00e9raux et acides amin\u00e9s n\u00e9cessaires \u00e0 votre animal domestique pour lui assurer une vie sans souci, en bonne sant\u00e9 et d\u00e9bordante de vitalit\u00e9.\" \/>\n<meta property=\"og:url\" content=\"https:\/\/www.vetorino.com\/veterinaire\/prunelli-di-fiumorbo-20243\/boutique\/product\/cobaye-cavia-nature\/\" \/>\n<meta property=\"og:site_name\" content=\"V\u00e9torino\" \/>\n<meta property=\"article:publisher\" content=\"https:\/\/www.facebook.com\/Vetorino\/\" \/>\n<meta property=\"article:modified_time\" content=\"2024-05-13T08:02:31+00:00\" \/>\n<meta property=\"og:image\" content=\"https:\/\/www.vetorino.com\/boutique\/wp-content\/uploads\/2020\/10\/536195.jpg\" \/>\n\t<meta property=\"og:image:width\" content=\"760\" \/>\n\t<meta property=\"og:image:height\" content=\"760\" \/>\n\t<meta property=\"og:image:type\" content=\"image\/jpeg\" \/>\n<meta name=\"twitter:card\" content=\"summary_large_image\" \/>\n<meta name=\"twitter:label1\" content=\"Disponibilit\u00e9\" \/>\n\t<meta name=\"twitter:data1\" content=\"En stock\" \/>\n<script type=\"application\/ld+json\" class=\"yoast-schema-graph\">{\"@context\":\"https:\\\/\\\/schema.org\",\"@graph\":[{\"@type\":\"WebPage\",\"@id\":\"https:\\\/\\\/www.vetorino.com\\\/boutique\\\/product\\\/cobaye-cavia-nature\\\/\",\"url\":\"https:\\\/\\\/www.vetorino.com\\\/boutique\\\/product\\\/cobaye-cavia-nature\\\/\",\"name\":\"Cobaye Cavia Nature Versele Laga - V\u00e9torino\",\"isPartOf\":{\"@id\":\"https:\\\/\\\/www.vetorino.com\\\/boutique\\\/#website\"},\"primaryImageOfPage\":{\"@id\":\"https:\\\/\\\/www.vetorino.com\\\/boutique\\\/product\\\/cobaye-cavia-nature\\\/#primaryimage\"},\"image\":{\"@id\":\"https:\\\/\\\/www.vetorino.com\\\/boutique\\\/product\\\/cobaye-cavia-nature\\\/#primaryimage\"},\"thumbnailUrl\":\"https:\\\/\\\/www.vetorino.com\\\/boutique\\\/wp-content\\\/uploads\\\/2020\\\/10\\\/536195.jpg\",\"datePublished\":\"2020-03-04T20:51:17+00:00\",\"dateModified\":\"2024-05-13T08:02:31+00:00\",\"description\":\"La nourriture\u00a0Versele Laga Cavia Nature pour cobayes\u00a0est un aliment complet r\u00e9pondant aux besoins alimentaires de tous les cochons d'Inde adultes. Ce m\u00e9lange haut de gamme d'ingr\u00e9dients naturels contient tous les nutriments, vitamines, min\u00e9raux et acides amin\u00e9s n\u00e9cessaires \u00e0 votre animal domestique pour lui assurer une vie sans souci, en bonne sant\u00e9 et d\u00e9bordante de vitalit\u00e9.\",\"breadcrumb\":{\"@id\":\"https:\\\/\\\/www.vetorino.com\\\/boutique\\\/product\\\/cobaye-cavia-nature\\\/#breadcrumb\"},\"inLanguage\":\"fr-FR\",\"potentialAction\":[{\"@type\":\"ReadAction\",\"target\":[\"https:\\\/\\\/www.vetorino.com\\\/boutique\\\/product\\\/cobaye-cavia-nature\\\/\"]}]},{\"@type\":\"ImageObject\",\"inLanguage\":\"fr-FR\",\"@id\":\"https:\\\/\\\/www.vetorino.com\\\/boutique\\\/product\\\/cobaye-cavia-nature\\\/#primaryimage\",\"url\":\"https:\\\/\\\/www.vetorino.com\\\/boutique\\\/wp-content\\\/uploads\\\/2020\\\/10\\\/536195.jpg\",\"contentUrl\":\"https:\\\/\\\/www.vetorino.com\\\/boutique\\\/wp-content\\\/uploads\\\/2020\\\/10\\\/536195.jpg\",\"width\":760,\"height\":760},{\"@type\":\"BreadcrumbList\",\"@id\":\"https:\\\/\\\/www.vetorino.com\\\/boutique\\\/product\\\/cobaye-cavia-nature\\\/#breadcrumb\",\"itemListElement\":[{\"@type\":\"ListItem\",\"position\":1,\"name\":\"Accueil\",\"item\":\"https:\\\/\\\/www.vetorino.com\\\/boutique\\\/\"},{\"@type\":\"ListItem\",\"position\":2,\"name\":\"Produits\",\"item\":\"https:\\\/\\\/www.vetorino.com\\\/boutique\\\/\"},{\"@type\":\"ListItem\",\"position\":3,\"name\":\"Cobaye Cavia Nature\"}]},{\"@type\":\"WebSite\",\"@id\":\"https:\\\/\\\/www.vetorino.com\\\/boutique\\\/#website\",\"url\":\"https:\\\/\\\/www.vetorino.com\\\/boutique\\\/\",\"name\":\"V\u00e9torino\",\"description\":\"\",\"publisher\":{\"@id\":\"https:\\\/\\\/www.vetorino.com\\\/boutique\\\/#organization\"},\"potentialAction\":[{\"@type\":\"SearchAction\",\"target\":{\"@type\":\"EntryPoint\",\"urlTemplate\":\"https:\\\/\\\/www.vetorino.com\\\/boutique\\\/?s={search_term_string}\"},\"query-input\":{\"@type\":\"PropertyValueSpecification\",\"valueRequired\":true,\"valueName\":\"search_term_string\"}}],\"inLanguage\":\"fr-FR\"},{\"@type\":\"Organization\",\"@id\":\"https:\\\/\\\/www.vetorino.com\\\/boutique\\\/#organization\",\"name\":\"V\u00e9torino\",\"url\":\"https:\\\/\\\/www.vetorino.com\\\/boutique\\\/\",\"logo\":{\"@type\":\"ImageObject\",\"inLanguage\":\"fr-FR\",\"@id\":\"https:\\\/\\\/www.vetorino.com\\\/boutique\\\/#\\\/schema\\\/logo\\\/image\\\/\",\"url\":\"https:\\\/\\\/www.vetorino.com\\\/boutique\\\/wp-content\\\/uploads\\\/2024\\\/10\\\/logo.jpg\",\"contentUrl\":\"https:\\\/\\\/www.vetorino.com\\\/boutique\\\/wp-content\\\/uploads\\\/2024\\\/10\\\/logo.jpg\",\"width\":1200,\"height\":610,\"caption\":\"V\u00e9torino\"},\"image\":{\"@id\":\"https:\\\/\\\/www.vetorino.com\\\/boutique\\\/#\\\/schema\\\/logo\\\/image\\\/\"},\"sameAs\":[\"https:\\\/\\\/www.facebook.com\\\/Vetorino\\\/\",\"https:\\\/\\\/www.instagram.com\\\/vetorino_off\\\/\",\"https:\\\/\\\/www.linkedin.com\\\/company\\\/vtorino\\\/\"]}]}<\/script>\n<meta property=\"product:brand\" content=\"Versele Laga\" \/>\n<meta property=\"og:availability\" content=\"instock\" \/>\n<meta property=\"product:availability\" content=\"instock\" \/>\n<meta property=\"product:condition\" content=\"new\" \/>\n<!-- \/ Yoast SEO plugin. -->","yoast_head_json":{"title":"Cobaye Cavia Nature Versele Laga - V\u00e9torino","description":"La nourriture\u00a0Versele Laga Cavia Nature pour cobayes\u00a0est un aliment complet r\u00e9pondant aux besoins alimentaires de tous les cochons d'Inde adultes. Ce m\u00e9lange haut de gamme d'ingr\u00e9dients naturels contient tous les nutriments, vitamines, min\u00e9raux et acides amin\u00e9s n\u00e9cessaires \u00e0 votre animal domestique pour lui assurer une vie sans souci, en bonne sant\u00e9 et d\u00e9bordante de vitalit\u00e9.","robots":{"index":"noindex","follow":"nofollow"},"og_locale":"fr_FR","og_type":"article","og_title":"Cobaye Cavia Nature Versele Laga - V\u00e9torino","og_description":"La nourriture\u00a0Versele Laga Cavia Nature pour cobayes\u00a0est un aliment complet r\u00e9pondant aux besoins alimentaires de tous les cochons d'Inde adultes. Ce m\u00e9lange haut de gamme d'ingr\u00e9dients naturels contient tous les nutriments, vitamines, min\u00e9raux et acides amin\u00e9s n\u00e9cessaires \u00e0 votre animal domestique pour lui assurer une vie sans souci, en bonne sant\u00e9 et d\u00e9bordante de vitalit\u00e9.","og_url":"https:\/\/www.vetorino.com\/veterinaire\/prunelli-di-fiumorbo-20243\/boutique\/product\/cobaye-cavia-nature\/","og_site_name":"V\u00e9torino","article_publisher":"https:\/\/www.facebook.com\/Vetorino\/","article_modified_time":"2024-05-13T08:02:31+00:00","og_image":[{"width":760,"height":760,"url":"https:\/\/www.vetorino.com\/boutique\/wp-content\/uploads\/2020\/10\/536195.jpg","type":"image\/jpeg"}],"twitter_card":"summary_large_image","twitter_misc":{"Disponibilit\u00e9":"En stock"},"schema":{"@context":"https:\/\/schema.org","@graph":[{"@type":"WebPage","@id":"https:\/\/www.vetorino.com\/boutique\/product\/cobaye-cavia-nature\/","url":"https:\/\/www.vetorino.com\/boutique\/product\/cobaye-cavia-nature\/","name":"Cobaye Cavia Nature Versele Laga - V\u00e9torino","isPartOf":{"@id":"https:\/\/www.vetorino.com\/boutique\/#website"},"primaryImageOfPage":{"@id":"https:\/\/www.vetorino.com\/boutique\/product\/cobaye-cavia-nature\/#primaryimage"},"image":{"@id":"https:\/\/www.vetorino.com\/boutique\/product\/cobaye-cavia-nature\/#primaryimage"},"thumbnailUrl":"https:\/\/www.vetorino.com\/boutique\/wp-content\/uploads\/2020\/10\/536195.jpg","datePublished":"2020-03-04T20:51:17+00:00","dateModified":"2024-05-13T08:02:31+00:00","description":"La nourriture\u00a0Versele Laga Cavia Nature pour cobayes\u00a0est un aliment complet r\u00e9pondant aux besoins alimentaires de tous les cochons d'Inde adultes. Ce m\u00e9lange haut de gamme d'ingr\u00e9dients naturels contient tous les nutriments, vitamines, min\u00e9raux et acides amin\u00e9s n\u00e9cessaires \u00e0 votre animal domestique pour lui assurer une vie sans souci, en bonne sant\u00e9 et d\u00e9bordante de vitalit\u00e9.","breadcrumb":{"@id":"https:\/\/www.vetorino.com\/boutique\/product\/cobaye-cavia-nature\/#breadcrumb"},"inLanguage":"fr-FR","potentialAction":[{"@type":"ReadAction","target":["https:\/\/www.vetorino.com\/boutique\/product\/cobaye-cavia-nature\/"]}]},{"@type":"ImageObject","inLanguage":"fr-FR","@id":"https:\/\/www.vetorino.com\/boutique\/product\/cobaye-cavia-nature\/#primaryimage","url":"https:\/\/www.vetorino.com\/boutique\/wp-content\/uploads\/2020\/10\/536195.jpg","contentUrl":"https:\/\/www.vetorino.com\/boutique\/wp-content\/uploads\/2020\/10\/536195.jpg","width":760,"height":760},{"@type":"BreadcrumbList","@id":"https:\/\/www.vetorino.com\/boutique\/product\/cobaye-cavia-nature\/#breadcrumb","itemListElement":[{"@type":"ListItem","position":1,"name":"Accueil","item":"https:\/\/www.vetorino.com\/boutique\/"},{"@type":"ListItem","position":2,"name":"Produits","item":"https:\/\/www.vetorino.com\/boutique\/"},{"@type":"ListItem","position":3,"name":"Cobaye Cavia Nature"}]},{"@type":"WebSite","@id":"https:\/\/www.vetorino.com\/boutique\/#website","url":"https:\/\/www.vetorino.com\/boutique\/","name":"V\u00e9torino","description":"","publisher":{"@id":"https:\/\/www.vetorino.com\/boutique\/#organization"},"potentialAction":[{"@type":"SearchAction","target":{"@type":"EntryPoint","urlTemplate":"https:\/\/www.vetorino.com\/boutique\/?s={search_term_string}"},"query-input":{"@type":"PropertyValueSpecification","valueRequired":true,"valueName":"search_term_string"}}],"inLanguage":"fr-FR"},{"@type":"Organization","@id":"https:\/\/www.vetorino.com\/boutique\/#organization","name":"V\u00e9torino","url":"https:\/\/www.vetorino.com\/boutique\/","logo":{"@type":"ImageObject","inLanguage":"fr-FR","@id":"https:\/\/www.vetorino.com\/boutique\/#\/schema\/logo\/image\/","url":"https:\/\/www.vetorino.com\/boutique\/wp-content\/uploads\/2024\/10\/logo.jpg","contentUrl":"https:\/\/www.vetorino.com\/boutique\/wp-content\/uploads\/2024\/10\/logo.jpg","width":1200,"height":610,"caption":"V\u00e9torino"},"image":{"@id":"https:\/\/www.vetorino.com\/boutique\/#\/schema\/logo\/image\/"},"sameAs":["https:\/\/www.facebook.com\/Vetorino\/","https:\/\/www.instagram.com\/vetorino_off\/","https:\/\/www.linkedin.com\/company\/vtorino\/"]}]},"product_brand":"Versele Laga","og_availability":"instock","product_availability":"instock","product_condition":"new"},"_links":{"self":[{"href":"https:\/\/www.vetorino.com\/veterinaire\/prunelli-di-fiumorbo-20243\/boutique\/wp-json\/wp\/v2\/product\/32912","targetHints":{"allow":["GET"]}}],"collection":[{"href":"https:\/\/www.vetorino.com\/veterinaire\/prunelli-di-fiumorbo-20243\/boutique\/wp-json\/wp\/v2\/product"}],"about":[{"href":"https:\/\/www.vetorino.com\/veterinaire\/prunelli-di-fiumorbo-20243\/boutique\/wp-json\/wp\/v2\/types\/product"}],"wp:featuredmedia":[{"embeddable":true,"href":"https:\/\/www.vetorino.com\/veterinaire\/prunelli-di-fiumorbo-20243\/boutique\/wp-json\/wp\/v2\/media\/917952"}],"wp:attachment":[{"href":"https:\/\/www.vetorino.com\/veterinaire\/prunelli-di-fiumorbo-20243\/boutique\/wp-json\/wp\/v2\/media?parent=32912"}],"wp:term":[{"taxonomy":"product_cat","embeddable":true,"href":"https:\/\/www.vetorino.com\/veterinaire\/prunelli-di-fiumorbo-20243\/boutique\/wp-json\/wp\/v2\/product_cat?post=32912"},{"taxonomy":"product_tag","embeddable":true,"href":"https:\/\/www.vetorino.com\/veterinaire\/prunelli-di-fiumorbo-20243\/boutique\/wp-json\/wp\/v2\/product_tag?post=32912"}],"curies":[{"name":"wp","href":"https:\/\/api.w.org\/{rel}","templated":true}]}}