{"id":33519,"date":"2020-03-04T21:57:11","date_gmt":"2020-03-04T20:57:11","guid":{"rendered":"https:\/\/www.vetorino.com\/boutique\/product\/rampe-pliable\/"},"modified":"2024-07-08T17:40:17","modified_gmt":"2024-07-08T15:40:17","slug":"rampe-pliable","status":"publish","type":"product","link":"https:\/\/www.vetorino.com\/veterinaire\/prunelli-di-fiumorbo-20243\/boutique\/product\/rampe-pliable\/","title":{"rendered":"Rampe d&#8217;acc\u00e8s pliable pour chien"},"content":{"rendered":"<p>La <strong>rampe d&#8217;acc\u00e8s Trixie <\/strong>permettra \u00e0 votre chien de monter et descendre dans le coffre du v\u00e9hicule sans que vous soyez oblig\u00e9 de le porter, pliable elle\u00a0se range sans\u00a0probl\u00e8me\u00a0dans le coffre du v\u00e9hicule.<\/p>\n<ul>\n<li>Plastique<\/li>\n<li>Rails de s\u00e9curit\u00e9 lat\u00e9raux recouverts anti-d\u00e9rapants<\/li>\n<li>Prot\u00e8ge les coussinets des chiens<\/li>\n<li>Tr\u00e8s recommand\u00e9e en cas d&#8217;arthrose et d&#8217;arthrite<\/li>\n<li>Peut \u00eatre utilis\u00e9e pr\u00e9ventivement<\/li>\n<li>Pliable<\/li>\n<li>Poids de la rampe : 4,5 kg<\/li>\n<li>Facile \u00e0 nettoyer<\/li>\n<li>Peut soutenir jusqu&#8217;a 90kg<\/li>\n<\/ul>\n","protected":false},"excerpt":{"rendered":"<p>La <strong>rampe d&#8217;acc\u00e8s Trixie <\/strong>permettra \u00e0 votre chien de monter et descendre dans le coffre du v\u00e9hicule sans que vous soyez oblig\u00e9 de le porter, pliable elle\u00a0se range sans\u00a0probl\u00e8me\u00a0dans le coffre du v\u00e9hicule.<\/p>\n","protected":false},"featured_media":968511,"template":"","meta":[],"product_cat":[12550,2776,2698],"product_tag":[],"class_list":{"0":"post-33519","1":"product","2":"type-product","3":"status-publish","4":"has-post-thumbnail","6":"product_cat-accessoires-du-chien","7":"product_cat-cages-et-transport-pour-chien","8":"product_cat-chien","9":"pa_marque-trixie","11":"first","12":"outofstock","13":"taxable","14":"shipping-taxable","15":"purchasable","16":"product-type-simple"},"yoast_head":"<!-- This site is optimized with the Yoast SEO plugin v27.3 - https:\/\/yoast.com\/product\/yoast-seo-wordpress\/ -->\n<title>Rampe d&#039;acc\u00e8s pliable pour chien Trixie - V\u00e9torino<\/title>\n<meta name=\"description\" content=\"La rampe d&#039;acc\u00e8s Trixie permettra \u00e0 votre chien de monter et descendre dans le coffre du v\u00e9hicule sans que vous soyez oblig\u00e9 de le porter, pliable elle\u00a0se range sans\u00a0probl\u00e8me\u00a0dans le coffre du v\u00e9hicule.\" \/>\n<meta name=\"robots\" content=\"noindex, nofollow\" \/>\n<meta property=\"og:locale\" content=\"fr_FR\" \/>\n<meta property=\"og:type\" content=\"article\" \/>\n<meta property=\"og:title\" content=\"Rampe d&#039;acc\u00e8s pliable pour chien Trixie - V\u00e9torino\" \/>\n<meta property=\"og:description\" content=\"La rampe d&#039;acc\u00e8s Trixie permettra \u00e0 votre chien de monter et descendre dans le coffre du v\u00e9hicule sans que vous soyez oblig\u00e9 de le porter, pliable elle\u00a0se range sans\u00a0probl\u00e8me\u00a0dans le coffre du v\u00e9hicule.\" \/>\n<meta property=\"og:url\" content=\"https:\/\/www.vetorino.com\/veterinaire\/prunelli-di-fiumorbo-20243\/boutique\/product\/rampe-pliable\/\" \/>\n<meta property=\"og:site_name\" content=\"V\u00e9torino\" \/>\n<meta property=\"article:publisher\" content=\"https:\/\/www.facebook.com\/Vetorino\/\" \/>\n<meta property=\"article:modified_time\" content=\"2024-07-08T15:40:17+00:00\" \/>\n<meta property=\"og:image\" content=\"https:\/\/www.vetorino.com\/boutique\/wp-content\/uploads\/2020\/03\/trop-gros-rampe-d-acces-pliable-pour-chien-trixie.jpg\" \/>\n\t<meta property=\"og:image:width\" content=\"800\" \/>\n\t<meta property=\"og:image:height\" content=\"800\" \/>\n\t<meta property=\"og:image:type\" content=\"image\/jpeg\" \/>\n<meta name=\"twitter:card\" content=\"summary_large_image\" \/>\n<meta name=\"twitter:label1\" content=\"Prix\" \/>\n\t<meta name=\"twitter:data1\" content=\"61,81&euro;\" \/>\n\t<meta name=\"twitter:label2\" content=\"Disponibilit\u00e9\" \/>\n\t<meta name=\"twitter:data2\" content=\"Rupture de stock\" \/>\n<script type=\"application\/ld+json\" class=\"yoast-schema-graph\">{\"@context\":\"https:\\\/\\\/schema.org\",\"@graph\":[{\"@type\":\"WebPage\",\"@id\":\"https:\\\/\\\/www.vetorino.com\\\/boutique\\\/product\\\/rampe-pliable\\\/\",\"url\":\"https:\\\/\\\/www.vetorino.com\\\/boutique\\\/product\\\/rampe-pliable\\\/\",\"name\":\"Rampe d'acc\u00e8s pliable pour chien Trixie - V\u00e9torino\",\"isPartOf\":{\"@id\":\"https:\\\/\\\/www.vetorino.com\\\/boutique\\\/#website\"},\"primaryImageOfPage\":{\"@id\":\"https:\\\/\\\/www.vetorino.com\\\/boutique\\\/product\\\/rampe-pliable\\\/#primaryimage\"},\"image\":{\"@id\":\"https:\\\/\\\/www.vetorino.com\\\/boutique\\\/product\\\/rampe-pliable\\\/#primaryimage\"},\"thumbnailUrl\":\"https:\\\/\\\/www.vetorino.com\\\/boutique\\\/wp-content\\\/uploads\\\/2020\\\/03\\\/trop-gros-rampe-d-acces-pliable-pour-chien-trixie.jpg\",\"datePublished\":\"2020-03-04T20:57:11+00:00\",\"dateModified\":\"2024-07-08T15:40:17+00:00\",\"description\":\"La rampe d'acc\u00e8s Trixie permettra \u00e0 votre chien de monter et descendre dans le coffre du v\u00e9hicule sans que vous soyez oblig\u00e9 de le porter, pliable elle\u00a0se range sans\u00a0probl\u00e8me\u00a0dans le coffre du v\u00e9hicule.\",\"breadcrumb\":{\"@id\":\"https:\\\/\\\/www.vetorino.com\\\/boutique\\\/product\\\/rampe-pliable\\\/#breadcrumb\"},\"inLanguage\":\"fr-FR\",\"potentialAction\":[{\"@type\":\"ReadAction\",\"target\":[\"https:\\\/\\\/www.vetorino.com\\\/boutique\\\/product\\\/rampe-pliable\\\/\"]}]},{\"@type\":\"ImageObject\",\"inLanguage\":\"fr-FR\",\"@id\":\"https:\\\/\\\/www.vetorino.com\\\/boutique\\\/product\\\/rampe-pliable\\\/#primaryimage\",\"url\":\"https:\\\/\\\/www.vetorino.com\\\/boutique\\\/wp-content\\\/uploads\\\/2020\\\/03\\\/trop-gros-rampe-d-acces-pliable-pour-chien-trixie.jpg\",\"contentUrl\":\"https:\\\/\\\/www.vetorino.com\\\/boutique\\\/wp-content\\\/uploads\\\/2020\\\/03\\\/trop-gros-rampe-d-acces-pliable-pour-chien-trixie.jpg\",\"width\":800,\"height\":800},{\"@type\":\"BreadcrumbList\",\"@id\":\"https:\\\/\\\/www.vetorino.com\\\/boutique\\\/product\\\/rampe-pliable\\\/#breadcrumb\",\"itemListElement\":[{\"@type\":\"ListItem\",\"position\":1,\"name\":\"Accueil\",\"item\":\"https:\\\/\\\/www.vetorino.com\\\/boutique\\\/\"},{\"@type\":\"ListItem\",\"position\":2,\"name\":\"Produits\",\"item\":\"https:\\\/\\\/www.vetorino.com\\\/boutique\\\/\"},{\"@type\":\"ListItem\",\"position\":3,\"name\":\"Rampe d&#8217;acc\u00e8s pliable pour chien\"}]},{\"@type\":\"WebSite\",\"@id\":\"https:\\\/\\\/www.vetorino.com\\\/boutique\\\/#website\",\"url\":\"https:\\\/\\\/www.vetorino.com\\\/boutique\\\/\",\"name\":\"V\u00e9torino\",\"description\":\"\",\"publisher\":{\"@id\":\"https:\\\/\\\/www.vetorino.com\\\/boutique\\\/#organization\"},\"potentialAction\":[{\"@type\":\"SearchAction\",\"target\":{\"@type\":\"EntryPoint\",\"urlTemplate\":\"https:\\\/\\\/www.vetorino.com\\\/boutique\\\/?s={search_term_string}\"},\"query-input\":{\"@type\":\"PropertyValueSpecification\",\"valueRequired\":true,\"valueName\":\"search_term_string\"}}],\"inLanguage\":\"fr-FR\"},{\"@type\":\"Organization\",\"@id\":\"https:\\\/\\\/www.vetorino.com\\\/boutique\\\/#organization\",\"name\":\"V\u00e9torino\",\"url\":\"https:\\\/\\\/www.vetorino.com\\\/boutique\\\/\",\"logo\":{\"@type\":\"ImageObject\",\"inLanguage\":\"fr-FR\",\"@id\":\"https:\\\/\\\/www.vetorino.com\\\/boutique\\\/#\\\/schema\\\/logo\\\/image\\\/\",\"url\":\"https:\\\/\\\/www.vetorino.com\\\/boutique\\\/wp-content\\\/uploads\\\/2024\\\/10\\\/logo.jpg\",\"contentUrl\":\"https:\\\/\\\/www.vetorino.com\\\/boutique\\\/wp-content\\\/uploads\\\/2024\\\/10\\\/logo.jpg\",\"width\":1200,\"height\":610,\"caption\":\"V\u00e9torino\"},\"image\":{\"@id\":\"https:\\\/\\\/www.vetorino.com\\\/boutique\\\/#\\\/schema\\\/logo\\\/image\\\/\"},\"sameAs\":[\"https:\\\/\\\/www.facebook.com\\\/Vetorino\\\/\",\"https:\\\/\\\/www.instagram.com\\\/vetorino_off\\\/\",\"https:\\\/\\\/www.linkedin.com\\\/company\\\/vtorino\\\/\"]}]}<\/script>\n<meta property=\"product:brand\" content=\"Trixie\" \/>\n<meta property=\"product:price:amount\" content=\"61.81\" \/>\n<meta property=\"product:price:currency\" content=\"EUR\" \/>\n<meta property=\"og:availability\" content=\"out of stock\" \/>\n<meta property=\"product:availability\" content=\"out of stock\" \/>\n<meta property=\"product:retailer_item_id\" content=\"A-1028410\" \/>\n<meta property=\"product:condition\" content=\"new\" \/>\n<!-- \/ Yoast SEO plugin. -->","yoast_head_json":{"title":"Rampe d'acc\u00e8s pliable pour chien Trixie - V\u00e9torino","description":"La rampe d'acc\u00e8s Trixie permettra \u00e0 votre chien de monter et descendre dans le coffre du v\u00e9hicule sans que vous soyez oblig\u00e9 de le porter, pliable elle\u00a0se range sans\u00a0probl\u00e8me\u00a0dans le coffre du v\u00e9hicule.","robots":{"index":"noindex","follow":"nofollow"},"og_locale":"fr_FR","og_type":"article","og_title":"Rampe d'acc\u00e8s pliable pour chien Trixie - V\u00e9torino","og_description":"La rampe d'acc\u00e8s Trixie permettra \u00e0 votre chien de monter et descendre dans le coffre du v\u00e9hicule sans que vous soyez oblig\u00e9 de le porter, pliable elle\u00a0se range sans\u00a0probl\u00e8me\u00a0dans le coffre du v\u00e9hicule.","og_url":"https:\/\/www.vetorino.com\/veterinaire\/prunelli-di-fiumorbo-20243\/boutique\/product\/rampe-pliable\/","og_site_name":"V\u00e9torino","article_publisher":"https:\/\/www.facebook.com\/Vetorino\/","article_modified_time":"2024-07-08T15:40:17+00:00","og_image":[{"width":800,"height":800,"url":"https:\/\/www.vetorino.com\/boutique\/wp-content\/uploads\/2020\/03\/trop-gros-rampe-d-acces-pliable-pour-chien-trixie.jpg","type":"image\/jpeg"}],"twitter_card":"summary_large_image","twitter_misc":{"Prix":"61,81&euro;","Disponibilit\u00e9":"Rupture de stock"},"schema":{"@context":"https:\/\/schema.org","@graph":[{"@type":"WebPage","@id":"https:\/\/www.vetorino.com\/boutique\/product\/rampe-pliable\/","url":"https:\/\/www.vetorino.com\/boutique\/product\/rampe-pliable\/","name":"Rampe d'acc\u00e8s pliable pour chien Trixie - V\u00e9torino","isPartOf":{"@id":"https:\/\/www.vetorino.com\/boutique\/#website"},"primaryImageOfPage":{"@id":"https:\/\/www.vetorino.com\/boutique\/product\/rampe-pliable\/#primaryimage"},"image":{"@id":"https:\/\/www.vetorino.com\/boutique\/product\/rampe-pliable\/#primaryimage"},"thumbnailUrl":"https:\/\/www.vetorino.com\/boutique\/wp-content\/uploads\/2020\/03\/trop-gros-rampe-d-acces-pliable-pour-chien-trixie.jpg","datePublished":"2020-03-04T20:57:11+00:00","dateModified":"2024-07-08T15:40:17+00:00","description":"La rampe d'acc\u00e8s Trixie permettra \u00e0 votre chien de monter et descendre dans le coffre du v\u00e9hicule sans que vous soyez oblig\u00e9 de le porter, pliable elle\u00a0se range sans\u00a0probl\u00e8me\u00a0dans le coffre du v\u00e9hicule.","breadcrumb":{"@id":"https:\/\/www.vetorino.com\/boutique\/product\/rampe-pliable\/#breadcrumb"},"inLanguage":"fr-FR","potentialAction":[{"@type":"ReadAction","target":["https:\/\/www.vetorino.com\/boutique\/product\/rampe-pliable\/"]}]},{"@type":"ImageObject","inLanguage":"fr-FR","@id":"https:\/\/www.vetorino.com\/boutique\/product\/rampe-pliable\/#primaryimage","url":"https:\/\/www.vetorino.com\/boutique\/wp-content\/uploads\/2020\/03\/trop-gros-rampe-d-acces-pliable-pour-chien-trixie.jpg","contentUrl":"https:\/\/www.vetorino.com\/boutique\/wp-content\/uploads\/2020\/03\/trop-gros-rampe-d-acces-pliable-pour-chien-trixie.jpg","width":800,"height":800},{"@type":"BreadcrumbList","@id":"https:\/\/www.vetorino.com\/boutique\/product\/rampe-pliable\/#breadcrumb","itemListElement":[{"@type":"ListItem","position":1,"name":"Accueil","item":"https:\/\/www.vetorino.com\/boutique\/"},{"@type":"ListItem","position":2,"name":"Produits","item":"https:\/\/www.vetorino.com\/boutique\/"},{"@type":"ListItem","position":3,"name":"Rampe d&#8217;acc\u00e8s pliable pour chien"}]},{"@type":"WebSite","@id":"https:\/\/www.vetorino.com\/boutique\/#website","url":"https:\/\/www.vetorino.com\/boutique\/","name":"V\u00e9torino","description":"","publisher":{"@id":"https:\/\/www.vetorino.com\/boutique\/#organization"},"potentialAction":[{"@type":"SearchAction","target":{"@type":"EntryPoint","urlTemplate":"https:\/\/www.vetorino.com\/boutique\/?s={search_term_string}"},"query-input":{"@type":"PropertyValueSpecification","valueRequired":true,"valueName":"search_term_string"}}],"inLanguage":"fr-FR"},{"@type":"Organization","@id":"https:\/\/www.vetorino.com\/boutique\/#organization","name":"V\u00e9torino","url":"https:\/\/www.vetorino.com\/boutique\/","logo":{"@type":"ImageObject","inLanguage":"fr-FR","@id":"https:\/\/www.vetorino.com\/boutique\/#\/schema\/logo\/image\/","url":"https:\/\/www.vetorino.com\/boutique\/wp-content\/uploads\/2024\/10\/logo.jpg","contentUrl":"https:\/\/www.vetorino.com\/boutique\/wp-content\/uploads\/2024\/10\/logo.jpg","width":1200,"height":610,"caption":"V\u00e9torino"},"image":{"@id":"https:\/\/www.vetorino.com\/boutique\/#\/schema\/logo\/image\/"},"sameAs":["https:\/\/www.facebook.com\/Vetorino\/","https:\/\/www.instagram.com\/vetorino_off\/","https:\/\/www.linkedin.com\/company\/vtorino\/"]}]},"product_brand":"Trixie","product_price_amount":"61.81","product_price_currency":"EUR","og_availability":"out of stock","product_availability":"out of stock","product_retailer_item_id":"A-1028410","product_condition":"new"},"_links":{"self":[{"href":"https:\/\/www.vetorino.com\/veterinaire\/prunelli-di-fiumorbo-20243\/boutique\/wp-json\/wp\/v2\/product\/33519","targetHints":{"allow":["GET"]}}],"collection":[{"href":"https:\/\/www.vetorino.com\/veterinaire\/prunelli-di-fiumorbo-20243\/boutique\/wp-json\/wp\/v2\/product"}],"about":[{"href":"https:\/\/www.vetorino.com\/veterinaire\/prunelli-di-fiumorbo-20243\/boutique\/wp-json\/wp\/v2\/types\/product"}],"wp:featuredmedia":[{"embeddable":true,"href":"https:\/\/www.vetorino.com\/veterinaire\/prunelli-di-fiumorbo-20243\/boutique\/wp-json\/wp\/v2\/media\/968511"}],"wp:attachment":[{"href":"https:\/\/www.vetorino.com\/veterinaire\/prunelli-di-fiumorbo-20243\/boutique\/wp-json\/wp\/v2\/media?parent=33519"}],"wp:term":[{"taxonomy":"product_cat","embeddable":true,"href":"https:\/\/www.vetorino.com\/veterinaire\/prunelli-di-fiumorbo-20243\/boutique\/wp-json\/wp\/v2\/product_cat?post=33519"},{"taxonomy":"product_tag","embeddable":true,"href":"https:\/\/www.vetorino.com\/veterinaire\/prunelli-di-fiumorbo-20243\/boutique\/wp-json\/wp\/v2\/product_tag?post=33519"}],"curies":[{"name":"wp","href":"https:\/\/api.w.org\/{rel}","templated":true}]}}