{"id":34291,"date":"2020-03-04T22:01:54","date_gmt":"2020-03-04T21:01:54","guid":{"rendered":"https:\/\/www.vetorino.com\/boutique\/product\/specific-chat-fow-hy-food-allergen-management\/"},"modified":"2025-08-20T17:27:51","modified_gmt":"2025-08-20T15:27:51","slug":"specific-chat-fow-hy-food-allergen-management","status":"publish","type":"product","link":"https:\/\/www.vetorino.com\/veterinaire\/prunelli-di-fiumorbo-20243\/boutique\/product\/specific-chat-fow-hy-food-allergen-management\/","title":{"rendered":"FOW-HY Allergen Management Plus &#8211; chat"},"content":{"rendered":"<p><span id=\"ctl00_MasterBody_txtCaract\">Les terrines SPECIFIC\u2122 FOW-HY Allergen Management Plus sont <strong>adapt\u00e9es aux chats souffrant d\u2019allergies multiple<\/strong>s (alimentaires et environnementales (pollen, acariens, puces, &#8230;). Elles ont \u00e9t\u00e9 <strong>sp\u00e9cialement formul\u00e9es par des v\u00e9t\u00e9rinaires. <\/strong><\/span><\/p>\n<p><span id=\"ctl00_MasterBody_txtCaract\">Ses ingr\u00e9dients s\u00e9lectionn\u00e9s avec soin r\u00e9duisent le risque d\u2019allergies alimentaires. Les terrines SPECIFIC\u2122 FOW-HY contiennent des nutriments qui participent au<strong> renforcement de la barri\u00e8re cutan\u00e9e<\/strong>, prot\u00e9geant ainsi des allerg\u00e8nes environnementaux. <\/span><\/p>\n<p><strong><span id=\"ctl00_MasterBody_txtCaract\">Les sympt\u00f4mes des allergies sont soulag\u00e9s par la teneur exceptionnellement \u00e9lev\u00e9e en Om\u00e9ga-3 issus du poisson qui participent \u00e0 r\u00e9duire l\u2019inflammation dont souffre votre animal.<\/span><\/strong><\/p>\n<p><strong>Utilisation:<br \/>\n<\/strong><\/p>\n<ul>\n<li>Chaton et chat adulte<\/li>\n<li>Probl\u00e8mes de peau et\/ou d&#8217;intol\u00e9rances alimentaires<\/li>\n<\/ul>\n<p><strong>Bienfaits essentiels:<\/strong><\/p>\n<ul>\n<li>Limite les allergies alimentaires gr\u00e2ce aux prot\u00e9ines de saumon hydrolys\u00e9es hautement digestibles et faiblement allerg\u00e8nes.<\/li>\n<li>Contrinue \u00e0 r\u00e9duire les r\u00e9actions inflammatoires li\u00e9s aux allerg\u00e8nes environnementaux gr\u00e2ce aux teneurs exceptionnellement \u00e9lev\u00e9es en Om\u00e9ga-3 EPA et DHA.<\/li>\n<li>Renforce la peau et le pelage par sa richesse en Om\u00e9ga-6 GLA issus d\u2019huile de bourrache.<\/li>\n<li>Des ingr\u00e9dients soigneusement s\u00e9lectionn\u00e9s et hautement digestibles pour une meilleure digestion.<\/li>\n<\/ul>\n<p><strong>Cet aliment est destin\u00e9 \u00e0 la prise en charge nutritionnelle d\u2019une maladie. Pour la sant\u00e9 de votre chat, il est recommand\u00e9 de consulter votre v\u00e9t\u00e9rinaire et de respecter scrupuleusement ses recommandations nutritionnelles.<\/strong><\/p>\n","protected":false},"excerpt":{"rendered":"<p><strong>Aliment di\u00e9t\u00e9tique complet sp\u00e9cialement formul\u00e9 pour les chats souffrant d&#8217;allergies multiples \u00e0 la fois alimentaire et environnementales (pollen, acariens, puces,\u2026)<\/strong><span id=\"ctl00_MasterBody_txtCaract\"><\/span><\/p>\n<p><strong>Utilisation:<br \/>\n<\/strong><\/p>\n<ul>\n<li>Chaton et chat adulte<\/li>\n<li>Probl\u00e8mes de peau et\/ou d&#8217;intol\u00e9rances alimentaires<\/li>\n<\/ul>\n<p><strong><br \/>\nCet aliment est destin\u00e9 \u00e0 la prise en charge nutritionnelle d\u2019une maladie. Il est recommand\u00e9 de consulter votre v\u00e9t\u00e9rinaire.<\/strong><\/p>\n","protected":false},"featured_media":1450700,"template":"","meta":[],"product_cat":[12551,12581,2697],"product_tag":[],"class_list":{"0":"post-34291","1":"product","2":"type-product","3":"status-publish","4":"has-post-thumbnail","6":"product_cat-alimentation-du-chat","7":"product_cat-alimentation-medicalisee-pour-chat","8":"product_cat-chat","9":"pa_marque-specific","11":"first","12":"instock","13":"taxable","14":"shipping-taxable","15":"purchasable","16":"product-type-simple"},"yoast_head":"<!-- This site is optimized with the Yoast SEO plugin v27.3 - https:\/\/yoast.com\/product\/yoast-seo-wordpress\/ -->\n<title>FOW-HY Allergen Management Plus - chat Specific - V\u00e9torino<\/title>\n<meta name=\"description\" content=\"Aliment di\u00e9t\u00e9tique complet sp\u00e9cialement formul\u00e9 pour les chats souffrant d&#039;allergies multiples \u00e0 la fois alimentaire et environnementales (pollen, acariens, puces,\u2026)  Utilisation:    Chaton et chat adulte  Probl\u00e8mes de peau et\/ou d&#039;intol\u00e9rances alimentaires   Cet aliment est destin\u00e9 \u00e0 la prise en charge nutritionnelle d\u2019une maladie. Il est recommand\u00e9 de consulter votre v\u00e9t\u00e9rinaire.\" \/>\n<meta name=\"robots\" content=\"noindex, nofollow\" \/>\n<meta property=\"og:locale\" content=\"fr_FR\" \/>\n<meta property=\"og:type\" content=\"article\" \/>\n<meta property=\"og:title\" content=\"FOW-HY Allergen Management Plus - chat Specific - V\u00e9torino\" \/>\n<meta property=\"og:description\" content=\"Aliment di\u00e9t\u00e9tique complet sp\u00e9cialement formul\u00e9 pour les chats souffrant d&#039;allergies multiples \u00e0 la fois alimentaire et environnementales (pollen, acariens, puces,\u2026)  Utilisation:    Chaton et chat adulte  Probl\u00e8mes de peau et\/ou d&#039;intol\u00e9rances alimentaires   Cet aliment est destin\u00e9 \u00e0 la prise en charge nutritionnelle d\u2019une maladie. Il est recommand\u00e9 de consulter votre v\u00e9t\u00e9rinaire.\" \/>\n<meta property=\"og:url\" content=\"https:\/\/www.vetorino.com\/veterinaire\/prunelli-di-fiumorbo-20243\/boutique\/product\/specific-chat-fow-hy-food-allergen-management\/\" \/>\n<meta property=\"og:site_name\" content=\"V\u00e9torino\" \/>\n<meta property=\"article:publisher\" content=\"https:\/\/www.facebook.com\/Vetorino\/\" \/>\n<meta property=\"article:modified_time\" content=\"2025-08-20T15:27:51+00:00\" \/>\n<meta property=\"og:image\" content=\"https:\/\/www.vetorino.com\/boutique\/wp-content\/uploads\/2020\/03\/chat-fow-hy-allergy-management-plus-1.webp\" \/>\n\t<meta property=\"og:image:width\" content=\"800\" \/>\n\t<meta property=\"og:image:height\" content=\"800\" \/>\n\t<meta property=\"og:image:type\" content=\"image\/webp\" \/>\n<meta name=\"twitter:card\" content=\"summary_large_image\" \/>\n<meta name=\"twitter:label1\" content=\"Prix\" \/>\n\t<meta name=\"twitter:data1\" content=\"12,56&euro;\" \/>\n\t<meta name=\"twitter:label2\" content=\"Disponibilit\u00e9\" \/>\n\t<meta name=\"twitter:data2\" content=\"En stock\" \/>\n<script type=\"application\/ld+json\" class=\"yoast-schema-graph\">{\"@context\":\"https:\\\/\\\/schema.org\",\"@graph\":[{\"@type\":\"WebPage\",\"@id\":\"https:\\\/\\\/www.vetorino.com\\\/boutique\\\/product\\\/specific-chat-fow-hy-food-allergen-management\\\/\",\"url\":\"https:\\\/\\\/www.vetorino.com\\\/boutique\\\/product\\\/specific-chat-fow-hy-food-allergen-management\\\/\",\"name\":\"FOW-HY Allergen Management Plus - chat Specific - V\u00e9torino\",\"isPartOf\":{\"@id\":\"https:\\\/\\\/www.vetorino.com\\\/boutique\\\/#website\"},\"primaryImageOfPage\":{\"@id\":\"https:\\\/\\\/www.vetorino.com\\\/boutique\\\/product\\\/specific-chat-fow-hy-food-allergen-management\\\/#primaryimage\"},\"image\":{\"@id\":\"https:\\\/\\\/www.vetorino.com\\\/boutique\\\/product\\\/specific-chat-fow-hy-food-allergen-management\\\/#primaryimage\"},\"thumbnailUrl\":\"https:\\\/\\\/www.vetorino.com\\\/boutique\\\/wp-content\\\/uploads\\\/2020\\\/03\\\/chat-fow-hy-allergy-management-plus-1.webp\",\"datePublished\":\"2020-03-04T21:01:54+00:00\",\"dateModified\":\"2025-08-20T15:27:51+00:00\",\"description\":\"Aliment di\u00e9t\u00e9tique complet sp\u00e9cialement formul\u00e9 pour les chats souffrant d'allergies multiples \u00e0 la fois alimentaire et environnementales (pollen, acariens, puces,\u2026) Utilisation: Chaton et chat adulte Probl\u00e8mes de peau et\\\/ou d'intol\u00e9rances alimentaires Cet aliment est destin\u00e9 \u00e0 la prise en charge nutritionnelle d\u2019une maladie. Il est recommand\u00e9 de consulter votre v\u00e9t\u00e9rinaire.\",\"breadcrumb\":{\"@id\":\"https:\\\/\\\/www.vetorino.com\\\/boutique\\\/product\\\/specific-chat-fow-hy-food-allergen-management\\\/#breadcrumb\"},\"inLanguage\":\"fr-FR\",\"potentialAction\":[{\"@type\":\"ReadAction\",\"target\":[\"https:\\\/\\\/www.vetorino.com\\\/boutique\\\/product\\\/specific-chat-fow-hy-food-allergen-management\\\/\"]}]},{\"@type\":\"ImageObject\",\"inLanguage\":\"fr-FR\",\"@id\":\"https:\\\/\\\/www.vetorino.com\\\/boutique\\\/product\\\/specific-chat-fow-hy-food-allergen-management\\\/#primaryimage\",\"url\":\"https:\\\/\\\/www.vetorino.com\\\/boutique\\\/wp-content\\\/uploads\\\/2020\\\/03\\\/chat-fow-hy-allergy-management-plus-1.webp\",\"contentUrl\":\"https:\\\/\\\/www.vetorino.com\\\/boutique\\\/wp-content\\\/uploads\\\/2020\\\/03\\\/chat-fow-hy-allergy-management-plus-1.webp\",\"width\":800,\"height\":800},{\"@type\":\"BreadcrumbList\",\"@id\":\"https:\\\/\\\/www.vetorino.com\\\/boutique\\\/product\\\/specific-chat-fow-hy-food-allergen-management\\\/#breadcrumb\",\"itemListElement\":[{\"@type\":\"ListItem\",\"position\":1,\"name\":\"Accueil\",\"item\":\"https:\\\/\\\/www.vetorino.com\\\/boutique\\\/\"},{\"@type\":\"ListItem\",\"position\":2,\"name\":\"Produits\",\"item\":\"https:\\\/\\\/www.vetorino.com\\\/boutique\\\/\"},{\"@type\":\"ListItem\",\"position\":3,\"name\":\"FOW-HY Allergen Management Plus &#8211; chat\"}]},{\"@type\":\"WebSite\",\"@id\":\"https:\\\/\\\/www.vetorino.com\\\/boutique\\\/#website\",\"url\":\"https:\\\/\\\/www.vetorino.com\\\/boutique\\\/\",\"name\":\"V\u00e9torino\",\"description\":\"\",\"publisher\":{\"@id\":\"https:\\\/\\\/www.vetorino.com\\\/boutique\\\/#organization\"},\"potentialAction\":[{\"@type\":\"SearchAction\",\"target\":{\"@type\":\"EntryPoint\",\"urlTemplate\":\"https:\\\/\\\/www.vetorino.com\\\/boutique\\\/?s={search_term_string}\"},\"query-input\":{\"@type\":\"PropertyValueSpecification\",\"valueRequired\":true,\"valueName\":\"search_term_string\"}}],\"inLanguage\":\"fr-FR\"},{\"@type\":\"Organization\",\"@id\":\"https:\\\/\\\/www.vetorino.com\\\/boutique\\\/#organization\",\"name\":\"V\u00e9torino\",\"url\":\"https:\\\/\\\/www.vetorino.com\\\/boutique\\\/\",\"logo\":{\"@type\":\"ImageObject\",\"inLanguage\":\"fr-FR\",\"@id\":\"https:\\\/\\\/www.vetorino.com\\\/boutique\\\/#\\\/schema\\\/logo\\\/image\\\/\",\"url\":\"https:\\\/\\\/www.vetorino.com\\\/boutique\\\/wp-content\\\/uploads\\\/2024\\\/10\\\/logo.jpg\",\"contentUrl\":\"https:\\\/\\\/www.vetorino.com\\\/boutique\\\/wp-content\\\/uploads\\\/2024\\\/10\\\/logo.jpg\",\"width\":1200,\"height\":610,\"caption\":\"V\u00e9torino\"},\"image\":{\"@id\":\"https:\\\/\\\/www.vetorino.com\\\/boutique\\\/#\\\/schema\\\/logo\\\/image\\\/\"},\"sameAs\":[\"https:\\\/\\\/www.facebook.com\\\/Vetorino\\\/\",\"https:\\\/\\\/www.instagram.com\\\/vetorino_off\\\/\",\"https:\\\/\\\/www.linkedin.com\\\/company\\\/vtorino\\\/\"]}]}<\/script>\n<meta property=\"product:brand\" content=\"Specific\" \/>\n<meta property=\"product:price:amount\" content=\"12.56\" \/>\n<meta property=\"product:price:currency\" content=\"EUR\" \/>\n<meta property=\"og:availability\" content=\"instock\" \/>\n<meta property=\"product:availability\" content=\"instock\" \/>\n<meta property=\"product:retailer_item_id\" content=\"A-1828840\" \/>\n<meta property=\"product:condition\" content=\"new\" \/>\n<!-- \/ Yoast SEO plugin. -->","yoast_head_json":{"title":"FOW-HY Allergen Management Plus - chat Specific - V\u00e9torino","description":"Aliment di\u00e9t\u00e9tique complet sp\u00e9cialement formul\u00e9 pour les chats souffrant d'allergies multiples \u00e0 la fois alimentaire et environnementales (pollen, acariens, puces,\u2026)  Utilisation:    Chaton et chat adulte  Probl\u00e8mes de peau et\/ou d'intol\u00e9rances alimentaires   Cet aliment est destin\u00e9 \u00e0 la prise en charge nutritionnelle d\u2019une maladie. Il est recommand\u00e9 de consulter votre v\u00e9t\u00e9rinaire.","robots":{"index":"noindex","follow":"nofollow"},"og_locale":"fr_FR","og_type":"article","og_title":"FOW-HY Allergen Management Plus - chat Specific - V\u00e9torino","og_description":"Aliment di\u00e9t\u00e9tique complet sp\u00e9cialement formul\u00e9 pour les chats souffrant d'allergies multiples \u00e0 la fois alimentaire et environnementales (pollen, acariens, puces,\u2026)  Utilisation:    Chaton et chat adulte  Probl\u00e8mes de peau et\/ou d'intol\u00e9rances alimentaires   Cet aliment est destin\u00e9 \u00e0 la prise en charge nutritionnelle d\u2019une maladie. Il est recommand\u00e9 de consulter votre v\u00e9t\u00e9rinaire.","og_url":"https:\/\/www.vetorino.com\/veterinaire\/prunelli-di-fiumorbo-20243\/boutique\/product\/specific-chat-fow-hy-food-allergen-management\/","og_site_name":"V\u00e9torino","article_publisher":"https:\/\/www.facebook.com\/Vetorino\/","article_modified_time":"2025-08-20T15:27:51+00:00","og_image":[{"width":800,"height":800,"url":"https:\/\/www.vetorino.com\/boutique\/wp-content\/uploads\/2020\/03\/chat-fow-hy-allergy-management-plus-1.webp","type":"image\/webp"}],"twitter_card":"summary_large_image","twitter_misc":{"Prix":"12,56&euro;","Disponibilit\u00e9":"En stock"},"schema":{"@context":"https:\/\/schema.org","@graph":[{"@type":"WebPage","@id":"https:\/\/www.vetorino.com\/boutique\/product\/specific-chat-fow-hy-food-allergen-management\/","url":"https:\/\/www.vetorino.com\/boutique\/product\/specific-chat-fow-hy-food-allergen-management\/","name":"FOW-HY Allergen Management Plus - chat Specific - V\u00e9torino","isPartOf":{"@id":"https:\/\/www.vetorino.com\/boutique\/#website"},"primaryImageOfPage":{"@id":"https:\/\/www.vetorino.com\/boutique\/product\/specific-chat-fow-hy-food-allergen-management\/#primaryimage"},"image":{"@id":"https:\/\/www.vetorino.com\/boutique\/product\/specific-chat-fow-hy-food-allergen-management\/#primaryimage"},"thumbnailUrl":"https:\/\/www.vetorino.com\/boutique\/wp-content\/uploads\/2020\/03\/chat-fow-hy-allergy-management-plus-1.webp","datePublished":"2020-03-04T21:01:54+00:00","dateModified":"2025-08-20T15:27:51+00:00","description":"Aliment di\u00e9t\u00e9tique complet sp\u00e9cialement formul\u00e9 pour les chats souffrant d'allergies multiples \u00e0 la fois alimentaire et environnementales (pollen, acariens, puces,\u2026) Utilisation: Chaton et chat adulte Probl\u00e8mes de peau et\/ou d'intol\u00e9rances alimentaires Cet aliment est destin\u00e9 \u00e0 la prise en charge nutritionnelle d\u2019une maladie. Il est recommand\u00e9 de consulter votre v\u00e9t\u00e9rinaire.","breadcrumb":{"@id":"https:\/\/www.vetorino.com\/boutique\/product\/specific-chat-fow-hy-food-allergen-management\/#breadcrumb"},"inLanguage":"fr-FR","potentialAction":[{"@type":"ReadAction","target":["https:\/\/www.vetorino.com\/boutique\/product\/specific-chat-fow-hy-food-allergen-management\/"]}]},{"@type":"ImageObject","inLanguage":"fr-FR","@id":"https:\/\/www.vetorino.com\/boutique\/product\/specific-chat-fow-hy-food-allergen-management\/#primaryimage","url":"https:\/\/www.vetorino.com\/boutique\/wp-content\/uploads\/2020\/03\/chat-fow-hy-allergy-management-plus-1.webp","contentUrl":"https:\/\/www.vetorino.com\/boutique\/wp-content\/uploads\/2020\/03\/chat-fow-hy-allergy-management-plus-1.webp","width":800,"height":800},{"@type":"BreadcrumbList","@id":"https:\/\/www.vetorino.com\/boutique\/product\/specific-chat-fow-hy-food-allergen-management\/#breadcrumb","itemListElement":[{"@type":"ListItem","position":1,"name":"Accueil","item":"https:\/\/www.vetorino.com\/boutique\/"},{"@type":"ListItem","position":2,"name":"Produits","item":"https:\/\/www.vetorino.com\/boutique\/"},{"@type":"ListItem","position":3,"name":"FOW-HY Allergen Management Plus &#8211; chat"}]},{"@type":"WebSite","@id":"https:\/\/www.vetorino.com\/boutique\/#website","url":"https:\/\/www.vetorino.com\/boutique\/","name":"V\u00e9torino","description":"","publisher":{"@id":"https:\/\/www.vetorino.com\/boutique\/#organization"},"potentialAction":[{"@type":"SearchAction","target":{"@type":"EntryPoint","urlTemplate":"https:\/\/www.vetorino.com\/boutique\/?s={search_term_string}"},"query-input":{"@type":"PropertyValueSpecification","valueRequired":true,"valueName":"search_term_string"}}],"inLanguage":"fr-FR"},{"@type":"Organization","@id":"https:\/\/www.vetorino.com\/boutique\/#organization","name":"V\u00e9torino","url":"https:\/\/www.vetorino.com\/boutique\/","logo":{"@type":"ImageObject","inLanguage":"fr-FR","@id":"https:\/\/www.vetorino.com\/boutique\/#\/schema\/logo\/image\/","url":"https:\/\/www.vetorino.com\/boutique\/wp-content\/uploads\/2024\/10\/logo.jpg","contentUrl":"https:\/\/www.vetorino.com\/boutique\/wp-content\/uploads\/2024\/10\/logo.jpg","width":1200,"height":610,"caption":"V\u00e9torino"},"image":{"@id":"https:\/\/www.vetorino.com\/boutique\/#\/schema\/logo\/image\/"},"sameAs":["https:\/\/www.facebook.com\/Vetorino\/","https:\/\/www.instagram.com\/vetorino_off\/","https:\/\/www.linkedin.com\/company\/vtorino\/"]}]},"product_brand":"Specific","product_price_amount":"12.56","product_price_currency":"EUR","og_availability":"instock","product_availability":"instock","product_retailer_item_id":"A-1828840","product_condition":"new"},"_links":{"self":[{"href":"https:\/\/www.vetorino.com\/veterinaire\/prunelli-di-fiumorbo-20243\/boutique\/wp-json\/wp\/v2\/product\/34291","targetHints":{"allow":["GET"]}}],"collection":[{"href":"https:\/\/www.vetorino.com\/veterinaire\/prunelli-di-fiumorbo-20243\/boutique\/wp-json\/wp\/v2\/product"}],"about":[{"href":"https:\/\/www.vetorino.com\/veterinaire\/prunelli-di-fiumorbo-20243\/boutique\/wp-json\/wp\/v2\/types\/product"}],"wp:featuredmedia":[{"embeddable":true,"href":"https:\/\/www.vetorino.com\/veterinaire\/prunelli-di-fiumorbo-20243\/boutique\/wp-json\/wp\/v2\/media\/1450700"}],"wp:attachment":[{"href":"https:\/\/www.vetorino.com\/veterinaire\/prunelli-di-fiumorbo-20243\/boutique\/wp-json\/wp\/v2\/media?parent=34291"}],"wp:term":[{"taxonomy":"product_cat","embeddable":true,"href":"https:\/\/www.vetorino.com\/veterinaire\/prunelli-di-fiumorbo-20243\/boutique\/wp-json\/wp\/v2\/product_cat?post=34291"},{"taxonomy":"product_tag","embeddable":true,"href":"https:\/\/www.vetorino.com\/veterinaire\/prunelli-di-fiumorbo-20243\/boutique\/wp-json\/wp\/v2\/product_tag?post=34291"}],"curies":[{"name":"wp","href":"https:\/\/api.w.org\/{rel}","templated":true}]}}