{"id":34342,"date":"2020-03-04T22:02:01","date_gmt":"2020-03-04T21:02:01","guid":{"rendered":"https:\/\/www.vetorino.com\/boutique\/product\/catmalt\/"},"modified":"2025-12-10T12:02:25","modified_gmt":"2025-12-10T11:02:25","slug":"catmalt","status":"publish","type":"product","link":"https:\/\/www.vetorino.com\/veterinaire\/prunelli-di-fiumorbo-20243\/boutique\/product\/catmalt\/","title":{"rendered":"CATMALT Chat"},"content":{"rendered":"<div class=\"hidden\">\n<p><strong>Catmalt est un compl\u00e9ment d&#8217;aide \u00e0 la digestion favorisant l&#8217;\u00e9limination des boules de poils chez le chat.<\/strong><\/p>\n<p><strong>Utilisation :<\/strong><\/p>\n<ul>\n<li>Facilite l&#8217;\u00e9limination des boules de poils chez le chat<strong><br \/>\n<\/strong><\/li>\n<\/ul>\n<p><strong>Mode d&#8217;emploi :<\/strong><\/p>\n<ul>\n<li>Administrer 2 \u00e0 3 cm de CATMALT\u00ae 2 fois par jour pendant 3 jours, m\u00e9lang\u00e9s \u00e0 l&#8217;aliment, directement dans la gueule de l&#8217;animal ou sur ses pattes pour qu&#8217;il le l\u00e8che.<\/li>\n<li>Renouveler l&#8217;op\u00e9ration chaque fois que n\u00e9cessaire.<\/li>\n<\/ul>\n<p><strong>Avantages :<\/strong><\/p>\n<ul>\n<li>Se pr\u00e9sente sous forme de p\u00e2te et contient un ar\u00f4me pour plus d&#8217;app\u00e9tence.<\/li>\n<li>Facilite le transit des boules de poils accumul\u00e9es dans l&#8217;estomac et pr\u00e9vient ainsi les probl\u00e8mes de constipation ou de r\u00e9gurgitation.<\/li>\n<\/ul>\n<\/div>\n","protected":false},"excerpt":{"rendered":"<p><strong>Catmalt est un compl\u00e9ment d&#8217;aide \u00e0 la digestion favorisant l&#8217;\u00e9limination des boules de poils chez le chat.<\/strong><\/p>\n<p><strong>Avantages :<\/strong><\/p>\n<ul>\n<li>Se pr\u00e9sente sous forme de p\u00e2te et contient un ar\u00f4me pour plus d&#8217;app\u00e9tence.<\/li>\n<li>Facilite le transit des boules de poils accumul\u00e9es dans l&#8217;estomac et pr\u00e9vient ainsi les probl\u00e8mes de constipation ou de r\u00e9gurgitation.<\/li>\n<\/ul>\n","protected":false},"featured_media":1047102,"template":"","meta":[],"product_cat":[12551,2730,2697,12567,12635],"product_tag":[],"class_list":{"0":"post-34342","1":"product","2":"type-product","3":"status-publish","4":"has-post-thumbnail","6":"product_cat-alimentation-du-chat","7":"product_cat-aliments-complementaires-pour-chat","8":"product_cat-chat","9":"product_cat-produit-veterinaire-du-chat","10":"product_cat-systeme-digestif-du-chat","11":"pa_marque-dechra","13":"first","14":"instock","15":"taxable","16":"shipping-taxable","17":"purchasable","18":"product-type-simple"},"yoast_head":"<!-- This site is optimized with the Yoast SEO plugin v27.3 - https:\/\/yoast.com\/product\/yoast-seo-wordpress\/ -->\n<title>CATMALT Chat Dechra - V\u00e9torino<\/title>\n<meta name=\"description\" content=\"Catmalt est un compl\u00e9ment d&#039;aide \u00e0 la digestion favorisant l&#039;\u00e9limination des boules de poils chez le chat.  Avantages :   Se pr\u00e9sente sous forme de p\u00e2te et contient un ar\u00f4me pour plus d&#039;app\u00e9tence.  Facilite le transit des boules de poils accumul\u00e9es dans l&#039;estomac et pr\u00e9vient ainsi les probl\u00e8mes de constipation ou de r\u00e9gurgitation.\" \/>\n<meta name=\"robots\" content=\"noindex, nofollow\" \/>\n<meta property=\"og:locale\" content=\"fr_FR\" \/>\n<meta property=\"og:type\" content=\"article\" \/>\n<meta property=\"og:title\" content=\"CATMALT Chat Dechra - V\u00e9torino\" \/>\n<meta property=\"og:description\" content=\"Catmalt est un compl\u00e9ment d&#039;aide \u00e0 la digestion favorisant l&#039;\u00e9limination des boules de poils chez le chat.  Avantages :   Se pr\u00e9sente sous forme de p\u00e2te et contient un ar\u00f4me pour plus d&#039;app\u00e9tence.  Facilite le transit des boules de poils accumul\u00e9es dans l&#039;estomac et pr\u00e9vient ainsi les probl\u00e8mes de constipation ou de r\u00e9gurgitation.\" \/>\n<meta property=\"og:url\" content=\"https:\/\/www.vetorino.com\/veterinaire\/prunelli-di-fiumorbo-20243\/boutique\/product\/catmalt\/\" \/>\n<meta property=\"og:site_name\" content=\"V\u00e9torino\" \/>\n<meta property=\"article:publisher\" content=\"https:\/\/www.facebook.com\/Vetorino\/\" \/>\n<meta property=\"article:modified_time\" content=\"2025-12-10T11:02:25+00:00\" \/>\n<meta property=\"og:image\" content=\"https:\/\/www.vetorino.com\/boutique\/wp-content\/uploads\/2020\/03\/catmalt.webp\" \/>\n\t<meta property=\"og:image:width\" content=\"800\" \/>\n\t<meta property=\"og:image:height\" content=\"800\" \/>\n\t<meta property=\"og:image:type\" content=\"image\/webp\" \/>\n<meta name=\"twitter:card\" content=\"summary_large_image\" \/>\n<meta name=\"twitter:label1\" content=\"Prix\" \/>\n\t<meta name=\"twitter:data1\" content=\"10,94&euro;\" \/>\n\t<meta name=\"twitter:label2\" content=\"Disponibilit\u00e9\" \/>\n\t<meta name=\"twitter:data2\" content=\"En stock\" \/>\n<script type=\"application\/ld+json\" class=\"yoast-schema-graph\">{\"@context\":\"https:\\\/\\\/schema.org\",\"@graph\":[{\"@type\":\"WebPage\",\"@id\":\"https:\\\/\\\/www.vetorino.com\\\/boutique\\\/product\\\/catmalt\\\/\",\"url\":\"https:\\\/\\\/www.vetorino.com\\\/boutique\\\/product\\\/catmalt\\\/\",\"name\":\"CATMALT Chat Dechra - V\u00e9torino\",\"isPartOf\":{\"@id\":\"https:\\\/\\\/www.vetorino.com\\\/boutique\\\/#website\"},\"primaryImageOfPage\":{\"@id\":\"https:\\\/\\\/www.vetorino.com\\\/boutique\\\/product\\\/catmalt\\\/#primaryimage\"},\"image\":{\"@id\":\"https:\\\/\\\/www.vetorino.com\\\/boutique\\\/product\\\/catmalt\\\/#primaryimage\"},\"thumbnailUrl\":\"https:\\\/\\\/www.vetorino.com\\\/boutique\\\/wp-content\\\/uploads\\\/2020\\\/03\\\/catmalt.webp\",\"datePublished\":\"2020-03-04T21:02:01+00:00\",\"dateModified\":\"2025-12-10T11:02:25+00:00\",\"description\":\"Catmalt est un compl\u00e9ment d'aide \u00e0 la digestion favorisant l'\u00e9limination des boules de poils chez le chat. Avantages : Se pr\u00e9sente sous forme de p\u00e2te et contient un ar\u00f4me pour plus d'app\u00e9tence. Facilite le transit des boules de poils accumul\u00e9es dans l'estomac et pr\u00e9vient ainsi les probl\u00e8mes de constipation ou de r\u00e9gurgitation.\",\"breadcrumb\":{\"@id\":\"https:\\\/\\\/www.vetorino.com\\\/boutique\\\/product\\\/catmalt\\\/#breadcrumb\"},\"inLanguage\":\"fr-FR\",\"potentialAction\":[{\"@type\":\"ReadAction\",\"target\":[\"https:\\\/\\\/www.vetorino.com\\\/boutique\\\/product\\\/catmalt\\\/\"]}]},{\"@type\":\"ImageObject\",\"inLanguage\":\"fr-FR\",\"@id\":\"https:\\\/\\\/www.vetorino.com\\\/boutique\\\/product\\\/catmalt\\\/#primaryimage\",\"url\":\"https:\\\/\\\/www.vetorino.com\\\/boutique\\\/wp-content\\\/uploads\\\/2020\\\/03\\\/catmalt.webp\",\"contentUrl\":\"https:\\\/\\\/www.vetorino.com\\\/boutique\\\/wp-content\\\/uploads\\\/2020\\\/03\\\/catmalt.webp\",\"width\":800,\"height\":800},{\"@type\":\"BreadcrumbList\",\"@id\":\"https:\\\/\\\/www.vetorino.com\\\/boutique\\\/product\\\/catmalt\\\/#breadcrumb\",\"itemListElement\":[{\"@type\":\"ListItem\",\"position\":1,\"name\":\"Accueil\",\"item\":\"https:\\\/\\\/www.vetorino.com\\\/boutique\\\/\"},{\"@type\":\"ListItem\",\"position\":2,\"name\":\"Produits\",\"item\":\"https:\\\/\\\/www.vetorino.com\\\/boutique\\\/\"},{\"@type\":\"ListItem\",\"position\":3,\"name\":\"CATMALT Chat\"}]},{\"@type\":\"WebSite\",\"@id\":\"https:\\\/\\\/www.vetorino.com\\\/boutique\\\/#website\",\"url\":\"https:\\\/\\\/www.vetorino.com\\\/boutique\\\/\",\"name\":\"V\u00e9torino\",\"description\":\"\",\"publisher\":{\"@id\":\"https:\\\/\\\/www.vetorino.com\\\/boutique\\\/#organization\"},\"potentialAction\":[{\"@type\":\"SearchAction\",\"target\":{\"@type\":\"EntryPoint\",\"urlTemplate\":\"https:\\\/\\\/www.vetorino.com\\\/boutique\\\/?s={search_term_string}\"},\"query-input\":{\"@type\":\"PropertyValueSpecification\",\"valueRequired\":true,\"valueName\":\"search_term_string\"}}],\"inLanguage\":\"fr-FR\"},{\"@type\":\"Organization\",\"@id\":\"https:\\\/\\\/www.vetorino.com\\\/boutique\\\/#organization\",\"name\":\"V\u00e9torino\",\"url\":\"https:\\\/\\\/www.vetorino.com\\\/boutique\\\/\",\"logo\":{\"@type\":\"ImageObject\",\"inLanguage\":\"fr-FR\",\"@id\":\"https:\\\/\\\/www.vetorino.com\\\/boutique\\\/#\\\/schema\\\/logo\\\/image\\\/\",\"url\":\"https:\\\/\\\/www.vetorino.com\\\/boutique\\\/wp-content\\\/uploads\\\/2024\\\/10\\\/logo.jpg\",\"contentUrl\":\"https:\\\/\\\/www.vetorino.com\\\/boutique\\\/wp-content\\\/uploads\\\/2024\\\/10\\\/logo.jpg\",\"width\":1200,\"height\":610,\"caption\":\"V\u00e9torino\"},\"image\":{\"@id\":\"https:\\\/\\\/www.vetorino.com\\\/boutique\\\/#\\\/schema\\\/logo\\\/image\\\/\"},\"sameAs\":[\"https:\\\/\\\/www.facebook.com\\\/Vetorino\\\/\",\"https:\\\/\\\/www.instagram.com\\\/vetorino_off\\\/\",\"https:\\\/\\\/www.linkedin.com\\\/company\\\/vtorino\\\/\"]}]}<\/script>\n<meta property=\"product:brand\" content=\"Dechra\" \/>\n<meta property=\"product:price:amount\" content=\"10.94\" \/>\n<meta property=\"product:price:currency\" content=\"EUR\" \/>\n<meta property=\"og:availability\" content=\"instock\" \/>\n<meta property=\"product:availability\" content=\"instock\" \/>\n<meta property=\"product:retailer_item_id\" content=\"A-1835580\" \/>\n<meta property=\"product:condition\" content=\"new\" \/>\n<!-- \/ Yoast SEO plugin. -->","yoast_head_json":{"title":"CATMALT Chat Dechra - V\u00e9torino","description":"Catmalt est un compl\u00e9ment d'aide \u00e0 la digestion favorisant l'\u00e9limination des boules de poils chez le chat.  Avantages :   Se pr\u00e9sente sous forme de p\u00e2te et contient un ar\u00f4me pour plus d'app\u00e9tence.  Facilite le transit des boules de poils accumul\u00e9es dans l'estomac et pr\u00e9vient ainsi les probl\u00e8mes de constipation ou de r\u00e9gurgitation.","robots":{"index":"noindex","follow":"nofollow"},"og_locale":"fr_FR","og_type":"article","og_title":"CATMALT Chat Dechra - V\u00e9torino","og_description":"Catmalt est un compl\u00e9ment d'aide \u00e0 la digestion favorisant l'\u00e9limination des boules de poils chez le chat.  Avantages :   Se pr\u00e9sente sous forme de p\u00e2te et contient un ar\u00f4me pour plus d'app\u00e9tence.  Facilite le transit des boules de poils accumul\u00e9es dans l'estomac et pr\u00e9vient ainsi les probl\u00e8mes de constipation ou de r\u00e9gurgitation.","og_url":"https:\/\/www.vetorino.com\/veterinaire\/prunelli-di-fiumorbo-20243\/boutique\/product\/catmalt\/","og_site_name":"V\u00e9torino","article_publisher":"https:\/\/www.facebook.com\/Vetorino\/","article_modified_time":"2025-12-10T11:02:25+00:00","og_image":[{"width":800,"height":800,"url":"https:\/\/www.vetorino.com\/boutique\/wp-content\/uploads\/2020\/03\/catmalt.webp","type":"image\/webp"}],"twitter_card":"summary_large_image","twitter_misc":{"Prix":"10,94&euro;","Disponibilit\u00e9":"En stock"},"schema":{"@context":"https:\/\/schema.org","@graph":[{"@type":"WebPage","@id":"https:\/\/www.vetorino.com\/boutique\/product\/catmalt\/","url":"https:\/\/www.vetorino.com\/boutique\/product\/catmalt\/","name":"CATMALT Chat Dechra - V\u00e9torino","isPartOf":{"@id":"https:\/\/www.vetorino.com\/boutique\/#website"},"primaryImageOfPage":{"@id":"https:\/\/www.vetorino.com\/boutique\/product\/catmalt\/#primaryimage"},"image":{"@id":"https:\/\/www.vetorino.com\/boutique\/product\/catmalt\/#primaryimage"},"thumbnailUrl":"https:\/\/www.vetorino.com\/boutique\/wp-content\/uploads\/2020\/03\/catmalt.webp","datePublished":"2020-03-04T21:02:01+00:00","dateModified":"2025-12-10T11:02:25+00:00","description":"Catmalt est un compl\u00e9ment d'aide \u00e0 la digestion favorisant l'\u00e9limination des boules de poils chez le chat. Avantages : Se pr\u00e9sente sous forme de p\u00e2te et contient un ar\u00f4me pour plus d'app\u00e9tence. Facilite le transit des boules de poils accumul\u00e9es dans l'estomac et pr\u00e9vient ainsi les probl\u00e8mes de constipation ou de r\u00e9gurgitation.","breadcrumb":{"@id":"https:\/\/www.vetorino.com\/boutique\/product\/catmalt\/#breadcrumb"},"inLanguage":"fr-FR","potentialAction":[{"@type":"ReadAction","target":["https:\/\/www.vetorino.com\/boutique\/product\/catmalt\/"]}]},{"@type":"ImageObject","inLanguage":"fr-FR","@id":"https:\/\/www.vetorino.com\/boutique\/product\/catmalt\/#primaryimage","url":"https:\/\/www.vetorino.com\/boutique\/wp-content\/uploads\/2020\/03\/catmalt.webp","contentUrl":"https:\/\/www.vetorino.com\/boutique\/wp-content\/uploads\/2020\/03\/catmalt.webp","width":800,"height":800},{"@type":"BreadcrumbList","@id":"https:\/\/www.vetorino.com\/boutique\/product\/catmalt\/#breadcrumb","itemListElement":[{"@type":"ListItem","position":1,"name":"Accueil","item":"https:\/\/www.vetorino.com\/boutique\/"},{"@type":"ListItem","position":2,"name":"Produits","item":"https:\/\/www.vetorino.com\/boutique\/"},{"@type":"ListItem","position":3,"name":"CATMALT Chat"}]},{"@type":"WebSite","@id":"https:\/\/www.vetorino.com\/boutique\/#website","url":"https:\/\/www.vetorino.com\/boutique\/","name":"V\u00e9torino","description":"","publisher":{"@id":"https:\/\/www.vetorino.com\/boutique\/#organization"},"potentialAction":[{"@type":"SearchAction","target":{"@type":"EntryPoint","urlTemplate":"https:\/\/www.vetorino.com\/boutique\/?s={search_term_string}"},"query-input":{"@type":"PropertyValueSpecification","valueRequired":true,"valueName":"search_term_string"}}],"inLanguage":"fr-FR"},{"@type":"Organization","@id":"https:\/\/www.vetorino.com\/boutique\/#organization","name":"V\u00e9torino","url":"https:\/\/www.vetorino.com\/boutique\/","logo":{"@type":"ImageObject","inLanguage":"fr-FR","@id":"https:\/\/www.vetorino.com\/boutique\/#\/schema\/logo\/image\/","url":"https:\/\/www.vetorino.com\/boutique\/wp-content\/uploads\/2024\/10\/logo.jpg","contentUrl":"https:\/\/www.vetorino.com\/boutique\/wp-content\/uploads\/2024\/10\/logo.jpg","width":1200,"height":610,"caption":"V\u00e9torino"},"image":{"@id":"https:\/\/www.vetorino.com\/boutique\/#\/schema\/logo\/image\/"},"sameAs":["https:\/\/www.facebook.com\/Vetorino\/","https:\/\/www.instagram.com\/vetorino_off\/","https:\/\/www.linkedin.com\/company\/vtorino\/"]}]},"product_brand":"Dechra","product_price_amount":"10.94","product_price_currency":"EUR","og_availability":"instock","product_availability":"instock","product_retailer_item_id":"A-1835580","product_condition":"new"},"_links":{"self":[{"href":"https:\/\/www.vetorino.com\/veterinaire\/prunelli-di-fiumorbo-20243\/boutique\/wp-json\/wp\/v2\/product\/34342","targetHints":{"allow":["GET"]}}],"collection":[{"href":"https:\/\/www.vetorino.com\/veterinaire\/prunelli-di-fiumorbo-20243\/boutique\/wp-json\/wp\/v2\/product"}],"about":[{"href":"https:\/\/www.vetorino.com\/veterinaire\/prunelli-di-fiumorbo-20243\/boutique\/wp-json\/wp\/v2\/types\/product"}],"wp:featuredmedia":[{"embeddable":true,"href":"https:\/\/www.vetorino.com\/veterinaire\/prunelli-di-fiumorbo-20243\/boutique\/wp-json\/wp\/v2\/media\/1047102"}],"wp:attachment":[{"href":"https:\/\/www.vetorino.com\/veterinaire\/prunelli-di-fiumorbo-20243\/boutique\/wp-json\/wp\/v2\/media?parent=34342"}],"wp:term":[{"taxonomy":"product_cat","embeddable":true,"href":"https:\/\/www.vetorino.com\/veterinaire\/prunelli-di-fiumorbo-20243\/boutique\/wp-json\/wp\/v2\/product_cat?post=34342"},{"taxonomy":"product_tag","embeddable":true,"href":"https:\/\/www.vetorino.com\/veterinaire\/prunelli-di-fiumorbo-20243\/boutique\/wp-json\/wp\/v2\/product_tag?post=34342"}],"curies":[{"name":"wp","href":"https:\/\/api.w.org\/{rel}","templated":true}]}}