{"id":343975,"date":"2022-07-11T16:07:02","date_gmt":"2022-07-11T14:07:02","guid":{"rendered":"https:\/\/www.vetorino.com\/boutique\/product\/douxo-s3-calm-pads\/"},"modified":"2024-04-26T14:46:52","modified_gmt":"2024-04-26T12:46:52","slug":"douxo-s3-calm-pads","status":"publish","type":"product","link":"https:\/\/www.vetorino.com\/veterinaire\/prunelli-di-fiumorbo-20243\/boutique\/product\/douxo-s3-calm-pads\/","title":{"rendered":"Douxo S3 calm pads"},"content":{"rendered":"<p><strong>Cotons impr\u00e9gn\u00e9s avec une haute concentration en ophytrium pour les peaux sensibles, irrit\u00e9es ou avec d\u00e9mangeaisons des chiens et des chats.<\/strong><\/p>\n<p><strong>Utilisation :<\/strong><\/p>\n<ul>\n<li>Chien et chat<\/li>\n<li>Petites surfaces, zones difficiles \u00e0 atteindre, l\u00e9sions localis\u00e9es.<\/li>\n<\/ul>\n<p><strong>Avantages :<br \/>\n<\/strong><\/p>\n<ul>\n<li>Facilit\u00e9 d&#8217;utilisation<\/li>\n<li>Renforce la barri\u00e8re m\u00e9canique pour une <strong>peau durablement hydrat\u00e9e<\/strong><\/li>\n<li><strong>R\u00e9\u00e9quilibre la flore microbienne<\/strong> pour une peau saine<\/li>\n<li><strong>Calme les irritations<\/strong> pour une peau apais\u00e9e<\/li>\n<\/ul>\n<p><strong>Administration :<\/strong><\/p>\n<ul>\n<li>Usage externe<\/li>\n<li>Appliquer en douceur sur les zones rouges, irrit\u00e9es et prurigineuses localis\u00e9es : plis cutan\u00e9s, pattes, oreilles, menton, traces de larmes sur le museau<\/li>\n<li>Utiliser un coton par l\u00e9sion<\/li>\n<\/ul>\n","protected":false},"excerpt":{"rendered":"<p><strong>Cotons impr\u00e9gn\u00e9s avec une haute concentration en ophytrium pour les peaux sensibles, irrit\u00e9es ou avec d\u00e9mangeaisons des chiens et des chats.<\/strong><\/p>\n<p><strong>Utilisation :<\/strong><\/p>\n<ul>\n<li>Chien et chat<\/li>\n<li>Petites surfaces, zones difficiles \u00e0 atteindre, l\u00e9sions localis\u00e9es.<\/li>\n<\/ul>\n","protected":false},"featured_media":905327,"template":"","meta":[],"product_cat":[12550,2697,2698,12595,12596,12611,12612,12560,12561],"product_tag":[],"class_list":{"0":"post-343975","1":"product","2":"type-product","3":"status-publish","4":"has-post-thumbnail","6":"product_cat-accessoires-du-chien","7":"product_cat-chat","8":"product_cat-chien","9":"product_cat-confort-du-chat","10":"product_cat-confort-du-chien","11":"product_cat-hygiene-de-la-peau-et-du-pelage-du-chat","12":"product_cat-hygiene-de-la-peau-et-du-pelage-du-chien","13":"product_cat-hygiene-du-chat","14":"product_cat-hygiene-du-chien","15":"pa_marque-douxo","17":"first","18":"instock","19":"taxable","20":"shipping-taxable","21":"purchasable","22":"product-type-simple"},"yoast_head":"<!-- This site is optimized with the Yoast SEO plugin v27.3 - https:\/\/yoast.com\/product\/yoast-seo-wordpress\/ -->\n<title>Douxo S3 calm pads Douxo - V\u00e9torino<\/title>\n<meta name=\"description\" content=\"Cotons impr\u00e9gn\u00e9s avec une haute concentration en ophytrium pour les peaux sensibles, irrit\u00e9es ou avec d\u00e9mangeaisons des chiens et des chats.  Utilisation :   Chien et chat  Petites surfaces, zones difficiles \u00e0 atteindre, l\u00e9sions localis\u00e9es.\" \/>\n<meta name=\"robots\" content=\"noindex, nofollow\" \/>\n<meta property=\"og:locale\" content=\"fr_FR\" \/>\n<meta property=\"og:type\" content=\"article\" \/>\n<meta property=\"og:title\" content=\"Douxo S3 calm pads Douxo - V\u00e9torino\" \/>\n<meta property=\"og:description\" content=\"Cotons impr\u00e9gn\u00e9s avec une haute concentration en ophytrium pour les peaux sensibles, irrit\u00e9es ou avec d\u00e9mangeaisons des chiens et des chats.  Utilisation :   Chien et chat  Petites surfaces, zones difficiles \u00e0 atteindre, l\u00e9sions localis\u00e9es.\" \/>\n<meta property=\"og:url\" content=\"https:\/\/www.vetorino.com\/veterinaire\/prunelli-di-fiumorbo-20243\/boutique\/product\/douxo-s3-calm-pads\/\" \/>\n<meta property=\"og:site_name\" content=\"V\u00e9torino\" \/>\n<meta property=\"article:publisher\" content=\"https:\/\/www.facebook.com\/Vetorino\/\" \/>\n<meta property=\"article:modified_time\" content=\"2024-04-26T12:46:52+00:00\" \/>\n<meta property=\"og:image\" content=\"https:\/\/www.vetorino.com\/boutique\/wp-content\/uploads\/2022\/07\/douxo-s3-calm-pads-30-lingettes.jpg\" \/>\n\t<meta property=\"og:image:width\" content=\"900\" \/>\n\t<meta property=\"og:image:height\" content=\"900\" \/>\n\t<meta property=\"og:image:type\" content=\"image\/jpeg\" \/>\n<meta name=\"twitter:card\" content=\"summary_large_image\" \/>\n<meta name=\"twitter:label1\" content=\"Prix\" \/>\n\t<meta name=\"twitter:data1\" content=\"10,62&euro;\" \/>\n\t<meta name=\"twitter:label2\" content=\"Disponibilit\u00e9\" \/>\n\t<meta name=\"twitter:data2\" content=\"En stock\" \/>\n<script type=\"application\/ld+json\" class=\"yoast-schema-graph\">{\"@context\":\"https:\\\/\\\/schema.org\",\"@graph\":[{\"@type\":\"WebPage\",\"@id\":\"https:\\\/\\\/www.vetorino.com\\\/boutique\\\/product\\\/douxo-s3-calm-pads\\\/\",\"url\":\"https:\\\/\\\/www.vetorino.com\\\/boutique\\\/product\\\/douxo-s3-calm-pads\\\/\",\"name\":\"Douxo S3 calm pads Douxo - V\u00e9torino\",\"isPartOf\":{\"@id\":\"https:\\\/\\\/www.vetorino.com\\\/boutique\\\/#website\"},\"primaryImageOfPage\":{\"@id\":\"https:\\\/\\\/www.vetorino.com\\\/boutique\\\/product\\\/douxo-s3-calm-pads\\\/#primaryimage\"},\"image\":{\"@id\":\"https:\\\/\\\/www.vetorino.com\\\/boutique\\\/product\\\/douxo-s3-calm-pads\\\/#primaryimage\"},\"thumbnailUrl\":\"https:\\\/\\\/www.vetorino.com\\\/boutique\\\/wp-content\\\/uploads\\\/2022\\\/07\\\/douxo-s3-calm-pads-30-lingettes.jpg\",\"datePublished\":\"2022-07-11T14:07:02+00:00\",\"dateModified\":\"2024-04-26T12:46:52+00:00\",\"description\":\"Cotons impr\u00e9gn\u00e9s avec une haute concentration en ophytrium pour les peaux sensibles, irrit\u00e9es ou avec d\u00e9mangeaisons des chiens et des chats. Utilisation : Chien et chat Petites surfaces, zones difficiles \u00e0 atteindre, l\u00e9sions localis\u00e9es.\",\"breadcrumb\":{\"@id\":\"https:\\\/\\\/www.vetorino.com\\\/boutique\\\/product\\\/douxo-s3-calm-pads\\\/#breadcrumb\"},\"inLanguage\":\"fr-FR\",\"potentialAction\":[{\"@type\":\"ReadAction\",\"target\":[\"https:\\\/\\\/www.vetorino.com\\\/boutique\\\/product\\\/douxo-s3-calm-pads\\\/\"]}]},{\"@type\":\"ImageObject\",\"inLanguage\":\"fr-FR\",\"@id\":\"https:\\\/\\\/www.vetorino.com\\\/boutique\\\/product\\\/douxo-s3-calm-pads\\\/#primaryimage\",\"url\":\"https:\\\/\\\/www.vetorino.com\\\/boutique\\\/wp-content\\\/uploads\\\/2022\\\/07\\\/douxo-s3-calm-pads-30-lingettes.jpg\",\"contentUrl\":\"https:\\\/\\\/www.vetorino.com\\\/boutique\\\/wp-content\\\/uploads\\\/2022\\\/07\\\/douxo-s3-calm-pads-30-lingettes.jpg\",\"width\":900,\"height\":900},{\"@type\":\"BreadcrumbList\",\"@id\":\"https:\\\/\\\/www.vetorino.com\\\/boutique\\\/product\\\/douxo-s3-calm-pads\\\/#breadcrumb\",\"itemListElement\":[{\"@type\":\"ListItem\",\"position\":1,\"name\":\"Accueil\",\"item\":\"https:\\\/\\\/www.vetorino.com\\\/boutique\\\/\"},{\"@type\":\"ListItem\",\"position\":2,\"name\":\"Produits\",\"item\":\"https:\\\/\\\/www.vetorino.com\\\/boutique\\\/\"},{\"@type\":\"ListItem\",\"position\":3,\"name\":\"Douxo S3 calm pads\"}]},{\"@type\":\"WebSite\",\"@id\":\"https:\\\/\\\/www.vetorino.com\\\/boutique\\\/#website\",\"url\":\"https:\\\/\\\/www.vetorino.com\\\/boutique\\\/\",\"name\":\"V\u00e9torino\",\"description\":\"\",\"publisher\":{\"@id\":\"https:\\\/\\\/www.vetorino.com\\\/boutique\\\/#organization\"},\"potentialAction\":[{\"@type\":\"SearchAction\",\"target\":{\"@type\":\"EntryPoint\",\"urlTemplate\":\"https:\\\/\\\/www.vetorino.com\\\/boutique\\\/?s={search_term_string}\"},\"query-input\":{\"@type\":\"PropertyValueSpecification\",\"valueRequired\":true,\"valueName\":\"search_term_string\"}}],\"inLanguage\":\"fr-FR\"},{\"@type\":\"Organization\",\"@id\":\"https:\\\/\\\/www.vetorino.com\\\/boutique\\\/#organization\",\"name\":\"V\u00e9torino\",\"url\":\"https:\\\/\\\/www.vetorino.com\\\/boutique\\\/\",\"logo\":{\"@type\":\"ImageObject\",\"inLanguage\":\"fr-FR\",\"@id\":\"https:\\\/\\\/www.vetorino.com\\\/boutique\\\/#\\\/schema\\\/logo\\\/image\\\/\",\"url\":\"https:\\\/\\\/www.vetorino.com\\\/boutique\\\/wp-content\\\/uploads\\\/2024\\\/10\\\/logo.jpg\",\"contentUrl\":\"https:\\\/\\\/www.vetorino.com\\\/boutique\\\/wp-content\\\/uploads\\\/2024\\\/10\\\/logo.jpg\",\"width\":1200,\"height\":610,\"caption\":\"V\u00e9torino\"},\"image\":{\"@id\":\"https:\\\/\\\/www.vetorino.com\\\/boutique\\\/#\\\/schema\\\/logo\\\/image\\\/\"},\"sameAs\":[\"https:\\\/\\\/www.facebook.com\\\/Vetorino\\\/\",\"https:\\\/\\\/www.instagram.com\\\/vetorino_off\\\/\",\"https:\\\/\\\/www.linkedin.com\\\/company\\\/vtorino\\\/\"]}]}<\/script>\n<meta property=\"product:brand\" content=\"Douxo\" \/>\n<meta property=\"product:price:amount\" content=\"10.62\" \/>\n<meta property=\"product:price:currency\" content=\"EUR\" \/>\n<meta property=\"og:availability\" content=\"instock\" \/>\n<meta property=\"product:availability\" content=\"instock\" \/>\n<meta property=\"product:retailer_item_id\" content=\"A-1861080\" \/>\n<meta property=\"product:condition\" content=\"new\" \/>\n<!-- \/ Yoast SEO plugin. -->","yoast_head_json":{"title":"Douxo S3 calm pads Douxo - V\u00e9torino","description":"Cotons impr\u00e9gn\u00e9s avec une haute concentration en ophytrium pour les peaux sensibles, irrit\u00e9es ou avec d\u00e9mangeaisons des chiens et des chats.  Utilisation :   Chien et chat  Petites surfaces, zones difficiles \u00e0 atteindre, l\u00e9sions localis\u00e9es.","robots":{"index":"noindex","follow":"nofollow"},"og_locale":"fr_FR","og_type":"article","og_title":"Douxo S3 calm pads Douxo - V\u00e9torino","og_description":"Cotons impr\u00e9gn\u00e9s avec une haute concentration en ophytrium pour les peaux sensibles, irrit\u00e9es ou avec d\u00e9mangeaisons des chiens et des chats.  Utilisation :   Chien et chat  Petites surfaces, zones difficiles \u00e0 atteindre, l\u00e9sions localis\u00e9es.","og_url":"https:\/\/www.vetorino.com\/veterinaire\/prunelli-di-fiumorbo-20243\/boutique\/product\/douxo-s3-calm-pads\/","og_site_name":"V\u00e9torino","article_publisher":"https:\/\/www.facebook.com\/Vetorino\/","article_modified_time":"2024-04-26T12:46:52+00:00","og_image":[{"width":900,"height":900,"url":"https:\/\/www.vetorino.com\/boutique\/wp-content\/uploads\/2022\/07\/douxo-s3-calm-pads-30-lingettes.jpg","type":"image\/jpeg"}],"twitter_card":"summary_large_image","twitter_misc":{"Prix":"10,62&euro;","Disponibilit\u00e9":"En stock"},"schema":{"@context":"https:\/\/schema.org","@graph":[{"@type":"WebPage","@id":"https:\/\/www.vetorino.com\/boutique\/product\/douxo-s3-calm-pads\/","url":"https:\/\/www.vetorino.com\/boutique\/product\/douxo-s3-calm-pads\/","name":"Douxo S3 calm pads Douxo - V\u00e9torino","isPartOf":{"@id":"https:\/\/www.vetorino.com\/boutique\/#website"},"primaryImageOfPage":{"@id":"https:\/\/www.vetorino.com\/boutique\/product\/douxo-s3-calm-pads\/#primaryimage"},"image":{"@id":"https:\/\/www.vetorino.com\/boutique\/product\/douxo-s3-calm-pads\/#primaryimage"},"thumbnailUrl":"https:\/\/www.vetorino.com\/boutique\/wp-content\/uploads\/2022\/07\/douxo-s3-calm-pads-30-lingettes.jpg","datePublished":"2022-07-11T14:07:02+00:00","dateModified":"2024-04-26T12:46:52+00:00","description":"Cotons impr\u00e9gn\u00e9s avec une haute concentration en ophytrium pour les peaux sensibles, irrit\u00e9es ou avec d\u00e9mangeaisons des chiens et des chats. Utilisation : Chien et chat Petites surfaces, zones difficiles \u00e0 atteindre, l\u00e9sions localis\u00e9es.","breadcrumb":{"@id":"https:\/\/www.vetorino.com\/boutique\/product\/douxo-s3-calm-pads\/#breadcrumb"},"inLanguage":"fr-FR","potentialAction":[{"@type":"ReadAction","target":["https:\/\/www.vetorino.com\/boutique\/product\/douxo-s3-calm-pads\/"]}]},{"@type":"ImageObject","inLanguage":"fr-FR","@id":"https:\/\/www.vetorino.com\/boutique\/product\/douxo-s3-calm-pads\/#primaryimage","url":"https:\/\/www.vetorino.com\/boutique\/wp-content\/uploads\/2022\/07\/douxo-s3-calm-pads-30-lingettes.jpg","contentUrl":"https:\/\/www.vetorino.com\/boutique\/wp-content\/uploads\/2022\/07\/douxo-s3-calm-pads-30-lingettes.jpg","width":900,"height":900},{"@type":"BreadcrumbList","@id":"https:\/\/www.vetorino.com\/boutique\/product\/douxo-s3-calm-pads\/#breadcrumb","itemListElement":[{"@type":"ListItem","position":1,"name":"Accueil","item":"https:\/\/www.vetorino.com\/boutique\/"},{"@type":"ListItem","position":2,"name":"Produits","item":"https:\/\/www.vetorino.com\/boutique\/"},{"@type":"ListItem","position":3,"name":"Douxo S3 calm pads"}]},{"@type":"WebSite","@id":"https:\/\/www.vetorino.com\/boutique\/#website","url":"https:\/\/www.vetorino.com\/boutique\/","name":"V\u00e9torino","description":"","publisher":{"@id":"https:\/\/www.vetorino.com\/boutique\/#organization"},"potentialAction":[{"@type":"SearchAction","target":{"@type":"EntryPoint","urlTemplate":"https:\/\/www.vetorino.com\/boutique\/?s={search_term_string}"},"query-input":{"@type":"PropertyValueSpecification","valueRequired":true,"valueName":"search_term_string"}}],"inLanguage":"fr-FR"},{"@type":"Organization","@id":"https:\/\/www.vetorino.com\/boutique\/#organization","name":"V\u00e9torino","url":"https:\/\/www.vetorino.com\/boutique\/","logo":{"@type":"ImageObject","inLanguage":"fr-FR","@id":"https:\/\/www.vetorino.com\/boutique\/#\/schema\/logo\/image\/","url":"https:\/\/www.vetorino.com\/boutique\/wp-content\/uploads\/2024\/10\/logo.jpg","contentUrl":"https:\/\/www.vetorino.com\/boutique\/wp-content\/uploads\/2024\/10\/logo.jpg","width":1200,"height":610,"caption":"V\u00e9torino"},"image":{"@id":"https:\/\/www.vetorino.com\/boutique\/#\/schema\/logo\/image\/"},"sameAs":["https:\/\/www.facebook.com\/Vetorino\/","https:\/\/www.instagram.com\/vetorino_off\/","https:\/\/www.linkedin.com\/company\/vtorino\/"]}]},"product_brand":"Douxo","product_price_amount":"10.62","product_price_currency":"EUR","og_availability":"instock","product_availability":"instock","product_retailer_item_id":"A-1861080","product_condition":"new"},"_links":{"self":[{"href":"https:\/\/www.vetorino.com\/veterinaire\/prunelli-di-fiumorbo-20243\/boutique\/wp-json\/wp\/v2\/product\/343975","targetHints":{"allow":["GET"]}}],"collection":[{"href":"https:\/\/www.vetorino.com\/veterinaire\/prunelli-di-fiumorbo-20243\/boutique\/wp-json\/wp\/v2\/product"}],"about":[{"href":"https:\/\/www.vetorino.com\/veterinaire\/prunelli-di-fiumorbo-20243\/boutique\/wp-json\/wp\/v2\/types\/product"}],"wp:featuredmedia":[{"embeddable":true,"href":"https:\/\/www.vetorino.com\/veterinaire\/prunelli-di-fiumorbo-20243\/boutique\/wp-json\/wp\/v2\/media\/905327"}],"wp:attachment":[{"href":"https:\/\/www.vetorino.com\/veterinaire\/prunelli-di-fiumorbo-20243\/boutique\/wp-json\/wp\/v2\/media?parent=343975"}],"wp:term":[{"taxonomy":"product_cat","embeddable":true,"href":"https:\/\/www.vetorino.com\/veterinaire\/prunelli-di-fiumorbo-20243\/boutique\/wp-json\/wp\/v2\/product_cat?post=343975"},{"taxonomy":"product_tag","embeddable":true,"href":"https:\/\/www.vetorino.com\/veterinaire\/prunelli-di-fiumorbo-20243\/boutique\/wp-json\/wp\/v2\/product_tag?post=343975"}],"curies":[{"name":"wp","href":"https:\/\/api.w.org\/{rel}","templated":true}]}}