{"id":34464,"date":"2020-03-04T22:02:17","date_gmt":"2020-03-04T21:02:17","guid":{"rendered":"https:\/\/www.vetorino.com\/boutique\/product\/zenifel-spray\/"},"modified":"2025-11-25T15:03:36","modified_gmt":"2025-11-25T14:03:36","slug":"zenifel-spray","status":"publish","type":"product","link":"https:\/\/www.vetorino.com\/veterinaire\/prunelli-di-fiumorbo-20243\/boutique\/product\/zenifel-spray\/","title":{"rendered":"Zenifel Spray &#8211; chat"},"content":{"rendered":"<div class=\"hidden\">\n<p>ZENIFEL\u00ae Spray est<strong> une formule unique<\/strong>\u00a0qui combine des analogues synth\u00e9tiques de la fraction F3 des ph\u00e9romones faciales f\u00e9lines et des extraits naturels de <i>Nepeta Cataria <\/i>commun\u00e9ment appel\u00e9e herbe \u00e0 chat connus <strong>pour apaiser les chats.<\/strong><\/p>\n<p>En mimant l&#8217;effet des ph\u00e9romones faciales f\u00e9lines s\u00e9cr\u00e9t\u00e9es par les animaux dans un territoire apaisant, <strong>ce spray permet de favoriser calme et relaxation<\/strong>, notamment lors des \u00e9v\u00e9nements ponctuels ou impr\u00e9visibles, tels que :<\/p>\n<ul>\n<li class=\"p1\">Un d\u00e9placement : visite \u00e0 la clinique v\u00e9t\u00e9rinaire, transport ;<\/li>\n<li class=\"p1\">Un \u00e9v\u00e9nement : f\u00eate entre amis, nouvel arrivant \u00e0 la maison ;<\/li>\n<li class=\"p1\">Des griffades sur des objets ou des meubles ;<\/li>\n<li class=\"p1\">Le gardiennage.<\/li>\n<\/ul>\n<p><i>Nepta cataria<\/i>, contenant de la n\u00e9p\u00e9talactone, favorise le bien-\u00eatre imm\u00e9diat du chat. De plus, il amplifie l&#8217;effet apaisant li\u00e9 aux ph\u00e9romone<\/p>\n<p><strong>ZENIFEL\u00ae Spray peut \u00eatre utilis\u00e9 seul pour des chats ou chatons ou en association avec d&#8217;autres traitements comportementaux.<\/strong><\/p>\n<\/div>\n","protected":false},"excerpt":{"rendered":"<p class=\"p1\"><strong>Spray pour chat \u00e0 base de ph\u00e9romones apaisantes et extrait de Nepeta cataria (herbe \u00e0 chat).<\/strong><\/p>\n<p class=\"p1\">ZENIFEL\u00ae Spray contient des ph\u00e9romones apaisantes et un extrait de Nepeta Cataria qui sont principalement recommand\u00e9s pour le confort des chats <strong>en cas de situations stressantes<\/strong> (soudaines ou impr\u00e9visibles).<\/p>\n","protected":false},"featured_media":1583483,"template":"","meta":[],"product_cat":[2759,2697,12567],"product_tag":[],"class_list":{"0":"post-34464","1":"product","2":"type-product","3":"status-publish","4":"has-post-thumbnail","6":"product_cat-anti-stress-et-anxiete-pour-chat","7":"product_cat-chat","8":"product_cat-produit-veterinaire-du-chat","9":"pa_marque-virbac","11":"first","12":"instock","13":"taxable","14":"shipping-taxable","15":"purchasable","16":"product-type-variable"},"yoast_head":"<!-- This site is optimized with the Yoast SEO plugin v27.3 - https:\/\/yoast.com\/product\/yoast-seo-wordpress\/ -->\n<title>Zenifel Spray - chat Virbac - V\u00e9torino<\/title>\n<meta name=\"description\" content=\"Spray pour chat \u00e0 base de ph\u00e9romones apaisantes et extrait de Nepeta cataria (herbe \u00e0 chat). ZENIFEL\u00ae Spray contient des ph\u00e9romones apaisantes et un extrait de Nepeta Cataria qui sont principalement recommand\u00e9s pour le confort des chats en cas de situations stressantes (soudaines ou impr\u00e9visibles).\" \/>\n<meta name=\"robots\" content=\"noindex, nofollow\" \/>\n<meta property=\"og:locale\" content=\"fr_FR\" \/>\n<meta property=\"og:type\" content=\"article\" \/>\n<meta property=\"og:title\" content=\"Zenifel Spray - chat Virbac - V\u00e9torino\" \/>\n<meta property=\"og:description\" content=\"Spray pour chat \u00e0 base de ph\u00e9romones apaisantes et extrait de Nepeta cataria (herbe \u00e0 chat). ZENIFEL\u00ae Spray contient des ph\u00e9romones apaisantes et un extrait de Nepeta Cataria qui sont principalement recommand\u00e9s pour le confort des chats en cas de situations stressantes (soudaines ou impr\u00e9visibles).\" \/>\n<meta property=\"og:url\" content=\"https:\/\/www.vetorino.com\/veterinaire\/prunelli-di-fiumorbo-20243\/boutique\/product\/zenifel-spray\/\" \/>\n<meta property=\"og:site_name\" content=\"V\u00e9torino\" \/>\n<meta property=\"article:publisher\" content=\"https:\/\/www.facebook.com\/Vetorino\/\" \/>\n<meta property=\"article:modified_time\" content=\"2025-11-25T14:03:36+00:00\" \/>\n<meta property=\"og:image\" content=\"https:\/\/www.vetorino.com\/boutique\/wp-content\/uploads\/2020\/03\/308179_Packshot_Zenifel_60ml_face.png\" \/>\n\t<meta property=\"og:image:width\" content=\"600\" \/>\n\t<meta property=\"og:image:height\" content=\"600\" \/>\n\t<meta property=\"og:image:type\" content=\"image\/png\" \/>\n<meta name=\"twitter:card\" content=\"summary_large_image\" \/>\n<meta name=\"twitter:label1\" content=\"Disponibilit\u00e9\" \/>\n\t<meta name=\"twitter:data1\" content=\"En stock\" \/>\n<script type=\"application\/ld+json\" class=\"yoast-schema-graph\">{\"@context\":\"https:\\\/\\\/schema.org\",\"@graph\":[{\"@type\":\"WebPage\",\"@id\":\"https:\\\/\\\/www.vetorino.com\\\/boutique\\\/product\\\/zenifel-spray\\\/\",\"url\":\"https:\\\/\\\/www.vetorino.com\\\/boutique\\\/product\\\/zenifel-spray\\\/\",\"name\":\"Zenifel Spray - chat Virbac - V\u00e9torino\",\"isPartOf\":{\"@id\":\"https:\\\/\\\/www.vetorino.com\\\/boutique\\\/#website\"},\"primaryImageOfPage\":{\"@id\":\"https:\\\/\\\/www.vetorino.com\\\/boutique\\\/product\\\/zenifel-spray\\\/#primaryimage\"},\"image\":{\"@id\":\"https:\\\/\\\/www.vetorino.com\\\/boutique\\\/product\\\/zenifel-spray\\\/#primaryimage\"},\"thumbnailUrl\":\"https:\\\/\\\/www.vetorino.com\\\/boutique\\\/wp-content\\\/uploads\\\/2020\\\/03\\\/308179_Packshot_Zenifel_60ml_face.png\",\"datePublished\":\"2020-03-04T21:02:17+00:00\",\"dateModified\":\"2025-11-25T14:03:36+00:00\",\"description\":\"Spray pour chat \u00e0 base de ph\u00e9romones apaisantes et extrait de Nepeta cataria (herbe \u00e0 chat). ZENIFEL\u00ae Spray contient des ph\u00e9romones apaisantes et un extrait de Nepeta Cataria qui sont principalement recommand\u00e9s pour le confort des chats en cas de situations stressantes (soudaines ou impr\u00e9visibles).\",\"breadcrumb\":{\"@id\":\"https:\\\/\\\/www.vetorino.com\\\/boutique\\\/product\\\/zenifel-spray\\\/#breadcrumb\"},\"inLanguage\":\"fr-FR\",\"potentialAction\":[{\"@type\":\"ReadAction\",\"target\":[\"https:\\\/\\\/www.vetorino.com\\\/boutique\\\/product\\\/zenifel-spray\\\/\"]}]},{\"@type\":\"ImageObject\",\"inLanguage\":\"fr-FR\",\"@id\":\"https:\\\/\\\/www.vetorino.com\\\/boutique\\\/product\\\/zenifel-spray\\\/#primaryimage\",\"url\":\"https:\\\/\\\/www.vetorino.com\\\/boutique\\\/wp-content\\\/uploads\\\/2020\\\/03\\\/308179_Packshot_Zenifel_60ml_face.png\",\"contentUrl\":\"https:\\\/\\\/www.vetorino.com\\\/boutique\\\/wp-content\\\/uploads\\\/2020\\\/03\\\/308179_Packshot_Zenifel_60ml_face.png\",\"width\":600,\"height\":600},{\"@type\":\"BreadcrumbList\",\"@id\":\"https:\\\/\\\/www.vetorino.com\\\/boutique\\\/product\\\/zenifel-spray\\\/#breadcrumb\",\"itemListElement\":[{\"@type\":\"ListItem\",\"position\":1,\"name\":\"Accueil\",\"item\":\"https:\\\/\\\/www.vetorino.com\\\/boutique\\\/\"},{\"@type\":\"ListItem\",\"position\":2,\"name\":\"Produits\",\"item\":\"https:\\\/\\\/www.vetorino.com\\\/boutique\\\/\"},{\"@type\":\"ListItem\",\"position\":3,\"name\":\"Zenifel Spray &#8211; chat\"}]},{\"@type\":\"WebSite\",\"@id\":\"https:\\\/\\\/www.vetorino.com\\\/boutique\\\/#website\",\"url\":\"https:\\\/\\\/www.vetorino.com\\\/boutique\\\/\",\"name\":\"V\u00e9torino\",\"description\":\"\",\"publisher\":{\"@id\":\"https:\\\/\\\/www.vetorino.com\\\/boutique\\\/#organization\"},\"potentialAction\":[{\"@type\":\"SearchAction\",\"target\":{\"@type\":\"EntryPoint\",\"urlTemplate\":\"https:\\\/\\\/www.vetorino.com\\\/boutique\\\/?s={search_term_string}\"},\"query-input\":{\"@type\":\"PropertyValueSpecification\",\"valueRequired\":true,\"valueName\":\"search_term_string\"}}],\"inLanguage\":\"fr-FR\"},{\"@type\":\"Organization\",\"@id\":\"https:\\\/\\\/www.vetorino.com\\\/boutique\\\/#organization\",\"name\":\"V\u00e9torino\",\"url\":\"https:\\\/\\\/www.vetorino.com\\\/boutique\\\/\",\"logo\":{\"@type\":\"ImageObject\",\"inLanguage\":\"fr-FR\",\"@id\":\"https:\\\/\\\/www.vetorino.com\\\/boutique\\\/#\\\/schema\\\/logo\\\/image\\\/\",\"url\":\"https:\\\/\\\/www.vetorino.com\\\/boutique\\\/wp-content\\\/uploads\\\/2024\\\/10\\\/logo.jpg\",\"contentUrl\":\"https:\\\/\\\/www.vetorino.com\\\/boutique\\\/wp-content\\\/uploads\\\/2024\\\/10\\\/logo.jpg\",\"width\":1200,\"height\":610,\"caption\":\"V\u00e9torino\"},\"image\":{\"@id\":\"https:\\\/\\\/www.vetorino.com\\\/boutique\\\/#\\\/schema\\\/logo\\\/image\\\/\"},\"sameAs\":[\"https:\\\/\\\/www.facebook.com\\\/Vetorino\\\/\",\"https:\\\/\\\/www.instagram.com\\\/vetorino_off\\\/\",\"https:\\\/\\\/www.linkedin.com\\\/company\\\/vtorino\\\/\"]}]}<\/script>\n<meta property=\"product:brand\" content=\"Virbac\" \/>\n<meta property=\"og:availability\" content=\"instock\" \/>\n<meta property=\"product:availability\" content=\"instock\" \/>\n<meta property=\"product:condition\" content=\"new\" \/>\n<!-- \/ Yoast SEO plugin. -->","yoast_head_json":{"title":"Zenifel Spray - chat Virbac - V\u00e9torino","description":"Spray pour chat \u00e0 base de ph\u00e9romones apaisantes et extrait de Nepeta cataria (herbe \u00e0 chat). ZENIFEL\u00ae Spray contient des ph\u00e9romones apaisantes et un extrait de Nepeta Cataria qui sont principalement recommand\u00e9s pour le confort des chats en cas de situations stressantes (soudaines ou impr\u00e9visibles).","robots":{"index":"noindex","follow":"nofollow"},"og_locale":"fr_FR","og_type":"article","og_title":"Zenifel Spray - chat Virbac - V\u00e9torino","og_description":"Spray pour chat \u00e0 base de ph\u00e9romones apaisantes et extrait de Nepeta cataria (herbe \u00e0 chat). ZENIFEL\u00ae Spray contient des ph\u00e9romones apaisantes et un extrait de Nepeta Cataria qui sont principalement recommand\u00e9s pour le confort des chats en cas de situations stressantes (soudaines ou impr\u00e9visibles).","og_url":"https:\/\/www.vetorino.com\/veterinaire\/prunelli-di-fiumorbo-20243\/boutique\/product\/zenifel-spray\/","og_site_name":"V\u00e9torino","article_publisher":"https:\/\/www.facebook.com\/Vetorino\/","article_modified_time":"2025-11-25T14:03:36+00:00","og_image":[{"width":600,"height":600,"url":"https:\/\/www.vetorino.com\/boutique\/wp-content\/uploads\/2020\/03\/308179_Packshot_Zenifel_60ml_face.png","type":"image\/png"}],"twitter_card":"summary_large_image","twitter_misc":{"Disponibilit\u00e9":"En stock"},"schema":{"@context":"https:\/\/schema.org","@graph":[{"@type":"WebPage","@id":"https:\/\/www.vetorino.com\/boutique\/product\/zenifel-spray\/","url":"https:\/\/www.vetorino.com\/boutique\/product\/zenifel-spray\/","name":"Zenifel Spray - chat Virbac - V\u00e9torino","isPartOf":{"@id":"https:\/\/www.vetorino.com\/boutique\/#website"},"primaryImageOfPage":{"@id":"https:\/\/www.vetorino.com\/boutique\/product\/zenifel-spray\/#primaryimage"},"image":{"@id":"https:\/\/www.vetorino.com\/boutique\/product\/zenifel-spray\/#primaryimage"},"thumbnailUrl":"https:\/\/www.vetorino.com\/boutique\/wp-content\/uploads\/2020\/03\/308179_Packshot_Zenifel_60ml_face.png","datePublished":"2020-03-04T21:02:17+00:00","dateModified":"2025-11-25T14:03:36+00:00","description":"Spray pour chat \u00e0 base de ph\u00e9romones apaisantes et extrait de Nepeta cataria (herbe \u00e0 chat). ZENIFEL\u00ae Spray contient des ph\u00e9romones apaisantes et un extrait de Nepeta Cataria qui sont principalement recommand\u00e9s pour le confort des chats en cas de situations stressantes (soudaines ou impr\u00e9visibles).","breadcrumb":{"@id":"https:\/\/www.vetorino.com\/boutique\/product\/zenifel-spray\/#breadcrumb"},"inLanguage":"fr-FR","potentialAction":[{"@type":"ReadAction","target":["https:\/\/www.vetorino.com\/boutique\/product\/zenifel-spray\/"]}]},{"@type":"ImageObject","inLanguage":"fr-FR","@id":"https:\/\/www.vetorino.com\/boutique\/product\/zenifel-spray\/#primaryimage","url":"https:\/\/www.vetorino.com\/boutique\/wp-content\/uploads\/2020\/03\/308179_Packshot_Zenifel_60ml_face.png","contentUrl":"https:\/\/www.vetorino.com\/boutique\/wp-content\/uploads\/2020\/03\/308179_Packshot_Zenifel_60ml_face.png","width":600,"height":600},{"@type":"BreadcrumbList","@id":"https:\/\/www.vetorino.com\/boutique\/product\/zenifel-spray\/#breadcrumb","itemListElement":[{"@type":"ListItem","position":1,"name":"Accueil","item":"https:\/\/www.vetorino.com\/boutique\/"},{"@type":"ListItem","position":2,"name":"Produits","item":"https:\/\/www.vetorino.com\/boutique\/"},{"@type":"ListItem","position":3,"name":"Zenifel Spray &#8211; chat"}]},{"@type":"WebSite","@id":"https:\/\/www.vetorino.com\/boutique\/#website","url":"https:\/\/www.vetorino.com\/boutique\/","name":"V\u00e9torino","description":"","publisher":{"@id":"https:\/\/www.vetorino.com\/boutique\/#organization"},"potentialAction":[{"@type":"SearchAction","target":{"@type":"EntryPoint","urlTemplate":"https:\/\/www.vetorino.com\/boutique\/?s={search_term_string}"},"query-input":{"@type":"PropertyValueSpecification","valueRequired":true,"valueName":"search_term_string"}}],"inLanguage":"fr-FR"},{"@type":"Organization","@id":"https:\/\/www.vetorino.com\/boutique\/#organization","name":"V\u00e9torino","url":"https:\/\/www.vetorino.com\/boutique\/","logo":{"@type":"ImageObject","inLanguage":"fr-FR","@id":"https:\/\/www.vetorino.com\/boutique\/#\/schema\/logo\/image\/","url":"https:\/\/www.vetorino.com\/boutique\/wp-content\/uploads\/2024\/10\/logo.jpg","contentUrl":"https:\/\/www.vetorino.com\/boutique\/wp-content\/uploads\/2024\/10\/logo.jpg","width":1200,"height":610,"caption":"V\u00e9torino"},"image":{"@id":"https:\/\/www.vetorino.com\/boutique\/#\/schema\/logo\/image\/"},"sameAs":["https:\/\/www.facebook.com\/Vetorino\/","https:\/\/www.instagram.com\/vetorino_off\/","https:\/\/www.linkedin.com\/company\/vtorino\/"]}]},"product_brand":"Virbac","og_availability":"instock","product_availability":"instock","product_condition":"new"},"_links":{"self":[{"href":"https:\/\/www.vetorino.com\/veterinaire\/prunelli-di-fiumorbo-20243\/boutique\/wp-json\/wp\/v2\/product\/34464","targetHints":{"allow":["GET"]}}],"collection":[{"href":"https:\/\/www.vetorino.com\/veterinaire\/prunelli-di-fiumorbo-20243\/boutique\/wp-json\/wp\/v2\/product"}],"about":[{"href":"https:\/\/www.vetorino.com\/veterinaire\/prunelli-di-fiumorbo-20243\/boutique\/wp-json\/wp\/v2\/types\/product"}],"wp:featuredmedia":[{"embeddable":true,"href":"https:\/\/www.vetorino.com\/veterinaire\/prunelli-di-fiumorbo-20243\/boutique\/wp-json\/wp\/v2\/media\/1583483"}],"wp:attachment":[{"href":"https:\/\/www.vetorino.com\/veterinaire\/prunelli-di-fiumorbo-20243\/boutique\/wp-json\/wp\/v2\/media?parent=34464"}],"wp:term":[{"taxonomy":"product_cat","embeddable":true,"href":"https:\/\/www.vetorino.com\/veterinaire\/prunelli-di-fiumorbo-20243\/boutique\/wp-json\/wp\/v2\/product_cat?post=34464"},{"taxonomy":"product_tag","embeddable":true,"href":"https:\/\/www.vetorino.com\/veterinaire\/prunelli-di-fiumorbo-20243\/boutique\/wp-json\/wp\/v2\/product_tag?post=34464"}],"curies":[{"name":"wp","href":"https:\/\/api.w.org\/{rel}","templated":true}]}}